File: /python/moda/access-logs/tech.modatechnologies.co.uk
85.208.98.23 - - [17/Sep/2025:15:26:16 +0300] "GET /robots.txt HTTP/1.1" 301 795 "-" "Mozilla/5.0 (compatible; SemrushBot-BA; +http://www.semrush.com/bot.html)"
80.255.7.36 - - [17/Sep/2025:15:29:08 +0300] "POST /xmlrpc.php HTTP/1.1" 301 795 "-" "Mozilla/5.0 (Windows NT 10.0; WOW64) AppleWebKit/537.36 (KHTML, like Gecko) Chrome/114.0.0.0 Safari/537.36 Vivaldi/5.3.2679.68"
84.17.46.142 - - [17/Sep/2025:15:30:16 +0300] "POST /xmlrpc.php HTTP/1.1" 301 795 "-" "Mozilla/5.0 (Macintosh; Intel Mac OS X 12_5) AppleWebKit/537.36 (KHTML, like Gecko) Chrome/114.0.0.0 Safari/537.36 Edg/114.0.1264.71"
84.17.46.142 - - [17/Sep/2025:15:30:25 +0300] "POST /xmlrpc.php HTTP/1.1" 301 795 "-" "Mozilla/5.0 (Macintosh; Intel Mac OS X 12_5) AppleWebKit/537.36 (KHTML, like Gecko) Chrome/114.0.0.0 Safari/537.36 Edg/114.0.1264.71"
84.17.46.142 - - [17/Sep/2025:15:30:29 +0300] "POST /xmlrpc.php HTTP/1.1" 301 795 "-" "Mozilla/5.0 (Macintosh; Intel Mac OS X 12_5) AppleWebKit/537.36 (KHTML, like Gecko) Chrome/114.0.0.0 Safari/537.36 Edg/114.0.1264.71"
84.17.46.142 - - [17/Sep/2025:15:30:31 +0300] "POST /xmlrpc.php HTTP/1.1" 301 795 "-" "Mozilla/5.0 (Macintosh; Intel Mac OS X 12_5) AppleWebKit/537.36 (KHTML, like Gecko) Chrome/114.0.0.0 Safari/537.36 Edg/114.0.1264.71"
85.208.98.23 - - [17/Sep/2025:15:37:30 +0300] "GET /robots.txt HTTP/1.1" 301 795 "-" "Mozilla/5.0 (compatible; SemrushBot-BA; +http://www.semrush.com/bot.html)"
85.208.98.23 - - [17/Sep/2025:15:43:15 +0300] "GET /robots.txt HTTP/1.1" 301 795 "-" "Mozilla/5.0 (compatible; SemrushBot-BA; +http://www.semrush.com/bot.html)"
85.208.98.23 - - [17/Sep/2025:15:58:00 +0300] "GET /robots.txt HTTP/1.1" 301 795 "-" "Mozilla/5.0 (compatible; SemrushBot-BA; +http://www.semrush.com/bot.html)"
185.252.223.72 - - [17/Sep/2025:15:58:08 +0300] "POST /xmlrpc.php HTTP/1.1" 301 795 "-" "Mozilla/5.0 (Windows NT 6.1) AppleWebKit/537.36 (KHTML, like Gecko) Chrome/49.0.2623.112 Safari/537.36"
85.208.98.23 - - [17/Sep/2025:16:06:21 +0300] "GET /robots.txt HTTP/1.1" 301 795 "-" "Mozilla/5.0 (compatible; SemrushBot-BA; +http://www.semrush.com/bot.html)"
185.101.32.29 - - [17/Sep/2025:16:13:35 +0300] "POST /xmlrpc.php HTTP/1.1" 301 795 "-" "Mozilla/5.0 (Windows NT 10.0; Win64; x64) AppleWebKit/537.36 (KHTML, like Gecko) Chrome/114.0.0.0 Safari/537.36 Vivaldi/5.3.2679.68"
85.208.98.23 - - [17/Sep/2025:15:16:51 +0300] "GET /robots.txt HTTP/1.1" 301 795 "-" "Mozilla/5.0 (compatible; SemrushBot-BA; +http://www.semrush.com/bot.html)"
85.208.98.23 - - [17/Sep/2025:15:20:18 +0300] "GET /robots.txt HTTP/1.1" 301 795 "-" "Mozilla/5.0 (compatible; SemrushBot-BA; +http://www.semrush.com/bot.html)"
85.208.98.23 - - [17/Sep/2025:15:28:11 +0300] "GET /robots.txt HTTP/1.1" 301 795 "-" "Mozilla/5.0 (compatible; SemrushBot-BA; +http://www.semrush.com/bot.html)"
80.255.7.36 - - [17/Sep/2025:15:29:03 +0300] "POST /xmlrpc.php HTTP/1.1" 301 795 "-" "Mozilla/5.0 (Windows NT 10.0; WOW64) AppleWebKit/537.36 (KHTML, like Gecko) Chrome/114.0.0.0 Safari/537.36 Vivaldi/5.3.2679.68"
80.255.7.36 - - [17/Sep/2025:15:29:05 +0300] "POST /xmlrpc.php HTTP/1.1" 301 795 "-" "Mozilla/5.0 (Windows NT 10.0; WOW64) AppleWebKit/537.36 (KHTML, like Gecko) Chrome/114.0.0.0 Safari/537.36 Vivaldi/5.3.2679.68"
85.208.98.23 - - [17/Sep/2025:15:48:09 +0300] "GET /robots.txt HTTP/1.1" 301 795 "-" "Mozilla/5.0 (compatible; SemrushBot-BA; +http://www.semrush.com/bot.html)"
185.252.223.72 - - [17/Sep/2025:15:58:05 +0300] "POST /xmlrpc.php HTTP/1.1" 301 795 "-" "Mozilla/5.0 (Windows NT 6.1) AppleWebKit/537.36 (KHTML, like Gecko) Chrome/49.0.2623.112 Safari/537.36"
185.252.223.72 - - [17/Sep/2025:15:58:06 +0300] "POST /xmlrpc.php HTTP/1.1" 301 795 "-" "Mozilla/5.0 (Windows NT 6.1) AppleWebKit/537.36 (KHTML, like Gecko) Chrome/49.0.2623.112 Safari/537.36"
185.252.223.72 - - [17/Sep/2025:15:58:07 +0300] "POST /xmlrpc.php HTTP/1.1" 301 795 "-" "Mozilla/5.0 (Windows NT 6.1) AppleWebKit/537.36 (KHTML, like Gecko) Chrome/49.0.2623.112 Safari/537.36"
85.208.98.23 - - [17/Sep/2025:16:13:30 +0300] "GET /robots.txt HTTP/1.1" 301 795 "-" "Mozilla/5.0 (compatible; SemrushBot-BA; +http://www.semrush.com/bot.html)"
185.101.32.29 - - [17/Sep/2025:16:13:34 +0300] "POST /xmlrpc.php HTTP/1.1" 301 795 "-" "Mozilla/5.0 (Windows NT 10.0; Win64; x64) AppleWebKit/537.36 (KHTML, like Gecko) Chrome/114.0.0.0 Safari/537.36 Vivaldi/5.3.2679.68"
185.101.32.29 - - [17/Sep/2025:16:13:34 +0300] "POST /xmlrpc.php HTTP/1.1" 301 795 "-" "Mozilla/5.0 (Windows NT 10.0; Win64; x64) AppleWebKit/537.36 (KHTML, like Gecko) Chrome/114.0.0.0 Safari/537.36 Vivaldi/5.3.2679.68"
185.101.32.29 - - [17/Sep/2025:16:13:35 +0300] "POST /xmlrpc.php HTTP/1.1" 301 795 "-" "Mozilla/5.0 (Windows NT 10.0; Win64; x64) AppleWebKit/537.36 (KHTML, like Gecko) Chrome/114.0.0.0 Safari/537.36 Vivaldi/5.3.2679.68"
85.208.98.23 - - [17/Sep/2025:16:13:37 +0300] "GET /robots.txt HTTP/1.1" 301 795 "-" "Mozilla/5.0 (compatible; SemrushBot-BA; +http://www.semrush.com/bot.html)"
85.208.98.23 - - [17/Sep/2025:15:10:51 +0300] "GET /robots.txt HTTP/1.1" 301 795 "-" "Mozilla/5.0 (compatible; SemrushBot-BA; +http://www.semrush.com/bot.html)"
65.109.63.161 - - [17/Sep/2025:15:19:18 +0300] "GET /theme HTTP/1.1" 301 795 "-" "-"
85.208.98.23 - - [17/Sep/2025:15:22:40 +0300] "GET /robots.txt HTTP/1.1" 301 795 "-" "Mozilla/5.0 (compatible; SemrushBot-BA; +http://www.semrush.com/bot.html)"
222.9.152.248 - - [17/Sep/2025:15:25:26 +0300] "GET /shopbrand/122828874 HTTP/1.1" 301 795 "-" "Dalvik/2.1.0 (Linux; U; Android 15; A401SH Build/SB657)"
85.208.98.23 - - [17/Sep/2025:15:25:51 +0300] "GET /robots.txt HTTP/1.1" 301 795 "-" "Mozilla/5.0 (compatible; SemrushBot-BA; +http://www.semrush.com/bot.html)"
80.255.7.36 - - [17/Sep/2025:15:28:54 +0300] "POST /xmlrpc.php HTTP/1.1" 301 795 "-" "Mozilla/5.0 (Windows NT 10.0; WOW64) AppleWebKit/537.36 (KHTML, like Gecko) Chrome/114.0.0.0 Safari/537.36 Vivaldi/5.3.2679.68"
80.255.7.36 - - [17/Sep/2025:15:28:55 +0300] "POST /xmlrpc.php HTTP/1.1" 301 795 "-" "Mozilla/5.0 (Windows NT 10.0; WOW64) AppleWebKit/537.36 (KHTML, like Gecko) Chrome/114.0.0.0 Safari/537.36 Vivaldi/5.3.2679.68"
80.255.7.36 - - [17/Sep/2025:15:28:56 +0300] "POST /xmlrpc.php HTTP/1.1" 301 795 "-" "Mozilla/5.0 (Windows NT 10.0; WOW64) AppleWebKit/537.36 (KHTML, like Gecko) Chrome/114.0.0.0 Safari/537.36 Vivaldi/5.3.2679.68"
80.255.7.36 - - [17/Sep/2025:15:28:58 +0300] "POST /xmlrpc.php HTTP/1.1" 301 795 "-" "Mozilla/5.0 (Windows NT 10.0; WOW64) AppleWebKit/537.36 (KHTML, like Gecko) Chrome/114.0.0.0 Safari/537.36 Vivaldi/5.3.2679.68"
80.255.7.36 - - [17/Sep/2025:15:28:59 +0300] "POST /xmlrpc.php HTTP/1.1" 301 795 "-" "Mozilla/5.0 (Windows NT 10.0; WOW64) AppleWebKit/537.36 (KHTML, like Gecko) Chrome/114.0.0.0 Safari/537.36 Vivaldi/5.3.2679.68"
80.255.7.36 - - [17/Sep/2025:15:29:01 +0300] "POST /xmlrpc.php HTTP/1.1" 301 795 "-" "Mozilla/5.0 (Windows NT 10.0; WOW64) AppleWebKit/537.36 (KHTML, like Gecko) Chrome/114.0.0.0 Safari/537.36 Vivaldi/5.3.2679.68"
85.208.98.23 - - [17/Sep/2025:15:31:23 +0300] "GET /robots.txt HTTP/1.1" 301 795 "-" "Mozilla/5.0 (compatible; SemrushBot-BA; +http://www.semrush.com/bot.html)"
85.208.98.23 - - [17/Sep/2025:15:35:57 +0300] "GET /robots.txt HTTP/1.1" 301 795 "-" "Mozilla/5.0 (compatible; SemrushBot-BA; +http://www.semrush.com/bot.html)"
85.208.98.23 - - [17/Sep/2025:15:36:26 +0300] "GET /robots.txt HTTP/1.1" 301 795 "-" "Mozilla/5.0 (compatible; SemrushBot-BA; +http://www.semrush.com/bot.html)"
85.208.98.23 - - [17/Sep/2025:15:56:32 +0300] "GET /robots.txt HTTP/1.1" 301 795 "-" "Mozilla/5.0 (compatible; SemrushBot-BA; +http://www.semrush.com/bot.html)"
80.255.5.213 - - [17/Sep/2025:16:14:48 +0300] "POST /xmlrpc.php HTTP/1.1" 301 795 "-" "Mozilla/5.0 (Macintosh; Intel Mac OS X 10_15_7) AppleWebKit/537.36 (KHTML, like Gecko) Chrome/127.0.0 Safari/537.36"
80.255.5.213 - - [17/Sep/2025:16:14:50 +0300] "POST /xmlrpc.php HTTP/1.1" 301 795 "-" "Mozilla/5.0 (Macintosh; Intel Mac OS X 10_15_7) AppleWebKit/537.36 (KHTML, like Gecko) Chrome/127.0.0 Safari/537.36"
80.255.5.213 - - [17/Sep/2025:16:14:56 +0300] "POST /xmlrpc.php HTTP/1.1" 301 795 "-" "Mozilla/5.0 (Macintosh; Intel Mac OS X 10_15_7) AppleWebKit/537.36 (KHTML, like Gecko) Chrome/127.0.0 Safari/537.36"
85.208.98.23 - - [17/Sep/2025:16:21:28 +0300] "GET /robots.txt HTTP/1.1" 301 795 "-" "Mozilla/5.0 (compatible; SemrushBot-BA; +http://www.semrush.com/bot.html)"
80.255.5.213 - - [17/Sep/2025:16:14:40 +0300] "POST /xmlrpc.php HTTP/1.1" 301 795 "-" "Mozilla/5.0 (Macintosh; Intel Mac OS X 10_15_7) AppleWebKit/537.36 (KHTML, like Gecko) Chrome/127.0.0 Safari/537.36"
80.255.5.213 - - [17/Sep/2025:16:14:42 +0300] "POST /xmlrpc.php HTTP/1.1" 301 795 "-" "Mozilla/5.0 (Macintosh; Intel Mac OS X 10_15_7) AppleWebKit/537.36 (KHTML, like Gecko) Chrome/127.0.0 Safari/537.36"
80.255.5.213 - - [17/Sep/2025:16:14:44 +0300] "POST /xmlrpc.php HTTP/1.1" 301 795 "-" "Mozilla/5.0 (Macintosh; Intel Mac OS X 10_15_7) AppleWebKit/537.36 (KHTML, like Gecko) Chrome/127.0.0 Safari/537.36"
80.255.5.213 - - [17/Sep/2025:16:14:53 +0300] "POST /xmlrpc.php HTTP/1.1" 301 795 "-" "Mozilla/5.0 (Macintosh; Intel Mac OS X 10_15_7) AppleWebKit/537.36 (KHTML, like Gecko) Chrome/127.0.0 Safari/537.36"
80.255.5.213 - - [17/Sep/2025:16:14:58 +0300] "POST /xmlrpc.php HTTP/1.1" 301 795 "-" "Mozilla/5.0 (Macintosh; Intel Mac OS X 10_15_7) AppleWebKit/537.36 (KHTML, like Gecko) Chrome/127.0.0 Safari/537.36"
85.208.98.23 - - [17/Sep/2025:16:20:02 +0300] "GET /robots.txt HTTP/1.1" 301 795 "-" "Mozilla/5.0 (compatible; SemrushBot-BA; +http://www.semrush.com/bot.html)"
80.255.5.213 - - [17/Sep/2025:16:15:01 +0300] "POST /xmlrpc.php HTTP/1.1" 301 795 "-" "Mozilla/5.0 (Macintosh; Intel Mac OS X 10_15_7) AppleWebKit/537.36 (KHTML, like Gecko) Chrome/127.0.0 Safari/537.36"
85.208.98.23 - - [17/Sep/2025:16:25:59 +0300] "GET /robots.txt HTTP/1.1" 301 795 "-" "Mozilla/5.0 (compatible; SemrushBot-BA; +http://www.semrush.com/bot.html)"
217.170.206.13 - - [17/Sep/2025:16:26:02 +0300] "POST /xmlrpc.php HTTP/1.1" 301 795 "-" "Mozilla/5.0 (Windows NT 6.1; Win64; x64) AppleWebKit/537.36 (KHTML, like Gecko) Chrome/79.0.3945.130 Safari/537.36"
85.208.98.23 - - [17/Sep/2025:16:26:20 +0300] "GET /robots.txt HTTP/1.1" 301 795 "-" "Mozilla/5.0 (compatible; SemrushBot-BA; +http://www.semrush.com/bot.html)"
159.242.234.168 - - [17/Sep/2025:16:29:20 +0300] "POST /xmlrpc.php HTTP/1.1" 301 795 "-" "Mozilla/5.0 (X11; Linux x86_64) AppleWebKit/537.36 (KHTML, like Gecko) Chrome/114.0.0.0 Safari/537.36"
159.242.234.168 - - [17/Sep/2025:16:29:21 +0300] "POST /xmlrpc.php HTTP/1.1" 301 795 "-" "Mozilla/5.0 (X11; Linux x86_64) AppleWebKit/537.36 (KHTML, like Gecko) Chrome/114.0.0.0 Safari/537.36"
159.242.234.168 - - [17/Sep/2025:16:29:22 +0300] "POST /xmlrpc.php HTTP/1.1" 301 795 "-" "Mozilla/5.0 (X11; Linux x86_64) AppleWebKit/537.36 (KHTML, like Gecko) Chrome/114.0.0.0 Safari/537.36"
159.242.234.168 - - [17/Sep/2025:16:29:22 +0300] "POST /xmlrpc.php HTTP/1.1" 301 795 "-" "Mozilla/5.0 (X11; Linux x86_64) AppleWebKit/537.36 (KHTML, like Gecko) Chrome/114.0.0.0 Safari/537.36"
80.255.13.24 - - [17/Sep/2025:16:32:51 +0300] "POST /xmlrpc.php HTTP/1.1" 301 795 "-" "Mozilla/5.0 (Macintosh; Intel Mac OS X 12_5) AppleWebKit/537.36 (KHTML, like Gecko) Chrome/114.0.0.0 YaBrowser/22.7.0 Yowser/2.5 Safari/537.36"
80.255.13.24 - - [17/Sep/2025:16:32:55 +0300] "POST /xmlrpc.php HTTP/1.1" 301 795 "-" "Mozilla/5.0 (Macintosh; Intel Mac OS X 12_5) AppleWebKit/537.36 (KHTML, like Gecko) Chrome/114.0.0.0 YaBrowser/22.7.0 Yowser/2.5 Safari/537.36"
80.255.13.24 - - [17/Sep/2025:16:32:57 +0300] "POST /xmlrpc.php HTTP/1.1" 301 795 "-" "Mozilla/5.0 (Macintosh; Intel Mac OS X 12_5) AppleWebKit/537.36 (KHTML, like Gecko) Chrome/114.0.0.0 YaBrowser/22.7.0 Yowser/2.5 Safari/537.36"
80.255.13.24 - - [17/Sep/2025:16:33:01 +0300] "POST /xmlrpc.php HTTP/1.1" 301 795 "-" "Mozilla/5.0 (Macintosh; Intel Mac OS X 12_5) AppleWebKit/537.36 (KHTML, like Gecko) Chrome/114.0.0.0 YaBrowser/22.7.0 Yowser/2.5 Safari/537.36"
85.208.98.23 - - [17/Sep/2025:16:34:02 +0300] "GET /robots.txt HTTP/1.1" 301 795 "-" "Mozilla/5.0 (compatible; SemrushBot-BA; +http://www.semrush.com/bot.html)"
217.170.206.13 - - [17/Sep/2025:16:26:00 +0300] "POST /xmlrpc.php HTTP/1.1" 301 795 "-" "Mozilla/5.0 (Windows NT 6.1; Win64; x64) AppleWebKit/537.36 (KHTML, like Gecko) Chrome/79.0.3945.130 Safari/537.36"
217.170.206.13 - - [17/Sep/2025:16:26:01 +0300] "POST /xmlrpc.php HTTP/1.1" 301 795 "-" "Mozilla/5.0 (Windows NT 6.1; Win64; x64) AppleWebKit/537.36 (KHTML, like Gecko) Chrome/79.0.3945.130 Safari/537.36"
217.170.206.13 - - [17/Sep/2025:16:26:01 +0300] "POST /xmlrpc.php HTTP/1.1" 301 795 "-" "Mozilla/5.0 (Windows NT 6.1; Win64; x64) AppleWebKit/537.36 (KHTML, like Gecko) Chrome/79.0.3945.130 Safari/537.36"
159.242.234.216 - - [17/Sep/2025:16:31:27 +0300] "POST /xmlrpc.php HTTP/1.1" 301 795 "-" "Mozilla/5.0 (Windows NT 10.0; Win64; x64) AppleWebKit/537.36 (KHTML, like Gecko) Chrome/70.0.3538.102 Safari/537.36 Edge/18.18362"
80.255.13.24 - - [17/Sep/2025:16:33:02 +0300] "POST /xmlrpc.php HTTP/1.1" 301 795 "-" "Mozilla/5.0 (Macintosh; Intel Mac OS X 12_5) AppleWebKit/537.36 (KHTML, like Gecko) Chrome/114.0.0.0 YaBrowser/22.7.0 Yowser/2.5 Safari/537.36"
85.208.98.23 - - [17/Sep/2025:16:35:00 +0300] "GET /robots.txt HTTP/1.1" 301 795 "-" "Mozilla/5.0 (compatible; SemrushBot-BA; +http://www.semrush.com/bot.html)"
85.208.98.23 - - [17/Sep/2025:16:36:16 +0300] "GET /robots.txt HTTP/1.1" 301 795 "-" "Mozilla/5.0 (compatible; SemrushBot-BA; +http://www.semrush.com/bot.html)"
85.208.98.23 - - [17/Sep/2025:16:29:51 +0300] "GET /robots.txt HTTP/1.1" 301 795 "-" "Mozilla/5.0 (compatible; SemrushBot-BA; +http://www.semrush.com/bot.html)"
85.208.98.23 - - [17/Sep/2025:16:30:46 +0300] "GET /robots.txt HTTP/1.1" 301 795 "-" "Mozilla/5.0 (compatible; SemrushBot-BA; +http://www.semrush.com/bot.html)"
85.208.98.23 - - [17/Sep/2025:16:31:14 +0300] "GET /robots.txt HTTP/1.1" 301 795 "-" "Mozilla/5.0 (compatible; SemrushBot-BA; +http://www.semrush.com/bot.html)"
159.242.234.216 - - [17/Sep/2025:16:31:28 +0300] "POST /xmlrpc.php HTTP/1.1" 301 795 "-" "Mozilla/5.0 (Windows NT 10.0; Win64; x64) AppleWebKit/537.36 (KHTML, like Gecko) Chrome/70.0.3538.102 Safari/537.36 Edge/18.18362"
159.242.234.216 - - [17/Sep/2025:16:31:29 +0300] "POST /xmlrpc.php HTTP/1.1" 301 795 "-" "Mozilla/5.0 (Windows NT 10.0; Win64; x64) AppleWebKit/537.36 (KHTML, like Gecko) Chrome/70.0.3538.102 Safari/537.36 Edge/18.18362"
159.242.234.216 - - [17/Sep/2025:16:31:29 +0300] "POST /xmlrpc.php HTTP/1.1" 301 795 "-" "Mozilla/5.0 (Windows NT 10.0; Win64; x64) AppleWebKit/537.36 (KHTML, like Gecko) Chrome/70.0.3538.102 Safari/537.36 Edge/18.18362"
80.255.13.24 - - [17/Sep/2025:16:32:50 +0300] "POST /xmlrpc.php HTTP/1.1" 301 795 "-" "Mozilla/5.0 (Macintosh; Intel Mac OS X 12_5) AppleWebKit/537.36 (KHTML, like Gecko) Chrome/114.0.0.0 YaBrowser/22.7.0 Yowser/2.5 Safari/537.36"
80.255.13.24 - - [17/Sep/2025:16:32:50 +0300] "POST /xmlrpc.php HTTP/1.1" 301 795 "-" "Mozilla/5.0 (Macintosh; Intel Mac OS X 12_5) AppleWebKit/537.36 (KHTML, like Gecko) Chrome/114.0.0.0 YaBrowser/22.7.0 Yowser/2.5 Safari/537.36"
80.255.13.24 - - [17/Sep/2025:16:32:53 +0300] "POST /xmlrpc.php HTTP/1.1" 301 795 "-" "Mozilla/5.0 (Macintosh; Intel Mac OS X 12_5) AppleWebKit/537.36 (KHTML, like Gecko) Chrome/114.0.0.0 YaBrowser/22.7.0 Yowser/2.5 Safari/537.36"
80.255.13.24 - - [17/Sep/2025:16:33:00 +0300] "POST /xmlrpc.php HTTP/1.1" 301 795 "-" "Mozilla/5.0 (Macintosh; Intel Mac OS X 12_5) AppleWebKit/537.36 (KHTML, like Gecko) Chrome/114.0.0.0 YaBrowser/22.7.0 Yowser/2.5 Safari/537.36"
85.208.98.23 - - [17/Sep/2025:16:35:58 +0300] "GET /robots.txt HTTP/1.1" 301 795 "-" "Mozilla/5.0 (compatible; SemrushBot-BA; +http://www.semrush.com/bot.html)"
216.244.66.243 - - [17/Sep/2025:16:36:28 +0300] "GET /robots.txt HTTP/1.1" 301 795 "-" "Mozilla/5.0 (compatible; DotBot/1.2; +https://opensiteexplorer.org/dotbot; help@moz.com)"
85.208.98.23 - - [17/Sep/2025:16:46:29 +0300] "GET /robots.txt HTTP/1.1" 301 795 "-" "Mozilla/5.0 (compatible; SemrushBot-BA; +http://www.semrush.com/bot.html)"
80.255.5.212 - - [17/Sep/2025:16:48:15 +0300] "POST /xmlrpc.php HTTP/1.1" 301 795 "-" "Mozilla/5.0 (Macintosh; Intel Mac OS X 10_15_3) AppleWebKit/537.36 (KHTML, like Gecko) Chrome/80.0.3987.87 Safari/537.36"
65.109.63.161 - - [17/Sep/2025:16:44:00 +0300] "GET /theme HTTP/1.1" 301 795 "-" "-"
85.208.98.23 - - [17/Sep/2025:16:45:09 +0300] "GET /robots.txt HTTP/1.1" 301 795 "-" "Mozilla/5.0 (compatible; SemrushBot-BA; +http://www.semrush.com/bot.html)"
80.255.5.212 - - [17/Sep/2025:16:48:10 +0300] "POST /xmlrpc.php HTTP/1.1" 301 795 "-" "Mozilla/5.0 (Macintosh; Intel Mac OS X 10_15_3) AppleWebKit/537.36 (KHTML, like Gecko) Chrome/80.0.3987.87 Safari/537.36"
80.255.5.212 - - [17/Sep/2025:16:48:11 +0300] "POST /xmlrpc.php HTTP/1.1" 301 795 "-" "Mozilla/5.0 (Macintosh; Intel Mac OS X 10_15_3) AppleWebKit/537.36 (KHTML, like Gecko) Chrome/80.0.3987.87 Safari/537.36"
80.255.5.212 - - [17/Sep/2025:16:48:11 +0300] "POST /xmlrpc.php HTTP/1.1" 301 795 "-" "Mozilla/5.0 (Macintosh; Intel Mac OS X 10_15_3) AppleWebKit/537.36 (KHTML, like Gecko) Chrome/80.0.3987.87 Safari/537.36"
80.255.5.212 - - [17/Sep/2025:16:48:17 +0300] "POST /xmlrpc.php HTTP/1.1" 301 795 "-" "Mozilla/5.0 (Macintosh; Intel Mac OS X 10_15_3) AppleWebKit/537.36 (KHTML, like Gecko) Chrome/80.0.3987.87 Safari/537.36"
80.255.5.212 - - [17/Sep/2025:16:48:13 +0300] "POST /xmlrpc.php HTTP/1.1" 301 795 "-" "Mozilla/5.0 (Macintosh; Intel Mac OS X 10_15_3) AppleWebKit/537.36 (KHTML, like Gecko) Chrome/80.0.3987.87 Safari/537.36"
80.255.5.212 - - [17/Sep/2025:16:48:19 +0300] "POST /xmlrpc.php HTTP/1.1" 301 795 "-" "Mozilla/5.0 (Macintosh; Intel Mac OS X 10_15_3) AppleWebKit/537.36 (KHTML, like Gecko) Chrome/80.0.3987.87 Safari/537.36"
80.255.5.212 - - [17/Sep/2025:16:48:21 +0300] "POST /xmlrpc.php HTTP/1.1" 301 795 "-" "Mozilla/5.0 (Macintosh; Intel Mac OS X 10_15_3) AppleWebKit/537.36 (KHTML, like Gecko) Chrome/80.0.3987.87 Safari/537.36"
80.255.5.212 - - [17/Sep/2025:16:48:22 +0300] "POST /xmlrpc.php HTTP/1.1" 301 795 "-" "Mozilla/5.0 (Macintosh; Intel Mac OS X 10_15_3) AppleWebKit/537.36 (KHTML, like Gecko) Chrome/80.0.3987.87 Safari/537.36"
85.208.98.23 - - [17/Sep/2025:16:53:43 +0300] "GET /robots.txt HTTP/1.1" 301 795 "-" "Mozilla/5.0 (compatible; SemrushBot-BA; +http://www.semrush.com/bot.html)"
85.208.98.23 - - [17/Sep/2025:16:55:51 +0300] "GET /robots.txt HTTP/1.1" 301 795 "-" "Mozilla/5.0 (compatible; SemrushBot-BA; +http://www.semrush.com/bot.html)"
85.208.98.23 - - [17/Sep/2025:17:01:32 +0300] "GET /robots.txt HTTP/1.1" 301 795 "-" "Mozilla/5.0 (compatible; SemrushBot-BA; +http://www.semrush.com/bot.html)"
85.208.98.23 - - [17/Sep/2025:17:05:38 +0300] "GET /robots.txt HTTP/1.1" 301 795 "-" "Mozilla/5.0 (compatible; SemrushBot-BA; +http://www.semrush.com/bot.html)"
85.208.98.23 - - [17/Sep/2025:17:11:15 +0300] "GET /robots.txt HTTP/1.1" 301 795 "-" "Mozilla/5.0 (compatible; SemrushBot-BA; +http://www.semrush.com/bot.html)"
85.208.98.23 - - [17/Sep/2025:17:01:07 +0300] "GET /robots.txt HTTP/1.1" 301 795 "-" "Mozilla/5.0 (compatible; SemrushBot-BA; +http://www.semrush.com/bot.html)"
85.208.98.23 - - [17/Sep/2025:17:03:43 +0300] "GET /robots.txt HTTP/1.1" 301 795 "-" "Mozilla/5.0 (compatible; SemrushBot-BA; +http://www.semrush.com/bot.html)"
85.208.98.23 - - [17/Sep/2025:17:06:58 +0300] "GET /robots.txt HTTP/1.1" 301 795 "-" "Mozilla/5.0 (compatible; SemrushBot-BA; +http://www.semrush.com/bot.html)"
85.208.98.23 - - [17/Sep/2025:17:23:55 +0300] "GET /robots.txt HTTP/1.1" 301 795 "-" "Mozilla/5.0 (compatible; SemrushBot-BA; +http://www.semrush.com/bot.html)"
84.17.52.239 - - [17/Sep/2025:17:28:29 +0300] "POST /xmlrpc.php HTTP/1.1" 301 795 "-" "Mozilla/5.0 (X11; Linux x86_64) AppleWebKit/537.36 (KHTML, like Gecko) Chrome/80.0.3987.116 Safari/537.36"
84.17.52.239 - - [17/Sep/2025:17:28:30 +0300] "POST /xmlrpc.php HTTP/1.1" 301 795 "-" "Mozilla/5.0 (X11; Linux x86_64) AppleWebKit/537.36 (KHTML, like Gecko) Chrome/80.0.3987.116 Safari/537.36"
84.17.52.239 - - [17/Sep/2025:17:28:31 +0300] "POST /xmlrpc.php HTTP/1.1" 301 795 "-" "Mozilla/5.0 (X11; Linux x86_64) AppleWebKit/537.36 (KHTML, like Gecko) Chrome/80.0.3987.116 Safari/537.36"
84.17.52.239 - - [17/Sep/2025:17:28:32 +0300] "POST /xmlrpc.php HTTP/1.1" 301 795 "-" "Mozilla/5.0 (X11; Linux x86_64) AppleWebKit/537.36 (KHTML, like Gecko) Chrome/80.0.3987.116 Safari/537.36"
84.17.52.239 - - [17/Sep/2025:17:28:33 +0300] "POST /xmlrpc.php HTTP/1.1" 301 795 "-" "Mozilla/5.0 (X11; Linux x86_64) AppleWebKit/537.36 (KHTML, like Gecko) Chrome/80.0.3987.116 Safari/537.36"
84.17.52.239 - - [17/Sep/2025:17:28:34 +0300] "POST /xmlrpc.php HTTP/1.1" 301 795 "-" "Mozilla/5.0 (X11; Linux x86_64) AppleWebKit/537.36 (KHTML, like Gecko) Chrome/80.0.3987.116 Safari/537.36"
85.208.98.23 - - [17/Sep/2025:17:17:07 +0300] "GET /robots.txt HTTP/1.1" 301 795 "-" "Mozilla/5.0 (compatible; SemrushBot-BA; +http://www.semrush.com/bot.html)"
85.208.98.23 - - [17/Sep/2025:17:23:55 +0300] "GET /robots.txt HTTP/1.1" 301 795 "-" "Mozilla/5.0 (compatible; SemrushBot-BA; +http://www.semrush.com/bot.html)"
84.17.52.239 - - [17/Sep/2025:17:28:35 +0300] "POST /xmlrpc.php HTTP/1.1" 301 795 "-" "Mozilla/5.0 (X11; Linux x86_64) AppleWebKit/537.36 (KHTML, like Gecko) Chrome/80.0.3987.116 Safari/537.36"
85.208.98.23 - - [17/Sep/2025:17:13:59 +0300] "GET /robots.txt HTTP/1.1" 301 795 "-" "Mozilla/5.0 (compatible; SemrushBot-BA; +http://www.semrush.com/bot.html)"
84.17.52.239 - - [17/Sep/2025:17:28:37 +0300] "POST /xmlrpc.php HTTP/1.1" 301 795 "-" "Mozilla/5.0 (X11; Linux x86_64) AppleWebKit/537.36 (KHTML, like Gecko) Chrome/80.0.3987.116 Safari/537.36"
85.208.98.23 - - [17/Sep/2025:17:30:37 +0300] "GET /robots.txt HTTP/1.1" 301 795 "-" "Mozilla/5.0 (compatible; SemrushBot-BA; +http://www.semrush.com/bot.html)"
85.208.98.23 - - [17/Sep/2025:17:33:18 +0300] "GET /robots.txt HTTP/1.1" 301 795 "-" "Mozilla/5.0 (compatible; SemrushBot-BA; +http://www.semrush.com/bot.html)"
85.208.98.23 - - [17/Sep/2025:17:33:30 +0300] "GET /robots.txt HTTP/1.1" 301 795 "-" "Mozilla/5.0 (compatible; SemrushBot-BA; +http://www.semrush.com/bot.html)"
85.208.98.23 - - [17/Sep/2025:17:40:39 +0300] "GET /robots.txt HTTP/1.1" 301 795 "-" "Mozilla/5.0 (compatible; SemrushBot-BA; +http://www.semrush.com/bot.html)"
43.130.26.3 - - [17/Sep/2025:17:43:39 +0300] "GET / HTTP/1.1" 301 795 "-" "Mozilla/5.0 (iPhone; CPU iPhone OS 13_2_3 like Mac OS X) AppleWebKit/605.1.15 (KHTML, like Gecko) Version/13.0.3 Mobile/15E148 Safari/604.1"
85.208.98.23 - - [17/Sep/2025:17:34:37 +0300] "GET /robots.txt HTTP/1.1" 301 795 "-" "Mozilla/5.0 (compatible; SemrushBot-BA; +http://www.semrush.com/bot.html)"
85.208.98.23 - - [17/Sep/2025:17:37:34 +0300] "GET /robots.txt HTTP/1.1" 301 795 "-" "Mozilla/5.0 (compatible; SemrushBot-BA; +http://www.semrush.com/bot.html)"
85.208.98.23 - - [17/Sep/2025:17:42:46 +0300] "GET /robots.txt HTTP/1.1" 301 795 "-" "Mozilla/5.0 (compatible; SemrushBot-BA; +http://www.semrush.com/bot.html)"
85.208.98.23 - - [17/Sep/2025:17:39:14 +0300] "GET /robots.txt HTTP/1.1" 301 795 "-" "Mozilla/5.0 (compatible; SemrushBot-BA; +http://www.semrush.com/bot.html)"
85.208.98.23 - - [17/Sep/2025:17:39:37 +0300] "GET /robots.txt HTTP/1.1" 301 795 "-" "Mozilla/5.0 (compatible; SemrushBot-BA; +http://www.semrush.com/bot.html)"
185.128.26.108 - - [17/Sep/2025:17:50:02 +0300] "POST /xmlrpc.php HTTP/1.1" 301 795 "-" "Mozilla/5.0 (Windows NT 10.0; Win64; x64) AppleWebKit/537.36 (KHTML, like Gecko) Chrome/80.0.3987.122 Safari/537.36 Edg/80.0.361.62"
185.128.26.108 - - [17/Sep/2025:17:50:03 +0300] "POST /xmlrpc.php HTTP/1.1" 301 795 "-" "Mozilla/5.0 (Windows NT 10.0; Win64; x64) AppleWebKit/537.36 (KHTML, like Gecko) Chrome/80.0.3987.122 Safari/537.36 Edg/80.0.361.62"
185.128.26.108 - - [17/Sep/2025:17:50:04 +0300] "POST /xmlrpc.php HTTP/1.1" 301 795 "-" "Mozilla/5.0 (Windows NT 10.0; Win64; x64) AppleWebKit/537.36 (KHTML, like Gecko) Chrome/80.0.3987.122 Safari/537.36 Edg/80.0.361.62"
185.128.26.108 - - [17/Sep/2025:17:50:05 +0300] "POST /xmlrpc.php HTTP/1.1" 301 795 "-" "Mozilla/5.0 (Windows NT 10.0; Win64; x64) AppleWebKit/537.36 (KHTML, like Gecko) Chrome/80.0.3987.122 Safari/537.36 Edg/80.0.361.62"
198.203.28.231 - - [17/Sep/2025:17:53:10 +0300] "POST /xmlrpc.php HTTP/1.1" 301 795 "-" "Mozilla/5.0 (Windows NT 10.0; Win64; x64) AppleWebKit/537.36 (KHTML, like Gecko) Chrome/114.0.0.0 Safari/537.36"
198.203.28.231 - - [17/Sep/2025:17:56:29 +0300] "POST /xmlrpc.php HTTP/1.1" 301 795 "-" "Mozilla/5.0 (Windows NT 10.0; Win64; x64) AppleWebKit/537.36 (KHTML, like Gecko) Chrome/114.0.0.0 Safari/537.36"
85.208.98.23 - - [17/Sep/2025:17:56:44 +0300] "GET /robots.txt HTTP/1.1" 301 795 "-" "Mozilla/5.0 (compatible; SemrushBot-BA; +http://www.semrush.com/bot.html)"
198.203.28.231 - - [17/Sep/2025:17:53:08 +0300] "POST /xmlrpc.php HTTP/1.1" 301 795 "-" "Mozilla/5.0 (Windows NT 10.0; Win64; x64) AppleWebKit/537.36 (KHTML, like Gecko) Chrome/114.0.0.0 Safari/537.36"
198.203.28.231 - - [17/Sep/2025:17:56:31 +0300] "POST /xmlrpc.php HTTP/1.1" 301 795 "-" "Mozilla/5.0 (Windows NT 10.0; Win64; x64) AppleWebKit/537.36 (KHTML, like Gecko) Chrome/114.0.0.0 Safari/537.36"
85.208.98.23 - - [17/Sep/2025:18:04:20 +0300] "GET /robots.txt HTTP/1.1" 301 795 "-" "Mozilla/5.0 (compatible; SemrushBot-BA; +http://www.semrush.com/bot.html)"
65.109.63.161 - - [17/Sep/2025:18:08:23 +0300] "GET /theme HTTP/1.1" 301 795 "-" "-"
85.208.98.23 - - [17/Sep/2025:18:08:32 +0300] "GET /robots.txt HTTP/1.1" 301 795 "-" "Mozilla/5.0 (compatible; SemrushBot-BA; +http://www.semrush.com/bot.html)"
85.208.98.23 - - [17/Sep/2025:18:09:41 +0300] "GET /robots.txt HTTP/1.1" 301 795 "-" "Mozilla/5.0 (compatible; SemrushBot-BA; +http://www.semrush.com/bot.html)"
85.208.98.23 - - [17/Sep/2025:18:07:16 +0300] "GET /robots.txt HTTP/1.1" 301 795 "-" "Mozilla/5.0 (compatible; SemrushBot-BA; +http://www.semrush.com/bot.html)"
85.208.98.23 - - [17/Sep/2025:18:18:37 +0300] "GET /robots.txt HTTP/1.1" 301 795 "-" "Mozilla/5.0 (compatible; SemrushBot-BA; +http://www.semrush.com/bot.html)"
85.208.98.23 - - [17/Sep/2025:18:12:26 +0300] "GET /robots.txt HTTP/1.1" 301 795 "-" "Mozilla/5.0 (compatible; SemrushBot-BA; +http://www.semrush.com/bot.html)"
85.208.98.23 - - [17/Sep/2025:18:15:12 +0300] "GET /robots.txt HTTP/1.1" 301 795 "-" "Mozilla/5.0 (compatible; SemrushBot-BA; +http://www.semrush.com/bot.html)"
85.208.98.23 - - [17/Sep/2025:18:19:31 +0300] "GET /robots.txt HTTP/1.1" 301 795 "-" "Mozilla/5.0 (compatible; SemrushBot-BA; +http://www.semrush.com/bot.html)"
85.208.98.23 - - [17/Sep/2025:18:12:59 +0300] "GET /robots.txt HTTP/1.1" 301 795 "-" "Mozilla/5.0 (compatible; SemrushBot-BA; +http://www.semrush.com/bot.html)"
216.244.66.243 - - [17/Sep/2025:18:19:55 +0300] "GET /robots.txt HTTP/1.1" 301 795 "-" "Mozilla/5.0 (compatible; DotBot/1.2; +https://opensiteexplorer.org/dotbot; help@moz.com)"
85.208.98.23 - - [17/Sep/2025:18:30:06 +0300] "GET /robots.txt HTTP/1.1" 301 795 "-" "Mozilla/5.0 (compatible; SemrushBot-BA; +http://www.semrush.com/bot.html)"
85.208.98.23 - - [17/Sep/2025:18:23:44 +0300] "GET /robots.txt HTTP/1.1" 301 795 "-" "Mozilla/5.0 (compatible; SemrushBot-BA; +http://www.semrush.com/bot.html)"
85.208.98.23 - - [17/Sep/2025:18:26:10 +0300] "GET /robots.txt HTTP/1.1" 301 795 "-" "Mozilla/5.0 (compatible; SemrushBot-BA; +http://www.semrush.com/bot.html)"
85.208.98.23 - - [17/Sep/2025:18:33:35 +0300] "GET /robots.txt HTTP/1.1" 301 795 "-" "Mozilla/5.0 (compatible; SemrushBot-BA; +http://www.semrush.com/bot.html)"
60.90.92.25 - - [17/Sep/2025:18:24:45 +0300] "GET /shopbrand/135683464 HTTP/1.1" 301 795 "-" "Mozilla/5.0 (Windows NT 10.0; Win64; x64) AppleWebKit/537.36 (KHTML, like Gecko) Chrome/91.0.4472.164 Safari/537.36"
85.208.98.23 - - [17/Sep/2025:18:35:04 +0300] "GET /robots.txt HTTP/1.1" 301 795 "-" "Mozilla/5.0 (compatible; SemrushBot-BA; +http://www.semrush.com/bot.html)"
80.255.2.93 - - [17/Sep/2025:18:37:02 +0300] "POST /xmlrpc.php HTTP/1.1" 301 795 "-" "Mozilla/5.0 (X11; Linux x86_64) AppleWebKit/537.36 (KHTML, like Gecko) Chrome/114.0.0.0 Safari/537.36"
80.255.2.93 - - [17/Sep/2025:18:37:06 +0300] "POST /xmlrpc.php HTTP/1.1" 301 795 "-" "Mozilla/5.0 (X11; Linux x86_64) AppleWebKit/537.36 (KHTML, like Gecko) Chrome/114.0.0.0 Safari/537.36"
80.255.2.76 - - [17/Sep/2025:18:45:31 +0300] "POST /xmlrpc.php HTTP/1.1" 301 795 "-" "Mozilla/5.0 (X11; Linux i686) AppleWebKit/537.36 (KHTML, like Gecko) Chrome/114.0.0.0 Safari/537.36 Vivaldi/5.3.2679.68"
85.208.98.23 - - [17/Sep/2025:18:47:19 +0300] "GET /robots.txt HTTP/1.1" 301 795 "-" "Mozilla/5.0 (compatible; SemrushBot-BA; +http://www.semrush.com/bot.html)"
85.208.98.23 - - [17/Sep/2025:18:51:54 +0300] "GET /robots.txt HTTP/1.1" 301 795 "-" "Mozilla/5.0 (compatible; SemrushBot-BA; +http://www.semrush.com/bot.html)"
80.255.2.93 - - [17/Sep/2025:18:37:04 +0300] "POST /xmlrpc.php HTTP/1.1" 301 795 "-" "Mozilla/5.0 (X11; Linux x86_64) AppleWebKit/537.36 (KHTML, like Gecko) Chrome/114.0.0.0 Safari/537.36"
85.208.98.23 - - [17/Sep/2025:18:41:45 +0300] "GET /robots.txt HTTP/1.1" 301 795 "-" "Mozilla/5.0 (compatible; SemrushBot-BA; +http://www.semrush.com/bot.html)"
80.255.2.76 - - [17/Sep/2025:18:45:25 +0300] "POST /xmlrpc.php HTTP/1.1" 301 795 "-" "Mozilla/5.0 (X11; Linux i686) AppleWebKit/537.36 (KHTML, like Gecko) Chrome/114.0.0.0 Safari/537.36 Vivaldi/5.3.2679.68"
80.255.2.76 - - [17/Sep/2025:18:45:25 +0300] "POST /xmlrpc.php HTTP/1.1" 301 795 "-" "Mozilla/5.0 (X11; Linux i686) AppleWebKit/537.36 (KHTML, like Gecko) Chrome/114.0.0.0 Safari/537.36 Vivaldi/5.3.2679.68"
80.255.2.76 - - [17/Sep/2025:18:45:26 +0300] "POST /xmlrpc.php HTTP/1.1" 301 795 "-" "Mozilla/5.0 (X11; Linux i686) AppleWebKit/537.36 (KHTML, like Gecko) Chrome/114.0.0.0 Safari/537.36 Vivaldi/5.3.2679.68"
80.255.2.76 - - [17/Sep/2025:18:45:28 +0300] "POST /xmlrpc.php HTTP/1.1" 301 795 "-" "Mozilla/5.0 (X11; Linux i686) AppleWebKit/537.36 (KHTML, like Gecko) Chrome/114.0.0.0 Safari/537.36 Vivaldi/5.3.2679.68"
80.255.2.76 - - [17/Sep/2025:18:45:35 +0300] "POST /xmlrpc.php HTTP/1.1" 301 795 "-" "Mozilla/5.0 (X11; Linux i686) AppleWebKit/537.36 (KHTML, like Gecko) Chrome/114.0.0.0 Safari/537.36 Vivaldi/5.3.2679.68"
80.255.2.76 - - [17/Sep/2025:18:45:36 +0300] "POST /xmlrpc.php HTTP/1.1" 301 795 "-" "Mozilla/5.0 (X11; Linux i686) AppleWebKit/537.36 (KHTML, like Gecko) Chrome/114.0.0.0 Safari/537.36 Vivaldi/5.3.2679.68"
85.208.98.23 - - [17/Sep/2025:18:50:51 +0300] "GET /robots.txt HTTP/1.1" 301 795 "-" "Mozilla/5.0 (compatible; SemrushBot-BA; +http://www.semrush.com/bot.html)"
80.255.2.93 - - [17/Sep/2025:18:36:55 +0300] "POST /xmlrpc.php HTTP/1.1" 301 795 "-" "Mozilla/5.0 (X11; Linux x86_64) AppleWebKit/537.36 (KHTML, like Gecko) Chrome/114.0.0.0 Safari/537.36"
80.255.2.93 - - [17/Sep/2025:18:36:56 +0300] "POST /xmlrpc.php HTTP/1.1" 301 795 "-" "Mozilla/5.0 (X11; Linux x86_64) AppleWebKit/537.36 (KHTML, like Gecko) Chrome/114.0.0.0 Safari/537.36"
80.255.2.93 - - [17/Sep/2025:18:36:57 +0300] "POST /xmlrpc.php HTTP/1.1" 301 795 "-" "Mozilla/5.0 (X11; Linux x86_64) AppleWebKit/537.36 (KHTML, like Gecko) Chrome/114.0.0.0 Safari/537.36"
80.255.2.93 - - [17/Sep/2025:18:36:58 +0300] "POST /xmlrpc.php HTTP/1.1" 301 795 "-" "Mozilla/5.0 (X11; Linux x86_64) AppleWebKit/537.36 (KHTML, like Gecko) Chrome/114.0.0.0 Safari/537.36"
80.255.2.93 - - [17/Sep/2025:18:37:00 +0300] "POST /xmlrpc.php HTTP/1.1" 301 795 "-" "Mozilla/5.0 (X11; Linux x86_64) AppleWebKit/537.36 (KHTML, like Gecko) Chrome/114.0.0.0 Safari/537.36"
80.255.2.93 - - [17/Sep/2025:18:37:06 +0300] "POST /xmlrpc.php HTTP/1.1" 301 795 "-" "Mozilla/5.0 (X11; Linux x86_64) AppleWebKit/537.36 (KHTML, like Gecko) Chrome/114.0.0.0 Safari/537.36"
85.208.98.23 - - [17/Sep/2025:18:39:06 +0300] "GET /robots.txt HTTP/1.1" 301 795 "-" "Mozilla/5.0 (compatible; SemrushBot-BA; +http://www.semrush.com/bot.html)"
80.255.2.76 - - [17/Sep/2025:18:45:29 +0300] "POST /xmlrpc.php HTTP/1.1" 301 795 "-" "Mozilla/5.0 (X11; Linux i686) AppleWebKit/537.36 (KHTML, like Gecko) Chrome/114.0.0.0 Safari/537.36 Vivaldi/5.3.2679.68"
80.255.2.76 - - [17/Sep/2025:18:45:33 +0300] "POST /xmlrpc.php HTTP/1.1" 301 795 "-" "Mozilla/5.0 (X11; Linux i686) AppleWebKit/537.36 (KHTML, like Gecko) Chrome/114.0.0.0 Safari/537.36 Vivaldi/5.3.2679.68"
85.208.98.23 - - [17/Sep/2025:19:03:46 +0300] "GET /robots.txt HTTP/1.1" 301 795 "-" "Mozilla/5.0 (compatible; SemrushBot-BA; +http://www.semrush.com/bot.html)"
85.208.98.23 - - [17/Sep/2025:19:01:03 +0300] "GET /robots.txt HTTP/1.1" 301 795 "-" "Mozilla/5.0 (compatible; SemrushBot-BA; +http://www.semrush.com/bot.html)"
20.191.45.212 - - [17/Sep/2025:19:01:22 +0300] "GET / HTTP/1.1" 301 795 "http://tech.modatechnologies.co.uk/" "DuckDuckBot/1.1; (+http://duckduckgo.com/duckduckbot.html)"
20.191.45.212 - - [17/Sep/2025:19:01:22 +0300] "GET /favicon.ico HTTP/1.1" 301 795 "http://tech.modatechnologies.co.uk/favicon.ico" "DuckDuckBot/1.1; (+http://duckduckgo.com/duckduckbot.html)"
128.14.102.148 - - [17/Sep/2025:19:05:19 +0300] "GET /wp-login.php HTTP/1.1" 301 795 "-" "Mozilla/5.0 (Windows NT 10.0; Win64; x64) AppleWebKit/537.36 (KHTML, like Gecko) Chrome/114.0.0.0 Safari/537.36"
128.14.102.148 - - [17/Sep/2025:19:05:21 +0300] "POST /wp-login.php HTTP/1.1" 301 795 "-" "Mozilla/5.0 (Windows NT 10.0; Win64; x64) AppleWebKit/537.36 (KHTML, like Gecko) Chrome/114.0.0.0 Safari/537.36"
85.208.98.23 - - [17/Sep/2025:18:54:38 +0300] "GET /robots.txt HTTP/1.1" 301 795 "-" "Mozilla/5.0 (compatible; SemrushBot-BA; +http://www.semrush.com/bot.html)"
85.208.98.23 - - [17/Sep/2025:19:00:43 +0300] "GET /robots.txt HTTP/1.1" 301 795 "-" "Mozilla/5.0 (compatible; SemrushBot-BA; +http://www.semrush.com/bot.html)"
85.208.98.23 - - [17/Sep/2025:19:20:36 +0300] "GET /robots.txt HTTP/1.1" 301 795 "-" "Mozilla/5.0 (compatible; SemrushBot-BA; +http://www.semrush.com/bot.html)"
85.208.98.23 - - [17/Sep/2025:19:19:17 +0300] "GET /robots.txt HTTP/1.1" 301 795 "-" "Mozilla/5.0 (compatible; SemrushBot-BA; +http://www.semrush.com/bot.html)"
85.208.98.23 - - [17/Sep/2025:19:25:12 +0300] "GET /robots.txt HTTP/1.1" 301 795 "-" "Mozilla/5.0 (compatible; SemrushBot-BA; +http://www.semrush.com/bot.html)"
85.208.98.23 - - [17/Sep/2025:19:26:17 +0300] "GET /robots.txt HTTP/1.1" 301 795 "-" "Mozilla/5.0 (compatible; SemrushBot-BA; +http://www.semrush.com/bot.html)"
85.208.98.23 - - [17/Sep/2025:19:26:21 +0300] "GET /robots.txt HTTP/1.1" 301 795 "-" "Mozilla/5.0 (compatible; SemrushBot-BA; +http://www.semrush.com/bot.html)"
85.208.98.23 - - [17/Sep/2025:19:28:08 +0300] "GET /robots.txt HTTP/1.1" 301 795 "-" "Mozilla/5.0 (compatible; SemrushBot-BA; +http://www.semrush.com/bot.html)"
85.208.98.23 - - [17/Sep/2025:19:28:44 +0300] "GET /robots.txt HTTP/1.1" 301 795 "-" "Mozilla/5.0 (compatible; SemrushBot-BA; +http://www.semrush.com/bot.html)"
80.255.2.68 - - [17/Sep/2025:19:32:36 +0300] "POST /xmlrpc.php HTTP/1.1" 301 795 "-" "Mozilla/5.0 (Macintosh; Intel Mac OS X 10_15_3) AppleWebKit/537.36 (KHTML, like Gecko) Chrome/80.0.3987.122 Safari/537.36"
80.255.2.68 - - [17/Sep/2025:19:32:39 +0300] "POST /xmlrpc.php HTTP/1.1" 301 795 "-" "Mozilla/5.0 (Macintosh; Intel Mac OS X 10_15_3) AppleWebKit/537.36 (KHTML, like Gecko) Chrome/80.0.3987.122 Safari/537.36"
80.255.2.68 - - [17/Sep/2025:19:32:44 +0300] "POST /xmlrpc.php HTTP/1.1" 301 795 "-" "Mozilla/5.0 (Macintosh; Intel Mac OS X 10_15_3) AppleWebKit/537.36 (KHTML, like Gecko) Chrome/80.0.3987.122 Safari/537.36"
80.255.2.68 - - [17/Sep/2025:19:32:49 +0300] "POST /xmlrpc.php HTTP/1.1" 301 795 "-" "Mozilla/5.0 (Macintosh; Intel Mac OS X 10_15_3) AppleWebKit/537.36 (KHTML, like Gecko) Chrome/80.0.3987.122 Safari/537.36"
85.208.98.23 - - [17/Sep/2025:19:33:12 +0300] "GET /robots.txt HTTP/1.1" 301 795 "-" "Mozilla/5.0 (compatible; SemrushBot-BA; +http://www.semrush.com/bot.html)"
65.109.63.161 - - [17/Sep/2025:19:33:35 +0300] "GET /theme HTTP/1.1" 301 795 "-" "-"
80.255.2.68 - - [17/Sep/2025:19:32:27 +0300] "POST /xmlrpc.php HTTP/1.1" 301 795 "-" "Mozilla/5.0 (Macintosh; Intel Mac OS X 10_15_3) AppleWebKit/537.36 (KHTML, like Gecko) Chrome/80.0.3987.122 Safari/537.36"
85.208.98.23 - - [17/Sep/2025:19:32:39 +0300] "GET /robots.txt HTTP/1.1" 301 795 "-" "Mozilla/5.0 (compatible; SemrushBot-BA; +http://www.semrush.com/bot.html)"
34.125.118.136 - - [17/Sep/2025:19:28:21 +0300] "GET / HTTP/1.1" 301 795 "-" "Mozilla/5.0 (compatible; CMS-Checker/1.0; +https://example.com)"
34.125.118.136 - - [17/Sep/2025:19:28:21 +0300] "GET / HTTP/1.1" 301 795 "-" "Mozilla/5.0 (compatible; CMS-Checker/1.0; +https://example.com)"
85.208.98.23 - - [17/Sep/2025:19:30:01 +0300] "GET /robots.txt HTTP/1.1" 301 795 "-" "Mozilla/5.0 (compatible; SemrushBot-BA; +http://www.semrush.com/bot.html)"
80.255.2.68 - - [17/Sep/2025:19:32:30 +0300] "POST /xmlrpc.php HTTP/1.1" 301 795 "-" "Mozilla/5.0 (Macintosh; Intel Mac OS X 10_15_3) AppleWebKit/537.36 (KHTML, like Gecko) Chrome/80.0.3987.122 Safari/537.36"
80.255.2.68 - - [17/Sep/2025:19:32:32 +0300] "POST /xmlrpc.php HTTP/1.1" 301 795 "-" "Mozilla/5.0 (Macintosh; Intel Mac OS X 10_15_3) AppleWebKit/537.36 (KHTML, like Gecko) Chrome/80.0.3987.122 Safari/537.36"
80.255.2.68 - - [17/Sep/2025:19:32:42 +0300] "POST /xmlrpc.php HTTP/1.1" 301 795 "-" "Mozilla/5.0 (Macintosh; Intel Mac OS X 10_15_3) AppleWebKit/537.36 (KHTML, like Gecko) Chrome/80.0.3987.122 Safari/537.36"
80.255.2.68 - - [17/Sep/2025:19:32:48 +0300] "POST /xmlrpc.php HTTP/1.1" 301 795 "-" "Mozilla/5.0 (Macintosh; Intel Mac OS X 10_15_3) AppleWebKit/537.36 (KHTML, like Gecko) Chrome/80.0.3987.122 Safari/537.36"
20.51.151.252 - - [17/Sep/2025:19:41:44 +0300] "GET /2025/08/26/so-pragen-wahrscheinlichkeiten-ihr-abenteuer-im-richard-casino/ HTTP/1.0" 301 795 "https://tech.modatechnologies.co.uk/" "Mozilla/5.0 (X11; Linux x86_64) AppleWebKit/537.36 (KHTML, like Gecko) Chrome/114.0.0.0 Safari/537.36"
85.208.98.23 - - [17/Sep/2025:19:42:06 +0300] "GET /robots.txt HTTP/1.1" 301 795 "-" "Mozilla/5.0 (compatible; SemrushBot-BA; +http://www.semrush.com/bot.html)"
85.208.98.23 - - [17/Sep/2025:19:43:30 +0300] "GET /robots.txt HTTP/1.1" 301 795 "-" "Mozilla/5.0 (compatible; SemrushBot-BA; +http://www.semrush.com/bot.html)"
85.208.98.23 - - [17/Sep/2025:19:48:07 +0300] "GET /robots.txt HTTP/1.1" 301 795 "-" "Mozilla/5.0 (compatible; SemrushBot-BA; +http://www.semrush.com/bot.html)"
85.208.98.23 - - [17/Sep/2025:19:59:15 +0300] "GET /robots.txt HTTP/1.1" 301 795 "-" "Mozilla/5.0 (compatible; SemrushBot-BA; +http://www.semrush.com/bot.html)"
85.208.98.23 - - [17/Sep/2025:19:44:16 +0300] "GET /robots.txt HTTP/1.1" 301 795 "-" "Mozilla/5.0 (compatible; SemrushBot-BA; +http://www.semrush.com/bot.html)"
85.208.98.23 - - [17/Sep/2025:19:45:11 +0300] "GET /robots.txt HTTP/1.1" 301 795 "-" "Mozilla/5.0 (compatible; SemrushBot-BA; +http://www.semrush.com/bot.html)"
85.208.98.23 - - [17/Sep/2025:19:47:18 +0300] "GET /robots.txt HTTP/1.1" 301 795 "-" "Mozilla/5.0 (compatible; SemrushBot-BA; +http://www.semrush.com/bot.html)"
85.208.98.23 - - [17/Sep/2025:19:51:55 +0300] "GET /robots.txt HTTP/1.1" 301 795 "-" "Mozilla/5.0 (compatible; SemrushBot-BA; +http://www.semrush.com/bot.html)"
85.208.98.23 - - [17/Sep/2025:19:56:18 +0300] "GET /robots.txt HTTP/1.1" 301 795 "-" "Mozilla/5.0 (compatible; SemrushBot-BA; +http://www.semrush.com/bot.html)"
87.120.102.12 - - [17/Sep/2025:19:45:15 +0300] "POST /theme/xmlrpc.php HTTP/1.1" 301 795 "-" "Mozilla/5.0 (Windows NT 10.0; Win64; x64; Xbox; Xbox One) AppleWebKit/537.36 (KHTML, like Gecko) Chrome/114.0.0.0 Safari/537.36 Edge/44.18363.8131"
85.208.98.23 - - [17/Sep/2025:19:48:46 +0300] "GET /robots.txt HTTP/1.1" 301 795 "-" "Mozilla/5.0 (compatible; SemrushBot-BA; +http://www.semrush.com/bot.html)"
85.208.98.23 - - [17/Sep/2025:19:56:42 +0300] "GET /robots.txt HTTP/1.1" 301 795 "-" "Mozilla/5.0 (compatible; SemrushBot-BA; +http://www.semrush.com/bot.html)"
85.208.98.23 - - [17/Sep/2025:20:07:39 +0300] "GET /robots.txt HTTP/1.1" 301 795 "-" "Mozilla/5.0 (compatible; SemrushBot-BA; +http://www.semrush.com/bot.html)"
85.208.98.23 - - [17/Sep/2025:20:09:15 +0300] "GET /robots.txt HTTP/1.1" 301 795 "-" "Mozilla/5.0 (compatible; SemrushBot-BA; +http://www.semrush.com/bot.html)"
85.208.98.23 - - [17/Sep/2025:20:16:16 +0300] "GET /robots.txt HTTP/1.1" 301 795 "-" "Mozilla/5.0 (compatible; SemrushBot-BA; +http://www.semrush.com/bot.html)"
85.208.98.23 - - [17/Sep/2025:20:16:26 +0300] "GET /robots.txt HTTP/1.1" 301 795 "-" "Mozilla/5.0 (compatible; SemrushBot-BA; +http://www.semrush.com/bot.html)"
66.249.64.128 - - [17/Sep/2025:20:10:58 +0300] "GET /robots.txt HTTP/1.1" 301 795 "-" "Mozilla/5.0 (compatible; Googlebot/2.1; +http://www.google.com/bot.html)"
85.208.98.23 - - [17/Sep/2025:20:10:59 +0300] "GET /robots.txt HTTP/1.1" 301 795 "-" "Mozilla/5.0 (compatible; SemrushBot-BA; +http://www.semrush.com/bot.html)"
85.208.98.23 - - [17/Sep/2025:20:19:25 +0300] "GET /robots.txt HTTP/1.1" 301 795 "-" "Mozilla/5.0 (compatible; SemrushBot-BA; +http://www.semrush.com/bot.html)"
85.208.98.23 - - [17/Sep/2025:20:25:16 +0300] "GET /robots.txt HTTP/1.1" 301 795 "-" "Mozilla/5.0 (compatible; SemrushBot-BA; +http://www.semrush.com/bot.html)"
85.208.98.23 - - [17/Sep/2025:20:27:09 +0300] "GET /robots.txt HTTP/1.1" 301 795 "-" "Mozilla/5.0 (compatible; SemrushBot-BA; +http://www.semrush.com/bot.html)"
85.208.98.23 - - [17/Sep/2025:20:32:49 +0300] "GET /robots.txt HTTP/1.1" 301 795 "-" "Mozilla/5.0 (compatible; SemrushBot-BA; +http://www.semrush.com/bot.html)"
85.208.98.23 - - [17/Sep/2025:20:19:21 +0300] "GET /robots.txt HTTP/1.1" 301 795 "-" "Mozilla/5.0 (compatible; SemrushBot-BA; +http://www.semrush.com/bot.html)"
85.208.98.23 - - [17/Sep/2025:20:21:29 +0300] "GET /robots.txt HTTP/1.1" 301 795 "-" "Mozilla/5.0 (compatible; SemrushBot-BA; +http://www.semrush.com/bot.html)"
85.208.98.23 - - [17/Sep/2025:20:34:43 +0300] "GET /robots.txt HTTP/1.1" 301 795 "-" "Mozilla/5.0 (compatible; SemrushBot-BA; +http://www.semrush.com/bot.html)"
85.208.98.23 - - [17/Sep/2025:20:35:46 +0300] "GET /robots.txt HTTP/1.1" 301 795 "-" "Mozilla/5.0 (compatible; SemrushBot-BA; +http://www.semrush.com/bot.html)"
85.208.98.23 - - [17/Sep/2025:20:39:29 +0300] "GET /robots.txt HTTP/1.1" 301 795 "-" "Mozilla/5.0 (compatible; SemrushBot-BA; +http://www.semrush.com/bot.html)"
85.208.98.23 - - [17/Sep/2025:20:42:58 +0300] "GET /robots.txt HTTP/1.1" 301 795 "-" "Mozilla/5.0 (compatible; SemrushBot-BA; +http://www.semrush.com/bot.html)"
59.82.21.29 - - [17/Sep/2025:20:50:14 +0300] "GET / HTTP/1.1" 301 795 "-" "Mozilla/5.0 (Windows NT 10.0; Win64; x64) AppleWebKit/537.36 (KHTML, like Gecko) Chrome/82.0.5383.198 Safari/537.36"
85.208.98.23 - - [17/Sep/2025:20:33:45 +0300] "GET /robots.txt HTTP/1.1" 301 795 "-" "Mozilla/5.0 (compatible; SemrushBot-BA; +http://www.semrush.com/bot.html)"
85.208.98.23 - - [17/Sep/2025:20:39:07 +0300] "GET /robots.txt HTTP/1.1" 301 795 "-" "Mozilla/5.0 (compatible; SemrushBot-BA; +http://www.semrush.com/bot.html)"
85.208.98.23 - - [17/Sep/2025:20:39:10 +0300] "GET /robots.txt HTTP/1.1" 301 795 "-" "Mozilla/5.0 (compatible; SemrushBot-BA; +http://www.semrush.com/bot.html)"
85.208.98.23 - - [17/Sep/2025:20:41:57 +0300] "GET /robots.txt HTTP/1.1" 301 795 "-" "Mozilla/5.0 (compatible; SemrushBot-BA; +http://www.semrush.com/bot.html)"
65.109.63.161 - - [17/Sep/2025:20:57:52 +0300] "GET /theme HTTP/1.1" 301 795 "-" "-"
85.208.98.23 - - [17/Sep/2025:20:53:10 +0300] "GET /robots.txt HTTP/1.1" 301 795 "-" "Mozilla/5.0 (compatible; SemrushBot-BA; +http://www.semrush.com/bot.html)"
85.208.98.23 - - [17/Sep/2025:21:09:27 +0300] "GET /robots.txt HTTP/1.1" 301 795 "-" "Mozilla/5.0 (compatible; SemrushBot-BA; +http://www.semrush.com/bot.html)"
216.244.66.243 - - [17/Sep/2025:21:22:45 +0300] "GET /robots.txt HTTP/1.1" 301 795 "-" "Mozilla/5.0 (compatible; DotBot/1.2; +https://opensiteexplorer.org/dotbot; help@moz.com)"
185.77.217.20 - - [17/Sep/2025:21:42:12 +0300] "POST /xmlrpc.php HTTP/1.1" 301 795 "-" "Mozilla/5.0 (X11; Linux x86_64) AppleWebKit/537.36 (KHTML, like Gecko) Chrome/114.0.0.0 Safari/537.36 OPR/89.0.4447.51"
85.208.98.23 - - [17/Sep/2025:21:45:37 +0300] "GET /robots.txt HTTP/1.1" 301 795 "-" "Mozilla/5.0 (compatible; SemrushBot-BA; +http://www.semrush.com/bot.html)"
85.208.98.23 - - [17/Sep/2025:21:45:40 +0300] "GET /robots.txt HTTP/1.1" 301 795 "-" "Mozilla/5.0 (compatible; SemrushBot-BA; +http://www.semrush.com/bot.html)"
84.17.46.142 - - [17/Sep/2025:21:53:12 +0300] "POST /xmlrpc.php HTTP/1.1" 301 795 "-" "Mozilla/5.0 (X11; Linux x86_64) AppleWebKit/537.36 (KHTML, like Gecko) Chrome/80.0.3987.116 Safari/537.36"
84.17.46.142 - - [17/Sep/2025:21:53:18 +0300] "POST /xmlrpc.php HTTP/1.1" 301 795 "-" "Mozilla/5.0 (X11; Linux x86_64) AppleWebKit/537.36 (KHTML, like Gecko) Chrome/80.0.3987.116 Safari/537.36"
84.17.46.142 - - [17/Sep/2025:21:53:23 +0300] "POST /xmlrpc.php HTTP/1.1" 301 795 "-" "Mozilla/5.0 (X11; Linux x86_64) AppleWebKit/537.36 (KHTML, like Gecko) Chrome/80.0.3987.116 Safari/537.36"
85.208.98.23 - - [17/Sep/2025:21:40:44 +0300] "GET /robots.txt HTTP/1.1" 301 795 "-" "Mozilla/5.0 (compatible; SemrushBot-BA; +http://www.semrush.com/bot.html)"
85.208.98.23 - - [17/Sep/2025:21:47:22 +0300] "GET /robots.txt HTTP/1.1" 301 795 "-" "Mozilla/5.0 (compatible; SemrushBot-BA; +http://www.semrush.com/bot.html)"
37.120.142.91 - - [17/Sep/2025:21:51:15 +0300] "POST /xmlrpc.php HTTP/1.1" 301 795 "-" "Mozilla/5.0 (Macintosh; Intel Mac OS X 12_5) AppleWebKit/537.36 (KHTML, like Gecko) Chrome/114.0.0.0 Safari/537.36 Edg/114.0.1264.71"
37.120.142.91 - - [17/Sep/2025:21:51:16 +0300] "POST /xmlrpc.php HTTP/1.1" 301 795 "-" "Mozilla/5.0 (Macintosh; Intel Mac OS X 12_5) AppleWebKit/537.36 (KHTML, like Gecko) Chrome/114.0.0.0 Safari/537.36 Edg/114.0.1264.71"
37.120.142.91 - - [17/Sep/2025:21:51:17 +0300] "POST /xmlrpc.php HTTP/1.1" 301 795 "-" "Mozilla/5.0 (Macintosh; Intel Mac OS X 12_5) AppleWebKit/537.36 (KHTML, like Gecko) Chrome/114.0.0.0 Safari/537.36 Edg/114.0.1264.71"
37.120.142.91 - - [17/Sep/2025:21:51:19 +0300] "POST /xmlrpc.php HTTP/1.1" 301 795 "-" "Mozilla/5.0 (Macintosh; Intel Mac OS X 12_5) AppleWebKit/537.36 (KHTML, like Gecko) Chrome/114.0.0.0 Safari/537.36 Edg/114.0.1264.71"
85.208.98.23 - - [17/Sep/2025:21:57:08 +0300] "GET /robots.txt HTTP/1.1" 301 795 "-" "Mozilla/5.0 (compatible; SemrushBot-BA; +http://www.semrush.com/bot.html)"
185.77.217.20 - - [17/Sep/2025:21:42:09 +0300] "POST /xmlrpc.php HTTP/1.1" 301 795 "-" "Mozilla/5.0 (X11; Linux x86_64) AppleWebKit/537.36 (KHTML, like Gecko) Chrome/114.0.0.0 Safari/537.36 OPR/89.0.4447.51"
185.77.217.20 - - [17/Sep/2025:21:42:09 +0300] "POST /xmlrpc.php HTTP/1.1" 301 795 "-" "Mozilla/5.0 (X11; Linux x86_64) AppleWebKit/537.36 (KHTML, like Gecko) Chrome/114.0.0.0 Safari/537.36 OPR/89.0.4447.51"
185.77.217.20 - - [17/Sep/2025:21:42:10 +0300] "POST /xmlrpc.php HTTP/1.1" 301 795 "-" "Mozilla/5.0 (X11; Linux x86_64) AppleWebKit/537.36 (KHTML, like Gecko) Chrome/114.0.0.0 Safari/537.36 OPR/89.0.4447.51"
84.17.46.142 - - [17/Sep/2025:21:53:26 +0300] "POST /xmlrpc.php HTTP/1.1" 301 795 "-" "Mozilla/5.0 (X11; Linux x86_64) AppleWebKit/537.36 (KHTML, like Gecko) Chrome/80.0.3987.116 Safari/537.36"
49.207.36.81 - - [17/Sep/2025:21:59:40 +0300] "GET https://tech.modatechnologies.co.uk/2025/09/05/como-a-probabilidade-define-o-betorspin-casino/ HTTP/1.0" 301 795 "https://tech.modatechnologies.co.uk/" "Mozilla/5.0 (Windows NT 10.0; Win64; x64) AppleWebKit/537.36 (KHTML, like Gecko) Chrome/114.0.0.0 Safari/537.36 OPR/89.0.4447.51"
85.208.98.23 - - [17/Sep/2025:22:01:52 +0300] "GET /robots.txt HTTP/1.1" 301 795 "-" "Mozilla/5.0 (compatible; SemrushBot-BA; +http://www.semrush.com/bot.html)"
5.62.62.205 - - [17/Sep/2025:22:02:56 +0300] "POST /xmlrpc.php HTTP/1.1" 301 795 "-" "Mozilla/5.0 (X11; Linux x86_64) AppleWebKit/537.36 (KHTML, like Gecko) Chrome/114.0.0.0 Safari/537.36"
64.227.77.74 - - [17/Sep/2025:22:03:06 +0300] "GET /favicon.ico HTTP/1.1" 301 795 "http://tech.modatechnologies.co.uk/" "Mozilla/5.0 (X11; Linux x86_64) AppleWebKit/537.36 (KHTML, like Gecko) Chrome/139.0.0.0 Safari/537.36"
85.208.98.23 - - [17/Sep/2025:21:58:23 +0300] "GET /robots.txt HTTP/1.1" 301 795 "-" "Mozilla/5.0 (compatible; SemrushBot-BA; +http://www.semrush.com/bot.html)"
85.208.98.23 - - [17/Sep/2025:21:59:02 +0300] "GET /robots.txt HTTP/1.1" 301 795 "-" "Mozilla/5.0 (compatible; SemrushBot-BA; +http://www.semrush.com/bot.html)"
5.62.62.205 - - [17/Sep/2025:22:02:58 +0300] "POST /xmlrpc.php HTTP/1.1" 301 795 "-" "Mozilla/5.0 (X11; Linux x86_64) AppleWebKit/537.36 (KHTML, like Gecko) Chrome/114.0.0.0 Safari/537.36"
64.227.77.74 - - [17/Sep/2025:22:03:06 +0300] "GET / HTTP/1.1" 301 795 "-" "Mozilla/5.0 (X11; Linux x86_64) AppleWebKit/537.36 (KHTML, like Gecko) Chrome/139.0.0.0 Safari/537.36"
85.208.98.23 - - [17/Sep/2025:22:00:00 +0300] "GET /robots.txt HTTP/1.1" 301 795 "-" "Mozilla/5.0 (compatible; SemrushBot-BA; +http://www.semrush.com/bot.html)"
85.208.98.23 - - [17/Sep/2025:22:03:38 +0300] "GET /robots.txt HTTP/1.1" 301 795 "-" "Mozilla/5.0 (compatible; SemrushBot-BA; +http://www.semrush.com/bot.html)"
85.208.98.23 - - [17/Sep/2025:22:08:51 +0300] "GET /robots.txt HTTP/1.1" 301 795 "-" "Mozilla/5.0 (compatible; SemrushBot-BA; +http://www.semrush.com/bot.html)"
89.187.165.166 - - [17/Sep/2025:22:07:01 +0300] "POST /xmlrpc.php HTTP/1.1" 301 795 "-" "Mozilla/5.0 (Windows NT 10.0; WOW64) AppleWebKit/537.36 (KHTML, like Gecko) Chrome/114.0.0.0 YaBrowser/22.7.0 Yowser/2.5 Safari/537.36"
89.187.165.166 - - [17/Sep/2025:22:07:08 +0300] "POST /xmlrpc.php HTTP/1.1" 301 795 "-" "Mozilla/5.0 (Windows NT 10.0; WOW64) AppleWebKit/537.36 (KHTML, like Gecko) Chrome/114.0.0.0 YaBrowser/22.7.0 Yowser/2.5 Safari/537.36"
