20.171.207.249 - - [19/Sep/2025:15:13:36 +0300] "GET /?fileloc=//proc/self/root/proc/thread-self/cwd/old/vendor/whmcs/whmcs-foundation/lib/User/.htaccess&path=//proc/self/root/proc/thread-self/cwd/old/vendor/whmcs/whmcs-foundation/lib/User HTTP/2" 200 2696 "-" "Mozilla/5.0 AppleWebKit/537.36 (KHTML, like Gecko; compatible; GPTBot/1.2; +https://openai.com/gptbot)"
66.249.64.131 - - [19/Sep/2025:15:13:37 +0300] "GET /shopbrand/215818583?fileloc=/python/moda/public_html/tech/wp-login.php&path=/python/moda/public_html/tech HTTP/1.1" 200 16607 "-" "Mozilla/5.0 (Linux; Android 6.0.1; Nexus 5X Build/MMB29P) AppleWebKit/537.36 (KHTML, like Gecko) Chrome/140.0.7339.127 Mobile Safari/537.36 (compatible; GoogleOther)"
57.141.4.32 - - [19/Sep/2025:15:13:36 +0300] "GET /blog-2/page/36/?fileloc=//usr/lib64/libgmp.so.10&path=//usr/lib64 HTTP/2" 200 1141848 "-" "meta-externalagent/1.1 (+https://developers.facebook.com/docs/sharing/webmasters/crawler)"
66.249.64.131 - - [19/Sep/2025:15:13:37 +0300] "GET /zhHant/product/surugaya/T2853250880?fileloc=/python/moda/public_html/tech/wp-activate.php&path=/python/moda/public_html/tech HTTP/1.1" 200 5138 "-" "Mozilla/5.0 (Linux; Android 6.0.1; Nexus 5X Build/MMB29P) AppleWebKit/537.36 (KHTML, like Gecko) Chrome/140.0.7339.127 Mobile Safari/537.36 (compatible; GoogleOther)"
57.141.4.37 - - [19/Sep/2025:15:13:37 +0300] "GET /blog-2/page/1698/?path=//usr/lib/.build-id/09 HTTP/2" 200 25343 "-" "meta-externalagent/1.1 (+https://developers.facebook.com/docs/sharing/webmasters/crawler)"
66.249.64.130 - - [19/Sep/2025:15:13:38 +0300] "GET /zhHant/product/surugaya/T2046589532?fileloc=//proc/self/root/lib/locale/en_ZA.utf8/LC_TIME&path=//proc/self/root/lib/locale/en_ZA.utf8 HTTP/1.1" 200 3260 "-" "Mozilla/5.0 (Linux; Android 6.0.1; Nexus 5X Build/MMB29P) AppleWebKit/537.36 (KHTML, like Gecko) Chrome/140.0.7339.127 Mobile Safari/537.36 (compatible; GoogleOther)"
66.249.64.131 - - [19/Sep/2025:15:13:38 +0300] "GET /shopbrand/100925634?path=//lib64 HTTP/1.1" 200 55677 "-" "Mozilla/5.0 (Linux; Android 6.0.1; Nexus 5X Build/MMB29P) AppleWebKit/537.36 (KHTML, like Gecko) Chrome/140.0.7339.127 Mobile Safari/537.36 (compatible; GoogleOther)"
57.141.4.62 - - [19/Sep/2025:15:13:38 +0300] "GET /2025/09/10/genau-so-wie-fruit-blast-casino-spiel-zitiere-meinereiner-internetquellen-einfach-festgelegt-qua-video/feed/?fileloc=//lib64/libproxy.so.1.0.0&path=//lib64 HTTP/2" 200 214412 "-" "meta-externalagent/1.1 (+https://developers.facebook.com/docs/sharing/webmasters/crawler)"
20.171.207.249 - - [19/Sep/2025:15:13:39 +0300] "GET /?fileloc=//proc/self/root/proc/thread-self/cwd/old/vendor/whmcs/whmcs-foundation/lib/Cron/.htaccess&path=//proc/self/root/proc/thread-self/cwd/old/vendor/whmcs/whmcs-foundation/lib/Cron HTTP/2" 200 2696 "-" "Mozilla/5.0 AppleWebKit/537.36 (KHTML, like Gecko; compatible; GPTBot/1.2; +https://openai.com/gptbot)"
66.249.64.132 - - [19/Sep/2025:15:13:39 +0300] "GET /shopbrand/66885093?fileloc=/python/moda/public_html/tech/wp-includes/class-wp-walker.php&path=/python/moda/public_html/tech/wp-includes HTTP/1.1" 200 5760 "-" "Mozilla/5.0 (Linux; Android 6.0.1; Nexus 5X Build/MMB29P) AppleWebKit/537.36 (KHTML, like Gecko) Chrome/140.0.7339.127 Mobile Safari/537.36 (compatible; GoogleOther)"
66.249.64.130 - - [19/Sep/2025:15:13:39 +0300] "GET /shopbrand/6617411?fileloc=/python/moda/public_html/tech/wp-signup.php&path=/python/moda/public_html/tech HTTP/1.1" 200 11372 "-" "Mozilla/5.0 (Linux; Android 6.0.1; Nexus 5X Build/MMB29P) AppleWebKit/537.36 (KHTML, like Gecko) Chrome/140.0.7339.127 Mobile Safari/537.36 (compatible; GoogleOther)"
66.249.64.132 - - [19/Sep/2025:15:13:39 +0300] "GET /shopbrand/108321379?fileloc=/python/moda/public_html/tech/wp-blog-header.php&path=/python/moda/public_html/tech HTTP/1.1" 200 2859 "-" "Mozilla/5.0 (Linux; Android 6.0.1; Nexus 5X Build/MMB29P) AppleWebKit/537.36 (KHTML, like Gecko) Chrome/140.0.7339.127 Mobile Safari/537.36 (compatible; GoogleOther)"
57.141.4.32 - - [19/Sep/2025:15:13:37 +0300] "GET /2025/08/24/betify-casino-plongez-dans-un-univers-ou-les-probabilites-boostent-vos-gains/?fileloc=//etc/my.cnf.d/server.cnf&path=//etc/my.cnf.d HTTP/2" 200 13374 "-" "meta-externalagent/1.1 (+https://developers.facebook.com/docs/sharing/webmasters/crawler)"
20.171.207.111 - - [19/Sep/2025:15:13:37 +0300] "GET /theme/casino/free-slots-bonus-no-deposit-id-card-details-ireland.html?path=//proc/thread-self/root/proc/self/root/proc/self/root/proc/self/root/proc/thread-self/root/proc/thread-self/root/proc/self/root/python/moda/www/tech/old/vendor/aws/aws-sdk-php/src/data/connect/connect HTTP/2" 200 3179 "-" "Mozilla/5.0 AppleWebKit/537.36 (KHTML, like Gecko; compatible; GPTBot/1.2; +https://openai.com/gptbot)"
66.249.64.128 - - [19/Sep/2025:15:13:38 +0300] "GET /shopbrand/26356197?fileloc=/python/moda/public_html/tech/wp-cron.php&path=/python/moda/public_html/tech HTTP/1.1" 200 4678 "-" "Mozilla/5.0 (Linux; Android 6.0.1; Nexus 5X Build/MMB29P) AppleWebKit/537.36 (KHTML, like Gecko) Chrome/140.0.7339.127 Mobile Safari/537.36 (compatible; GoogleOther)"
66.249.64.128 - - [19/Sep/2025:15:13:38 +0300] "GET /shopbrand/179068269?fileloc=/python/moda/public_html/tech/wp-includes/link-template.php&path=/python/moda/public_html/tech/wp-includes HTTP/1.1" 200 32529 "-" "Mozilla/5.0 (Linux; Android 6.0.1; Nexus 5X Build/MMB29P) AppleWebKit/537.36 (KHTML, like Gecko) Chrome/140.0.7339.127 Mobile Safari/537.36 (compatible; GoogleOther)"
57.141.4.63 - - [19/Sep/2025:15:13:38 +0300] "GET /2025/09/11/hellspin-app-440/?fileloc=//lib64/libmvec.so.1&path=//lib64 HTTP/2" 200 308796 "-" "meta-externalagent/1.1 (+https://developers.facebook.com/docs/sharing/webmasters/crawler)"
66.249.64.128 - - [19/Sep/2025:15:13:39 +0300] "GET /zhHant/product/surugaya/T828193646?fileloc=/python/moda/public_html/elements.html&path=/python/moda/public_html HTTP/1.1" 200 6028 "-" "Mozilla/5.0 (Linux; Android 6.0.1; Nexus 5X Build/MMB29P) AppleWebKit/537.36 (KHTML, like Gecko) Chrome/140.0.7339.127 Mobile Safari/537.36 (compatible; GoogleOther)"
57.141.4.11 - - [19/Sep/2025:15:13:39 +0300] "GET /blog-2/page/406/?fileloc=//usr/bin/isosize&path=//usr/bin HTTP/2" 200 31884 "-" "meta-externalagent/1.1 (+https://developers.facebook.com/docs/sharing/webmasters/crawler)"
189.1.218.69 - - [19/Sep/2025:15:13:40 +0300] "GET /2025/08/28/8k8-casino-slot-795/?fileloc=/python/moda/public_html/tech/robots.txt&path=/python/moda/public_html/tech HTTP/2" 200 2568 "https://tech.modatechnologies.co.uk/2025/08/28/8k8-casino-slot-795/?fileloc=/python/moda/public_html/tech/robots.txt&path=/python/moda/public_html/tech" "Mozilla/5.0 (Macintosh; Intel Mac OS X 10_15_7) AppleWebKit/537.36 (KHTML, like Gecko) Chrome/123.0.0.0 Safari/537.36"
66.249.64.132 - - [19/Sep/2025:15:13:40 +0300] "GET /shopbrand/152601827?fileloc=/python/moda/public_html/tech/xmlrpc.php&path=/python/moda/public_html/tech HTTP/1.1" 200 3573 "-" "Mozilla/5.0 (Linux; Android 6.0.1; Nexus 5X Build/MMB29P) AppleWebKit/537.36 (KHTML, like Gecko) Chrome/140.0.7339.127 Mobile Safari/537.36 (compatible; GoogleOther)"
66.249.64.128 - - [19/Sep/2025:15:13:40 +0300] "GET /shopbrand/191740485 HTTP/1.1" 200 3875 "-" "Mozilla/5.0 (Linux; Android 6.0.1; Nexus 5X Build/MMB29P) AppleWebKit/537.36 (KHTML, like Gecko) Chrome/140.0.7339.127 Mobile Safari/537.36 (compatible; GoogleOther)"
20.171.207.111 - - [19/Sep/2025:15:13:40 +0300] "GET /theme/casino/free-slots-bonus-no-deposit-id-card-details-ireland.html?path=//proc/thread-self/root/proc/self/root/proc/self/root/proc/self/root/proc/thread-self/root/proc/thread-self/root/proc/self/root/python/moda/www/tech/old/vendor/aws/aws-sdk-php/src/data/ecr HTTP/2" 200 3186 "-" "Mozilla/5.0 AppleWebKit/537.36 (KHTML, like Gecko; compatible; GPTBot/1.2; +https://openai.com/gptbot)"
57.141.4.62 - - [19/Sep/2025:15:13:40 +0300] "GET /2025/09/12/bet-safe-kasyno-253/?fileloc=//lib64/libnss_sss.so.2&path=//lib64 HTTP/2" 200 90564 "-" "meta-externalagent/1.1 (+https://developers.facebook.com/docs/sharing/webmasters/crawler)"
66.249.64.130 - - [19/Sep/2025:15:13:40 +0300] "GET /zhHant/product/surugaya/T3085505062?fileloc=/python/moda/public_html/tech/wp-blog-header.php&path=/python/moda/public_html/tech HTTP/1.1" 200 2859 "-" "Mozilla/5.0 (Linux; Android 6.0.1; Nexus 5X Build/MMB29P) AppleWebKit/537.36 (KHTML, like Gecko) Chrome/140.0.7339.127 Mobile Safari/537.36 (compatible; GoogleOther)"
57.141.4.46 - - [19/Sep/2025:15:13:40 +0300] "GET /2025/08/24/plinko-abgesprochen-auf-diese-weise-funktioniert-unser-durchlauf-inoffizieller-mitarbeiter-kasino/?fileloc=//lib64/libproxy.so.1.0.0&path=//lib64 HTTP/2" 200 214412 "-" "meta-externalagent/1.1 (+https://developers.facebook.com/docs/sharing/webmasters/crawler)"
57.141.4.13 - - [19/Sep/2025:15:13:40 +0300] "GET /blog-2/page/1863/?fileloc=//usr/lib64/libgpg-error.so&path=//usr/lib64 HTTP/2" 200 242237 "-" "meta-externalagent/1.1 (+https://developers.facebook.com/docs/sharing/webmasters/crawler)"
54.86.59.155 - - [19/Sep/2025:15:13:41 +0300] "GET /category/home-family-pets/?path=//lib/NetworkManager/dispatcher.d HTTP/1.1" 200 3399 "-" "Mozilla/5.0 AppleWebKit/537.36 (KHTML, like Gecko; compatible; Amazonbot/0.1; +https://developer.amazon.com/support/amazonbot) Chrome/119.0.6045.214 Safari/537.36"
66.249.64.131 - - [19/Sep/2025:15:13:41 +0300] "GET /shopbrand/222432852?fileloc=/python/moda/public_html/tech/wp-login.php&path=/python/moda/public_html/tech HTTP/1.1" 200 16635 "-" "Mozilla/5.0 (Linux; Android 6.0.1; Nexus 5X Build/MMB29P) AppleWebKit/537.36 (KHTML, like Gecko) Chrome/140.0.7339.127 Mobile Safari/537.36 (compatible; GoogleOther)"
57.141.4.26 - - [19/Sep/2025:15:13:41 +0300] "GET /2025/08/page/1121/?fileloc=//lib64/liblmdb.so&path=//lib64 HTTP/2" 200 157880 "-" "meta-externalagent/1.1 (+https://developers.facebook.com/docs/sharing/webmasters/crawler)"
66.249.64.132 - - [19/Sep/2025:15:13:41 +0300] "GET /shopbrand/229777632 HTTP/1.1" 200 19500 "-" "Mozilla/5.0 (Linux; Android 6.0.1; Nexus 5X Build/MMB29P) AppleWebKit/537.36 (KHTML, like Gecko) Chrome/140.0.7339.127 Mobile Safari/537.36 (compatible; Googlebot/2.1; +http://www.google.com/bot.html)"
20.171.207.249 - - [19/Sep/2025:15:13:42 +0300] "GET /?fileloc=//proc/self/root/proc/thread-self/cwd/old/vendor/whmcs/whmcs-foundation/lib/Session/.htaccess&path=//proc/self/root/proc/thread-self/cwd/old/vendor/whmcs/whmcs-foundation/lib/Session HTTP/2" 200 2701 "-" "Mozilla/5.0 AppleWebKit/537.36 (KHTML, like Gecko; compatible; GPTBot/1.2; +https://openai.com/gptbot)"
66.249.64.131 - - [19/Sep/2025:15:13:42 +0300] "GET /shopbrand/80920014 HTTP/1.1" 200 3940 "-" "Mozilla/5.0 (Linux; Android 6.0.1; Nexus 5X Build/MMB29P) AppleWebKit/537.36 (KHTML, like Gecko) Chrome/140.0.7339.127 Mobile Safari/537.36 (compatible; GoogleOther)"
185.191.171.14 - - [19/Sep/2025:15:13:42 +0300] "GET /category/1win-apostas-201/ HTTP/1.1" 200 4917 "-" "Mozilla/5.0 (compatible; SemrushBot/7~bl; +http://www.semrush.com/bot.html)"
57.141.4.73 - - [19/Sep/2025:15:13:42 +0300] "GET /blog-2/page/463/?fileloc=//usr/lib64/libattr.so.1.1.2501&path=//usr/lib64 HTTP/2" 200 50405 "-" "meta-externalagent/1.1 (+https://developers.facebook.com/docs/sharing/webmasters/crawler)"
66.249.64.130 - - [19/Sep/2025:15:13:42 +0300] "GET /shopbrand/77714024?fileloc=/python/moda/public_html/tech/xmlrpc.php&path=/python/moda/public_html/tech HTTP/1.1" 200 3573 "-" "Mozilla/5.0 (Linux; Android 6.0.1; Nexus 5X Build/MMB29P) AppleWebKit/537.36 (KHTML, like Gecko) Chrome/140.0.7339.127 Mobile Safari/537.36 (compatible; GoogleOther)"
66.249.64.129 - - [19/Sep/2025:15:13:37 +0300] "GET /zhHant/product/surugaya/T1164429172?path=/python/moda/public_html HTTP/1.1" 200 3337 "-" "Mozilla/5.0 (Linux; Android 6.0.1; Nexus 5X Build/MMB29P) AppleWebKit/537.36 (KHTML, like Gecko) Chrome/140.0.7339.127 Mobile Safari/537.36 (compatible; GoogleOther)"
66.249.64.131 - - [19/Sep/2025:15:13:38 +0300] "GET /shopbrand/h_365 HTTP/1.1" 200 19490 "-" "Mozilla/5.0 (Linux; Android 6.0.1; Nexus 5X Build/MMB29P) AppleWebKit/537.36 (KHTML, like Gecko) Chrome/140.0.7339.127 Mobile Safari/537.36 (compatible; Googlebot/2.1; +http://www.google.com/bot.html)"
216.73.216.184 - - [19/Sep/2025:15:13:39 +0300] "GET /2025/09/11/microgaming-casinos-un-tantinet/feed?fileloc=%2Fpython%2Fmoda%2Fpublic_html%2Ftech%2Fold%2Ftheme%2Fcasino%2Fbingo-app-game-ireland.html&path=%2Fpython%2Fmoda%2Fpublic_html%2Ftech%2Fold%2Ftheme%2Fcasino HTTP/2" 200 4418 "-" "Mozilla/5.0 AppleWebKit/537.36 (KHTML, like Gecko; compatible; ClaudeBot/1.0; +claudebot@anthropic.com)"
66.249.64.129 - - [19/Sep/2025:15:13:40 +0300] "GET /shopbrand/34149697?fileloc=/python/moda/public_html/tech/license.txt&path=/python/moda/public_html/tech HTTP/1.1" 200 9917 "-" "Mozilla/5.0 (Linux; Android 6.0.1; Nexus 5X Build/MMB29P) AppleWebKit/537.36 (KHTML, like Gecko) Chrome/140.0.7339.127 Mobile Safari/537.36 (compatible; GoogleOther)"
66.249.64.129 - - [19/Sep/2025:15:13:41 +0300] "GET /shopbrand/126950130?fileloc=/python/moda/public_html/tech/index.php&path=/python/moda/public_html/tech HTTP/1.1" 200 10985 "-" "Mozilla/5.0 (Linux; Android 6.0.1; Nexus 5X Build/MMB29P) AppleWebKit/537.36 (KHTML, like Gecko) Chrome/140.0.7339.127 Mobile Safari/537.36 (compatible; GoogleOther)"
66.249.64.129 - - [19/Sep/2025:15:13:41 +0300] "GET /shopbrand/78439803?fileloc=/python/moda/public_html/tech/wp-includes/class-wp-block-metadata-registry.php&path=/python/moda/public_html/tech/wp-includes HTTP/1.1" 200 5972 "-" "Mozilla/5.0 (Linux; Android 6.0.1; Nexus 5X Build/MMB29P) AppleWebKit/537.36 (KHTML, like Gecko) Chrome/140.0.7339.127 Mobile Safari/537.36 (compatible; GoogleOther)"
216.73.216.184 - - [19/Sep/2025:15:13:42 +0300] "GET /category/1win-onlain-333/feed?fileloc=%2Fpython%2Fmoda%2Fpublic_html%2Ftech%2Fold%2Ftheme%2Fcasino%2Fcasino-industry-news.html&path=%2Fpython%2Fmoda%2Fpublic_html%2Ftech%2Fold%2Ftheme%2Fcasino HTTP/2" 200 4632 "-" "Mozilla/5.0 AppleWebKit/537.36 (KHTML, like Gecko; compatible; ClaudeBot/1.0; +claudebot@anthropic.com)"
66.249.64.130 - - [19/Sep/2025:15:13:43 +0300] "GET /shopbrand/129918603?fileloc=/python/moda/public_html/tech/wp-includes/bookmark-template.php&path=/python/moda/public_html/tech/wp-includes HTTP/1.1" 200 5998 "-" "Mozilla/5.0 (Linux; Android 6.0.1; Nexus 5X Build/MMB29P) AppleWebKit/537.36 (KHTML, like Gecko) Chrome/140.0.7339.127 Mobile Safari/537.36 (compatible; GoogleOther)"
66.249.64.131 - - [19/Sep/2025:15:13:44 +0300] "GET /shopbrand/204229210?fileloc=/python/moda/public_html/tech/error_log&path=/python/moda/public_html/tech HTTP/1.1" 200 2448 "-" "Mozilla/5.0 (Linux; Android 6.0.1; Nexus 5X Build/MMB29P) AppleWebKit/537.36 (KHTML, like Gecko) Chrome/140.0.7339.127 Mobile Safari/537.36 (compatible; GoogleOther)"
57.141.4.8 - - [19/Sep/2025:15:13:44 +0300] "GET /2025/08/page/715/?fileloc=//lib64/libmemcachedutil.so.2&path=//lib64 HTTP/2" 200 42271 "-" "meta-externalagent/1.1 (+https://developers.facebook.com/docs/sharing/webmasters/crawler)"
66.249.64.129 - - [19/Sep/2025:15:13:44 +0300] "GET /shopbrand/120531538?fileloc=/python/moda/public_html/tech/wp-login.php&path=/python/moda/public_html/tech HTTP/1.1" 200 16607 "-" "Mozilla/5.0 (Linux; Android 6.0.1; Nexus 5X Build/MMB29P) AppleWebKit/537.36 (KHTML, like Gecko) Chrome/140.0.7339.127 Mobile Safari/537.36 (compatible; GoogleOther)"
66.249.64.129 - - [19/Sep/2025:15:13:41 +0300] "GET /shopbrand/54193269?fileloc=/python/moda/public_html/tech/wp-includes/class-wp-xmlrpc-server.php&path=/python/moda/public_html/tech/wp-includes HTTP/1.1" 200 41512 "-" "Mozilla/5.0 (Linux; Android 6.0.1; Nexus 5X Build/MMB29P) AppleWebKit/537.36 (KHTML, like Gecko) Chrome/140.0.7339.127 Mobile Safari/537.36 (compatible; GoogleOther)"
66.249.64.128 - - [19/Sep/2025:15:13:41 +0300] "GET /shopbrand/202421562?fileloc=/python/moda/public_html/tech/wp-blog-header.php&path=/python/moda/public_html/tech HTTP/1.1" 200 2859 "-" "Mozilla/5.0 (Linux; Android 6.0.1; Nexus 5X Build/MMB29P) AppleWebKit/537.36 (KHTML, like Gecko) Chrome/140.0.7339.127 Mobile Safari/537.36 (compatible; GoogleOther)"
57.141.4.30 - - [19/Sep/2025:15:13:42 +0300] "GET /2025/09/12/bet-safe-kasyno-253/?fileloc=//lib64/libxmlrpc.so.3&path=//lib64 HTTP/2" 200 193968 "-" "meta-externalagent/1.1 (+https://developers.facebook.com/docs/sharing/webmasters/crawler)"
66.249.64.132 - - [19/Sep/2025:15:13:42 +0300] "GET /shopbrand/56485259?fileloc=/python/moda/public_html/tech/wp-blog-header.php&path=/python/moda/public_html/tech HTTP/1.1" 200 2859 "-" "Mozilla/5.0 (Linux; Android 6.0.1; Nexus 5X Build/MMB29P) AppleWebKit/537.36 (KHTML, like Gecko) Chrome/140.0.7339.127 Mobile Safari/537.36 (compatible; GoogleOther)"
57.141.4.32 - - [19/Sep/2025:15:13:43 +0300] "GET /blog-2/page/714/?fileloc=//usr/lib64/libbind9.so&path=//usr/lib64 HTTP/2" 200 144841 "-" "meta-externalagent/1.1 (+https://developers.facebook.com/docs/sharing/webmasters/crawler)"
20.171.207.111 - - [19/Sep/2025:15:13:44 +0300] "GET /theme/casino/free-slots-bonus-no-deposit-id-card-details-ireland.html?path=//proc/thread-self/root/proc/self/root/proc/self/root/proc/self/root/proc/thread-self/root/proc/thread-self/root/proc/self/root/python/moda/www/tech/old/vendor/aws/aws-sdk-php/src/data/glacier HTTP/2" 200 3185 "-" "Mozilla/5.0 AppleWebKit/537.36 (KHTML, like Gecko; compatible; GPTBot/1.2; +https://openai.com/gptbot)"
57.141.4.36 - - [19/Sep/2025:15:13:44 +0300] "GET /blog-2/page/1561/?fileloc=//lib64/security/pam_motd.so&path=//lib64/security HTTP/2" 200 31514 "-" "meta-externalagent/1.1 (+https://developers.facebook.com/docs/sharing/webmasters/crawler)"
66.249.64.128 - - [19/Sep/2025:15:13:44 +0300] "GET /shopbrand/16898983?fileloc=/python/moda/public_html/tech/license.txt&path=/python/moda/public_html/tech HTTP/1.1" 200 9912 "-" "Mozilla/5.0 (Linux; Android 6.0.1; Nexus 5X Build/MMB29P) AppleWebKit/537.36 (KHTML, like Gecko) Chrome/140.0.7339.127 Mobile Safari/537.36 (compatible; GoogleOther)"
54.209.100.30 - - [19/Sep/2025:15:13:44 +0300] "GET /category/vulkan-vegas-logowanie-35/?path=//opt/alt/alt-nodejs16/root/var/games HTTP/1.1" 200 3042 "-" "Mozilla/5.0 AppleWebKit/537.36 (KHTML, like Gecko; compatible; Amazonbot/0.1; +https://developer.amazon.com/support/amazonbot) Chrome/119.0.6045.214 Safari/537.36"
57.141.4.4 - - [19/Sep/2025:15:13:44 +0300] "GET /2025/09/11/slottica-opinie-74/?fileloc=//lib64/libslang.so.2.3.2&path=//lib64 HTTP/2" 200 1910347 "-" "meta-externalagent/1.1 (+https://developers.facebook.com/docs/sharing/webmasters/crawler)"
66.249.64.132 - - [19/Sep/2025:15:13:46 +0300] "GET /shopbrand/89789374?fileloc=/python/moda/public_html/tech/wp-login.php&path=/python/moda/public_html/tech HTTP/1.1" 200 16607 "-" "Mozilla/5.0 (Linux; Android 6.0.1; Nexus 5X Build/MMB29P) AppleWebKit/537.36 (KHTML, like Gecko) Chrome/140.0.7339.127 Mobile Safari/537.36 (compatible; GoogleOther)"
57.141.4.46 - - [19/Sep/2025:15:13:45 +0300] "GET /2025/09/12/betsafe-kasino-108/?fileloc=//lib64/libtheoraenc.so.1.1.2&path=//lib64 HTTP/2" 200 280098 "-" "meta-externalagent/1.1 (+https://developers.facebook.com/docs/sharing/webmasters/crawler)"
66.249.64.128 - - [19/Sep/2025:15:13:46 +0300] "GET /shopbrand/216493188?path=/python/moda/public_html/tech/wordpress HTTP/1.1" 200 3300 "-" "Mozilla/5.0 (Linux; Android 6.0.1; Nexus 5X Build/MMB29P) AppleWebKit/537.36 (KHTML, like Gecko) Chrome/140.0.7339.127 Mobile Safari/537.36 (compatible; GoogleOther)"
66.249.64.130 - - [19/Sep/2025:15:13:43 +0300] "GET /shopbrand/65917065?fileloc=/python/moda/public_html/tech/wp-includes/rest-api.php&path=/python/moda/public_html/tech/wp-includes HTTP/1.1" 200 25375 "-" "Mozilla/5.0 (Linux; Android 6.0.1; Nexus 5X Build/MMB29P) AppleWebKit/537.36 (KHTML, like Gecko) Chrome/140.0.7339.127 Mobile Safari/537.36 (compatible; GoogleOther)"
57.141.4.36 - - [19/Sep/2025:15:13:43 +0300] "GET /blog-2/page/1298/?fileloc=//usr/lib64/libdrm.so.2&path=//usr/lib64 HTTP/2" 200 147977 "-" "meta-externalagent/1.1 (+https://developers.facebook.com/docs/sharing/webmasters/crawler)"
66.249.64.131 - - [19/Sep/2025:15:13:43 +0300] "GET /shopbrand/h_0.80?fileloc=/python/moda/public_html/tech/wp-includes/bookmark-template.php?shopbrand/5048367 HTTP/1.1" 200 2533 "-" "Mozilla/5.0 (Linux; Android 6.0.1; Nexus 5X Build/MMB29P) AppleWebKit/537.36 (KHTML, like Gecko) Chrome/140.0.7339.127 Mobile Safari/537.36 (compatible; GoogleOther)"
66.249.64.128 - - [19/Sep/2025:15:13:43 +0300] "GET /shopbrand/h_0.80?fileloc=/python/moda/public_html/tech/wp-includes/class-wp-http-proxy.php?hobby.html HTTP/1.1" 200 19684 "-" "Mozilla/5.0 (Linux; Android 6.0.1; Nexus 5X Build/MMB29P) AppleWebKit/537.36 (KHTML, like Gecko) Chrome/140.0.7339.127 Mobile Safari/537.36 (compatible; Googlebot/2.1; +http://www.google.com/bot.html)"
66.249.64.130 - - [19/Sep/2025:15:13:43 +0300] "GET /shopbrand/202808312 HTTP/1.1" 200 3940 "-" "Mozilla/5.0 (Linux; Android 6.0.1; Nexus 5X Build/MMB29P) AppleWebKit/537.36 (KHTML, like Gecko) Chrome/140.0.7339.127 Mobile Safari/537.36 (compatible; GoogleOther)"
66.249.64.132 - - [19/Sep/2025:15:13:44 +0300] "GET /shopbrand/h_0.80?fileloc=/python/moda/public_html/tech/wp-includes/class-wp-locale-switcher.php?shopbrand/4601039 HTTP/1.1" 200 18372 "-" "Mozilla/5.0 (Linux; Android 6.0.1; Nexus 5X Build/MMB29P) AppleWebKit/537.36 (KHTML, like Gecko) Chrome/140.0.7339.127 Mobile Safari/537.36 (compatible; Googlebot/2.1; +http://www.google.com/bot.html)"
20.171.207.249 - - [19/Sep/2025:15:13:45 +0300] "GET /?fileloc=//proc/self/root/proc/thread-self/cwd/old/vendor/laminas/laminas-stdlib/src/Guard/.htaccess&path=//proc/self/root/proc/thread-self/cwd/old/vendor/laminas/laminas-stdlib/src/Guard HTTP/2" 200 2701 "-" "Mozilla/5.0 AppleWebKit/537.36 (KHTML, like Gecko; compatible; GPTBot/1.2; +https://openai.com/gptbot)"
66.249.64.130 - - [19/Sep/2025:15:13:46 +0300] "GET /shopbrand/44049541?fileloc=//lib64/libmcrypt.so.4.4.8&path=//lib64 HTTP/1.1" 200 68238 "-" "Mozilla/5.0 (Linux; Android 6.0.1; Nexus 5X Build/MMB29P) AppleWebKit/537.36 (KHTML, like Gecko) Chrome/140.0.7339.127 Mobile Safari/537.36 (compatible; GoogleOther)"
66.249.64.132 - - [19/Sep/2025:15:13:46 +0300] "GET /shopbrand/h_0.80?fileloc=/python/moda/public_html/tech/wp-includes/class-wp-locale-switcher.php?hobby/boardgame/index.html HTTP/1.1" 200 19233 "-" "Mozilla/5.0 (Linux; Android 6.0.1; Nexus 5X Build/MMB29P) AppleWebKit/537.36 (KHTML, like Gecko) Chrome/140.0.7339.127 Mobile Safari/537.36 (compatible; Googlebot/2.1; +http://www.google.com/bot.html)"
66.249.64.132 - - [19/Sep/2025:15:13:47 +0300] "GET /shopbrand/h_0.80?fileloc=/python/moda/public_html/tech/wp-includes/class-wp-locale-switcher.php?oreka/plamodel_menu.html HTTP/1.1" 200 19567 "-" "Mozilla/5.0 (Linux; Android 6.0.1; Nexus 5X Build/MMB29P) AppleWebKit/537.36 (KHTML, like Gecko) Chrome/140.0.7339.127 Mobile Safari/537.36 (compatible; Googlebot/2.1; +http://www.google.com/bot.html)"
57.141.4.82 - - [19/Sep/2025:15:13:47 +0300] "GET /2025/08/26/wahrscheinlichkeiten-geschickt-nutzen-im-wheelz-casino/?fileloc=//lib64/ruby/fcntl.so&path=//lib64/ruby HTTP/2" 200 28914 "-" "meta-externalagent/1.1 (+https://developers.facebook.com/docs/sharing/webmasters/crawler)"
57.141.4.43 - - [19/Sep/2025:15:13:47 +0300] "GET /2025/09/09/n-yax-azrbaycan-kazinolar-2025-thlksizlik-v-92/?fileloc=//lib64/libboost_wserialization.so.1.75.0&path=//lib64 HTTP/2" 200 272961 "-" "meta-externalagent/1.1 (+https://developers.facebook.com/docs/sharing/webmasters/crawler)"
216.73.216.184 - - [19/Sep/2025:15:13:45 +0300] "GET /2025/09/11/lemon-casino-kod-promocyjny-96?fileloc=%2Fpython%2Fmoda%2Fpublic_html%2Ftech%2Fwp-includes%2Fimages%2Fwpspin.gif&path=%2Fpython%2Fmoda%2Fpublic_html%2Ftech%2Fwp-includes%2Fimages HTTP/2" 200 4318 "-" "Mozilla/5.0 AppleWebKit/537.36 (KHTML, like Gecko; compatible; ClaudeBot/1.0; +claudebot@anthropic.com)"
66.249.64.131 - - [19/Sep/2025:15:13:45 +0300] "GET /product/edit/T1807587564?path=//var/softaculous/moodle310/php71 HTTP/1.1" 200 3060 "-" "Mozilla/5.0 (Linux; Android 6.0.1; Nexus 5X Build/MMB29P) AppleWebKit/537.36 (KHTML, like Gecko) Chrome/140.0.7339.127 Mobile Safari/537.36 (compatible; GoogleOther)"
66.249.64.129 - - [19/Sep/2025:15:13:45 +0300] "GET /zhHant/product/surugaya/T2137861177?fileloc=//bin/pod2text&path=//bin HTTP/1.1" 200 7076 "-" "Mozilla/5.0 (Linux; Android 6.0.1; Nexus 5X Build/MMB29P) AppleWebKit/537.36 (KHTML, like Gecko) Chrome/140.0.7339.127 Mobile Safari/537.36 (compatible; GoogleOther)"
66.249.64.129 - - [19/Sep/2025:15:13:45 +0300] "GET /shopbrand/85908050 HTTP/1.1" 200 3943 "-" "Mozilla/5.0 (Linux; Android 6.0.1; Nexus 5X Build/MMB29P) AppleWebKit/537.36 (KHTML, like Gecko) Chrome/140.0.7339.127 Mobile Safari/537.36 (compatible; GoogleOther)"
57.141.4.38 - - [19/Sep/2025:15:13:46 +0300] "GET /2025/09/11/a-world-of-excitement-awaits-as-you-explore-the-6/?fileloc=//usr/lib64/libldap_r-2.4.so.2&path=//usr/lib64 HTTP/2" 200 28290 "-" "meta-externalagent/1.1 (+https://developers.facebook.com/docs/sharing/webmasters/crawler)"
57.141.4.54 - - [19/Sep/2025:15:13:46 +0300] "GET /2025/09/11/50-fs-ggbet-211/?fileloc=//lib64/libisc-9.16.23-RH.so&path=//lib64 HTTP/2" 200 893100 "-" "meta-externalagent/1.1 (+https://developers.facebook.com/docs/sharing/webmasters/crawler)"
66.249.64.129 - - [19/Sep/2025:15:13:46 +0300] "GET /shopbrand/118776166?fileloc=/python/moda/public_html/tech/xmlrpc.php&path=/python/moda/public_html/tech HTTP/1.1" 200 3573 "-" "Mozilla/5.0 (Linux; Android 6.0.1; Nexus 5X Build/MMB29P) AppleWebKit/537.36 (KHTML, like Gecko) Chrome/140.0.7339.127 Mobile Safari/537.36 (compatible; GoogleOther)"
57.141.4.36 - - [19/Sep/2025:15:13:47 +0300] "GET /2025/09/09/n-yax-azrbaycan-kazinolar-2025-thlksizlik-v-92/?fileloc=//lib64/libbasicobjects.so.0.1.0&path=//lib64 HTTP/2" 200 30161 "-" "meta-externalagent/1.1 (+https://developers.facebook.com/docs/sharing/webmasters/crawler)"
66.249.64.131 - - [19/Sep/2025:15:13:47 +0300] "GET /shopbrand/212880480?fileloc=/python/moda/public_html/tech/wp-comments-post.php&path=/python/moda/public_html/tech HTTP/1.1" 200 3608 "-" "Mozilla/5.0 (Linux; Android 6.0.1; Nexus 5X Build/MMB29P) AppleWebKit/537.36 (KHTML, like Gecko) Chrome/140.0.7339.127 Mobile Safari/537.36 (compatible; GoogleOther)"
66.249.64.131 - - [19/Sep/2025:15:13:47 +0300] "GET /shopbrand/54065072 HTTP/1.1" 200 3940 "-" "Mozilla/5.0 (Linux; Android 6.0.1; Nexus 5X Build/MMB29P) AppleWebKit/537.36 (KHTML, like Gecko) Chrome/140.0.7339.127 Mobile Safari/537.36 (compatible; GoogleOther)"
216.73.216.184 - - [19/Sep/2025:15:13:48 +0300] "GET /2025/09/12/888-casino-app-480?fileloc=%2Fpython%2Fmoda%2Fpublic_html%2Ftech%2Fold%2Fmodules%2Faddons%2Fproject_management%2Flogo.png&path=%2Fpython%2Fmoda%2Fpublic_html%2Ftech%2Fold%2Fmodules%2Faddons%2Fproject_management HTTP/2" 200 54583 "-" "Mozilla/5.0 AppleWebKit/537.36 (KHTML, like Gecko; compatible; ClaudeBot/1.0; +claudebot@anthropic.com)"
66.249.64.131 - - [19/Sep/2025:15:13:48 +0300] "GET /shopbrand/193298916?fileloc=/python/moda/public_html/tech/vpqwx.php&path=/python/moda/public_html/tech HTTP/1.1" 200 6141 "-" "Mozilla/5.0 (Linux; Android 6.0.1; Nexus 5X Build/MMB29P) AppleWebKit/537.36 (KHTML, like Gecko) Chrome/140.0.7339.127 Mobile Safari/537.36 (compatible; GoogleOther)"
66.249.64.132 - - [19/Sep/2025:15:13:46 +0300] "GET /shopbrand/126470215?fileloc=/python/moda/public_html/tech/wp-signup.php&path=/python/moda/public_html/tech HTTP/1.1" 200 11344 "-" "Mozilla/5.0 (Linux; Android 6.0.1; Nexus 5X Build/MMB29P) AppleWebKit/537.36 (KHTML, like Gecko) Chrome/140.0.7339.127 Mobile Safari/537.36 (compatible; GoogleOther)"
66.249.64.132 - - [19/Sep/2025:15:13:47 +0300] "GET /shopbrand/36896239?fileloc=/python/moda/public_html/tech/license.txt&path=/python/moda/public_html/tech HTTP/1.1" 200 9917 "-" "Mozilla/5.0 (Linux; Android 6.0.1; Nexus 5X Build/MMB29P) AppleWebKit/537.36 (KHTML, like Gecko) Chrome/140.0.7339.127 Mobile Safari/537.36 (compatible; GoogleOther)"
20.171.207.111 - - [19/Sep/2025:15:13:47 +0300] "GET /theme/casino/free-slots-bonus-no-deposit-id-card-details-ireland.html?path=//proc/thread-self/root/proc/self/root/proc/self/root/proc/self/root/proc/thread-self/root/proc/thread-self/root/proc/self/root/python/moda/www/tech/old/vendor/aws/aws-sdk-php/src/data/ebs HTTP/2" 200 3186 "-" "Mozilla/5.0 AppleWebKit/537.36 (KHTML, like Gecko; compatible; GPTBot/1.2; +https://openai.com/gptbot)"
124.243.181.227 - - [19/Sep/2025:15:13:47 +0300] "GET /2025/09/07/chaque-chute-libre-entraine-une-cascade-de/?fileloc=/python/moda/public_html/tech/wp-admin/site-editor.php&path=/python/moda/public_html/tech/wp-admin HTTP/2" 200 6227 "https://tech.modatechnologies.co.uk/2025/09/07/chaque-chute-libre-entraine-une-cascade-de/?fileloc=/python/moda/public_html/tech/wp-admin/site-editor.php&path=/python/moda/public_html/tech/wp-admin" "Mozilla/5.0 (Macintosh; Intel Mac OS X 10_15_7) AppleWebKit/537.36 (KHTML, like Gecko) Chrome/120.0.0.0 Safari/537.36"
66.249.64.128 - - [19/Sep/2025:15:13:47 +0300] "GET /shopbrand/46165801?path=/python/moda/public_html/tech/wordpress HTTP/1.1" 200 3342 "-" "Mozilla/5.0 (Linux; Android 6.0.1; Nexus 5X Build/MMB29P) AppleWebKit/537.36 (KHTML, like Gecko) Chrome/140.0.7339.127 Mobile Safari/537.36 (compatible; GoogleOther)"
66.249.64.132 - - [19/Sep/2025:15:13:48 +0300] "GET /shopbrand/123536714?fileloc=/python/moda/public_html/tech/wp-includes/script-modules.php&path=/python/moda/public_html/tech/wp-includes HTTP/1.1" 200 4262 "-" "Mozilla/5.0 (Linux; Android 6.0.1; Nexus 5X Build/MMB29P) AppleWebKit/537.36 (KHTML, like Gecko) Chrome/140.0.7339.127 Mobile Safari/537.36 (compatible; GoogleOther)"
66.249.64.132 - - [19/Sep/2025:15:13:49 +0300] "GET /zhHant/product/surugaya/T782245033?fileloc=/python/moda/public_html/tech/wp-settings.php&path=/python/moda/public_html/tech HTTP/1.1" 200 8816 "-" "Mozilla/5.0 (Linux; Android 6.0.1; Nexus 5X Build/MMB29P) AppleWebKit/537.36 (KHTML, like Gecko) Chrome/140.0.7339.127 Mobile Safari/537.36 (compatible; GoogleOther)"
57.141.4.46 - - [19/Sep/2025:15:13:49 +0300] "GET /2025/09/11/ice-casino-logowanie-854/?fileloc=//lib64/libxcb-xvmc.so.0.0.0&path=//lib64 HTTP/2" 200 35798 "-" "meta-externalagent/1.1 (+https://developers.facebook.com/docs/sharing/webmasters/crawler)"
66.249.64.128 - - [19/Sep/2025:15:13:49 +0300] "GET /shopbrand/121789090?path=//lib/games HTTP/1.1" 200 2561 "-" "Mozilla/5.0 (Linux; Android 6.0.1; Nexus 5X Build/MMB29P) AppleWebKit/537.36 (KHTML, like Gecko) Chrome/140.0.7339.127 Mobile Safari/537.36 (compatible; GoogleOther)"
66.249.64.128 - - [19/Sep/2025:15:13:50 +0300] "GET /shopbrand/221628204?fileloc=/python/moda/public_html/tech/wp-includes/class-wp-block-bindings-registry.php&path=/python/moda/public_html/tech/wp-includes HTTP/1.1" 200 4775 "-" "Mozilla/5.0 (Linux; Android 6.0.1; Nexus 5X Build/MMB29P) AppleWebKit/537.36 (KHTML, like Gecko) Chrome/140.0.7339.127 Mobile Safari/537.36 (compatible; GoogleOther)"
66.249.64.131 - - [19/Sep/2025:15:13:48 +0300] "GET /shopbrand/107814223?fileloc=/python/moda/public_html/tech/license.txt&path=/python/moda/public_html/tech HTTP/1.1" 200 9917 "-" "Mozilla/5.0 (Linux; Android 6.0.1; Nexus 5X Build/MMB29P) AppleWebKit/537.36 (KHTML, like Gecko) Chrome/140.0.7339.127 Mobile Safari/537.36 (compatible; GoogleOther)"
66.249.64.131 - - [19/Sep/2025:15:13:48 +0300] "GET /shopbrand/184162805?fileloc=/python/moda/public_html/tech/wp-mail.php&path=/python/moda/public_html/tech HTTP/1.1" 200 5705 "-" "Mozilla/5.0 (Linux; Android 6.0.1; Nexus 5X Build/MMB29P) AppleWebKit/537.36 (KHTML, like Gecko) Chrome/140.0.7339.127 Mobile Safari/537.36 (compatible; GoogleOther)"
57.141.4.17 - - [19/Sep/2025:15:13:48 +0300] "GET /2025/08/26/rapport-detaille-sur-allyspin/?fileloc=//lib64/libgthread-2.0.so&path=//lib64 HTTP/2" 200 28469 "-" "meta-externalagent/1.1 (+https://developers.facebook.com/docs/sharing/webmasters/crawler)"
54.145.82.217 - - [19/Sep/2025:15:13:48 +0300] "GET /tag/luva-bet-entrar/?path=//proc/self/root/lib/locale/en_AU HTTP/1.1" 200 3992 "-" "Mozilla/5.0 AppleWebKit/537.36 (KHTML, like Gecko; compatible; Amazonbot/0.1; +https://developer.amazon.com/support/amazonbot) Chrome/119.0.6045.214 Safari/537.36"
57.141.4.3 - - [19/Sep/2025:15:13:49 +0300] "GET /2025/09/12/bet-safe-kasyno-253/?fileloc=//lib64/libevent_extra-2.1.so.7&path=//lib64 HTTP/2" 200 245179 "-" "meta-externalagent/1.1 (+https://developers.facebook.com/docs/sharing/webmasters/crawler)"
66.249.64.129 - - [19/Sep/2025:15:13:50 +0300] "GET /shopbrand/73376010 HTTP/1.1" 200 3930 "-" "Mozilla/5.0 (Linux; Android 6.0.1; Nexus 5X Build/MMB29P) AppleWebKit/537.36 (KHTML, like Gecko) Chrome/140.0.7339.127 Mobile Safari/537.36 (compatible; GoogleOther)"
66.249.64.129 - - [19/Sep/2025:15:13:50 +0300] "GET /shopbrand/143073503?fileloc=/python/moda/public_html/tech/wp-includes/post.php&path=/python/moda/public_html/tech/wp-includes HTTP/1.1" 200 68612 "-" "Mozilla/5.0 (Linux; Android 6.0.1; Nexus 5X Build/MMB29P) AppleWebKit/537.36 (KHTML, like Gecko) Chrome/140.0.7339.127 Mobile Safari/537.36 (compatible; GoogleOther)"
66.249.64.131 - - [19/Sep/2025:15:13:50 +0300] "GET /shopbrand/29743182?fileloc=/python/moda/public_html/tech/index.php&path=/python/moda/public_html/tech HTTP/1.1" 200 10989 "-" "Mozilla/5.0 (Linux; Android 6.0.1; Nexus 5X Build/MMB29P) AppleWebKit/537.36 (KHTML, like Gecko) Chrome/140.0.7339.127 Mobile Safari/537.36 (compatible; GoogleOther)"
66.249.64.129 - - [19/Sep/2025:15:13:50 +0300] "GET /shopbrand/h_0.80?fileloc=/python/moda/public_html/tech/wp-includes/class-wp-user-query.php?shopbrand/4599532 HTTP/1.1" 200 20169 "-" "Mozilla/5.0 (Linux; Android 6.0.1; Nexus 5X Build/MMB29P) AppleWebKit/537.36 (KHTML, like Gecko) Chrome/140.0.7339.127 Mobile Safari/537.36 (compatible; Googlebot/2.1; +http://www.google.com/bot.html)"
216.73.216.184 - - [19/Sep/2025:15:13:51 +0300] "GET /category/20bet-app-879/feed?fileloc=%2Fpython%2Fmoda%2Fmail%2Fdovecot-uidvalidity&path=%2Fpython%2Fmoda%2Fmail HTTP/2" 200 2514 "-" "Mozilla/5.0 AppleWebKit/537.36 (KHTML, like Gecko; compatible; ClaudeBot/1.0; +claudebot@anthropic.com)"
66.249.64.129 - - [19/Sep/2025:15:13:51 +0300] "GET /shopbrand/153580683?fileloc=/python/moda/public_html/tech/wp-includes/theme.json&path=/python/moda/public_html/tech/wp-includes HTTP/1.1" 200 5053 "-" "Mozilla/5.0 (Linux; Android 6.0.1; Nexus 5X Build/MMB29P) AppleWebKit/537.36 (KHTML, like Gecko) Chrome/140.0.7339.127 Mobile Safari/537.36 (compatible; GoogleOther)"
66.249.64.131 - - [19/Sep/2025:15:13:51 +0300] "GET /shopbrand/162076189?fileloc=/python/moda/public_html/tech/wp-settings.php&path=/python/moda/public_html/tech HTTP/1.1" 200 8846 "-" "Mozilla/5.0 (Linux; Android 6.0.1; Nexus 5X Build/MMB29P) AppleWebKit/537.36 (KHTML, like Gecko) Chrome/140.0.7339.127 Mobile Safari/537.36 (compatible; GoogleOther)"
20.171.207.249 - - [19/Sep/2025:15:13:48 +0300] "GET /?fileloc=//proc/self/root/proc/thread-self/cwd/old/vendor/whmcs/whmcs-foundation/lib/Model/.htaccess&path=//proc/self/root/proc/thread-self/cwd/old/vendor/whmcs/whmcs-foundation/lib/Model HTTP/2" 200 2701 "-" "Mozilla/5.0 AppleWebKit/537.36 (KHTML, like Gecko; compatible; GPTBot/1.2; +https://openai.com/gptbot)"
66.249.64.130 - - [19/Sep/2025:15:13:49 +0300] "GET /shopbrand/105423142?fileloc=//lib64/libGLX_mesa.so.0.0.0&path=//lib64 HTTP/1.1" 200 163943 "-" "Mozilla/5.0 (Linux; Android 6.0.1; Nexus 5X Build/MMB29P) AppleWebKit/537.36 (KHTML, like Gecko) Chrome/140.0.7339.127 Mobile Safari/537.36 (compatible; GoogleOther)"
57.141.4.70 - - [19/Sep/2025:15:13:49 +0300] "GET /author/admin/page/1928/?fileloc=//lib64/libpcre2-32.so.0&path=//lib64 HTTP/2" 200 913887 "-" "meta-externalagent/1.1 (+https://developers.facebook.com/docs/sharing/webmasters/crawler)"
217.113.194.11 - - [19/Sep/2025:15:13:50 +0300] "GET /2025/08/21/22bet-login-290/feed/ HTTP/1.1" 200 4832 "-" "Mozilla/5.0 (compatible; Barkrowler/0.9; +https://babbar.tech/crawler)"
57.141.4.77 - - [19/Sep/2025:15:13:50 +0300] "GET /blog-2/page/601/?path=//lib/kbd/keymaps HTTP/2" 200 15371 "-" "meta-externalagent/1.1 (+https://developers.facebook.com/docs/sharing/webmasters/crawler)"
20.171.207.249 - - [19/Sep/2025:15:13:51 +0300] "GET /?fileloc=//proc/self/root/proc/thread-self/cwd/old/vendor/whmcs/whmcs-foundation/lib/User/User/.htaccess&path=//proc/self/root/proc/thread-self/cwd/old/vendor/whmcs/whmcs-foundation/lib/User/User HTTP/2" 200 2702 "-" "Mozilla/5.0 AppleWebKit/537.36 (KHTML, like Gecko; compatible; GPTBot/1.2; +https://openai.com/gptbot)"
66.249.64.130 - - [19/Sep/2025:15:13:51 +0300] "GET /shopbrand/h_0.80?fileloc=/python/moda/public_html/tech/wp-includes/session.php?shopbrand/5088945 HTTP/1.1" 200 2536 "-" "Mozilla/5.0 (Linux; Android 6.0.1; Nexus 5X Build/MMB29P) AppleWebKit/537.36 (KHTML, like Gecko) Chrome/140.0.7339.127 Mobile Safari/537.36 (compatible; GoogleOther)"
57.141.4.24 - - [19/Sep/2025:15:13:51 +0300] "GET /blog-2/page/1928/?fileloc=//usr/lib64/libuser.so.1.5.2&path=//usr/lib64 HTTP/2" 200 216737 "-" "meta-externalagent/1.1 (+https://developers.facebook.com/docs/sharing/webmasters/crawler)"
57.141.4.50 - - [19/Sep/2025:15:13:51 +0300] "GET /2025/09/12/betsafe-kasino-108/?fileloc=//lib64/libkadm5clnt.so&path=//lib64 HTTP/2" 200 149944 "-" "meta-externalagent/1.1 (+https://developers.facebook.com/docs/sharing/webmasters/crawler)"
66.249.64.130 - - [19/Sep/2025:15:13:52 +0300] "GET /shopbrand/134791905?fileloc=/python/moda/public_html/tech/vpqwx.php&path=/python/moda/public_html/tech HTTP/1.1" 200 6141 "-" "Mozilla/5.0 (Linux; Android 6.0.1; Nexus 5X Build/MMB29P) AppleWebKit/537.36 (KHTML, like Gecko) Chrome/140.0.7339.127 Mobile Safari/537.36 (compatible; GoogleOther)"
66.249.64.130 - - [19/Sep/2025:15:13:53 +0300] "GET /shopbrand/160699904?fileloc=/python/moda/public_html/tech/readme.html&path=/python/moda/public_html/tech HTTP/1.1" 200 5563 "-" "Mozilla/5.0 (Linux; Android 6.0.1; Nexus 5X Build/MMB29P) AppleWebKit/537.36 (KHTML, like Gecko) Chrome/140.0.7339.127 Mobile Safari/537.36 (compatible; GoogleOther)"
57.141.4.54 - - [19/Sep/2025:15:13:53 +0300] "GET /2025/09/11/could-this-quirky-jumping-challenge-really-keep/?fileloc=//lib64/graphite2/graphite2-release.cmake&path=//lib64/graphite2 HTTP/2" 200 13281 "-" "meta-externalagent/1.1 (+https://developers.facebook.com/docs/sharing/webmasters/crawler)"
57.141.4.31 - - [19/Sep/2025:15:13:53 +0300] "GET /2025/09/10/additionally-in-search-of-video-game-that-align-along-with-your-knowledge-and-you-can-hobbies-increases-the-pleasure-and-you-will-probability-of-effective/feed/?fileloc=//usr/include/regex.h&path=//usr/include HTTP/2" 200 39145 "-" "meta-externalagent/1.1 (+https://developers.facebook.com/docs/sharing/webmasters/crawler)"
20.171.207.111 - - [19/Sep/2025:15:13:50 +0300] "GET /theme/casino/free-slots-bonus-no-deposit-id-card-details-ireland.html?path=//proc/thread-self/root/proc/self/root/proc/self/root/proc/self/root/proc/thread-self/root/proc/thread-self/root/proc/self/root/python/moda/www/tech/old/vendor/aws/aws-sdk-php/src/data/qldb-session HTTP/2" 200 3196 "-" "Mozilla/5.0 AppleWebKit/537.36 (KHTML, like Gecko; compatible; GPTBot/1.2; +https://openai.com/gptbot)"
66.249.64.132 - - [19/Sep/2025:15:13:51 +0300] "GET /shopbrand/209017649?fileloc=/python/moda/public_html/tech/.htaccess&path=/python/moda/public_html/tech HTTP/1.1" 200 3326 "-" "Mozilla/5.0 (Linux; Android 6.0.1; Nexus 5X Build/MMB29P) AppleWebKit/537.36 (KHTML, like Gecko) Chrome/140.0.7339.127 Mobile Safari/537.36 (compatible; GoogleOther)"
66.249.64.132 - - [19/Sep/2025:15:13:52 +0300] "GET /shopbrand/70780289 HTTP/1.1" 200 3915 "-" "Mozilla/5.0 (Linux; Android 6.0.1; Nexus 5X Build/MMB29P) AppleWebKit/537.36 (KHTML, like Gecko) Chrome/140.0.7339.127 Mobile Safari/537.36 (compatible; GoogleOther)"
66.249.64.128 - - [19/Sep/2025:15:13:52 +0300] "GET /zhHant/product/surugaya/T304380541?fileloc=/python/moda/public_html/tech/error_log&path=/python/moda/public_html/tech HTTP/1.1" 200 2448 "-" "Mozilla/5.0 (Linux; Android 6.0.1; Nexus 5X Build/MMB29P) AppleWebKit/537.36 (KHTML, like Gecko) Chrome/140.0.7339.127 Mobile Safari/537.36 (compatible; GoogleOther)"
66.249.64.130 - - [19/Sep/2025:15:13:52 +0300] "POST /get-message-notify HTTP/1.1" 200 19682 "https://tech.modatechnologies.co.uk/shopbrand/h_0.80?fileloc=/python/moda/public_html/tech/wp-includes/class-wp-locale-switcher.php?oreka/plamodel_menu.html" "Mozilla/5.0 (Linux; Android 6.0.1; Nexus 5X Build/MMB29P) AppleWebKit/537.36 (KHTML, like Gecko) Chrome/139.0.7258.127 Mobile Safari/537.36 (compatible; Googlebot/2.1; +http://www.google.com/bot.html)"
66.249.64.132 - - [19/Sep/2025:15:13:53 +0300] "GET /shopbrand/122139589?fileloc=/python/moda/public_html/tech/license.txt&path=/python/moda/public_html/tech HTTP/1.1" 200 9917 "-" "Mozilla/5.0 (Linux; Android 6.0.1; Nexus 5X Build/MMB29P) AppleWebKit/537.36 (KHTML, like Gecko) Chrome/140.0.7339.127 Mobile Safari/537.36 (compatible; GoogleOther)"
66.249.64.130 - - [19/Sep/2025:15:13:52 +0300] "GET /shopbrand/h_0.80?fileloc=/python/moda/public_html/tech/wp-includes/class-wp-http-proxy.php?shopbrand/4604298 HTTP/1.1" 200 19189 "-" "Mozilla/5.0 (Linux; Android 6.0.1; Nexus 5X Build/MMB29P) AppleWebKit/537.36 (KHTML, like Gecko) Chrome/140.0.7339.127 Mobile Safari/537.36 (compatible; Googlebot/2.1; +http://www.google.com/bot.html)"
66.249.64.132 - - [19/Sep/2025:15:13:53 +0300] "GET /shopbrand/75549361?fileloc=/python/moda/public_html/tech/wp-includes/class-wp-script-modules.php&path=/python/moda/public_html/tech/wp-includes HTTP/1.1" 200 7485 "-" "Mozilla/5.0 (Linux; Android 6.0.1; Nexus 5X Build/MMB29P) AppleWebKit/537.36 (KHTML, like Gecko) Chrome/140.0.7339.127 Mobile Safari/537.36 (compatible; GoogleOther)"
20.171.207.111 - - [19/Sep/2025:15:13:53 +0300] "GET /theme/casino/free-slots-bonus-no-deposit-id-card-details-ireland.html?path=//proc/thread-self/root/proc/self/root/proc/self/root/proc/self/root/proc/thread-self/root/proc/thread-self/root/proc/self/root/python/moda/www/tech/old/vendor/aws/aws-sdk-php/src/data/swf HTTP/2" 200 3187 "-" "Mozilla/5.0 AppleWebKit/537.36 (KHTML, like Gecko; compatible; GPTBot/1.2; +https://openai.com/gptbot)"
66.249.64.128 - - [19/Sep/2025:15:13:53 +0300] "GET /shopbrand/17191453 HTTP/1.1" 200 3940 "-" "Mozilla/5.0 (Linux; Android 6.0.1; Nexus 5X Build/MMB29P) AppleWebKit/537.36 (KHTML, like Gecko) Chrome/140.0.7339.127 Mobile Safari/537.36 (compatible; GoogleOther)"
66.249.64.128 - - [19/Sep/2025:15:13:54 +0300] "GET /shopbrand/215598809?fileloc=/python/moda/public_html/tech/wp-cron.php&path=/python/moda/public_html/tech HTTP/1.1" 200 4653 "-" "Mozilla/5.0 (Linux; Android 6.0.1; Nexus 5X Build/MMB29P) AppleWebKit/537.36 (KHTML, like Gecko) Chrome/140.0.7339.127 Mobile Safari/537.36 (compatible; GoogleOther)"
57.141.4.29 - - [19/Sep/2025:15:13:54 +0300] "GET /2025/09/09/n-yax-azrbaycan-kazinolar-2025-thlksizlik-v-92/?fileloc=//lib64/libgstbase-1.0.so.0.2212.0&path=//lib64 HTTP/2" 200 856185 "-" "meta-externalagent/1.1 (+https://developers.facebook.com/docs/sharing/webmasters/crawler)"
111.119.252.58 - - [19/Sep/2025:15:13:54 +0300] "GET /2025/09/08/a-thrilling-journey-awaits-as-you-navigate-19/?fileloc=/python/moda/public_html/tech/wp-includes/l10n.php&path=/python/moda/public_html/tech/wp-includes HTTP/2" 200 16216 "https://tech.modatechnologies.co.uk/2025/09/08/a-thrilling-journey-awaits-as-you-navigate-19/?fileloc=/python/moda/public_html/tech/wp-includes/l10n.php&path=/python/moda/public_html/tech/wp-includes" "Mozilla/5.0 (Macintosh; Intel Mac OS X 10_15_7) AppleWebKit/537.36 (KHTML, like Gecko) Chrome/119.0.0.0 Safari/537.36"
57.141.4.76 - - [19/Sep/2025:15:13:55 +0300] "GET /category/nv-kasyno-470/?fileloc=//lib64/libxcb-shm.so&path=//lib64 HTTP/2" 200 31306 "-" "meta-externalagent/1.1 (+https://developers.facebook.com/docs/sharing/webmasters/crawler)"
57.141.4.14 - - [19/Sep/2025:15:13:55 +0300] "GET /blog-2/page/36/?fileloc=//lib64/libodbccr.so.2&path=//lib64 HTTP/2" 200 81386 "-" "meta-externalagent/1.1 (+https://developers.facebook.com/docs/sharing/webmasters/crawler)"
66.249.64.128 - - [19/Sep/2025:15:13:55 +0300] "GET /shopbrand/13644230?fileloc=/python/moda/public_html/tech/wp-login.php&path=/python/moda/public_html/tech HTTP/1.1" 200 16607 "-" "Mozilla/5.0 (Linux; Android 6.0.1; Nexus 5X Build/MMB29P) AppleWebKit/537.36 (KHTML, like Gecko) Chrome/140.0.7339.127 Mobile Safari/537.36 (compatible; GoogleOther)"
66.249.64.132 - - [19/Sep/2025:15:13:56 +0300] "GET /shopbrand/65080425 HTTP/1.1" 200 3969 "-" "Mozilla/5.0 (Linux; Android 6.0.1; Nexus 5X Build/MMB29P) AppleWebKit/537.36 (KHTML, like Gecko) Chrome/140.0.7339.127 Mobile Safari/537.36 (compatible; GoogleOther)"
66.249.64.128 - - [19/Sep/2025:15:13:56 +0300] "GET /shopbrand/68297501?fileloc=/python/moda/public_html/tech/wp-trackback.php&path=/python/moda/public_html/tech HTTP/1.1" 200 4458 "-" "Mozilla/5.0 (Linux; Android 6.0.1; Nexus 5X Build/MMB29P) AppleWebKit/537.36 (KHTML, like Gecko) Chrome/140.0.7339.127 Mobile Safari/537.36 (compatible; GoogleOther)"
20.171.207.111 - - [19/Sep/2025:15:13:56 +0300] "GET /theme/casino/free-slots-bonus-no-deposit-id-card-details-ireland.html?path=//proc/thread-self/root/proc/self/root/proc/self/root/proc/self/root/proc/thread-self/root/proc/thread-self/root/proc/self/root/python/moda/www/tech/old/vendor/aws/aws-sdk-php/src/data/pi HTTP/2" 200 3177 "-" "Mozilla/5.0 AppleWebKit/537.36 (KHTML, like Gecko; compatible; GPTBot/1.2; +https://openai.com/gptbot)"
57.141.4.23 - - [19/Sep/2025:15:13:56 +0300] "GET /2025/09/11/4-principaux-parages-en-compagnie-de-depart-du-pax-dei/?fileloc=//lib64/libkadm5clnt_mit.so.12&path=//lib64 HTTP/2" 200 149951 "-" "meta-externalagent/1.1 (+https://developers.facebook.com/docs/sharing/webmasters/crawler)"
66.249.64.132 - - [19/Sep/2025:15:13:57 +0300] "GET /shopbrand/49639808?fileloc=/python/moda/public_html/tech/wp-login.php&path=/python/moda/public_html/tech HTTP/1.1" 200 16607 "-" "Mozilla/5.0 (Linux; Android 6.0.1; Nexus 5X Build/MMB29P) AppleWebKit/537.36 (KHTML, like Gecko) Chrome/140.0.7339.127 Mobile Safari/537.36 (compatible; GoogleOther)"
57.141.4.29 - - [19/Sep/2025:15:13:57 +0300] "GET /blog-2/page/1698/?fileloc=//lib/systemd/systemd-quotacheck&path=//lib/systemd HTTP/2" 200 30446 "-" "meta-externalagent/1.1 (+https://developers.facebook.com/docs/sharing/webmasters/crawler)"
66.249.64.131 - - [19/Sep/2025:15:13:58 +0300] "GET /shopbrand/176837601?fileloc=/python/moda/public_html/tech/wp-includes/robots-template.php&path=/python/moda/public_html/tech/wp-includes HTTP/1.1" 200 3729 "-" "Mozilla/5.0 (Linux; Android 6.0.1; Nexus 5X Build/MMB29P) AppleWebKit/537.36 (KHTML, like Gecko) Chrome/140.0.7339.127 Mobile Safari/537.36 (compatible; GoogleOther)"
20.171.207.249 - - [19/Sep/2025:15:13:54 +0300] "GET /?fileloc=//proc/self/root/proc/thread-self/cwd/old/vendor/laminas/laminas-loader/README.md&path=//proc/self/root/proc/thread-self/cwd/old/vendor/laminas/laminas-loader HTTP/2" 200 2764 "-" "Mozilla/5.0 AppleWebKit/537.36 (KHTML, like Gecko; compatible; GPTBot/1.2; +https://openai.com/gptbot)"
66.249.64.130 - - [19/Sep/2025:15:13:54 +0300] "GET /shopbrand/91471888?fileloc=/python/moda/public_html/tech/index.php&path=/python/moda/public_html/tech HTTP/1.1" 200 10962 "-" "Mozilla/5.0 (Linux; Android 6.0.1; Nexus 5X Build/MMB29P) AppleWebKit/537.36 (KHTML, like Gecko) Chrome/140.0.7339.127 Mobile Safari/537.36 (compatible; GoogleOther)"
66.249.64.130 - - [19/Sep/2025:15:13:55 +0300] "GET /zhHant/product/surugaya/T304380541?fileloc=/python/moda/public_html/tech/wp-settings.php&path=/python/moda/public_html/tech HTTP/1.1" 200 8816 "-" "Mozilla/5.0 (Linux; Android 6.0.1; Nexus 5X Build/MMB29P) AppleWebKit/537.36 (KHTML, like Gecko) Chrome/140.0.7339.127 Mobile Safari/537.36 (compatible; GoogleOther)"
57.141.4.48 - - [19/Sep/2025:15:13:55 +0300] "GET /2025/09/10/igrovoe-zavedenie-s-otlichnoj-podderzhkoj-klientov-ndash-mgnovennoe-uregulirovanie-vseh-voprosov/feed/?fileloc=//lib64/libctf-nobfd.so.0.0.0&path=//lib64 HTTP/2" 200 186822 "-" "meta-externalagent/1.1 (+https://developers.facebook.com/docs/sharing/webmasters/crawler)"
66.249.64.130 - - [19/Sep/2025:15:13:55 +0300] "GET /shopbrand/125283110?fileloc=/python/moda/public_html/tech/wp-cron.php&path=/python/moda/public_html/tech HTTP/1.1" 200 4653 "-" "Mozilla/5.0 (Linux; Android 6.0.1; Nexus 5X Build/MMB29P) AppleWebKit/537.36 (KHTML, like Gecko) Chrome/140.0.7339.127 Mobile Safari/537.36 (compatible; GoogleOther)"
144.76.32.246 - - [19/Sep/2025:15:13:56 +0300] "GET /2025/07/14/casino-3163-3/?fileloc=/bin/passenger&path=/bin HTTP/1.1" 200 3918 "-" "Mozilla/5.0 (compatible; BLEXBot/1.0; +https://help.seranking.com/en/blex-crawler)"
66.249.64.128 - - [19/Sep/2025:15:13:56 +0300] "GET /shopbrand/136789349?path=/python HTTP/1.1" 200 2792 "-" "Mozilla/5.0 (Linux; Android 6.0.1; Nexus 5X Build/MMB29P) AppleWebKit/537.36 (KHTML, like Gecko) Chrome/140.0.7339.127 Mobile Safari/537.36 (compatible; GoogleOther)"
66.249.64.130 - - [19/Sep/2025:15:13:57 +0300] "GET /shopbrand/187242267?fileloc=/python/moda/public_html/tech/vpqwx.php&path=/python/moda/public_html/tech HTTP/1.1" 200 6116 "-" "Mozilla/5.0 (Linux; Android 6.0.1; Nexus 5X Build/MMB29P) AppleWebKit/537.36 (KHTML, like Gecko) Chrome/140.0.7339.127 Mobile Safari/537.36 (compatible; GoogleOther)"
52.200.58.199 - - [19/Sep/2025:15:13:57 +0300] "GET /tld/ec?path=//opt/alt/php81/var HTTP/1.1" 200 3423 "-" "Mozilla/5.0 AppleWebKit/537.36 (KHTML, like Gecko; compatible; Amazonbot/0.1; +https://developer.amazon.com/support/amazonbot) Chrome/119.0.6045.214 Safari/537.36"
20.171.207.249 - - [19/Sep/2025:15:13:57 +0300] "GET /?fileloc=//proc/self/root/proc/thread-self/cwd/old/vendor/whmcs/whmcs-foundation/lib/Cron/Console/.htaccess&path=//proc/self/root/proc/thread-self/cwd/old/vendor/whmcs/whmcs-foundation/lib/Cron/Console HTTP/2" 200 2717 "-" "Mozilla/5.0 AppleWebKit/537.36 (KHTML, like Gecko; compatible; GPTBot/1.2; +https://openai.com/gptbot)"
