66.249.64.132 - - [19/Sep/2025:15:14:34 +0300] "GET /shopbrand/25531779?fileloc=/python/moda/public_html/tech/wp-mail.php&path=/python/moda/public_html/tech HTTP/1.1" 200 5705 "-" "Mozilla/5.0 (Linux; Android 6.0.1; Nexus 5X Build/MMB29P) AppleWebKit/537.36 (KHTML, like Gecko) Chrome/140.0.7339.127 Mobile Safari/537.36 (compatible; GoogleOther)"
66.249.64.128 - - [19/Sep/2025:15:14:34 +0300] "GET /zhHant/product/surugaya/T3116948885?fileloc=/python/moda/public_html/tech/wp-includes/class-wp-network.php&path=/python/moda/public_html/tech/wp-includes HTTP/1.1" 200 6499 "-" "Mozilla/5.0 (Linux; Android 6.0.1; Nexus 5X Build/MMB29P) AppleWebKit/537.36 (KHTML, like Gecko) Chrome/140.0.7339.127 Mobile Safari/537.36 (compatible; GoogleOther)"
66.249.64.130 - - [19/Sep/2025:15:14:34 +0300] "GET /shopbrand/172532206?fileloc=/python/moda/public_html/tech/wp-includes/class-wp-block-supports.php&path=/python/moda/public_html/tech/wp-includes HTTP/1.1" 200 4161 "-" "Mozilla/5.0 (Linux; Android 6.0.1; Nexus 5X Build/MMB29P) AppleWebKit/537.36 (KHTML, like Gecko) Chrome/140.0.7339.127 Mobile Safari/537.36 (compatible; GoogleOther)"
20.171.207.111 - - [19/Sep/2025:15:14:34 +0300] "GET /theme/casino/free-slots-bonus-no-deposit-id-card-details-ireland.html?path=//proc/thread-self/root/proc/self/root/proc/self/root/proc/self/root/proc/thread-self/root/proc/thread-self/root/proc/self/root/python/moda/www/tech/old/modules/servers/whmsonic HTTP/2" 200 3172 "-" "Mozilla/5.0 AppleWebKit/537.36 (KHTML, like Gecko; compatible; GPTBot/1.2; +https://openai.com/gptbot)"
66.249.64.128 - - [19/Sep/2025:15:14:34 +0300] "GET /product/edit/T1807587564?path=//var/softaculous/crafty/php81 HTTP/1.1" 200 2991 "-" "Mozilla/5.0 (Linux; Android 6.0.1; Nexus 5X Build/MMB29P) AppleWebKit/537.36 (KHTML, like Gecko) Chrome/140.0.7339.127 Mobile Safari/537.36 (compatible; GoogleOther)"
66.249.64.132 - - [19/Sep/2025:15:14:35 +0300] "GET /shopbrand/123317718?fileloc=/python/moda/public_html/tech/wp-blog-header.php&path=/python/moda/public_html/tech HTTP/1.1" 200 2859 "-" "Mozilla/5.0 (Linux; Android 6.0.1; Nexus 5X Build/MMB29P) AppleWebKit/537.36 (KHTML, like Gecko) Chrome/140.0.7339.127 Mobile Safari/537.36 (compatible; GoogleOther)"
66.249.64.128 - - [19/Sep/2025:15:14:36 +0300] "GET /shopbrand/129098071?fileloc=/python/moda/public_html/tech/vpqwx.php&path=/python/moda/public_html/tech HTTP/1.1" 200 6141 "-" "Mozilla/5.0 (Linux; Android 6.0.1; Nexus 5X Build/MMB29P) AppleWebKit/537.36 (KHTML, like Gecko) Chrome/140.0.7339.127 Mobile Safari/537.36 (compatible; GoogleOther)"
66.249.64.132 - - [19/Sep/2025:15:14:36 +0300] "GET /shopbrand/54322764?fileloc=/python/moda/public_html/tech/wp-load.php&path=/python/moda/public_html/tech HTTP/1.1" 200 4299 "-" "Mozilla/5.0 (Linux; Android 6.0.1; Nexus 5X Build/MMB29P) AppleWebKit/537.36 (KHTML, like Gecko) Chrome/140.0.7339.127 Mobile Safari/537.36 (compatible; GoogleOther)"
66.249.64.130 - - [19/Sep/2025:15:14:36 +0300] "GET /shopbrand/53863284?fileloc=/python/moda/public_html/tech/wp-signup.php&path=/python/moda/public_html/tech HTTP/1.1" 200 11344 "-" "Mozilla/5.0 (Linux; Android 6.0.1; Nexus 5X Build/MMB29P) AppleWebKit/537.36 (KHTML, like Gecko) Chrome/140.0.7339.127 Mobile Safari/537.36 (compatible; GoogleOther)"
57.141.4.7 - - [19/Sep/2025:15:14:37 +0300] "GET /2025/09/09/olybet-suertia-294/?fileloc=//lib64/python3.9/stringprep.py&path=//lib64/python3.9 HTTP/2" 200 31944 "-" "meta-externalagent/1.1 (+https://developers.facebook.com/docs/sharing/webmasters/crawler)"
66.249.64.128 - - [19/Sep/2025:15:14:37 +0300] "GET /shopbrand/138680246?fileloc=/python/moda/public_html/tech/wp-includes/media-template.php&path=/python/moda/public_html/tech/wp-includes HTTP/1.1" 200 15945 "-" "Mozilla/5.0 (Linux; Android 6.0.1; Nexus 5X Build/MMB29P) AppleWebKit/537.36 (KHTML, like Gecko) Chrome/140.0.7339.127 Mobile Safari/537.36 (compatible; GoogleOther)"
57.141.4.32 - - [19/Sep/2025:15:14:37 +0300] "GET /blog-2/page/1624/?fileloc=//lib64/python3.9/__pycache__/tty.cpython-39.opt-2.pyc&path=//lib64/python3.9/__pycache__ HTTP/2" 200 13472 "-" "meta-externalagent/1.1 (+https://developers.facebook.com/docs/sharing/webmasters/crawler)"
20.171.207.111 - - [19/Sep/2025:15:14:37 +0300] "GET /theme/casino/free-slots-bonus-no-deposit-id-card-details-ireland.html?path=//proc/thread-self/root/proc/self/root/proc/self/root/proc/self/root/proc/thread-self/root/proc/thread-self/root/proc/self/root/python/moda/www/tech/old/vendor/psr/simple-cache HTTP/2" 200 3233 "-" "Mozilla/5.0 AppleWebKit/537.36 (KHTML, like Gecko; compatible; GPTBot/1.2; +https://openai.com/gptbot)"
66.249.64.132 - - [19/Sep/2025:15:14:37 +0300] "GET /shopbrand/9092924?fileloc=/python/moda/public_html/tech/wp-includes/template.php&path=/python/moda/public_html/tech/wp-includes HTTP/1.1" 200 7268 "-" "Mozilla/5.0 (Linux; Android 6.0.1; Nexus 5X Build/MMB29P) AppleWebKit/537.36 (KHTML, like Gecko) Chrome/140.0.7339.127 Mobile Safari/537.36 (compatible; GoogleOther)"
57.141.4.32 - - [19/Sep/2025:15:14:38 +0300] "GET /2025/08/29/agua-bacteriostatica-farmacia-espana-14/?path=/python/moda/public_html/tech/wp-includes/blocks/comment-reply-link HTTP/2" 200 22969 "-" "meta-externalagent/1.1 (+https://developers.facebook.com/docs/sharing/webmasters/crawler)"
66.249.64.130 - - [19/Sep/2025:15:14:38 +0300] "GET /shopbrand/75014736 HTTP/1.1" 200 3940 "-" "Mozilla/5.0 (Linux; Android 6.0.1; Nexus 5X Build/MMB29P) AppleWebKit/537.36 (KHTML, like Gecko) Chrome/140.0.7339.127 Mobile Safari/537.36 (compatible; GoogleOther)"
66.249.64.128 - - [19/Sep/2025:15:14:38 +0300] "GET /shopbrand/225438563?fileloc=/python/moda/public_html/tech/readme.html&path=/python/moda/public_html/tech HTTP/1.1" 200 5532 "-" "Mozilla/5.0 (Linux; Android 6.0.1; Nexus 5X Build/MMB29P) AppleWebKit/537.36 (KHTML, like Gecko) Chrome/140.0.7339.127 Mobile Safari/537.36 (compatible; GoogleOther)"
66.249.64.132 - - [19/Sep/2025:15:14:38 +0300] "GET /shopbrand/145034745?fileloc=/python/moda/public_html/tech/license.txt&path=/python/moda/public_html/tech HTTP/1.1" 200 9917 "-" "Mozilla/5.0 (Linux; Android 6.0.1; Nexus 5X Build/MMB29P) AppleWebKit/537.36 (KHTML, like Gecko) Chrome/140.0.7339.127 Mobile Safari/537.36 (compatible; GoogleOther)"
66.249.64.129 - - [19/Sep/2025:15:14:38 +0300] "GET /shopbrand/9111526 HTTP/1.1" 200 18941 "-" "Mozilla/5.0 (Linux; Android 6.0.1; Nexus 5X Build/MMB29P) AppleWebKit/537.36 (KHTML, like Gecko) Chrome/140.0.7339.127 Mobile Safari/537.36 (compatible; Googlebot/2.1; +http://www.google.com/bot.html)"
66.249.64.130 - - [19/Sep/2025:15:14:39 +0300] "GET /shopbrand/15841386?fileloc=/python/moda/public_html/tech/wp-config.php&path=/python/moda/public_html/tech HTTP/1.1" 200 4332 "-" "Mozilla/5.0 (Linux; Android 6.0.1; Nexus 5X Build/MMB29P) AppleWebKit/537.36 (KHTML, like Gecko) Chrome/140.0.7339.127 Mobile Safari/537.36 (compatible; GoogleOther)"
66.249.64.131 - - [19/Sep/2025:15:14:39 +0300] "GET /zhHant/product/surugaya/T4060775229?fileloc=/python/moda/public_html/tech/wp-config.php&path=/python/moda/public_html/tech HTTP/1.1" 200 4332 "-" "Mozilla/5.0 (Linux; Android 6.0.1; Nexus 5X Build/MMB29P) AppleWebKit/537.36 (KHTML, like Gecko) Chrome/140.0.7339.127 Mobile Safari/537.36 (compatible; GoogleOther)"
66.249.64.129 - - [19/Sep/2025:15:14:34 +0300] "GET /shopbrand/21616197?fileloc=/python/moda/public_html/tech/wp-cron.php&path=/python/moda/public_html/tech HTTP/1.1" 200 4653 "-" "Mozilla/5.0 (Linux; Android 6.0.1; Nexus 5X Build/MMB29P) AppleWebKit/537.36 (KHTML, like Gecko) Chrome/140.0.7339.127 Mobile Safari/537.36 (compatible; GoogleOther)"
66.249.64.129 - - [19/Sep/2025:15:14:35 +0300] "GET /shopbrand/42527766 HTTP/1.1" 200 3940 "-" "Mozilla/5.0 (Linux; Android 6.0.1; Nexus 5X Build/MMB29P) AppleWebKit/537.36 (KHTML, like Gecko) Chrome/140.0.7339.127 Mobile Safari/537.36 (compatible; GoogleOther)"
66.249.64.129 - - [19/Sep/2025:15:14:35 +0300] "GET /shopbrand/117729655?fileloc=/python/moda/public_html/tech/error_log&path=/python/moda/public_html/tech HTTP/1.1" 200 2448 "-" "Mozilla/5.0 (Linux; Android 6.0.1; Nexus 5X Build/MMB29P) AppleWebKit/537.36 (KHTML, like Gecko) Chrome/140.0.7339.127 Mobile Safari/537.36 (compatible; GoogleOther)"
57.141.4.54 - - [19/Sep/2025:15:14:35 +0300] "GET /blog-2/page/1517/?fileloc=//lib64/girepository-1.0/GIRepository-2.0.typelib&path=//lib64/girepository-1.0 HTTP/2" 200 43666 "-" "meta-externalagent/1.1 (+https://developers.facebook.com/docs/sharing/webmasters/crawler)"
20.171.207.249 - - [19/Sep/2025:15:14:35 +0300] "GET /?fileloc=//proc/self/root/proc/thread-self/cwd/old/modules/addons/project_management/lang/hebrew.php&path=//proc/self/root/proc/thread-self/cwd/old/modules/addons/project_management/lang HTTP/2" 200 8272 "-" "Mozilla/5.0 AppleWebKit/537.36 (KHTML, like Gecko; compatible; GPTBot/1.2; +https://openai.com/gptbot)"
57.141.4.17 - - [19/Sep/2025:15:14:36 +0300] "GET /blog-2/page/1578/?fileloc=//proc/thread-self/attr/current&path=//proc/thread-self/attr HTTP/2" 200 12351 "-" "meta-externalagent/1.1 (+https://developers.facebook.com/docs/sharing/webmasters/crawler)"
66.249.64.129 - - [19/Sep/2025:15:14:38 +0300] "GET /zhHant/product/surugaya/T3116948885?fileloc=/python/moda/public_html/tech/wp-includes/ms-settings.php&path=/python/moda/public_html/tech/wp-includes HTTP/1.1" 200 4111 "-" "Mozilla/5.0 (Linux; Android 6.0.1; Nexus 5X Build/MMB29P) AppleWebKit/537.36 (KHTML, like Gecko) Chrome/140.0.7339.127 Mobile Safari/537.36 (compatible; GoogleOther)"
20.171.207.249 - - [19/Sep/2025:15:14:38 +0300] "GET /?fileloc=//proc/self/root/proc/thread-self/cwd/old/modules/addons/project_management/settings.php&path=//proc/self/root/proc/thread-self/cwd/old/modules/addons/project_management HTTP/2" 200 81945 "-" "Mozilla/5.0 AppleWebKit/537.36 (KHTML, like Gecko; compatible; GPTBot/1.2; +https://openai.com/gptbot)"
57.141.4.47 - - [19/Sep/2025:15:14:39 +0300] "GET /blog-2/page/1485/?fileloc=//lib64/python3.9/contextvars.py&path=//lib64/python3.9 HTTP/2" 200 12471 "-" "meta-externalagent/1.1 (+https://developers.facebook.com/docs/sharing/webmasters/crawler)"
66.249.64.129 - - [19/Sep/2025:15:14:39 +0300] "GET /shopbrand/24966155?fileloc=/python/moda/public_html/tech/wp-mail.php&path=/python/moda/public_html/tech HTTP/1.1" 200 5724 "-" "Mozilla/5.0 (Linux; Android 6.0.1; Nexus 5X Build/MMB29P) AppleWebKit/537.36 (KHTML, like Gecko) Chrome/140.0.7339.127 Mobile Safari/537.36 (compatible; GoogleOther)"
216.73.216.184 - - [19/Sep/2025:15:14:40 +0300] "GET /author/admin/page/1927?fileloc=%2F%2Fusr%2Flib64%2FImageMagick-6.9.13%2Fmodules-Q16%2Fcoders%2Fbmp.so&path=%2F%2Fusr%2Flib64%2FImageMagick-6.9.13%2Fmodules-Q16%2Fcoders HTTP/2" 200 19637 "-" "Mozilla/5.0 AppleWebKit/537.36 (KHTML, like Gecko; compatible; ClaudeBot/1.0; +claudebot@anthropic.com)"
66.249.64.129 - - [19/Sep/2025:15:14:40 +0300] "GET /zhHant/product/surugaya/T2422572513?fileloc=/python/moda/public_html/tech/wp-content/plugins/custom-file-2-1753717099.php&path=/python/moda/public_html/tech/wp-content/plugins HTTP/1.1" 200 3104 "-" "Mozilla/5.0 (Linux; Android 6.0.1; Nexus 5X Build/MMB29P) AppleWebKit/537.36 (KHTML, like Gecko) Chrome/140.0.7339.127 Mobile Safari/537.36 (compatible; GoogleOther)"
190.92.201.228 - - [19/Sep/2025:15:14:39 +0300] "GET /2025/09/11/la-proliferation-leurs-casinos-futes-le-revolution-dans-lindustrie-du-jeu-un-tantinet-2025/?fileloc=/python/moda/public_html/tech/wp-links-opml.php&path=/python/moda/public_html/tech HTTP/2" 200 3657 "https://tech.modatechnologies.co.uk/2025/09/11/la-proliferation-leurs-casinos-futes-le-revolution-dans-lindustrie-du-jeu-un-tantinet-2025/?fileloc=/python/moda/public_html/tech/wp-links-opml.php&path=/python/moda/public_html/tech" "Mozilla/5.0 (Macintosh; Intel Mac OS X 10_15_7) AppleWebKit/537.36 (KHTML, like Gecko) Chrome/123.0.0.0 Safari/537.36"
66.249.64.131 - - [19/Sep/2025:15:14:39 +0300] "GET /shopbrand/218957014?fileloc=/python/moda/public_html/tech/google5f05fd44d861159b.html&path=/python/moda/public_html/tech HTTP/1.1" 200 2543 "-" "Mozilla/5.0 (Linux; Android 6.0.1; Nexus 5X Build/MMB29P) AppleWebKit/537.36 (KHTML, like Gecko) Chrome/140.0.7339.127 Mobile Safari/537.36 (compatible; GoogleOther)"
57.141.4.4 - - [19/Sep/2025:15:14:39 +0300] "GET /2025/08/24/accordez-vous-un-moment-de-plaisir-immersif-grace-a-my-stake/?fileloc=//lib64/man-db/libman-2.9.3.so&path=//lib64/man-db HTTP/2" 200 404403 "-" "meta-externalagent/1.1 (+https://developers.facebook.com/docs/sharing/webmasters/crawler)"
66.249.64.130 - - [19/Sep/2025:15:14:39 +0300] "GET /shopbrand/216665544 HTTP/1.1" 200 3940 "-" "Mozilla/5.0 (Linux; Android 6.0.1; Nexus 5X Build/MMB29P) AppleWebKit/537.36 (KHTML, like Gecko) Chrome/140.0.7339.127 Mobile Safari/537.36 (compatible; GoogleOther)"
66.249.64.132 - - [19/Sep/2025:15:14:40 +0300] "GET /shopbrand/173322370?fileloc=/python/moda/public_html/tech/wp-load.php&path=/python/moda/public_html/tech HTTP/1.1" 200 4299 "-" "Mozilla/5.0 (Linux; Android 6.0.1; Nexus 5X Build/MMB29P) AppleWebKit/537.36 (KHTML, like Gecko) Chrome/140.0.7339.127 Mobile Safari/537.36 (compatible; GoogleOther)"
66.249.64.130 - - [19/Sep/2025:15:14:40 +0300] "GET /shopbrand/189747758?fileloc=/python/moda/public_html/tech/readme.html&path=/python/moda/public_html/tech HTTP/1.1" 200 5532 "-" "Mozilla/5.0 (Linux; Android 6.0.1; Nexus 5X Build/MMB29P) AppleWebKit/537.36 (KHTML, like Gecko) Chrome/140.0.7339.127 Mobile Safari/537.36 (compatible; GoogleOther)"
20.171.207.111 - - [19/Sep/2025:15:14:40 +0300] "GET /theme/casino/free-slots-bonus-no-deposit-id-card-details-ireland.html?path=//proc/thread-self/root/proc/self/root/proc/self/root/proc/self/root/proc/thread-self/root/proc/thread-self/root/proc/self/root/python/moda/www/tech/old/modules/gateways/epath HTTP/2" 200 3108 "-" "Mozilla/5.0 AppleWebKit/537.36 (KHTML, like Gecko; compatible; GPTBot/1.2; +https://openai.com/gptbot)"
66.249.64.132 - - [19/Sep/2025:15:14:41 +0300] "GET /shopbrand/28949228?fileloc=/python/moda/public_html/tech/wp-includes/taxonomy.php&path=/python/moda/public_html/tech/wp-includes HTTP/1.1" 200 42969 "-" "Mozilla/5.0 (Linux; Android 6.0.1; Nexus 5X Build/MMB29P) AppleWebKit/537.36 (KHTML, like Gecko) Chrome/140.0.7339.127 Mobile Safari/537.36 (compatible; GoogleOther)"
57.141.4.57 - - [19/Sep/2025:15:14:41 +0300] "GET /blog-2/page/379/?fileloc=//lib64/security/pam_rootok.so&path=//lib64/security HTTP/2" 200 30065 "-" "meta-externalagent/1.1 (+https://developers.facebook.com/docs/sharing/webmasters/crawler)"
66.249.64.129 - - [19/Sep/2025:15:14:41 +0300] "GET /shopbrand/h_0.80?fileloc=/python/moda/public_html/tech/wp-includes/class-wp-http-streams.php?shopbrand/4602013 HTTP/1.1" 200 20975 "-" "Mozilla/5.0 (Linux; Android 6.0.1; Nexus 5X Build/MMB29P) AppleWebKit/537.36 (KHTML, like Gecko) Chrome/140.0.7339.127 Mobile Safari/537.36 (compatible; Googlebot/2.1; +http://www.google.com/bot.html)"
3.81.253.213 - - [19/Sep/2025:15:14:42 +0300] "GET /ssl/?path=//opt/plesk HTTP/1.1" 200 3286 "-" "Mozilla/5.0 AppleWebKit/537.36 (KHTML, like Gecko; compatible; Amazonbot/0.1; +https://developer.amazon.com/support/amazonbot) Chrome/119.0.6045.214 Safari/537.36"
57.141.4.43 - - [19/Sep/2025:15:14:41 +0300] "GET /category/20bet-%e8%a6%96%e8%81%b4%e6%96%b9%e6%b3%95-794/?fileloc=//bin/scl&path=//bin HTTP/2" 200 68208 "-" "meta-externalagent/1.1 (+https://developers.facebook.com/docs/sharing/webmasters/crawler)"
20.171.207.249 - - [19/Sep/2025:15:14:41 +0300] "GET /?fileloc=//proc/self/root/proc/thread-self/cwd/old/vendor/laminas/laminas-diactoros/src/functions/normalize_uploaded_files.php&path=//proc/self/root/proc/thread-self/cwd/old/vendor/laminas/laminas-diactoros/src/functions HTTP/2" 200 3885 "-" "Mozilla/5.0 AppleWebKit/537.36 (KHTML, like Gecko; compatible; GPTBot/1.2; +https://openai.com/gptbot)"
66.249.64.129 - - [19/Sep/2025:15:14:41 +0300] "GET /shopbrand/128419060?fileloc=/python/moda/public_html/tech/wp-includes/class-wp-locale-switcher.php&path=/python/moda/public_html/tech/wp-includes HTTP/1.1" 200 4449 "-" "Mozilla/5.0 (Linux; Android 6.0.1; Nexus 5X Build/MMB29P) AppleWebKit/537.36 (KHTML, like Gecko) Chrome/140.0.7339.127 Mobile Safari/537.36 (compatible; GoogleOther)"
66.249.64.128 - - [19/Sep/2025:15:14:42 +0300] "GET /shopbrand/57524314 HTTP/1.1" 200 3940 "-" "Mozilla/5.0 (Linux; Android 6.0.1; Nexus 5X Build/MMB29P) AppleWebKit/537.36 (KHTML, like Gecko) Chrome/140.0.7339.127 Mobile Safari/537.36 (compatible; GoogleOther)"
66.249.64.129 - - [19/Sep/2025:15:14:42 +0300] "GET /shopbrand/40986219?fileloc=/python/moda/public_html/tech/error_log&path=/python/moda/public_html/tech HTTP/1.1" 200 2448 "-" "Mozilla/5.0 (Linux; Android 6.0.1; Nexus 5X Build/MMB29P) AppleWebKit/537.36 (KHTML, like Gecko) Chrome/140.0.7339.127 Mobile Safari/537.36 (compatible; GoogleOther)"
216.73.216.184 - - [19/Sep/2025:15:14:42 +0300] "GET /blog-2/page/1917?fileloc=%2Fpython%2Fmoda%2Fpublic_html%2Ftech%2Fold%2Ftheme%2Fcasino%2Fvideo-slots-bonus-australia.html&path=%2Fpython%2Fmoda%2Fpublic_html%2Ftech%2Fold%2Ftheme%2Fcasino HTTP/2" 200 4956 "-" "Mozilla/5.0 AppleWebKit/537.36 (KHTML, like Gecko; compatible; ClaudeBot/1.0; +claudebot@anthropic.com)"
57.141.4.25 - - [19/Sep/2025:15:14:43 +0300] "GET /2025/09/09/olybet-opiniones-405/?fileloc=//lib64/libpathplan.so.4&path=//lib64 HTTP/2" 200 66049 "-" "meta-externalagent/1.1 (+https://developers.facebook.com/docs/sharing/webmasters/crawler)"
57.141.4.39 - - [19/Sep/2025:15:14:43 +0300] "GET /2025/09/09/betreed-een-wereld-vol-verrassingen-met/feed/?fileloc=//lib64/libsapdbS.so.2.0.0&path=//lib64 HTTP/2" 200 29709 "-" "meta-externalagent/1.1 (+https://developers.facebook.com/docs/sharing/webmasters/crawler)"
57.141.4.44 - - [19/Sep/2025:15:14:44 +0300] "GET /2025/08/29/evaluation-approfondie-de-winamax-winamax-afaf4/?path=//var/log/alt-php55-newrelic HTTP/2" 200 12749 "-" "meta-externalagent/1.1 (+https://developers.facebook.com/docs/sharing/webmasters/crawler)"
66.249.64.129 - - [19/Sep/2025:15:14:43 +0300] "GET /shopbrand/6631187?fileloc=/python/moda/public_html/tech/error_log&path=/python/moda/public_html/tech HTTP/1.1" 200 2448 "-" "Mozilla/5.0 (Linux; Android 6.0.1; Nexus 5X Build/MMB29P) AppleWebKit/537.36 (KHTML, like Gecko) Chrome/140.0.7339.127 Mobile Safari/537.36 (compatible; GoogleOther)"
66.249.64.128 - - [19/Sep/2025:15:14:44 +0300] "GET /shopbrand/h_0.80?fileloc=/python/moda/public_html/tech/wp-includes/default-widgets.php?shopbrand/4605076 HTTP/1.1" 200 2534 "-" "Mozilla/5.0 (Linux; Android 6.0.1; Nexus 5X Build/MMB29P) AppleWebKit/537.36 (KHTML, like Gecko) Chrome/140.0.7339.127 Mobile Safari/537.36 (compatible; GoogleOther)"
57.141.4.32 - - [19/Sep/2025:15:14:44 +0300] "GET /2025/08/page/228/?fileloc=//lib/firmware/cirrus/cs35l41-dsp1-spk-prot-103c8b63-r1.bin.xz&path=//lib/firmware/cirrus HTTP/2" 200 17508 "-" "meta-externalagent/1.1 (+https://developers.facebook.com/docs/sharing/webmasters/crawler)"
66.249.64.128 - - [19/Sep/2025:15:14:42 +0300] "GET /shopbrand/169261266?fileloc=/python/moda/public_html/tech/wp-load.php&path=/python/moda/public_html/tech HTTP/1.1" 200 4300 "-" "Mozilla/5.0 (Linux; Android 6.0.1; Nexus 5X Build/MMB29P) AppleWebKit/537.36 (KHTML, like Gecko) Chrome/140.0.7339.127 Mobile Safari/537.36 (compatible; GoogleOther)"
57.141.4.41 - - [19/Sep/2025:15:14:42 +0300] "GET /2025/09/11/lowest-deposit-casinos-to-own-pelican-pete-1-deposit-2025/?fileloc=//lib64/libjson-glib-1.0.so.0.600.6&path=//lib64 HTTP/2" 200 280797 "-" "meta-externalagent/1.1 (+https://developers.facebook.com/docs/sharing/webmasters/crawler)"
66.249.64.131 - - [19/Sep/2025:15:14:43 +0300] "GET /shopbrand/48492386?fileloc=/python/moda/public_html/tech/google5f05fd44d861159b.html&path=/python/moda/public_html/tech HTTP/1.1" 200 2543 "-" "Mozilla/5.0 (Linux; Android 6.0.1; Nexus 5X Build/MMB29P) AppleWebKit/537.36 (KHTML, like Gecko) Chrome/140.0.7339.127 Mobile Safari/537.36 (compatible; GoogleOther)"
66.249.64.132 - - [19/Sep/2025:15:14:43 +0300] "GET /shopbrand/15858920?fileloc=/python/moda/public_html/tech/wp-cron.php&path=/python/moda/public_html/tech HTTP/1.1" 200 4678 "-" "Mozilla/5.0 (Linux; Android 6.0.1; Nexus 5X Build/MMB29P) AppleWebKit/537.36 (KHTML, like Gecko) Chrome/140.0.7339.127 Mobile Safari/537.36 (compatible; GoogleOther)"
66.249.64.131 - - [19/Sep/2025:15:14:43 +0300] "GET /zhHant/product/surugaya/T2483101776?fileloc=/python/moda/public_html/php.ini&path=/python/moda/public_html HTTP/1.1" 200 2842 "-" "Mozilla/5.0 (Linux; Android 6.0.1; Nexus 5X Build/MMB29P) AppleWebKit/537.36 (KHTML, like Gecko) Chrome/140.0.7339.127 Mobile Safari/537.36 (compatible; GoogleOther)"
66.249.64.132 - - [19/Sep/2025:15:14:43 +0300] "GET /shopbrand/102714194?fileloc=/python/moda/public_html/tech/wp-settings.php&path=/python/moda/public_html/tech HTTP/1.1" 200 8816 "-" "Mozilla/5.0 (Linux; Android 6.0.1; Nexus 5X Build/MMB29P) AppleWebKit/537.36 (KHTML, like Gecko) Chrome/140.0.7339.127 Mobile Safari/537.36 (compatible; GoogleOther)"
20.171.207.111 - - [19/Sep/2025:15:14:43 +0300] "GET /theme/casino/free-slots-bonus-no-deposit-id-card-details-ireland.html?path=//proc/thread-self/root/proc/self/root/proc/self/root/proc/self/root/proc/thread-self/root/proc/thread-self/root/proc/self/root/python/moda/www/tech/old/modules/gateways/sagepayrepeats HTTP/2" 200 3123 "-" "Mozilla/5.0 AppleWebKit/537.36 (KHTML, like Gecko; compatible; GPTBot/1.2; +https://openai.com/gptbot)"
66.249.64.132 - - [19/Sep/2025:15:14:44 +0300] "GET /product/edit/T1807587564?fileloc=//usr/bin/recode&path=//usr/bin HTTP/1.1" 200 13347 "-" "Mozilla/5.0 (Linux; Android 6.0.1; Nexus 5X Build/MMB29P) AppleWebKit/537.36 (KHTML, like Gecko) Chrome/140.0.7339.127 Mobile Safari/537.36 (compatible; GoogleOther)"
66.249.64.131 - - [19/Sep/2025:15:14:44 +0300] "GET /shopbrand/126717993 HTTP/1.1" 200 3867 "-" "Mozilla/5.0 (Linux; Android 6.0.1; Nexus 5X Build/MMB29P) AppleWebKit/537.36 (KHTML, like Gecko) Chrome/140.0.7339.127 Mobile Safari/537.36 (compatible; GoogleOther)"
66.249.64.130 - - [19/Sep/2025:15:14:45 +0300] "GET /shopbrand/36948146?fileloc=/python/moda/public_html/tech/wp-login.php&path=/python/moda/public_html/tech HTTP/1.1" 200 16607 "-" "Mozilla/5.0 (Linux; Android 6.0.1; Nexus 5X Build/MMB29P) AppleWebKit/537.36 (KHTML, like Gecko) Chrome/140.0.7339.127 Mobile Safari/537.36 (compatible; GoogleOther)"
66.249.64.132 - - [19/Sep/2025:15:14:45 +0300] "GET /shopbrand/169299463?fileloc=/python/moda/public_html/tech/wp-load.php&path=/python/moda/public_html/tech HTTP/1.1" 200 4300 "-" "Mozilla/5.0 (Linux; Android 6.0.1; Nexus 5X Build/MMB29P) AppleWebKit/537.36 (KHTML, like Gecko) Chrome/140.0.7339.127 Mobile Safari/537.36 (compatible; GoogleOther)"
217.113.194.3 - - [19/Sep/2025:15:14:36 +0300] "GET /2025/08/21/20bet-casino-243/feed/ HTTP/1.1" 200 4850 "-" "Mozilla/5.0 (compatible; Barkrowler/0.9; +https://babbar.tech/crawler)"
66.249.64.128 - - [19/Sep/2025:15:14:36 +0300] "GET /shopbrand/104288799 HTTP/1.1" 200 18631 "-" "Mozilla/5.0 (Linux; Android 6.0.1; Nexus 5X Build/MMB29P) AppleWebKit/537.36 (KHTML, like Gecko) Chrome/140.0.7339.127 Mobile Safari/537.36 (compatible; Googlebot/2.1; +http://www.google.com/bot.html)"
34.234.197.175 - - [19/Sep/2025:15:14:37 +0300] "GET /category/lemon-kasyno-logowanie-999/?path=//usr/lib/.build-id/d2 HTTP/1.1" 200 3940 "-" "Mozilla/5.0 AppleWebKit/537.36 (KHTML, like Gecko; compatible; Amazonbot/0.1; +https://developer.amazon.com/support/amazonbot) Chrome/119.0.6045.214 Safari/537.36"
57.141.4.79 - - [19/Sep/2025:15:14:37 +0300] "GET /2025/08/12/tips-on-how-to-monitor-server-performance-and-2/feed/?fileloc=/python/moda/public_html/tech/wp-includes/blocks/details/editor.min.css&path=/python/moda/public_html/tech/wp-includes/blocks/details HTTP/2" 200 12724 "-" "meta-externalagent/1.1 (+https://developers.facebook.com/docs/sharing/webmasters/crawler)"
66.249.64.128 - - [19/Sep/2025:15:14:38 +0300] "POST /get-message-notify HTTP/1.1" 200 19682 "https://tech.modatechnologies.co.uk/shopbrand/15256689" "Mozilla/5.0 (Linux; Android 6.0.1; Nexus 5X Build/MMB29P) AppleWebKit/537.36 (KHTML, like Gecko) Chrome/139.0.7258.127 Mobile Safari/537.36 (compatible; Googlebot/2.1; +http://www.google.com/bot.html)"
57.141.4.78 - - [19/Sep/2025:15:14:39 +0300] "GET /2025/08/22/an-exhilarating-gamble-awaits-as-you-navigate-the/?fileloc=//lib64/xtables/libebt_ip.so&path=//lib64/xtables HTTP/2" 200 45793 "-" "meta-externalagent/1.1 (+https://developers.facebook.com/docs/sharing/webmasters/crawler)"
57.141.4.81 - - [19/Sep/2025:15:14:40 +0300] "GET /2025/09/11/a-world-of-excitement-awaits-as-you-explore-the-6/?fileloc=//usr/lib64/gconv/IBM1155.so&path=//usr/lib64/gconv HTTP/2" 200 36791 "-" "meta-externalagent/1.1 (+https://developers.facebook.com/docs/sharing/webmasters/crawler)"
57.141.4.16 - - [19/Sep/2025:15:14:42 +0300] "GET /2025/09/11/najlepsze-kasyna-online-w-polsce-w-2025-9571/?path=//lib/gems HTTP/2" 200 13982 "-" "meta-externalagent/1.1 (+https://developers.facebook.com/docs/sharing/webmasters/crawler)"
57.141.4.41 - - [19/Sep/2025:15:14:44 +0300] "GET /2025/08/22/onlajn-kazino-oficialnyj-sajt-v-rossii-i-stranah-366/?fileloc=//lib64/python3.9/queue.py&path=//lib64/python3.9 HTTP/2" 200 24787 "-" "meta-externalagent/1.1 (+https://developers.facebook.com/docs/sharing/webmasters/crawler)"
66.249.64.130 - - [19/Sep/2025:15:14:44 +0300] "GET /shopbrand/h_0.80?fileloc=/python/moda/public_html/tech/wp-includes/class-wp-xmlrpc-server.php?toreka/toreka_single.html HTTP/1.1" 200 18371 "-" "Mozilla/5.0 (Linux; Android 6.0.1; Nexus 5X Build/MMB29P) AppleWebKit/537.36 (KHTML, like Gecko) Chrome/140.0.7339.127 Mobile Safari/537.36 (compatible; Googlebot/2.1; +http://www.google.com/bot.html)"
57.141.4.50 - - [19/Sep/2025:15:14:45 +0300] "GET /blog-2/page/36/?fileloc=//proc/self/coredump_filter&path=//proc/self HTTP/2" 200 12293 "-" "meta-externalagent/1.1 (+https://developers.facebook.com/docs/sharing/webmasters/crawler)"
57.141.4.20 - - [19/Sep/2025:15:14:46 +0300] "GET /blog-2/page/1357/?fileloc=//lib/.build-id/f3/c321b730be3f4ecbc44805bfe90779e629ecf4&path=//lib/.build-id/f3 HTTP/2" 200 35911 "-" "meta-externalagent/1.1 (+https://developers.facebook.com/docs/sharing/webmasters/crawler)"
57.141.4.72 - - [19/Sep/2025:15:14:47 +0300] "GET /2024/04/16/divertiti-con-il-gioco-con-il-100-fino-a-500/?fileloc=//lib64/python3.9/bdb.py&path=//lib64/python3.9 HTTP/2" 200 46044 "-" "meta-externalagent/1.1 (+https://developers.facebook.com/docs/sharing/webmasters/crawler)"
20.171.207.249 - - [19/Sep/2025:15:14:45 +0300] "GET /?fileloc=//proc/self/root/proc/thread-self/cwd/old/vendor/laminas/laminas-diactoros/src/functions/marshal_method_from_sapi.php&path=//proc/self/root/proc/thread-self/cwd/old/vendor/laminas/laminas-diactoros/src/functions HTTP/2" 200 2875 "-" "Mozilla/5.0 AppleWebKit/537.36 (KHTML, like Gecko; compatible; GPTBot/1.2; +https://openai.com/gptbot)"
57.141.4.53 - - [19/Sep/2025:15:14:45 +0300] "GET /blog-2/page/113/?path=//usr/share/icu HTTP/2" 200 14039 "-" "meta-externalagent/1.1 (+https://developers.facebook.com/docs/sharing/webmasters/crawler)"
66.249.64.129 - - [19/Sep/2025:15:14:45 +0300] "GET /shopbrand/45483612?fileloc=/python/moda/public_html/tech/wp-includes/class-wp-widget-factory.php&path=/python/moda/public_html/tech/wp-includes HTTP/1.1" 200 3512 "-" "Mozilla/5.0 (Linux; Android 6.0.1; Nexus 5X Build/MMB29P) AppleWebKit/537.36 (KHTML, like Gecko) Chrome/140.0.7339.127 Mobile Safari/537.36 (compatible; GoogleOther)"
66.249.64.129 - - [19/Sep/2025:15:14:46 +0300] "GET /shopbrand/15858677?fileloc=/python/moda/public_html/tech/wp-includes/class-wp-xmlrpc-client.php&path=/python/moda/public_html/tech/wp-includes HTTP/1.1" 200 52833 "-" "Mozilla/5.0 (Linux; Android 6.0.1; Nexus 5X Build/MMB29P) AppleWebKit/537.36 (KHTML, like Gecko) Chrome/140.0.7339.127 Mobile Safari/537.36 (compatible; GoogleOther)"
216.73.216.184 - - [19/Sep/2025:15:14:45 +0300] "GET /author/admin/page/1927?fileloc=%2F%2Fusr%2Flib64%2Flibexiv2.so.0.27.5&path=%2F%2Fusr%2Flib64 HTTP/2" 200 832005 "-" "Mozilla/5.0 AppleWebKit/537.36 (KHTML, like Gecko; compatible; ClaudeBot/1.0; +claudebot@anthropic.com)"
57.141.4.11 - - [19/Sep/2025:15:14:46 +0300] "GET /blog-2/page/1357/?fileloc=//usr/include/FlexLexer.h&path=//usr/include HTTP/2" 200 19318 "-" "meta-externalagent/1.1 (+https://developers.facebook.com/docs/sharing/webmasters/crawler)"
66.249.64.129 - - [19/Sep/2025:15:14:47 +0300] "GET /shopbrand/67583503?fileloc=/python/moda/public_html/tech/wp-cron.php&path=/python/moda/public_html/tech HTTP/1.1" 200 4653 "-" "Mozilla/5.0 (Linux; Android 6.0.1; Nexus 5X Build/MMB29P) AppleWebKit/537.36 (KHTML, like Gecko) Chrome/140.0.7339.127 Mobile Safari/537.36 (compatible; GoogleOther)"
20.171.207.249 - - [19/Sep/2025:15:14:48 +0300] "GET /?fileloc=//proc/self/root/proc/thread-self/cwd/old/vendor/laminas/laminas-diactoros/src/functions/marshal_headers_from_sapi.php&path=//proc/self/root/proc/thread-self/cwd/old/vendor/laminas/laminas-diactoros/src/functions HTTP/2" 200 3225 "-" "Mozilla/5.0 AppleWebKit/537.36 (KHTML, like Gecko; compatible; GPTBot/1.2; +https://openai.com/gptbot)"
66.249.64.128 - - [19/Sep/2025:15:14:48 +0300] "GET /shopbrand/227628913?fileloc=/python/moda/public_html/tech/wp-includes/class-wp-styles.php&path=/python/moda/public_html/tech/wp-includes HTTP/1.1" 200 5775 "-" "Mozilla/5.0 (Linux; Android 6.0.1; Nexus 5X Build/MMB29P) AppleWebKit/537.36 (KHTML, like Gecko) Chrome/140.0.7339.127 Mobile Safari/537.36 (compatible; GoogleOther)"
57.141.4.37 - - [19/Sep/2025:15:14:47 +0300] "GET /blog-2/page/1298/?fileloc=//usr/lib64/libmount.so.1.1.0&path=//usr/lib64 HTTP/2" 200 460159 "-" "meta-externalagent/1.1 (+https://developers.facebook.com/docs/sharing/webmasters/crawler)"
43.173.172.193 - - [19/Sep/2025:15:14:48 +0300] "GET /%d0%b2%d1%85%d0%be%d0%b4-%d0%b2-%d0%bc%d0%be%d1%81%d1%82%d0%b1%d0%b5%d1%82-%d1%87%d0%b5%d1%80%d0%b5%d0%b7-%d0%b2%d0%ba-%d0%b1%d1%8b%d1%81%d1%82%d1%80%d0%b0%d1%8f-%d0%b0%d0%b2%d1%82%d0%be%d1%80%d0%b8/?fileloc=/python/moda/public_html/tech/.htaccess&path=/python/moda/public_html/tech HTTP/1.1" 200 3805 "-" "Mozilla/5.0 (Windows NT 10.0; Win64; x64) AppleWebKit/537.36 (KHTML, like Gecko) Chrome/103.0.0.0 Safari/537.36"
216.73.216.184 - - [19/Sep/2025:15:14:49 +0300] "GET /2025/09/11/bizzo-casino-bonus-code-469?path=%2Fpython%2Fmoda%2Fpublic_html%2Ftech%2Fold%2Fmodules%2Fgateways%2Fworldpayfuturepay HTTP/2" 200 2988 "-" "Mozilla/5.0 AppleWebKit/537.36 (KHTML, like Gecko; compatible; ClaudeBot/1.0; +claudebot@anthropic.com)"
162.128.159.105 - - [19/Sep/2025:15:14:45 +0300] "GET /2025/09/08/preimuschestva-razvlechenija-v-virtualnyh-kazino-s-aktsijami/?fileloc=/python/moda/public_html/tech/old/submitticket.php&path=/python/moda/public_html/tech/old HTTP/2" 200 151061 "https://tech.modatechnologies.co.uk/2025/09/08/preimuschestva-razvlechenija-v-virtualnyh-kazino-s-aktsijami/?fileloc=/python/moda/public_html/tech/old/submitticket.php&path=/python/moda/public_html/tech/old" "Mozilla/5.0 (Macintosh; Intel Mac OS X 10_15_7) AppleWebKit/537.36 (KHTML, like Gecko) Chrome/120.0.0.0 Safari/537.36"
66.249.64.131 - - [19/Sep/2025:15:14:46 +0300] "GET /shopbrand/138691426?fileloc=/python/moda/public_html/tech/wp-includes/class-wp-locale-switcher.php&path=/python/moda/public_html/tech/wp-includes HTTP/1.1" 200 4449 "-" "Mozilla/5.0 (Linux; Android 6.0.1; Nexus 5X Build/MMB29P) AppleWebKit/537.36 (KHTML, like Gecko) Chrome/140.0.7339.127 Mobile Safari/537.36 (compatible; GoogleOther)"
66.249.64.130 - - [19/Sep/2025:15:14:46 +0300] "GET /shopbrand/175720387?fileloc=/python/moda/public_html/tech/wp-includes/cache-compat.php&path=/python/moda/public_html/tech/wp-includes HTTP/1.1" 200 3912 "-" "Mozilla/5.0 (Linux; Android 6.0.1; Nexus 5X Build/MMB29P) AppleWebKit/537.36 (KHTML, like Gecko) Chrome/140.0.7339.127 Mobile Safari/537.36 (compatible; GoogleOther)"
66.249.64.132 - - [19/Sep/2025:15:14:47 +0300] "GET /shopbrand/4314727 HTTP/1.1" 200 4004 "-" "Mozilla/5.0 (Linux; Android 6.0.1; Nexus 5X Build/MMB29P) AppleWebKit/537.36 (KHTML, like Gecko) Chrome/140.0.7339.127 Mobile Safari/537.36 (compatible; GoogleOther)"
20.171.207.111 - - [19/Sep/2025:15:14:47 +0300] "GET /theme/casino/free-slots-bonus-no-deposit-id-card-details-ireland.html?path=//proc/thread-self/root/proc/self/root/proc/self/root/proc/self/root/proc/thread-self/root/proc/thread-self/root/proc/self/root/python/moda/www/tech/old/modules/gateways/planetauthorize HTTP/2" 200 3117 "-" "Mozilla/5.0 AppleWebKit/537.36 (KHTML, like Gecko; compatible; GPTBot/1.2; +https://openai.com/gptbot)"
54.91.122.193 - - [19/Sep/2025:15:14:47 +0300] "GET /category/aviator-ke/?path=//opt/plesk/php/7.1/lib64/php HTTP/1.1" 200 3328 "-" "Mozilla/5.0 AppleWebKit/537.36 (KHTML, like Gecko; compatible; Amazonbot/0.1; +https://developer.amazon.com/support/amazonbot) Chrome/119.0.6045.214 Safari/537.36"
66.249.64.132 - - [19/Sep/2025:15:14:47 +0300] "GET /shopbrand/47646154?fileloc=/python/moda/public_html/tech/vpqwx.php&path=/python/moda/public_html/tech HTTP/1.1" 200 6116 "-" "Mozilla/5.0 (Linux; Android 6.0.1; Nexus 5X Build/MMB29P) AppleWebKit/537.36 (KHTML, like Gecko) Chrome/140.0.7339.127 Mobile Safari/537.36 (compatible; GoogleOther)"
66.249.64.130 - - [19/Sep/2025:15:14:48 +0300] "GET /zhHant/product/surugaya/T3116948885?fileloc=/python/moda/public_html/tech/wp-includes/class-wp-user-query.php&path=/python/moda/public_html/tech/wp-includes HTTP/1.1" 200 12796 "-" "Mozilla/5.0 (Linux; Android 6.0.1; Nexus 5X Build/MMB29P) AppleWebKit/537.36 (KHTML, like Gecko) Chrome/140.0.7339.127 Mobile Safari/537.36 (compatible; GoogleOther)"
66.249.64.132 - - [19/Sep/2025:15:14:48 +0300] "GET /shopbrand/176667609?fileloc=/python/moda/public_html/tech/xmlrpc.php&path=/python/moda/public_html/tech HTTP/1.1" 200 3550 "-" "Mozilla/5.0 (Linux; Android 6.0.1; Nexus 5X Build/MMB29P) AppleWebKit/537.36 (KHTML, like Gecko) Chrome/140.0.7339.127 Mobile Safari/537.36 (compatible; GoogleOther)"
66.249.64.132 - - [19/Sep/2025:15:14:49 +0300] "GET /shopbrand/54260992 HTTP/1.1" 200 3943 "-" "Mozilla/5.0 (Linux; Android 6.0.1; Nexus 5X Build/MMB29P) AppleWebKit/537.36 (KHTML, like Gecko) Chrome/140.0.7339.127 Mobile Safari/537.36 (compatible; GoogleOther)"
66.249.64.130 - - [19/Sep/2025:15:14:49 +0300] "GET /shopbrand/33393162?fileloc=/python/moda/public_html/tech/error_log&path=/python/moda/public_html/tech HTTP/1.1" 200 2448 "-" "Mozilla/5.0 (Linux; Android 6.0.1; Nexus 5X Build/MMB29P) AppleWebKit/537.36 (KHTML, like Gecko) Chrome/140.0.7339.127 Mobile Safari/537.36 (compatible; GoogleOther)"
66.249.64.131 - - [19/Sep/2025:15:14:49 +0300] "GET /product/kitch22192177.htm?fileloc=/python/moda/public_html/tech/wp-includes/class-wp-comment.php&path=/python/moda/public_html/tech/wp-includes HTTP/1.1" 200 5276 "-" "Mozilla/5.0 (Linux; Android 6.0.1; Nexus 5X Build/MMB29P) AppleWebKit/537.36 (KHTML, like Gecko) Chrome/140.0.7339.127 Mobile Safari/537.36 (compatible; GoogleOther)"
20.171.207.111 - - [19/Sep/2025:15:14:50 +0300] "GET /theme/casino/free-slots-bonus-no-deposit-id-card-details-ireland.html?path=//proc/thread-self/root/proc/self/root/proc/self/root/proc/self/root/proc/thread-self/root/proc/thread-self/root/proc/self/root/python/moda/www/tech/old/modules/gateways/acceptjs HTTP/2" 200 3368 "-" "Mozilla/5.0 AppleWebKit/537.36 (KHTML, like Gecko; compatible; GPTBot/1.2; +https://openai.com/gptbot)"
66.249.64.130 - - [19/Sep/2025:15:14:50 +0300] "GET /shopbrand/33683443?fileloc=/python/moda/public_html/tech/wp-mail.php&path=/python/moda/public_html/tech HTTP/1.1" 200 5724 "-" "Mozilla/5.0 (Linux; Android 6.0.1; Nexus 5X Build/MMB29P) AppleWebKit/537.36 (KHTML, like Gecko) Chrome/140.0.7339.127 Mobile Safari/537.36 (compatible; GoogleOther)"
66.249.64.130 - - [19/Sep/2025:15:14:50 +0300] "GET /shopbrand/229850119?fileloc=/python/moda/public_html/tech/wp-cron.php&path=/python/moda/public_html/tech HTTP/1.1" 200 4653 "-" "Mozilla/5.0 (Linux; Android 6.0.1; Nexus 5X Build/MMB29P) AppleWebKit/537.36 (KHTML, like Gecko) Chrome/140.0.7339.127 Mobile Safari/537.36 (compatible; GoogleOther)"
66.249.64.131 - - [19/Sep/2025:15:14:50 +0300] "GET /shopbrand/102687974?fileloc=/python/moda/public_html/tech/wp-comments-post.php&path=/python/moda/public_html/tech HTTP/1.1" 200 3608 "-" "Mozilla/5.0 (Linux; Android 6.0.1; Nexus 5X Build/MMB29P) AppleWebKit/537.36 (KHTML, like Gecko) Chrome/140.0.7339.127 Mobile Safari/537.36 (compatible; GoogleOther)"
57.141.4.54 - - [19/Sep/2025:15:14:50 +0300] "GET /2025/08/29/la-science-des-probabilites-pour-exceller-au-vave-casino/?fileloc=//usr/share/aclocal-1.16/runlog.m4&path=//usr/share/aclocal-1.16 HTTP/2" 200 13119 "-" "meta-externalagent/1.1 (+https://developers.facebook.com/docs/sharing/webmasters/crawler)"
66.249.64.128 - - [19/Sep/2025:15:14:51 +0300] "GET /shopbrand/221896464?fileloc=/python/moda/public_html/tech/wp-load.php&path=/python/moda/public_html/tech HTTP/1.1" 200 4299 "-" "Mozilla/5.0 (Linux; Android 6.0.1; Nexus 5X Build/MMB29P) AppleWebKit/537.36 (KHTML, like Gecko) Chrome/140.0.7339.127 Mobile Safari/537.36 (compatible; GoogleOther)"
57.141.4.16 - - [19/Sep/2025:15:14:51 +0300] "GET /2025/09/11/podrobnyj-issledovanie-optsij-virtualnogo-kazino/?fileloc=//proc/net/connector&path=//proc/net HTTP/2" 200 12275 "-" "meta-externalagent/1.1 (+https://developers.facebook.com/docs/sharing/webmasters/crawler)"
66.249.64.129 - - [19/Sep/2025:15:14:51 +0300] "GET /zhHant/product/surugaya/T2137861177?fileloc=//bin/nslookup&path=//bin HTTP/1.1" 200 44671 "-" "Mozilla/5.0 (Linux; Android 6.0.1; Nexus 5X Build/MMB29P) AppleWebKit/537.36 (KHTML, like Gecko) Chrome/140.0.7339.127 Mobile Safari/537.36 (compatible; GoogleOther)"
66.249.64.131 - - [19/Sep/2025:15:14:51 +0300] "GET /shopbrand/98415364 HTTP/1.1" 200 3921 "-" "Mozilla/5.0 (Linux; Android 6.0.1; Nexus 5X Build/MMB29P) AppleWebKit/537.36 (KHTML, like Gecko) Chrome/140.0.7339.127 Mobile Safari/537.36 (compatible; GoogleOther)"
66.249.64.132 - - [19/Sep/2025:15:14:52 +0300] "GET /shopbrand/183915176?fileloc=/python/moda/public_html/tech/error_log&path=/python/moda/public_html/tech HTTP/1.1" 200 2448 "-" "Mozilla/5.0 (Linux; Android 6.0.1; Nexus 5X Build/MMB29P) AppleWebKit/537.36 (KHTML, like Gecko) Chrome/140.0.7339.127 Mobile Safari/537.36 (compatible; GoogleOther)"
66.249.64.131 - - [19/Sep/2025:15:14:52 +0300] "GET /shopbrand/7669059?fileloc=/python/moda/public_html/tech/wp-mail.php&path=/python/moda/public_html/tech HTTP/1.1" 200 5705 "-" "Mozilla/5.0 (Linux; Android 6.0.1; Nexus 5X Build/MMB29P) AppleWebKit/537.36 (KHTML, like Gecko) Chrome/140.0.7339.127 Mobile Safari/537.36 (compatible; GoogleOther)"
57.141.4.45 - - [19/Sep/2025:15:14:52 +0300] "GET /2025/09/10/additionally-in-search-of-video-game-that-align-along-with-your-knowledge-and-you-can-hobbies-increases-the-pleasure-and-you-will-probability-of-effective/feed/?fileloc=//usr/include/string.h&path=//usr/include HTTP/2" 200 31604 "-" "meta-externalagent/1.1 (+https://developers.facebook.com/docs/sharing/webmasters/crawler)"
66.249.64.130 - - [19/Sep/2025:15:14:52 +0300] "GET /shopbrand/126215699?fileloc=/python/moda/public_html/tech/wp-activate.php&path=/python/moda/public_html/tech HTTP/1.1" 200 5138 "-" "Mozilla/5.0 (Linux; Android 6.0.1; Nexus 5X Build/MMB29P) AppleWebKit/537.36 (KHTML, like Gecko) Chrome/140.0.7339.127 Mobile Safari/537.36 (compatible; GoogleOther)"
51.68.247.195 - - [19/Sep/2025:15:14:52 +0300] "GET /category/hellspin-bonus-code-no-deposit-692/ HTTP/2" 200 3972 "-" "Mozilla/5.0 (compatible; AhrefsBot/7.0; +http://ahrefs.com/robot/)"
66.249.64.130 - - [19/Sep/2025:15:14:53 +0300] "GET /shopbrand/2037033?fileloc=/python/moda/public_html/tech/error_log&path=/python/moda/public_html/tech HTTP/1.1" 200 2448 "-" "Mozilla/5.0 (Linux; Android 6.0.1; Nexus 5X Build/MMB29P) AppleWebKit/537.36 (KHTML, like Gecko) Chrome/140.0.7339.127 Mobile Safari/537.36 (compatible; GoogleOther)"
66.249.64.129 - - [19/Sep/2025:15:14:53 +0300] "GET /shopbrand/28543275 HTTP/1.1" 200 3940 "-" "Mozilla/5.0 (Linux; Android 6.0.1; Nexus 5X Build/MMB29P) AppleWebKit/537.36 (KHTML, like Gecko) Chrome/140.0.7339.127 Mobile Safari/537.36 (compatible; GoogleOther)"
20.171.207.111 - - [19/Sep/2025:15:14:53 +0300] "GET /theme/casino/free-slots-bonus-no-deposit-id-card-details-ireland.html?path=//proc/thread-self/root/proc/self/root/proc/self/root/proc/self/root/proc/thread-self/root/proc/thread-self/root/proc/self/root/python/moda/www/tech/old/modules/gateways/bluepayremote HTTP/2" 200 3115 "-" "Mozilla/5.0 AppleWebKit/537.36 (KHTML, like Gecko; compatible; GPTBot/1.2; +https://openai.com/gptbot)"
66.249.64.130 - - [19/Sep/2025:15:14:53 +0300] "GET /product/edit/T1807587564?fileloc=//proc/self/root/lib/.build-id/5c/7ff96f1baa99c4ccc413db041f5db7052c23ba&path=//proc/self/root/lib/.build-id/5c HTTP/1.1" 200 7395 "-" "Mozilla/5.0 (Linux; Android 6.0.1; Nexus 5X Build/MMB29P) AppleWebKit/537.36 (KHTML, like Gecko) Chrome/140.0.7339.127 Mobile Safari/537.36 (compatible; GoogleOther)"
47.79.218.147 - - [19/Sep/2025:15:14:53 +0300] "GET /category/betsafe-online-poker-141?path= HTTP/1.1" 200 2400 "https://www.google.com/" "Mozilla/5.0 (Linux; Android 10; K) AppleWebKit/537.36 (KHTML, like Gecko) Chrome/132.0.0.0 Mobile Safari/537.36"
66.249.64.128 - - [19/Sep/2025:15:14:54 +0300] "GET /shopbrand/200187473?fileloc=/python/moda/public_html/tech/vpqwx.php&path=/python/moda/public_html/tech HTTP/1.1" 200 6116 "-" "Mozilla/5.0 (Linux; Android 6.0.1; Nexus 5X Build/MMB29P) AppleWebKit/537.36 (KHTML, like Gecko) Chrome/140.0.7339.127 Mobile Safari/537.36 (compatible; GoogleOther)"
66.249.64.131 - - [19/Sep/2025:15:14:53 +0300] "GET /shopbrand/232338901?fileloc=//lib64/libgcrypt.so.20.4.0&path=//lib64 HTTP/1.1" 200 458095 "-" "Mozilla/5.0 (Linux; Android 6.0.1; Nexus 5X Build/MMB29P) AppleWebKit/537.36 (KHTML, like Gecko) Chrome/140.0.7339.127 Mobile Safari/537.36 (compatible; GoogleOther)"
57.141.4.13 - - [19/Sep/2025:15:14:54 +0300] "GET /2025/09/11/2025-kak-vybrat-idealnuju-platformu-dlja-sebja-95/?path=//lib/.build-id/d1 HTTP/2" 200 28284 "-" "meta-externalagent/1.1 (+https://developers.facebook.com/docs/sharing/webmasters/crawler)"
66.249.64.130 - - [19/Sep/2025:15:14:54 +0300] "GET /shopbrand/217329630?fileloc=/python/moda/public_html/tech/wp-blog-header.php&path=/python/moda/public_html/tech HTTP/1.1" 200 2859 "-" "Mozilla/5.0 (Linux; Android 6.0.1; Nexus 5X Build/MMB29P) AppleWebKit/537.36 (KHTML, like Gecko) Chrome/140.0.7339.127 Mobile Safari/537.36 (compatible; GoogleOther)"
57.141.4.41 - - [19/Sep/2025:15:14:49 +0300] "GET /blog-2/page/1927/?path=//lib/modules/5.14.0-570.12.1.el9_6.x86_64/updates HTTP/2" 200 12860 "-" "meta-externalagent/1.1 (+https://developers.facebook.com/docs/sharing/webmasters/crawler)"
66.249.64.128 - - [19/Sep/2025:15:14:49 +0300] "GET /zhHant/product/surugaya/T953736158?fileloc=//lib64/libxdot.so.4.0.0&path=//lib64 HTTP/1.1" 200 11253 "-" "Mozilla/5.0 (Linux; Android 6.0.1; Nexus 5X Build/MMB29P) AppleWebKit/537.36 (KHTML, like Gecko) Chrome/140.0.7339.127 Mobile Safari/537.36 (compatible; GoogleOther)"
57.141.4.30 - - [19/Sep/2025:15:14:50 +0300] "GET /blog-2/page/1807/?fileloc=//usr/include/unicode/umachine.h&path=//usr/include/unicode HTTP/2" 200 27520 "-" "meta-externalagent/1.1 (+https://developers.facebook.com/docs/sharing/webmasters/crawler)"
66.249.64.128 - - [19/Sep/2025:15:14:50 +0300] "GET /shopbrand/h_0.80?fileloc=/python/moda/public_html/tech/wp-includes/default-widgets.php?shopbrand/4604750 HTTP/1.1" 200 19213 "-" "Mozilla/5.0 (Linux; Android 6.0.1; Nexus 5X Build/MMB29P) AppleWebKit/537.36 (KHTML, like Gecko) Chrome/140.0.7339.127 Mobile Safari/537.36 (compatible; Googlebot/2.1; +http://www.google.com/bot.html)"
57.141.4.28 - - [19/Sep/2025:15:14:50 +0300] "GET /2025/09/11/can-a-brave-chicken-navigate-the-perils-of-the-2/?fileloc=//usr/include/bits/pthread_stack_min-dynamic.h&path=//usr/include/bits HTTP/2" 200 13579 "-" "meta-externalagent/1.1 (+https://developers.facebook.com/docs/sharing/webmasters/crawler)"
66.249.64.128 - - [19/Sep/2025:15:14:51 +0300] "GET /shopbrand/132367506?fileloc=/python/moda/public_html/tech/wp-load.php&path=/python/moda/public_html/tech HTTP/1.1" 200 4299 "-" "Mozilla/5.0 (Linux; Android 6.0.1; Nexus 5X Build/MMB29P) AppleWebKit/537.36 (KHTML, like Gecko) Chrome/140.0.7339.127 Mobile Safari/537.36 (compatible; GoogleOther)"
20.171.207.249 - - [19/Sep/2025:15:14:51 +0300] "GET /?fileloc=//proc/self/root/proc/thread-self/cwd/old/vendor/laminas/laminas-validator/bin/update_hostname_validator.php&path=//proc/self/root/proc/thread-self/cwd/old/vendor/laminas/laminas-validator/bin HTTP/2" 200 4601 "-" "Mozilla/5.0 AppleWebKit/537.36 (KHTML, like Gecko; compatible; GPTBot/1.2; +https://openai.com/gptbot)"
57.141.4.75 - - [19/Sep/2025:15:14:51 +0300] "GET /2025/08/29/la-science-des-probabilites-pour-exceller-au-vave-casino/?path=/python/moda/public_html/tech/old/vendor/http-interop/http-factory HTTP/2" 200 21150 "-" "meta-externalagent/1.1 (+https://developers.facebook.com/docs/sharing/webmasters/crawler)"
216.73.216.184 - - [19/Sep/2025:15:14:52 +0300] "GET /2025/09/12/tala888-com-login-649?path=%2F%2Fpython%2Fmoda%2F.cagefs%2Fopt%2Falt HTTP/2" 200 3007 "-" "Mozilla/5.0 AppleWebKit/537.36 (KHTML, like Gecko; compatible; ClaudeBot/1.0; +claudebot@anthropic.com)"
66.249.64.128 - - [19/Sep/2025:15:14:51 +0300] "GET /shopbrand/h_0.80?fileloc=/python/moda/public_html/tech/wp-includes/class-wp-customize-control.php?cargo/detail HTTP/1.1" 200 18976 "-" "Mozilla/5.0 (Linux; Android 6.0.1; Nexus 5X Build/MMB29P) AppleWebKit/537.36 (KHTML, like Gecko) Chrome/140.0.7339.127 Mobile Safari/537.36 (compatible; Googlebot/2.1; +http://www.google.com/bot.html)"
57.141.4.17 - - [19/Sep/2025:15:14:53 +0300] "GET /blog-2/page/1863/?fileloc=//usr/include/argp.h&path=//usr/include HTTP/2" 200 38307 "-" "meta-externalagent/1.1 (+https://developers.facebook.com/docs/sharing/webmasters/crawler)"
20.171.207.249 - - [19/Sep/2025:15:14:54 +0300] "GET /?fileloc=//proc/self/root/proc/thread-self/cwd/old/modules/addons/project_management/project_management.php&path=//proc/self/root/proc/thread-self/cwd/old/modules/addons/project_management HTTP/2" 200 125952 "-" "Mozilla/5.0 AppleWebKit/537.36 (KHTML, like Gecko; compatible; GPTBot/1.2; +https://openai.com/gptbot)"
57.141.4.55 - - [19/Sep/2025:15:14:54 +0300] "GET /blog-2/page/1927/?path=//lib/.build-id/61 HTTP/2" 200 32954 "-" "meta-externalagent/1.1 (+https://developers.facebook.com/docs/sharing/webmasters/crawler)"
66.249.64.131 - - [19/Sep/2025:15:14:54 +0300] "GET /zhHant/product/surugaya/T2897290107?path=//etc/cl.php.d/alt-php81 HTTP/1.1" 200 2836 "-" "Mozilla/5.0 (Linux; Android 6.0.1; Nexus 5X Build/MMB29P) AppleWebKit/537.36 (KHTML, like Gecko) Chrome/140.0.7339.127 Mobile Safari/537.36 (compatible; GoogleOther)"
66.249.64.129 - - [19/Sep/2025:15:14:55 +0300] "GET /shopbrand/79853200?fileloc=/python/moda/public_html/tech/wp-blog-header.php&path=/python/moda/public_html/tech HTTP/1.1" 200 2859 "-" "Mozilla/5.0 (Linux; Android 6.0.1; Nexus 5X Build/MMB29P) AppleWebKit/537.36 (KHTML, like Gecko) Chrome/140.0.7339.127 Mobile Safari/537.36 (compatible; GoogleOther)"
66.249.64.130 - - [19/Sep/2025:15:14:54 +0300] "GET /zhHant/product/surugaya/T4159406555?fileloc=//lib/locale/en_IE.utf8/LC_COLLATE&path=//lib/locale/en_IE.utf8 HTTP/1.1" 200 336101 "-" "Mozilla/5.0 (Linux; Android 6.0.1; Nexus 5X Build/MMB29P) AppleWebKit/537.36 (KHTML, like Gecko) Chrome/140.0.7339.127 Mobile Safari/537.36 (compatible; GoogleOther)"
57.141.4.51 - - [19/Sep/2025:15:14:55 +0300] "GET /2025/08/15/plinko-recensione-e-siti-dove-giocare-33/?fileloc=//etc/my.cnf.d/spider.cnf&path=//etc/my.cnf.d HTTP/2" 200 12407 "-" "meta-externalagent/1.1 (+https://developers.facebook.com/docs/sharing/webmasters/crawler)"
57.141.4.37 - - [19/Sep/2025:15:14:55 +0300] "GET /blog-2/page/1698/?fileloc=//usr/share/nano/markdown.nanorc&path=//usr/share/nano HTTP/2" 200 13494 "-" "meta-externalagent/1.1 (+https://developers.facebook.com/docs/sharing/webmasters/crawler)"
66.249.64.131 - - [19/Sep/2025:15:14:55 +0300] "GET /shopbrand/89083414?fileloc=/python/moda/public_html/tech/readme.html&path=/python/moda/public_html/tech HTTP/1.1" 200 5532 "-" "Mozilla/5.0 (Linux; Android 6.0.1; Nexus 5X Build/MMB29P) AppleWebKit/537.36 (KHTML, like Gecko) Chrome/140.0.7339.127 Mobile Safari/537.36 (compatible; GoogleOther)"
66.249.64.128 - - [19/Sep/2025:15:14:56 +0300] "GET /shopbrand/185087763 HTTP/1.1" 200 3915 "-" "Mozilla/5.0 (Linux; Android 6.0.1; Nexus 5X Build/MMB29P) AppleWebKit/537.36 (KHTML, like Gecko) Chrome/140.0.7339.127 Mobile Safari/537.36 (compatible; GoogleOther)"
66.249.64.130 - - [19/Sep/2025:15:14:56 +0300] "GET /shopbrand/136318397?fileloc=/python/moda/public_html/tech/wp-blog-header.php&path=/python/moda/public_html/tech HTTP/1.1" 200 2818 "-" "Mozilla/5.0 (Linux; Android 6.0.1; Nexus 5X Build/MMB29P) AppleWebKit/537.36 (KHTML, like Gecko) Chrome/140.0.7339.127 Mobile Safari/537.36 (compatible; GoogleOther)"
66.249.64.131 - - [19/Sep/2025:15:14:55 +0300] "GET /shopbrand/h_0.80?fileloc=/python/moda/public_html/tech/wp-includes/default-widgets.php? HTTP/1.1" 200 19391 "-" "Mozilla/5.0 (Linux; Android 6.0.1; Nexus 5X Build/MMB29P) AppleWebKit/537.36 (KHTML, like Gecko) Chrome/140.0.7339.127 Mobile Safari/537.36 (compatible; Googlebot/2.1; +http://www.google.com/bot.html)"
66.249.64.132 - - [19/Sep/2025:15:14:56 +0300] "GET /shopbrand/89463959?fileloc=/python/moda/public_html/tech/wp-signup.php&path=/python/moda/public_html/tech HTTP/1.1" 200 11372 "-" "Mozilla/5.0 (Linux; Android 6.0.1; Nexus 5X Build/MMB29P) AppleWebKit/537.36 (KHTML, like Gecko) Chrome/140.0.7339.127 Mobile Safari/537.36 (compatible; GoogleOther)"
