57.141.4.79 - - [19/Sep/2025:15:21:53 +0300] "GET /blog-2/page/1698/?fileloc=//usr/lib64/libpulse-simple.so.0&path=//usr/lib64 HTTP/2" 200 41812 "-" "meta-externalagent/1.1 (+https://developers.facebook.com/docs/sharing/webmasters/crawler)"
66.249.64.128 - - [19/Sep/2025:15:21:53 +0300] "GET /shopbrand/98418668?fileloc=//bin/gmake&path=//bin HTTP/1.1" 200 113740 "-" "Mozilla/5.0 (Linux; Android 6.0.1; Nexus 5X Build/MMB29P) AppleWebKit/537.36 (KHTML, like Gecko) Chrome/140.0.7339.127 Mobile Safari/537.36 (compatible; GoogleOther)"
66.249.64.132 - - [19/Sep/2025:15:21:55 +0300] "GET /shopbrand/198135581?fileloc=/python/moda/public_html/tech/wp-admin/js/auth-app.js&path=/python/moda/public_html/tech/wp-admin/js HTTP/1.1" 200 4540 "-" "Mozilla/5.0 (Linux; Android 6.0.1; Nexus 5X Build/MMB29P) AppleWebKit/537.36 (KHTML, like Gecko) Chrome/140.0.7339.127 Mobile Safari/537.36 (compatible; GoogleOther)"
57.141.4.52 - - [19/Sep/2025:15:21:54 +0300] "GET /2025/09/11/slottica-66-479/?fileloc=//lib64/python3.9/_pydecimal.py&path=//lib64/python3.9 HTTP/2" 200 268280 "-" "meta-externalagent/1.1 (+https://developers.facebook.com/docs/sharing/webmasters/crawler)"
66.249.64.130 - - [19/Sep/2025:15:21:56 +0300] "GET /zhHant/product/surugaya/h_390 HTTP/1.1" 200 3969 "-" "Mozilla/5.0 (Linux; Android 6.0.1; Nexus 5X Build/MMB29P) AppleWebKit/537.36 (KHTML, like Gecko) Chrome/140.0.7339.127 Mobile Safari/537.36 (compatible; GoogleOther)"
66.249.64.132 - - [19/Sep/2025:15:21:55 +0300] "GET /shopbrand/98418668?fileloc=//bin/gzexe&path=//bin HTTP/1.1" 200 5095 "-" "Mozilla/5.0 (Linux; Android 6.0.1; Nexus 5X Build/MMB29P) AppleWebKit/537.36 (KHTML, like Gecko) Chrome/140.0.7339.127 Mobile Safari/537.36 (compatible; GoogleOther)"
57.141.4.54 - - [19/Sep/2025:15:21:55 +0300] "GET /blog-2/page/530/?fileloc=//lib/firmware/cirrus/cs35l56-b0-dsp1-misc-10280ce3-spkid0.wmfw.xz&path=//lib/firmware/cirrus HTTP/2" 200 42796 "-" "meta-externalagent/1.1 (+https://developers.facebook.com/docs/sharing/webmasters/crawler)"
57.141.4.8 - - [19/Sep/2025:15:21:55 +0300] "GET /blog-2/page/1773/?fileloc=//lib/.build-id/f6/beb077ae3d1d1c8844efb9eb9fba5824b8ee8b&path=//lib/.build-id/f6 HTTP/2" 200 31472 "-" "meta-externalagent/1.1 (+https://developers.facebook.com/docs/sharing/webmasters/crawler)"
66.249.64.130 - - [19/Sep/2025:15:21:56 +0300] "GET /shopbrand/90037246?fileloc=/python/moda/public_html/tech/wp-cron.php&path=/python/moda/public_html/tech HTTP/1.1" 200 4653 "-" "Mozilla/5.0 (Linux; Android 6.0.1; Nexus 5X Build/MMB29P) AppleWebKit/537.36 (KHTML, like Gecko) Chrome/140.0.7339.127 Mobile Safari/537.36 (compatible; GoogleOther)"
57.141.4.44 - - [19/Sep/2025:15:21:57 +0300] "GET /blog-2/page/1437/?fileloc=//proc/irq/38/smp_affinity&path=//proc/irq/38 HTTP/2" 200 12322 "-" "meta-externalagent/1.1 (+https://developers.facebook.com/docs/sharing/webmasters/crawler)"
57.141.4.41 - - [19/Sep/2025:15:21:46 +0300] "GET /2025/09/11/slottica-jak-wyplacic-pieniadze-427/?fileloc=//usr/bin/ld&path=//usr/bin HTTP/2" 200 12264 "-" "meta-externalagent/1.1 (+https://developers.facebook.com/docs/sharing/webmasters/crawler)"
57.141.4.8 - - [19/Sep/2025:15:21:49 +0300] "GET /blog-2/page/1440/?fileloc=//usr/include/rdma/irdma-abi.h&path=//usr/include/rdma HTTP/2" 200 14730 "-" "meta-externalagent/1.1 (+https://developers.facebook.com/docs/sharing/webmasters/crawler)"
216.73.216.184 - - [19/Sep/2025:15:21:49 +0300] "GET /2025/09/12/deneme-bonusu-veren-siteler-en-gvenilir-bahis-772?fileloc=%2Fpython%2Fmoda%2Fpublic_html%2Ftech%2Fwp-includes%2Fjs%2Fdist%2Fi18n.min.js&path=%2Fpython%2Fmoda%2Fpublic_html%2Ftech%2Fwp-includes%2Fjs%2Fdist HTTP/2" 200 6469 "-" "Mozilla/5.0 AppleWebKit/537.36 (KHTML, like Gecko; compatible; ClaudeBot/1.0; +claudebot@anthropic.com)"
217.113.194.2 - - [19/Sep/2025:15:21:51 +0300] "GET /category/descargar-22bet-811/?path=/ HTTP/1.1" 200 3864 "-" "Mozilla/5.0 (compatible; Barkrowler/0.9; +https://babbar.tech/crawler)"
57.141.4.8 - - [19/Sep/2025:15:21:50 +0300] "GET /blog-2/page/1807/?fileloc=//usr/include/bits/posix1_lim.h&path=//usr/include/bits HTTP/2" 200 17589 "-" "meta-externalagent/1.1 (+https://developers.facebook.com/docs/sharing/webmasters/crawler)"
57.141.4.28 - - [19/Sep/2025:15:21:51 +0300] "GET /blog-2/page/1406/?path=//var/lib/mysql/heyp HTTP/2" 200 12769 "-" "meta-externalagent/1.1 (+https://developers.facebook.com/docs/sharing/webmasters/crawler)"
216.73.216.184 - - [19/Sep/2025:15:21:52 +0300] "GET /2025/09/11/hellspin-kod-bonusowy-bez-depozytu-962/feed?fileloc=%2Fpython%2Fmoda%2Fpublic_html%2Ftech%2Fwp-includes%2Fblocks%2Fmissing%2F.htaccess&path=%2Fpython%2Fmoda%2Fpublic_html%2Ftech%2Fwp-includes%2Fblocks%2Fmissing HTTP/2" 200 2663 "-" "Mozilla/5.0 AppleWebKit/537.36 (KHTML, like Gecko; compatible; ClaudeBot/1.0; +claudebot@anthropic.com)"
57.141.4.38 - - [19/Sep/2025:15:21:52 +0300] "GET /2025/08/page/54/?fileloc=//proc/thread-self/cgroup&path=//proc/thread-self HTTP/2" 200 12583 "-" "meta-externalagent/1.1 (+https://developers.facebook.com/docs/sharing/webmasters/crawler)"
66.249.64.128 - - [19/Sep/2025:15:21:52 +0300] "GET /product/terro62017549.htm HTTP/1.1" 200 18213 "-" "Mozilla/5.0 (Linux; Android 6.0.1; Nexus 5X Build/MMB29P) AppleWebKit/537.36 (KHTML, like Gecko) Chrome/140.0.7339.127 Mobile Safari/537.36 (compatible; Googlebot/2.1; +http://www.google.com/bot.html)"
66.249.64.128 - - [19/Sep/2025:15:21:55 +0300] "GET /shopbrand/207817706 HTTP/1.1" 200 3940 "-" "Mozilla/5.0 (Linux; Android 6.0.1; Nexus 5X Build/MMB29P) AppleWebKit/537.36 (KHTML, like Gecko) Chrome/140.0.7339.127 Mobile Safari/537.36 (compatible; GoogleOther)"
66.249.64.128 - - [19/Sep/2025:15:21:55 +0300] "GET /shopbrand/185193647?fileloc=/python/moda/public_html/tech/wp-includes/class-wp-block-styles-registry.php&path=/python/moda/public_html/tech/wp-includes HTTP/1.1" 200 4304 "-" "Mozilla/5.0 (Linux; Android 6.0.1; Nexus 5X Build/MMB29P) AppleWebKit/537.36 (KHTML, like Gecko) Chrome/140.0.7339.127 Mobile Safari/537.36 (compatible; GoogleOther)"
216.73.216.184 - - [19/Sep/2025:15:21:55 +0300] "GET /2025/09/12/20bet-%e5%85%a5%e9%87%91-898/feed?fileloc=%2Fpython%2Fmoda%2Fpublic_html%2Ftech%2Fwp-admin%2Fcss%2Fsite-icon.css&path=%2Fpython%2Fmoda%2Fpublic_html%2Ftech%2Fwp-admin%2Fcss HTTP/2" 200 3683 "-" "Mozilla/5.0 AppleWebKit/537.36 (KHTML, like Gecko; compatible; ClaudeBot/1.0; +claudebot@anthropic.com)"
66.249.64.128 - - [19/Sep/2025:15:21:56 +0300] "GET /?zhHant/product/surugaya/T2097999553?campaign_uid=f64d716db5e979ed2f947dbaf4296895b951ae7f HTTP/1.1" 200 20216 "-" "Mozilla/5.0 (Linux; Android 6.0.1; Nexus 5X Build/MMB29P) AppleWebKit/537.36 (KHTML, like Gecko) Chrome/140.0.7339.127 Mobile Safari/537.36 (compatible; Googlebot/2.1; +http://www.google.com/bot.html)"
20.171.207.249 - - [19/Sep/2025:15:21:55 +0300] "GET /?fileloc=//proc/self/root/proc/thread-self/cwd/old/vendor/nesbot/carbon/src/Carbon/Lang/luo.php&path=//proc/self/root/proc/thread-self/cwd/old/vendor/nesbot/carbon/src/Carbon/Lang HTTP/2" 200 3285 "-" "Mozilla/5.0 AppleWebKit/537.36 (KHTML, like Gecko; compatible; GPTBot/1.2; +https://openai.com/gptbot)"
66.249.64.132 - - [19/Sep/2025:15:21:56 +0300] "POST /get-message-notify HTTP/1.1" 200 19682 "https://tech.modatechnologies.co.uk/product/terro62017549.htm" "Mozilla/5.0 (Linux; Android 6.0.1; Nexus 5X Build/MMB29P) AppleWebKit/537.36 (KHTML, like Gecko) Chrome/139.0.7258.127 Mobile Safari/537.36 (compatible; Googlebot/2.1; +http://www.google.com/bot.html)"
66.249.64.130 - - [19/Sep/2025:15:21:56 +0300] "GET /shopbrand/98418668?fileloc=//bin/enchant-lsmod&path=//bin HTTP/1.1" 200 6515 "-" "Mozilla/5.0 (Linux; Android 6.0.1; Nexus 5X Build/MMB29P) AppleWebKit/537.36 (KHTML, like Gecko) Chrome/140.0.7339.127 Mobile Safari/537.36 (compatible; GoogleOther)"
66.249.64.131 - - [19/Sep/2025:15:21:56 +0300] "POST /get-message-notify HTTP/1.1" 200 19682 "https://tech.modatechnologies.co.uk/product/debt30218402.htm" "Mozilla/5.0 (Linux; Android 6.0.1; Nexus 5X Build/MMB29P) AppleWebKit/537.36 (KHTML, like Gecko) Chrome/139.0.7258.127 Mobile Safari/537.36 (compatible; Googlebot/2.1; +http://www.google.com/bot.html)"
66.249.64.131 - - [19/Sep/2025:15:21:57 +0300] "GET /shopbrand/28844154 HTTP/1.1" 200 3940 "-" "Mozilla/5.0 (Linux; Android 6.0.1; Nexus 5X Build/MMB29P) AppleWebKit/537.36 (KHTML, like Gecko) Chrome/140.0.7339.127 Mobile Safari/537.36 (compatible; GoogleOther)"
66.249.64.129 - - [19/Sep/2025:15:21:57 +0300] "GET /shopbrand/98418668?fileloc=//bin/base64&path=//bin HTTP/1.1" 200 15722 "-" "Mozilla/5.0 (Linux; Android 6.0.1; Nexus 5X Build/MMB29P) AppleWebKit/537.36 (KHTML, like Gecko) Chrome/140.0.7339.127 Mobile Safari/537.36 (compatible; GoogleOther)"
57.141.4.40 - - [19/Sep/2025:15:21:57 +0300] "GET /blog-2/page/1624/?fileloc=//lib64/python3.9/__pycache__/py_compile.cpython-39.opt-1.pyc&path=//lib64/python3.9/__pycache__ HTTP/2" 200 20421 "-" "meta-externalagent/1.1 (+https://developers.facebook.com/docs/sharing/webmasters/crawler)"
57.141.4.4 - - [19/Sep/2025:15:21:58 +0300] "GET /blog-2/page/1773/?fileloc=/python/moda/public_html/tech/wp-includes/rest-api/endpoints/class-wp-rest-search-controller.php&path=/python/moda/public_html/tech/wp-includes/rest-api/endpoints HTTP/2" 200 25929 "-" "meta-externalagent/1.1 (+https://developers.facebook.com/docs/sharing/webmasters/crawler)"
66.249.64.129 - - [19/Sep/2025:15:21:58 +0300] "GET /shopbrand/98418668?fileloc=//bin/prezip&path=//bin HTTP/1.1" 200 4468 "-" "Mozilla/5.0 (Linux; Android 6.0.1; Nexus 5X Build/MMB29P) AppleWebKit/537.36 (KHTML, like Gecko) Chrome/140.0.7339.127 Mobile Safari/537.36 (compatible; GoogleOther)"
20.171.207.249 - - [19/Sep/2025:15:21:58 +0300] "GET /?fileloc=//proc/self/root/proc/thread-self/cwd/old/vendor/nesbot/carbon/src/Carbon/Lang/ast.php&path=//proc/self/root/proc/thread-self/cwd/old/vendor/nesbot/carbon/src/Carbon/Lang HTTP/2" 200 3412 "-" "Mozilla/5.0 AppleWebKit/537.36 (KHTML, like Gecko; compatible; GPTBot/1.2; +https://openai.com/gptbot)"
57.141.4.82 - - [19/Sep/2025:15:21:58 +0300] "GET /2025/08/page/1196/?fileloc=//lib64/python3.9/secrets.py&path=//lib64/python3.9 HTTP/2" 200 14664 "-" "meta-externalagent/1.1 (+https://developers.facebook.com/docs/sharing/webmasters/crawler)"
66.249.64.130 - - [19/Sep/2025:15:21:58 +0300] "GET /shopbrand/145619606?fileloc=/python/moda/public_html/tech/wp-includes/sodium_compat/src/Crypto32.php&path=/python/moda/public_html/tech/wp-includes/sodium_compat/src HTTP/1.1" 200 9643 "-" "Mozilla/5.0 (Linux; Android 6.0.1; Nexus 5X Build/MMB29P) AppleWebKit/537.36 (KHTML, like Gecko) Chrome/140.0.7339.127 Mobile Safari/537.36 (compatible; GoogleOther)"
66.249.64.132 - - [19/Sep/2025:15:21:58 +0300] "GET /product/handb72461118.htm HTTP/1.1" 200 20267 "-" "Mozilla/5.0 (Linux; Android 6.0.1; Nexus 5X Build/MMB29P) AppleWebKit/537.36 (KHTML, like Gecko) Chrome/140.0.7339.127 Mobile Safari/537.36 (compatible; Googlebot/2.1; +http://www.google.com/bot.html)"
20.171.207.111 - - [19/Sep/2025:15:21:58 +0300] "GET /theme/casino/free-slots-bonus-no-deposit-id-card-details-ireland.html?path=//proc/thread-self/root/proc/self/root/proc/self/root/proc/self/root/proc/thread-self/root/proc/thread-self/root/proc/self/root/python/moda/www/tech/old/modules/servers/cpanel HTTP/2" 200 3572 "-" "Mozilla/5.0 AppleWebKit/537.36 (KHTML, like Gecko; compatible; GPTBot/1.2; +https://openai.com/gptbot)"
66.249.64.129 - - [19/Sep/2025:15:21:59 +0300] "GET /500?path=//var/softaculous/prototype/php81 HTTP/1.1" 200 2854 "-" "Mozilla/5.0 (Linux; Android 6.0.1; Nexus 5X Build/MMB29P) AppleWebKit/537.36 (KHTML, like Gecko) Chrome/140.0.7339.127 Mobile Safari/537.36 (compatible; GoogleOther)"
66.249.64.131 - - [19/Sep/2025:15:21:59 +0300] "GET /product/wit81870623.htm HTTP/1.1" 200 20157 "-" "Mozilla/5.0 (Linux; Android 6.0.1; Nexus 5X Build/MMB29P) AppleWebKit/537.36 (KHTML, like Gecko) Chrome/140.0.7339.127 Mobile Safari/537.36 (compatible; Googlebot/2.1; +http://www.google.com/bot.html)"
66.249.64.130 - - [19/Sep/2025:15:21:59 +0300] "GET /shopbrand/123536714?fileloc=/python/moda/public_html/tech/wp-includes/comment-template.php&path=/python/moda/public_html/tech/wp-includes HTTP/1.1" 200 24997 "-" "Mozilla/5.0 (Linux; Android 6.0.1; Nexus 5X Build/MMB29P) AppleWebKit/537.36 (KHTML, like Gecko) Chrome/140.0.7339.127 Mobile Safari/537.36 (compatible; GoogleOther)"
66.249.64.129 - - [19/Sep/2025:15:22:00 +0300] "GET /shopbrand/230115235?fileloc=/python/moda/public_html/tech/wp-includes/class-wp-block-styles-registry.php&path=/python/moda/public_html/tech/wp-includes HTTP/1.1" 200 4241 "-" "Mozilla/5.0 (Linux; Android 6.0.1; Nexus 5X Build/MMB29P) AppleWebKit/537.36 (KHTML, like Gecko) Chrome/140.0.7339.127 Mobile Safari/537.36 (compatible; GoogleOther)"
57.141.4.42 - - [19/Sep/2025:15:22:00 +0300] "GET /blog-2/page/1119/?fileloc=//lib/systemd/system/ctrl-alt-del.target&path=//lib/systemd/system HTTP/2" 200 12946 "-" "meta-externalagent/1.1 (+https://developers.facebook.com/docs/sharing/webmasters/crawler)"
66.249.64.131 - - [19/Sep/2025:15:22:00 +0300] "GET /?zhHant/product/surugaya/T416063401?campaign_uid=f64d716db5e979ed2f947dbaf4296895b951ae7f HTTP/1.1" 200 19826 "-" "Mozilla/5.0 (Linux; Android 6.0.1; Nexus 5X Build/MMB29P) AppleWebKit/537.36 (KHTML, like Gecko) Chrome/140.0.7339.127 Mobile Safari/537.36 (compatible; Googlebot/2.1; +http://www.google.com/bot.html)"
57.141.4.54 - - [19/Sep/2025:15:22:01 +0300] "GET /blog-2/page/1561/?fileloc=//lib/firmware/cirrus/cs35l56-b0-dsp1-misc-17aa3832-spkid0-ampr.bin.xz&path=//lib/firmware/cirrus HTTP/2" 200 18503 "-" "meta-externalagent/1.1 (+https://developers.facebook.com/docs/sharing/webmasters/crawler)"
20.171.207.111 - - [19/Sep/2025:15:22:01 +0300] "GET /theme/casino/free-slots-bonus-no-deposit-id-card-details-ireland.html?path=//proc/thread-self/root/proc/self/root/proc/self/root/proc/self/root/proc/thread-self/root/proc/thread-self/root/proc/self/root/python/moda/www/tech/old/modules/servers/licensing/templates HTTP/2" 200 3175 "-" "Mozilla/5.0 AppleWebKit/537.36 (KHTML, like Gecko; compatible; GPTBot/1.2; +https://openai.com/gptbot)"
57.141.4.13 - - [19/Sep/2025:15:22:00 +0300] "GET /2025/09/10/page-1860/?fileloc=//lib64/python3.9/__pycache__/base64.cpython-39.opt-2.pyc&path=//lib64/python3.9/__pycache__ HTTP/2" 200 24971 "-" "meta-externalagent/1.1 (+https://developers.facebook.com/docs/sharing/webmasters/crawler)"
66.249.64.132 - - [19/Sep/2025:15:22:01 +0300] "GET /shopbrand/98418668?fileloc=//bin/arch&path=//bin HTTP/1.1" 200 12906 "-" "Mozilla/5.0 (Linux; Android 6.0.1; Nexus 5X Build/MMB29P) AppleWebKit/537.36 (KHTML, like Gecko) Chrome/140.0.7339.127 Mobile Safari/537.36 (compatible; GoogleOther)"
57.141.4.21 - - [19/Sep/2025:15:22:01 +0300] "GET /blog-2/page/601/?fileloc=//lib64/python3.9/urllib/error.py&path=//lib64/python3.9/urllib HTTP/2" 200 15164 "-" "meta-externalagent/1.1 (+https://developers.facebook.com/docs/sharing/webmasters/crawler)"
20.171.207.249 - - [19/Sep/2025:15:22:01 +0300] "GET /?fileloc=//proc/self/root/proc/thread-self/cwd/old/vendor/nesbot/carbon/src/Carbon/Lang/km.php&path=//proc/self/root/proc/thread-self/cwd/old/vendor/nesbot/carbon/src/Carbon/Lang HTTP/2" 200 3795 "-" "Mozilla/5.0 AppleWebKit/537.36 (KHTML, like Gecko; compatible; GPTBot/1.2; +https://openai.com/gptbot)"
66.249.64.128 - - [19/Sep/2025:15:22:02 +0300] "GET /shopbrand/185193647?fileloc=/python/moda/public_html/tech/wp-includes/class-wp-theme-json-resolver.php&path=/python/moda/public_html/tech/wp-includes HTTP/1.1" 200 11606 "-" "Mozilla/5.0 (Linux; Android 6.0.1; Nexus 5X Build/MMB29P) AppleWebKit/537.36 (KHTML, like Gecko) Chrome/140.0.7339.127 Mobile Safari/537.36 (compatible; GoogleOther)"
66.249.64.129 - - [19/Sep/2025:15:22:02 +0300] "GET /shopbrand/147551855 HTTP/1.1" 200 3915 "-" "Mozilla/5.0 (Linux; Android 6.0.1; Nexus 5X Build/MMB29P) AppleWebKit/537.36 (KHTML, like Gecko) Chrome/140.0.7339.127 Mobile Safari/537.36 (compatible; GoogleOther)"
66.249.64.130 - - [19/Sep/2025:15:22:02 +0300] "GET /shopbrand/98418668?fileloc=//bin/delv&path=//bin HTTP/1.1" 200 18055 "-" "Mozilla/5.0 (Linux; Android 6.0.1; Nexus 5X Build/MMB29P) AppleWebKit/537.36 (KHTML, like Gecko) Chrome/140.0.7339.127 Mobile Safari/537.36 (compatible; GoogleOther)"
66.249.64.129 - - [19/Sep/2025:15:22:03 +0300] "GET /shopbrand/214491660?fileloc=/python/moda/public_html/tech/wp-cron.php&path=/python/moda/public_html/tech HTTP/1.1" 200 4627 "-" "Mozilla/5.0 (Linux; Android 6.0.1; Nexus 5X Build/MMB29P) AppleWebKit/537.36 (KHTML, like Gecko) Chrome/140.0.7339.127 Mobile Safari/537.36 (compatible; GoogleOther)"
66.249.64.130 - - [19/Sep/2025:15:22:03 +0300] "GET /product/edit/T445547324?path=//opt/alt/python35/share/systemtap HTTP/1.1" 200 2833 "-" "Mozilla/5.0 (Linux; Android 6.0.1; Nexus 5X Build/MMB29P) AppleWebKit/537.36 (KHTML, like Gecko) Chrome/140.0.7339.127 Mobile Safari/537.36 (compatible; GoogleOther)"
66.249.64.132 - - [19/Sep/2025:15:22:03 +0300] "GET /shopbrand/28627720?fileloc=/python/moda/public_html/tech/old/includes/ccfunctions.php&path=/python/moda/public_html/tech/old/includes HTTP/1.1" 200 116327 "-" "Mozilla/5.0 (Linux; Android 6.0.1; Nexus 5X Build/MMB29P) AppleWebKit/537.36 (KHTML, like Gecko) Chrome/140.0.7339.127 Mobile Safari/537.36 (compatible; GoogleOther)"
66.249.64.130 - - [19/Sep/2025:15:22:03 +0300] "GET /shopbrand/145619606?fileloc=/python/moda/public_html/tech/wp-includes/sodium_compat/src/Compat.php&path=/python/moda/public_html/tech/wp-includes/sodium_compat/src HTTP/1.1" 200 22168 "-" "Mozilla/5.0 (Linux; Android 6.0.1; Nexus 5X Build/MMB29P) AppleWebKit/537.36 (KHTML, like Gecko) Chrome/140.0.7339.127 Mobile Safari/537.36 (compatible; GoogleOther)"
66.249.64.131 - - [19/Sep/2025:15:22:03 +0300] "GET /product/sudde21996249.htm HTTP/1.1" 200 18843 "-" "Mozilla/5.0 (Linux; Android 6.0.1; Nexus 5X Build/MMB29P) AppleWebKit/537.36 (KHTML, like Gecko) Chrome/140.0.7339.127 Mobile Safari/537.36 (compatible; Googlebot/2.1; +http://www.google.com/bot.html)"
66.249.64.130 - - [19/Sep/2025:15:22:04 +0300] "GET /shopbrand/160817537?fileloc=/python/moda/public_html/tech/readme.html&path=/python/moda/public_html/tech HTTP/1.1" 200 5532 "-" "Mozilla/5.0 (Linux; Android 6.0.1; Nexus 5X Build/MMB29P) AppleWebKit/537.36 (KHTML, like Gecko) Chrome/140.0.7339.127 Mobile Safari/537.36 (compatible; GoogleOther)"
20.171.207.111 - - [19/Sep/2025:15:22:04 +0300] "GET /theme/casino/free-slots-bonus-no-deposit-id-card-details-ireland.html?path=//proc/thread-self/root/proc/self/root/proc/self/root/proc/self/root/proc/thread-self/root/proc/thread-self/root/proc/self/root/python/moda/www/tech/old/vendor/abraham/twitteroauth HTTP/2" 200 3404 "-" "Mozilla/5.0 AppleWebKit/537.36 (KHTML, like Gecko; compatible; GPTBot/1.2; +https://openai.com/gptbot)"
20.171.207.249 - - [19/Sep/2025:15:22:04 +0300] "GET /?fileloc=//proc/self/root/proc/thread-self/cwd/old/vendor/nesbot/carbon/src/Carbon/Lang/cgg.php&path=//proc/self/root/proc/thread-self/cwd/old/vendor/nesbot/carbon/src/Carbon/Lang HTTP/2" 200 3146 "-" "Mozilla/5.0 AppleWebKit/537.36 (KHTML, like Gecko; compatible; GPTBot/1.2; +https://openai.com/gptbot)"
66.249.64.130 - - [19/Sep/2025:15:22:04 +0300] "GET /shopbrand/138410607 HTTP/1.1" 200 3921 "-" "Mozilla/5.0 (Linux; Android 6.0.1; Nexus 5X Build/MMB29P) AppleWebKit/537.36 (KHTML, like Gecko) Chrome/140.0.7339.127 Mobile Safari/537.36 (compatible; GoogleOther)"
57.141.4.47 - - [19/Sep/2025:15:22:04 +0300] "GET /blog-2/page/1807/?fileloc=//usr/include/X11/extensions/shapeconst.h&path=//usr/include/X11/extensions HTTP/2" 200 14312 "-" "meta-externalagent/1.1 (+https://developers.facebook.com/docs/sharing/webmasters/crawler)"
57.141.4.63 - - [19/Sep/2025:15:22:05 +0300] "GET /2025/08/page/228/?path=//usr/include/event2 HTTP/2" 200 52083 "-" "meta-externalagent/1.1 (+https://developers.facebook.com/docs/sharing/webmasters/crawler)"
66.249.64.128 - - [19/Sep/2025:15:22:05 +0300] "GET /shopbrand/98418668?fileloc=//bin/host&path=//bin HTTP/1.1" 200 43464 "-" "Mozilla/5.0 (Linux; Android 6.0.1; Nexus 5X Build/MMB29P) AppleWebKit/537.36 (KHTML, like Gecko) Chrome/140.0.7339.127 Mobile Safari/537.36 (compatible; GoogleOther)"
66.249.64.129 - - [19/Sep/2025:15:22:05 +0300] "GET /shopbrand/87609183 HTTP/1.1" 200 19555 "-" "Mozilla/5.0 (Linux; Android 6.0.1; Nexus 5X Build/MMB29P) AppleWebKit/537.36 (KHTML, like Gecko) Chrome/140.0.7339.127 Mobile Safari/537.36 (compatible; Googlebot/2.1; +http://www.google.com/bot.html)"
94.74.100.127 - - [19/Sep/2025:15:22:06 +0300] "GET /2025/08/22/betmexico-bono-de-bienvenida-611/?path=/python/moda/access-logs HTTP/2" 200 2992 "https://tech.modatechnologies.co.uk/2025/08/22/betmexico-bono-de-bienvenida-611/?path=/python/moda/access-logs" "Mozilla/5.0 (Windows NT 10.0; Win64; x64) AppleWebKit/537.36 (KHTML, like Gecko) Chrome/116.0.0.0 Safari/537.36"
217.113.194.8 - - [19/Sep/2025:15:22:06 +0300] "GET /category/bizzo-casino-login-404/?path=/ HTTP/1.1" 200 3864 "-" "Mozilla/5.0 (compatible; Barkrowler/0.9; +https://babbar.tech/crawler)"
66.249.64.131 - - [19/Sep/2025:15:22:06 +0300] "GET /product/pork52080828.htm HTTP/1.1" 200 18200 "-" "Mozilla/5.0 (Linux; Android 6.0.1; Nexus 5X Build/MMB29P) AppleWebKit/537.36 (KHTML, like Gecko) Chrome/140.0.7339.127 Mobile Safari/537.36 (compatible; Googlebot/2.1; +http://www.google.com/bot.html)"
66.249.64.129 - - [19/Sep/2025:15:22:06 +0300] "GET /shopbrand/29305629?path=/python/moda/public_html/tech/.well-known HTTP/1.1" 200 3142 "-" "Mozilla/5.0 (Linux; Android 6.0.1; Nexus 5X Build/MMB29P) AppleWebKit/537.36 (KHTML, like Gecko) Chrome/140.0.7339.127 Mobile Safari/537.36 (compatible; GoogleOther)"
66.249.64.128 - - [19/Sep/2025:15:22:07 +0300] "GET /shopbrand/28627720?fileloc=/python/moda/public_html/tech/old/includes/upgradefunctions.php&path=/python/moda/public_html/tech/old/includes HTTP/1.1" 200 163456 "-" "Mozilla/5.0 (Linux; Android 6.0.1; Nexus 5X Build/MMB29P) AppleWebKit/537.36 (KHTML, like Gecko) Chrome/140.0.7339.127 Mobile Safari/537.36 (compatible; GoogleOther)"
216.73.216.184 - - [19/Sep/2025:15:21:58 +0300] "GET /category/nv-kasyno-470/feed?path=%2Fpython%2Fmoda%2Fpublic_html%2Ftech%2Fold%2Ftemplates%2Fhostx%2Fcss%2Flayoutfour HTTP/2" 200 2958 "-" "Mozilla/5.0 AppleWebKit/537.36 (KHTML, like Gecko; compatible; ClaudeBot/1.0; +claudebot@anthropic.com)"
57.141.4.56 - - [19/Sep/2025:15:21:59 +0300] "GET /2025/09/11/2025-s-innovacionnymi-funkcijami-i-sovremennym-69/?fileloc=//lib64/sasl2/liblogin.so.3.0.0&path=//lib64/sasl2 HTTP/2" 200 43972 "-" "meta-externalagent/1.1 (+https://developers.facebook.com/docs/sharing/webmasters/crawler)"
66.249.64.128 - - [19/Sep/2025:15:22:00 +0300] "GET /product/passi81905823.htm HTTP/1.1" 200 20032 "-" "Mozilla/5.0 (Linux; Android 6.0.1; Nexus 5X Build/MMB29P) AppleWebKit/537.36 (KHTML, like Gecko) Chrome/140.0.7339.127 Mobile Safari/537.36 (compatible; Googlebot/2.1; +http://www.google.com/bot.html)"
57.141.4.82 - - [19/Sep/2025:15:21:50 +0300] "GET /blog-2/page/1357/?fileloc=//usr/lib64/libv8.so.9&path=//usr/lib64 HTTP/2" 200 11993 "-" "meta-externalagent/1.1 (+https://developers.facebook.com/docs/sharing/webmasters/crawler)"
166.108.230.48 - - [19/Sep/2025:15:21:57 +0300] "GET /2025/09/02/20bet-scommesse-706/?fileloc=/python/moda/public_html/tech/old/clientarea.php&path=/python/moda/public_html/tech/old HTTP/2" 200 1366903 "https://tech.modatechnologies.co.uk/2025/09/02/20bet-scommesse-706/?fileloc=/python/moda/public_html/tech/old/clientarea.php&path=/python/moda/public_html/tech/old" "Mozilla/5.0 (Macintosh; Intel Mac OS X 10_15_7) AppleWebKit/537.36 (KHTML, like Gecko) Chrome/120.0.0.0 Safari/537.36"
57.141.4.72 - - [19/Sep/2025:15:22:02 +0300] "GET /blog-2/page/1394/?path=//var/lib/mysql/vesselisme_wp_6ggwl HTTP/2" 200 12799 "-" "meta-externalagent/1.1 (+https://developers.facebook.com/docs/sharing/webmasters/crawler)"
216.73.216.184 - - [19/Sep/2025:15:22:01 +0300] "GET /2025/07/24/meilleur-casino-en-ligne-2025-top-10-des-casinos-1063?fileloc=%2Fpython%2Fmoda%2Fpublic_html%2Ftech%2Fwp-includes%2Fjs%2Fdist%2Fapi-fetch.js&path=%2Fpython%2Fmoda%2Fpublic_html%2Ftech%2Fwp-includes%2Fjs%2Fdist HTTP/2" 200 9346 "-" "Mozilla/5.0 AppleWebKit/537.36 (KHTML, like Gecko; compatible; ClaudeBot/1.0; +claudebot@anthropic.com)"
57.141.4.32 - - [19/Sep/2025:15:22:02 +0300] "GET /blog-2/page/714/?fileloc=//usr/share/aclocal-1.16/init.m4&path=//usr/share/aclocal-1.16 HTTP/2" 200 20867 "-" "meta-externalagent/1.1 (+https://developers.facebook.com/docs/sharing/webmasters/crawler)"
216.73.216.184 - - [19/Sep/2025:15:22:04 +0300] "GET /2025/09/12/888-casino-app-386?fileloc=%2Fpython%2Fmoda%2Fpublic_html%2Ftech%2Fold%2Fadmin%2Ftemplates%2Fblend%2Fgenerate-password.tpl&path=%2Fpython%2Fmoda%2Fpublic_html%2Ftech%2Fold%2Fadmin%2Ftemplates%2Fblend HTTP/2" 200 3313 "-" "Mozilla/5.0 AppleWebKit/537.36 (KHTML, like Gecko; compatible; ClaudeBot/1.0; +claudebot@anthropic.com)"
66.249.64.132 - - [19/Sep/2025:15:22:04 +0300] "POST /get-message-notify HTTP/1.1" 200 19725 "https://tech.modatechnologies.co.uk/product/passi81905823.htm" "Mozilla/5.0 (Linux; Android 6.0.1; Nexus 5X Build/MMB29P) AppleWebKit/537.36 (KHTML, like Gecko) Chrome/139.0.7258.127 Mobile Safari/537.36 (compatible; Googlebot/2.1; +http://www.google.com/bot.html)"
66.249.64.131 - - [19/Sep/2025:15:22:06 +0300] "GET /shopbrand/28627720?fileloc=/python/moda/public_html/tech/old/includes/gatewayfunctions.php&path=/python/moda/public_html/tech/old/includes HTTP/1.1" 200 104121 "-" "Mozilla/5.0 (Linux; Android 6.0.1; Nexus 5X Build/MMB29P) AppleWebKit/537.36 (KHTML, like Gecko) Chrome/140.0.7339.127 Mobile Safari/537.36 (compatible; GoogleOther)"
66.249.64.130 - - [19/Sep/2025:15:21:56 +0300] "GET /shopbrand/98418668?fileloc=//bin/gpg&path=//bin HTTP/1.1" 200 503003 "-" "Mozilla/5.0 (Linux; Android 6.0.1; Nexus 5X Build/MMB29P) AppleWebKit/537.36 (KHTML, like Gecko) Chrome/140.0.7339.127 Mobile Safari/537.36 (compatible; GoogleOther)"
66.249.64.132 - - [19/Sep/2025:15:21:59 +0300] "GET /?zhHant/product/surugaya/T2097999553?campaign_uid=f64d716db5e979ed2f947dbaf4296895b951ae7f HTTP/1.1" 200 3915 "-" "Mozilla/5.0 (Linux; Android 6.0.1; Nexus 5X Build/MMB29P) AppleWebKit/537.36 (KHTML, like Gecko) Chrome/140.0.7339.127 Mobile Safari/537.36 (compatible; GoogleOther)"
57.141.4.73 - - [19/Sep/2025:15:21:59 +0300] "GET /blog-2/page/448/?fileloc=/python/moda/public_html/tech/wp-includes/rest-api/class-wp-rest-response.php&path=/python/moda/public_html/tech/wp-includes/rest-api HTTP/2" 200 20449 "-" "meta-externalagent/1.1 (+https://developers.facebook.com/docs/sharing/webmasters/crawler)"
66.249.64.132 - - [19/Sep/2025:15:21:59 +0300] "GET /shopbrand/180249657 HTTP/1.1" 200 4033 "-" "Mozilla/5.0 (Linux; Android 6.0.1; Nexus 5X Build/MMB29P) AppleWebKit/537.36 (KHTML, like Gecko) Chrome/140.0.7339.127 Mobile Safari/537.36 (compatible; GoogleOther)"
57.141.4.19 - - [19/Sep/2025:15:21:59 +0300] "GET /blog-2/page/463/?fileloc=//lib/firmware/iwlwifi-so-a0-gf-a0-74.ucode.xz&path=//lib/firmware HTTP/2" 200 979763 "-" "meta-externalagent/1.1 (+https://developers.facebook.com/docs/sharing/webmasters/crawler)"
57.141.4.53 - - [19/Sep/2025:15:22:03 +0300] "GET /blog-2/page/1928/?fileloc=//usr/include/python3.9/rangeobject.h&path=//usr/include/python3.9 HTTP/2" 200 12993 "-" "meta-externalagent/1.1 (+https://developers.facebook.com/docs/sharing/webmasters/crawler)"
57.141.4.75 - - [19/Sep/2025:15:22:03 +0300] "GET /2025/08/29/la-science-des-probabilites-pour-exceller-au-vave-casino/?fileloc=//lib64/python3.9/__pycache__/wave.cpython-39.opt-2.pyc&path=//lib64/python3.9/__pycache__ HTTP/2" 200 25443 "-" "meta-externalagent/1.1 (+https://developers.facebook.com/docs/sharing/webmasters/crawler)"
57.141.4.27 - - [19/Sep/2025:15:22:04 +0300] "GET /2025/09/11/a-world-of-excitement-awaits-as-you-explore-the-6/?fileloc=//lib/firewalld/icmptypes/packet-too-big.xml&path=//lib/firewalld/icmptypes HTTP/2" 200 12786 "-" "meta-externalagent/1.1 (+https://developers.facebook.com/docs/sharing/webmasters/crawler)"
66.249.64.132 - - [19/Sep/2025:15:22:00 +0300] "GET /shopbrand/98418668?fileloc=//bin/lto-dump&path=//bin HTTP/1.1" 200 10822621 "-" "Mozilla/5.0 (Linux; Android 6.0.1; Nexus 5X Build/MMB29P) AppleWebKit/537.36 (KHTML, like Gecko) Chrome/140.0.7339.127 Mobile Safari/537.36 (compatible; GoogleOther)"
44.218.170.184 - - [19/Sep/2025:15:22:05 +0300] "GET /tag/betano-login-app/?path=//opt/plesk/php/7.2/lib64/php HTTP/1.1" 200 3329 "-" "Mozilla/5.0 AppleWebKit/537.36 (KHTML, like Gecko; compatible; Amazonbot/0.1; +https://developer.amazon.com/support/amazonbot) Chrome/119.0.6045.214 Safari/537.36"
57.141.4.35 - - [19/Sep/2025:15:22:05 +0300] "GET /2025/08/29/la-science-des-probabilites-pour-exceller-au-vave-casino/?path=//var/softaculous/roundcube/php82 HTTP/2" 200 20329 "-" "meta-externalagent/1.1 (+https://developers.facebook.com/docs/sharing/webmasters/crawler)"
57.141.4.60 - - [19/Sep/2025:15:22:06 +0300] "GET /blog-2/page/1624/?fileloc=//lib64/gettext/user-email&path=//lib64/gettext HTTP/2" 200 29589 "-" "meta-externalagent/1.1 (+https://developers.facebook.com/docs/sharing/webmasters/crawler)"
66.249.64.132 - - [19/Sep/2025:15:22:07 +0300] "GET /shopbrand/155313350 HTTP/1.1" 200 3896 "-" "Mozilla/5.0 (Linux; Android 6.0.1; Nexus 5X Build/MMB29P) AppleWebKit/537.36 (KHTML, like Gecko) Chrome/140.0.7339.127 Mobile Safari/537.36 (compatible; GoogleOther)"
66.249.64.128 - - [19/Sep/2025:15:22:07 +0300] "GET /shopbrand/200386360 HTTP/1.1" 200 18238 "-" "Mozilla/5.0 (Linux; Android 6.0.1; Nexus 5X Build/MMB29P) AppleWebKit/537.36 (KHTML, like Gecko) Chrome/140.0.7339.127 Mobile Safari/537.36 (compatible; Googlebot/2.1; +http://www.google.com/bot.html)"
20.171.207.111 - - [19/Sep/2025:15:22:07 +0300] "GET /theme/casino/free-slots-bonus-no-deposit-id-card-details-ireland.html?path=//proc/thread-self/root/proc/self/root/proc/self/root/proc/self/root/proc/thread-self/root/proc/thread-self/root/proc/self/root/python/moda/www/tech/old/vendor/punic/punic/src/data/cs HTTP/2" 200 3684 "-" "Mozilla/5.0 AppleWebKit/537.36 (KHTML, like Gecko; compatible; GPTBot/1.2; +https://openai.com/gptbot)"
57.141.4.28 - - [19/Sep/2025:15:22:06 +0300] "GET /blog-2/page/1756/?fileloc=//lib64/dovecot/libdovecot-storage.so.0.0.0&path=//lib64/dovecot HTTP/2" 200 2654162 "-" "meta-externalagent/1.1 (+https://developers.facebook.com/docs/sharing/webmasters/crawler)"
57.141.4.39 - - [19/Sep/2025:15:22:07 +0300] "GET /2025/09/11/master-the-art-of-risky-jumps-in-the-intense/?fileloc=//usr/include/error.h&path=//usr/include HTTP/2" 200 14760 "-" "meta-externalagent/1.1 (+https://developers.facebook.com/docs/sharing/webmasters/crawler)"
57.141.4.32 - - [19/Sep/2025:15:22:07 +0300] "GET /2025/08/24/betify-casino-plongez-dans-un-univers-ou-les-probabilites-boostent-vos-gains/?fileloc=//lib64/python3.9/encodings/iso2022_jp_ext.py&path=//lib64/python3.9/encodings HTTP/2" 200 13468 "-" "meta-externalagent/1.1 (+https://developers.facebook.com/docs/sharing/webmasters/crawler)"
20.171.207.249 - - [19/Sep/2025:15:22:08 +0300] "GET /?fileloc=//proc/self/root/proc/thread-self/cwd/old/vendor/nesbot/carbon/src/Carbon/Lang/mk.php&path=//proc/self/root/proc/thread-self/cwd/old/vendor/nesbot/carbon/src/Carbon/Lang HTTP/2" 200 4090 "-" "Mozilla/5.0 AppleWebKit/537.36 (KHTML, like Gecko; compatible; GPTBot/1.2; +https://openai.com/gptbot)"
66.249.64.129 - - [19/Sep/2025:15:22:08 +0300] "POST /get-message-notify HTTP/1.1" 200 19682 "https://tech.modatechnologies.co.uk/shopbrand/87609183" "Mozilla/5.0 (Linux; Android 6.0.1; Nexus 5X Build/MMB29P) AppleWebKit/537.36 (KHTML, like Gecko) Chrome/139.0.7258.127 Mobile Safari/537.36 (compatible; Googlebot/2.1; +http://www.google.com/bot.html)"
57.141.4.32 - - [19/Sep/2025:15:22:08 +0300] "GET /blog-2/page/1927/?fileloc=//lib64/rsyslog/lmnsd_ptcp.so&path=//lib64/rsyslog HTTP/2" 200 58144 "-" "meta-externalagent/1.1 (+https://developers.facebook.com/docs/sharing/webmasters/crawler)"
66.249.64.128 - - [19/Sep/2025:15:22:08 +0300] "GET /shopbrand/86898005?fileloc=/python/moda/public_html/tech/wp-includes/widgets.php&path=/python/moda/public_html/tech/wp-includes HTTP/1.1" 200 19307 "-" "Mozilla/5.0 (Linux; Android 6.0.1; Nexus 5X Build/MMB29P) AppleWebKit/537.36 (KHTML, like Gecko) Chrome/140.0.7339.127 Mobile Safari/537.36 (compatible; GoogleOther)"
66.249.64.129 - - [19/Sep/2025:15:22:09 +0300] "GET /product/choco20000977.htm HTTP/1.1" 200 20620 "-" "Mozilla/5.0 (Linux; Android 6.0.1; Nexus 5X Build/MMB29P) AppleWebKit/537.36 (KHTML, like Gecko) Chrome/140.0.7339.127 Mobile Safari/537.36 (compatible; Googlebot/2.1; +http://www.google.com/bot.html)"
66.249.64.128 - - [19/Sep/2025:15:22:10 +0300] "GET /shopbrand/145619606?fileloc=/python/moda/public_html/tech/wp-includes/sodium_compat/src/SodiumException.php&path=/python/moda/public_html/tech/wp-includes/sodium_compat/src HTTP/1.1" 200 2645 "-" "Mozilla/5.0 (Linux; Android 6.0.1; Nexus 5X Build/MMB29P) AppleWebKit/537.36 (KHTML, like Gecko) Chrome/140.0.7339.127 Mobile Safari/537.36 (compatible; GoogleOther)"
57.141.4.40 - - [19/Sep/2025:15:22:10 +0300] "GET /blog-2/page/1602/?fileloc=//lib/.build-id/cc/7d2311377e1e6d80d44644068b78fc857d052f&path=//lib/.build-id/cc HTTP/2" 200 171147 "-" "meta-externalagent/1.1 (+https://developers.facebook.com/docs/sharing/webmasters/crawler)"
66.249.64.129 - - [19/Sep/2025:15:22:10 +0300] "GET /shopbrand/144023140?fileloc=/python/moda/public_html/tech/wp-cron.php&path=/python/moda/public_html/tech HTTP/1.1" 200 4678 "-" "Mozilla/5.0 (Linux; Android 6.0.1; Nexus 5X Build/MMB29P) AppleWebKit/537.36 (KHTML, like Gecko) Chrome/140.0.7339.127 Mobile Safari/537.36 (compatible; GoogleOther)"
216.73.216.184 - - [19/Sep/2025:15:22:07 +0300] "GET /2025/09/12/obzor-ofitsialnogo-sajta-igornogo-zavedenija-i-igrovyh-avtomatov?fileloc=%2Fpython%2Fmoda%2Fpublic_html%2Ftech%2Fwp-content%2Fplugins%2Felementor%2Fassets%2Flib%2Fdialog%2F.htaccess&path=%2Fpython%2Fmoda%2Fpublic_html%2Ftech%2Fwp-content%2Fplugins%2Felementor%2Fassets%2Flib%2Fdialog HTTP/2" 200 2696 "-" "Mozilla/5.0 AppleWebKit/537.36 (KHTML, like Gecko; compatible; ClaudeBot/1.0; +claudebot@anthropic.com)"
66.249.64.131 - - [19/Sep/2025:15:22:08 +0300] "GET /shopbrand/198135581?fileloc=/python/moda/public_html/tech/wp-admin/js/media-upload.js&path=/python/moda/public_html/tech/wp-admin/js HTTP/1.1" 200 3901 "-" "Mozilla/5.0 (Linux; Android 6.0.1; Nexus 5X Build/MMB29P) AppleWebKit/537.36 (KHTML, like Gecko) Chrome/140.0.7339.127 Mobile Safari/537.36 (compatible; GoogleOther)"
57.141.4.41 - - [19/Sep/2025:15:22:08 +0300] "GET /2025/09/08/nv-kasyno-pl-532/feed/?path=/python HTTP/2" 200 13950 "-" "meta-externalagent/1.1 (+https://developers.facebook.com/docs/sharing/webmasters/crawler)"
57.141.4.32 - - [19/Sep/2025:15:22:09 +0300] "GET /2025/08/24/succombez-a-lenergie-numerique-de-my-stake/?path=//lib64/python3.9/http HTTP/2" 200 21408 "-" "meta-externalagent/1.1 (+https://developers.facebook.com/docs/sharing/webmasters/crawler)"
66.249.64.130 - - [19/Sep/2025:15:22:09 +0300] "GET /shopbrand/98418668?fileloc=//bin/icu-config-64&path=//bin HTTP/1.1" 200 9739 "-" "Mozilla/5.0 (Linux; Android 6.0.1; Nexus 5X Build/MMB29P) AppleWebKit/537.36 (KHTML, like Gecko) Chrome/140.0.7339.127 Mobile Safari/537.36 (compatible; GoogleOther)"
216.73.216.184 - - [19/Sep/2025:15:22:10 +0300] "GET /2025/09/12/onlajn-2025-goda-igrajte-bez-riskov-i-s-138?fileloc=%2Fpython%2Fmoda%2Fpublic_html%2Ftech%2Fwp-includes%2Fblocks.php&path=%2Fpython%2Fmoda%2Fpublic_html%2Ftech%2Fwp-includes HTTP/2" 200 26773 "-" "Mozilla/5.0 AppleWebKit/537.36 (KHTML, like Gecko; compatible; ClaudeBot/1.0; +claudebot@anthropic.com)"
57.141.4.18 - - [19/Sep/2025:15:22:11 +0300] "GET /2025/09/11/obzor-aktualnogo-virtualnogo-kazino-v-internete/?fileloc=//lib/kbd/unimaps/8859-8.a0-ff.uni&path=//lib/kbd/unimaps HTTP/2" 200 14367 "-" "meta-externalagent/1.1 (+https://developers.facebook.com/docs/sharing/webmasters/crawler)"
34.231.77.232 - - [19/Sep/2025:15:22:11 +0300] "GET /category/vulkan-vegas-logowanie-33/?path=//lib/.build-id/0b HTTP/1.1" 200 4196 "-" "Mozilla/5.0 AppleWebKit/537.36 (KHTML, like Gecko; compatible; Amazonbot/0.1; +https://developer.amazon.com/support/amazonbot) Chrome/119.0.6045.214 Safari/537.36"
144.76.32.246 - - [19/Sep/2025:15:22:12 +0300] "GET /2025/07/18/kr-3347/?fileloc=/bin/git-receive-pack&path=/bin HTTP/1.1" 200 2170353 "-" "Mozilla/5.0 (compatible; BLEXBot/1.0; +https://help.seranking.com/en/blex-crawler)"
57.141.4.75 - - [19/Sep/2025:15:22:12 +0300] "GET /blog-2/page/1812/?fileloc=//usr/include/lastlog.h&path=//usr/include HTTP/2" 200 12426 "-" "meta-externalagent/1.1 (+https://developers.facebook.com/docs/sharing/webmasters/crawler)"
66.249.64.130 - - [19/Sep/2025:15:22:12 +0300] "GET /shopbrand/198135581?fileloc=/python/moda/public_html/tech/wp-admin/js/customize-controls.min.js&path=/python/moda/public_html/tech/wp-admin/js HTTP/1.1" 200 33857 "-" "Mozilla/5.0 (Linux; Android 6.0.1; Nexus 5X Build/MMB29P) AppleWebKit/537.36 (KHTML, like Gecko) Chrome/140.0.7339.127 Mobile Safari/537.36 (compatible; GoogleOther)"
57.141.4.58 - - [19/Sep/2025:15:22:12 +0300] "GET /blog-2/page/1477/?fileloc=//proc/lve/defaults&path=//proc/lve HTTP/2" 200 12274 "-" "meta-externalagent/1.1 (+https://developers.facebook.com/docs/sharing/webmasters/crawler)"
66.249.64.130 - - [19/Sep/2025:15:22:13 +0300] "GET /shopbrand/28627720?fileloc=/python/moda/public_html/tech/old/includes/cartfunctions.php&path=/python/moda/public_html/tech/old/includes HTTP/1.1" 200 58503 "-" "Mozilla/5.0 (Linux; Android 6.0.1; Nexus 5X Build/MMB29P) AppleWebKit/537.36 (KHTML, like Gecko) Chrome/140.0.7339.127 Mobile Safari/537.36 (compatible; GoogleOther)"
66.249.64.132 - - [19/Sep/2025:15:22:08 +0300] "GET /shopbrand/75711200?fileloc=/python/moda/public_html/tech/wp-cron.php&path=/python/moda/public_html/tech HTTP/1.1" 200 4653 "-" "Mozilla/5.0 (Linux; Android 6.0.1; Nexus 5X Build/MMB29P) AppleWebKit/537.36 (KHTML, like Gecko) Chrome/140.0.7339.127 Mobile Safari/537.36 (compatible; GoogleOther)"
66.249.64.130 - - [19/Sep/2025:15:22:10 +0300] "GET /shopbrand/5786300 HTTP/1.1" 200 3940 "-" "Mozilla/5.0 (Linux; Android 6.0.1; Nexus 5X Build/MMB29P) AppleWebKit/537.36 (KHTML, like Gecko) Chrome/140.0.7339.127 Mobile Safari/537.36 (compatible; GoogleOther)"
54.167.32.123 - - [19/Sep/2025:15:22:10 +0300] "GET /category/1win-online-70/?path=//opt/plesk/php/8.1/lib64/php HTTP/1.1" 200 3328 "-" "Mozilla/5.0 AppleWebKit/537.36 (KHTML, like Gecko; compatible; Amazonbot/0.1; +https://developer.amazon.com/support/amazonbot) Chrome/119.0.6045.214 Safari/537.36"
66.249.64.132 - - [19/Sep/2025:15:22:11 +0300] "GET /product/edit/T1807587564?fileloc=//usr/lib/.build-id/78/10b60d85ddb98a87c1af9e05372b9b51ed1cb1&path=//usr/lib/.build-id/78 HTTP/1.1" 200 6162 "-" "Mozilla/5.0 (Linux; Android 6.0.1; Nexus 5X Build/MMB29P) AppleWebKit/537.36 (KHTML, like Gecko) Chrome/140.0.7339.127 Mobile Safari/537.36 (compatible; GoogleOther)"
66.249.64.132 - - [19/Sep/2025:15:22:11 +0300] "GET /shopbrand/55350965?fileloc=/python/moda/public_html/tech/wp-mail.php&path=/python/moda/public_html/tech HTTP/1.1" 200 5705 "-" "Mozilla/5.0 (Linux; Android 6.0.1; Nexus 5X Build/MMB29P) AppleWebKit/537.36 (KHTML, like Gecko) Chrome/140.0.7339.127 Mobile Safari/537.36 (compatible; GoogleOther)"
66.249.64.132 - - [19/Sep/2025:15:22:12 +0300] "GET /shopbrand/29519049 HTTP/1.1" 200 3940 "-" "Mozilla/5.0 (Linux; Android 6.0.1; Nexus 5X Build/MMB29P) AppleWebKit/537.36 (KHTML, like Gecko) Chrome/140.0.7339.127 Mobile Safari/537.36 (compatible; GoogleOther)"
66.249.64.130 - - [19/Sep/2025:15:22:12 +0300] "GET /zhHant/product/surugaya/T2072336906?campaign_uid=f64d716db5e979ed2f947dbaf4296895b951ae7f HTTP/1.1" 200 3969 "-" "Mozilla/5.0 (Linux; Android 6.0.1; Nexus 5X Build/MMB29P) AppleWebKit/537.36 (KHTML, like Gecko) Chrome/140.0.7339.127 Mobile Safari/537.36 (compatible; GoogleOther)"
57.141.4.80 - - [19/Sep/2025:15:22:13 +0300] "GET /2025/09/09/n-yax-azrbaycan-kazinolar-2025-thlksizlik-v-93/?fileloc=//usr/include/paths.h&path=//usr/include HTTP/2" 200 15598 "-" "meta-externalagent/1.1 (+https://developers.facebook.com/docs/sharing/webmasters/crawler)"
66.249.64.132 - - [19/Sep/2025:15:22:13 +0300] "GET /shopbrand/98418668?fileloc=//bin/split&path=//bin HTTP/1.1" 200 23427 "-" "Mozilla/5.0 (Linux; Android 6.0.1; Nexus 5X Build/MMB29P) AppleWebKit/537.36 (KHTML, like Gecko) Chrome/140.0.7339.127 Mobile Safari/537.36 (compatible; GoogleOther)"
46.250.173.207 - - [19/Sep/2025:15:22:14 +0300] "GET /2025/09/11/monnaie-pedagogiques-gratuelles-top-5-sites-a-decouvrir/?path=/python/moda/public_html HTTP/2" 200 3364 "https://tech.modatechnologies.co.uk/2025/09/11/monnaie-pedagogiques-gratuelles-top-5-sites-a-decouvrir/?path=/python/moda/public_html" "Mozilla/5.0 (Macintosh; Intel Mac OS X 10_15_7) AppleWebKit/537.36 (KHTML, like Gecko) Chrome/123.0.0.0 Safari/537.36"
66.249.64.131 - - [19/Sep/2025:15:22:14 +0300] "GET /shopbrand/19346134?fileloc=/python/moda/public_html/tech/xmlrpc.php&path=/python/moda/public_html/tech HTTP/1.1" 200 3573 "-" "Mozilla/5.0 (Linux; Android 6.0.1; Nexus 5X Build/MMB29P) AppleWebKit/537.36 (KHTML, like Gecko) Chrome/140.0.7339.127 Mobile Safari/537.36 (compatible; GoogleOther)"
66.249.64.128 - - [19/Sep/2025:15:22:14 +0300] "POST /get-message-notify HTTP/1.1" 200 19682 "https://tech.modatechnologies.co.uk/product/choco20000977.htm" "Mozilla/5.0 (Linux; Android 6.0.1; Nexus 5X Build/MMB29P) AppleWebKit/537.36 (KHTML, like Gecko) Chrome/139.0.7258.127 Mobile Safari/537.36 (compatible; Googlebot/2.1; +http://www.google.com/bot.html)"
20.171.207.111 - - [19/Sep/2025:15:22:10 +0300] "GET /theme/casino/free-slots-bonus-no-deposit-id-card-details-ireland.html?path=//proc/thread-self/root/proc/self/root/proc/self/root/proc/self/root/proc/thread-self/root/proc/thread-self/root/proc/self/root/python/moda/www/tech/old/vendor/punic/punic/src/data/da HTTP/2" 200 3657 "-" "Mozilla/5.0 AppleWebKit/537.36 (KHTML, like Gecko; compatible; GPTBot/1.2; +https://openai.com/gptbot)"
57.141.4.78 - - [19/Sep/2025:15:22:09 +0300] "GET /blog-2/page/1072/?fileloc=//var/tmp/wp-file-manager-TYYpxl.xcf&path=//var/tmp HTTP/2" 200 12049352 "-" "meta-externalagent/1.1 (+https://developers.facebook.com/docs/sharing/webmasters/crawler)"
20.171.207.249 - - [19/Sep/2025:15:22:11 +0300] "GET /?fileloc=//proc/self/root/proc/thread-self/cwd/old/vendor/nesbot/carbon/src/Carbon/Lang/kam.php&path=//proc/self/root/proc/thread-self/cwd/old/vendor/nesbot/carbon/src/Carbon/Lang HTTP/2" 200 3273 "-" "Mozilla/5.0 AppleWebKit/537.36 (KHTML, like Gecko; compatible; GPTBot/1.2; +https://openai.com/gptbot)"
66.249.64.129 - - [19/Sep/2025:15:22:11 +0300] "GET /shopbrand/178824933 HTTP/1.1" 200 4033 "-" "Mozilla/5.0 (Linux; Android 6.0.1; Nexus 5X Build/MMB29P) AppleWebKit/537.36 (KHTML, like Gecko) Chrome/140.0.7339.127 Mobile Safari/537.36 (compatible; GoogleOther)"
57.141.4.10 - - [19/Sep/2025:15:22:11 +0300] "GET /blog-2/page/1406/?path=//var/lib/mysql/staging_wp_b51jn HTTP/2" 200 12793 "-" "meta-externalagent/1.1 (+https://developers.facebook.com/docs/sharing/webmasters/crawler)"
34.227.156.153 - - [19/Sep/2025:15:22:11 +0300] "GET /lease-tos/?path=//lib/systemd/user-generators HTTP/1.1" 200 3329 "-" "Mozilla/5.0 AppleWebKit/537.36 (KHTML, like Gecko; compatible; Amazonbot/0.1; +https://developer.amazon.com/support/amazonbot) Chrome/119.0.6045.214 Safari/537.36"
66.249.64.129 - - [19/Sep/2025:15:22:11 +0300] "GET /shopbrand/10763736 HTTP/1.1" 200 18158 "-" "Mozilla/5.0 (Linux; Android 6.0.1; Nexus 5X Build/MMB29P) AppleWebKit/537.36 (KHTML, like Gecko) Chrome/140.0.7339.127 Mobile Safari/537.36 (compatible; Googlebot/2.1; +http://www.google.com/bot.html)"
57.141.4.9 - - [19/Sep/2025:15:22:11 +0300] "GET /blog-2/page/463/?fileloc=//usr/lib64/libnetsnmpmibs.so.40.1.0&path=//usr/lib64 HTTP/2" 200 2631915 "-" "meta-externalagent/1.1 (+https://developers.facebook.com/docs/sharing/webmasters/crawler)"
66.249.64.128 - - [19/Sep/2025:15:22:13 +0300] "GET /shopbrand/212886346 HTTP/1.1" 200 3943 "-" "Mozilla/5.0 (Linux; Android 6.0.1; Nexus 5X Build/MMB29P) AppleWebKit/537.36 (KHTML, like Gecko) Chrome/140.0.7339.127 Mobile Safari/537.36 (compatible; GoogleOther)"
20.171.207.111 - - [19/Sep/2025:15:22:13 +0300] "GET /theme/casino/free-slots-bonus-no-deposit-id-card-details-ireland.html?path=//proc/thread-self/root/proc/self/root/proc/self/root/proc/self/root/proc/thread-self/root/proc/thread-self/root/proc/self/root/python/moda/www/tech/old/vendor/punic/punic/src/data/de HTTP/2" 200 3686 "-" "Mozilla/5.0 AppleWebKit/537.36 (KHTML, like Gecko; compatible; GPTBot/1.2; +https://openai.com/gptbot)"
66.249.64.128 - - [19/Sep/2025:15:22:14 +0300] "GET /shopbrand/126867435 HTTP/1.1" 200 3915 "-" "Mozilla/5.0 (Linux; Android 6.0.1; Nexus 5X Build/MMB29P) AppleWebKit/537.36 (KHTML, like Gecko) Chrome/140.0.7339.127 Mobile Safari/537.36 (compatible; GoogleOther)"
20.171.207.249 - - [19/Sep/2025:15:22:14 +0300] "GET /?fileloc=//proc/self/root/proc/thread-self/cwd/old/vendor/nesbot/carbon/src/Carbon/Lang/crh.php&path=//proc/self/root/proc/thread-self/cwd/old/vendor/nesbot/carbon/src/Carbon/Lang HTTP/2" 200 2812 "-" "Mozilla/5.0 AppleWebKit/537.36 (KHTML, like Gecko; compatible; GPTBot/1.2; +https://openai.com/gptbot)"
57.141.4.16 - - [19/Sep/2025:15:22:14 +0300] "GET /author/admin/page/526/?fileloc=//lib64/python3.9/token.py&path=//lib64/python3.9 HTTP/2" 200 15272 "-" "meta-externalagent/1.1 (+https://developers.facebook.com/docs/sharing/webmasters/crawler)"
66.249.64.128 - - [19/Sep/2025:15:22:15 +0300] "GET /shopbrand/28627720?fileloc=/python/moda/public_html/tech/old/includes/processinvoices.php&path=/python/moda/public_html/tech/old/includes HTTP/1.1" 200 164728 "-" "Mozilla/5.0 (Linux; Android 6.0.1; Nexus 5X Build/MMB29P) AppleWebKit/537.36 (KHTML, like Gecko) Chrome/140.0.7339.127 Mobile Safari/537.36 (compatible; GoogleOther)"
66.249.64.129 - - [19/Sep/2025:15:22:15 +0300] "GET /product/misco50571804.htm HTTP/1.1" 200 18267 "-" "Mozilla/5.0 (Linux; Android 6.0.1; Nexus 5X Build/MMB29P) AppleWebKit/537.36 (KHTML, like Gecko) Chrome/140.0.7339.127 Mobile Safari/537.36 (compatible; Googlebot/2.1; +http://www.google.com/bot.html)"
66.249.64.131 - - [19/Sep/2025:15:22:16 +0300] "GET /shopbrand/222989012 HTTP/1.1" 200 3940 "-" "Mozilla/5.0 (Linux; Android 6.0.1; Nexus 5X Build/MMB29P) AppleWebKit/537.36 (KHTML, like Gecko) Chrome/140.0.7339.127 Mobile Safari/537.36 (compatible; GoogleOther)"
66.249.64.128 - - [19/Sep/2025:15:22:16 +0300] "GET /shopbrand/155728590?fileloc=/python/moda/public_html/tech/wp-blog-header.php&path=/python/moda/public_html/tech HTTP/1.1" 200 2859 "-" "Mozilla/5.0 (Linux; Android 6.0.1; Nexus 5X Build/MMB29P) AppleWebKit/537.36 (KHTML, like Gecko) Chrome/140.0.7339.127 Mobile Safari/537.36 (compatible; GoogleOther)"
57.141.4.73 - - [19/Sep/2025:15:22:17 +0300] "GET /2025/08/24/accordez-vous-un-moment-de-plaisir-immersif-grace-a-my-stake/?fileloc=//sbin/saslpasswd2&path=//sbin HTTP/2" 200 31697 "-" "meta-externalagent/1.1 (+https://developers.facebook.com/docs/sharing/webmasters/crawler)"
20.171.207.111 - - [19/Sep/2025:15:22:16 +0300] "GET /theme/casino/free-slots-bonus-no-deposit-id-card-details-ireland.html?path=//proc/thread-self/root/proc/self/root/proc/self/root/proc/self/root/proc/thread-self/root/proc/thread-self/root/proc/self/root/python/moda/www/tech/old/vendor/punic/punic/src/data/ru HTTP/2" 200 3686 "-" "Mozilla/5.0 AppleWebKit/537.36 (KHTML, like Gecko; compatible; GPTBot/1.2; +https://openai.com/gptbot)"
66.249.64.131 - - [19/Sep/2025:15:22:17 +0300] "GET /shopbrand/33852657?fileloc=/python/moda/public_html/tech/readme.html&path=/python/moda/public_html/tech HTTP/1.1" 200 5532 "-" "Mozilla/5.0 (Linux; Android 6.0.1; Nexus 5X Build/MMB29P) AppleWebKit/537.36 (KHTML, like Gecko) Chrome/140.0.7339.127 Mobile Safari/537.36 (compatible; GoogleOther)"
66.249.64.129 - - [19/Sep/2025:15:22:17 +0300] "GET /product/edit/T445547324?fileloc=//lib/.build-id/f8/f90b3b981b9f8e9714679868d252e86ae1a1fe&path=//lib/.build-id/f8 HTTP/1.1" 200 24690 "-" "Mozilla/5.0 (Linux; Android 6.0.1; Nexus 5X Build/MMB29P) AppleWebKit/537.36 (KHTML, like Gecko) Chrome/140.0.7339.127 Mobile Safari/537.36 (compatible; GoogleOther)"
20.171.207.249 - - [19/Sep/2025:15:22:17 +0300] "GET /?fileloc=//proc/self/root/proc/thread-self/cwd/old/vendor/nesbot/carbon/src/Carbon/Lang/pt.php&path=//proc/self/root/proc/thread-self/cwd/old/vendor/nesbot/carbon/src/Carbon/Lang HTTP/2" 200 4058 "-" "Mozilla/5.0 AppleWebKit/537.36 (KHTML, like Gecko; compatible; GPTBot/1.2; +https://openai.com/gptbot)"
66.249.64.131 - - [19/Sep/2025:15:22:17 +0300] "GET /shopbrand/72695330 HTTP/1.1" 200 19957 "-" "Mozilla/5.0 (Linux; Android 6.0.1; Nexus 5X Build/MMB29P) AppleWebKit/537.36 (KHTML, like Gecko) Chrome/140.0.7339.127 Mobile Safari/537.36 (compatible; Googlebot/2.1; +http://www.google.com/bot.html)"
66.249.64.129 - - [19/Sep/2025:15:22:18 +0300] "GET /shopbrand/49109252 HTTP/1.1" 200 3915 "-" "Mozilla/5.0 (Linux; Android 6.0.1; Nexus 5X Build/MMB29P) AppleWebKit/537.36 (KHTML, like Gecko) Chrome/140.0.7339.127 Mobile Safari/537.36 (compatible; GoogleOther)"
66.249.64.129 - - [19/Sep/2025:15:22:18 +0300] "GET /shopbrand/185193647?fileloc=/python/moda/public_html/tech/wp-includes/bookmark.php&path=/python/moda/public_html/tech/wp-includes HTTP/1.1" 200 7090 "-" "Mozilla/5.0 (Linux; Android 6.0.1; Nexus 5X Build/MMB29P) AppleWebKit/537.36 (KHTML, like Gecko) Chrome/140.0.7339.127 Mobile Safari/537.36 (compatible; GoogleOther)"
216.73.216.184 - - [19/Sep/2025:15:22:13 +0300] "GET /2025/09/11/bizzo-casino-bonus-code-469?fileloc=%2Fpython%2Fmoda%2Fpublic_html%2Ftech%2Fold%2Fadmin%2Fconfigregistrars.php&path=%2Fpython%2Fmoda%2Fpublic_html%2Ftech%2Fold%2Fadmin HTTP/2" 200 105285 "-" "Mozilla/5.0 AppleWebKit/537.36 (KHTML, like Gecko; compatible; ClaudeBot/1.0; +claudebot@anthropic.com)"
