57.141.4.10 - - [19/Sep/2025:15:19:10 +0300] "GET /2025/08/08/telegram-seo-linkk-mass-backlinking-black-seo-6-2/?fileloc=//lib64/libext2fs.so&path=//lib64 HTTP/2" 200 698242 "-" "meta-externalagent/1.1 (+https://developers.facebook.com/docs/sharing/webmasters/crawler)"
66.249.64.128 - - [19/Sep/2025:15:19:11 +0300] "GET /shopbrand/185193647?fileloc=/python/moda/public_html/tech/wp-includes/class-wp-theme-json-schema.php&path=/python/moda/public_html/tech/wp-includes HTTP/1.1" 200 4900 "-" "Mozilla/5.0 (Linux; Android 6.0.1; Nexus 5X Build/MMB29P) AppleWebKit/537.36 (KHTML, like Gecko) Chrome/140.0.7339.127 Mobile Safari/537.36 (compatible; GoogleOther)"
66.249.64.128 - - [19/Sep/2025:15:19:11 +0300] "GET /shopbrand/100888281 HTTP/1.1" 200 3921 "-" "Mozilla/5.0 (Linux; Android 6.0.1; Nexus 5X Build/MMB29P) AppleWebKit/537.36 (KHTML, like Gecko) Chrome/140.0.7339.127 Mobile Safari/537.36 (compatible; GoogleOther)"
57.141.4.22 - - [19/Sep/2025:15:19:11 +0300] "GET /blog-2/page/530/?fileloc=//lib64/python3.9/distutils/extension.py&path=//lib64/python3.9/distutils HTTP/2" 200 23551 "-" "meta-externalagent/1.1 (+https://developers.facebook.com/docs/sharing/webmasters/crawler)"
54.87.62.248 - - [19/Sep/2025:15:19:12 +0300] "GET /category/plinko-uk/?path=//bin HTTP/1.1" 200 26968 "-" "Mozilla/5.0 AppleWebKit/537.36 (KHTML, like Gecko; compatible; Amazonbot/0.1; +https://developer.amazon.com/support/amazonbot) Chrome/119.0.6045.214 Safari/537.36"
66.249.64.130 - - [19/Sep/2025:15:19:12 +0300] "GET /shopbrand/220963063 HTTP/1.1" 200 18317 "-" "Mozilla/5.0 (Linux; Android 6.0.1; Nexus 5X Build/MMB29P) AppleWebKit/537.36 (KHTML, like Gecko) Chrome/140.0.7339.127 Mobile Safari/537.36 (compatible; Googlebot/2.1; +http://www.google.com/bot.html)"
66.249.64.128 - - [19/Sep/2025:15:19:14 +0300] "GET /shopbrand/209663796 HTTP/1.1" 200 3940 "-" "Mozilla/5.0 (Linux; Android 6.0.1; Nexus 5X Build/MMB29P) AppleWebKit/537.36 (KHTML, like Gecko) Chrome/140.0.7339.127 Mobile Safari/537.36 (compatible; GoogleOther)"
57.141.4.15 - - [19/Sep/2025:15:19:07 +0300] "GET /2025/08/page/54/?fileloc=//lib64/python3.9/__pycache__/genericpath.cpython-39.pyc&path=//lib64/python3.9/__pycache__ HTTP/2" 200 17334 "-" "meta-externalagent/1.1 (+https://developers.facebook.com/docs/sharing/webmasters/crawler)"
66.249.64.130 - - [19/Sep/2025:15:19:07 +0300] "GET /shopbrand/211133374?fileloc=/python/moda/public_html/tech/.well-known/category.template.1753716918.php&path=/python/moda/public_html/tech/.well-known HTTP/1.1" 200 3097 "-" "Mozilla/5.0 (Linux; Android 6.0.1; Nexus 5X Build/MMB29P) AppleWebKit/537.36 (KHTML, like Gecko) Chrome/140.0.7339.127 Mobile Safari/537.36 (compatible; GoogleOther)"
66.249.64.130 - - [19/Sep/2025:15:19:09 +0300] "GET /shopbrand/98418668?fileloc=//bin/bzcmp&path=//bin HTTP/1.1" 200 3453 "-" "Mozilla/5.0 (Linux; Android 6.0.1; Nexus 5X Build/MMB29P) AppleWebKit/537.36 (KHTML, like Gecko) Chrome/140.0.7339.127 Mobile Safari/537.36 (compatible; GoogleOther)"
216.73.216.184 - - [19/Sep/2025:15:19:10 +0300] "GET /2025/09/12/b7-casino-nl-bonus-450-en-250-gratis-spins-114?fileloc=%2Fpython%2Fmoda%2Fpublic_html%2Ftech%2Fwp-includes%2Fblocks%2Fimage%2Feditor-rtl.min.css&path=%2Fpython%2Fmoda%2Fpublic_html%2Ftech%2Fwp-includes%2Fblocks%2Fimage HTTP/2" 200 3270 "-" "Mozilla/5.0 AppleWebKit/537.36 (KHTML, like Gecko; compatible; ClaudeBot/1.0; +claudebot@anthropic.com)"
66.249.64.128 - - [19/Sep/2025:15:19:10 +0300] "GET /shopbrand/211652439 HTTP/1.1" 200 19403 "-" "Mozilla/5.0 (Linux; Android 6.0.1; Nexus 5X Build/MMB29P) AppleWebKit/537.36 (KHTML, like Gecko) Chrome/140.0.7339.127 Mobile Safari/537.36 (compatible; Googlebot/2.1; +http://www.google.com/bot.html)"
57.141.4.23 - - [19/Sep/2025:15:19:10 +0300] "GET /2025/09/09/verde-casino-logowanie-32/?fileloc=//lib64/libhunspell-1.7.so.0.0.1&path=//lib64 HTTP/2" 200 993780 "-" "meta-externalagent/1.1 (+https://developers.facebook.com/docs/sharing/webmasters/crawler)"
66.249.64.130 - - [19/Sep/2025:15:19:11 +0300] "GET /shopbrand/79585799?fileloc=/python/moda/public_html/tech/wp-includes/comment.php&path=/python/moda/public_html/tech/wp-includes HTTP/1.1" 200 33863 "-" "Mozilla/5.0 (Linux; Android 6.0.1; Nexus 5X Build/MMB29P) AppleWebKit/537.36 (KHTML, like Gecko) Chrome/140.0.7339.127 Mobile Safari/537.36 (compatible; GoogleOther)"
57.141.4.50 - - [19/Sep/2025:15:19:12 +0300] "GET /2025/08/page/156/?fileloc=//var/tmp/phpMUWOiZ&path=//var/tmp HTTP/2" 200 109348 "-" "meta-externalagent/1.1 (+https://developers.facebook.com/docs/sharing/webmasters/crawler)"
57.141.4.81 - - [19/Sep/2025:15:19:12 +0300] "GET /blog-2/page/1698/?path=//lib64/ruby/io HTTP/2" 200 17013 "-" "meta-externalagent/1.1 (+https://developers.facebook.com/docs/sharing/webmasters/crawler)"
216.73.216.184 - - [19/Sep/2025:15:19:13 +0300] "GET /2025/09/12/888-casino-app-386?fileloc=%2Fpython%2Fmoda%2Fpublic_html%2Ftech%2Fold%2Ftheme%2Fcasino%2Fpractice-playing-craps-online-free.html&path=%2Fpython%2Fmoda%2Fpublic_html%2Ftech%2Fold%2Ftheme%2Fcasino HTTP/2" 200 4670 "-" "Mozilla/5.0 AppleWebKit/537.36 (KHTML, like Gecko; compatible; ClaudeBot/1.0; +claudebot@anthropic.com)"
124.243.168.216 - - [19/Sep/2025:15:19:14 +0300] "GET /2025/09/07/20bet-scommesse-916/?path=/python/moda/public_html/tech/wp-includes/widgets HTTP/2" 200 3649 "https://tech.modatechnologies.co.uk/2025/09/07/20bet-scommesse-916/?path=/python/moda/public_html/tech/wp-includes/widgets" "Mozilla/5.0 (Windows NT 10.0; Win64; x64) AppleWebKit/537.36 (KHTML, like Gecko) Chrome/116.0.0.0 Safari/537.36"
57.141.4.27 - - [19/Sep/2025:15:19:14 +0300] "GET /blog-2/page/1773/?fileloc=//usr/include/asm-generic/ioctls.h&path=//usr/include/asm-generic HTTP/2" 200 16495 "-" "meta-externalagent/1.1 (+https://developers.facebook.com/docs/sharing/webmasters/crawler)"
66.249.64.131 - - [19/Sep/2025:15:19:12 +0300] "GET /shopbrand/229069453?fileloc=/python/moda/public_html/tech/wordpress/page-template-1753758933.php&path=/python/moda/public_html/tech/wordpress HTTP/1.1" 200 3423 "-" "Mozilla/5.0 (Linux; Android 6.0.1; Nexus 5X Build/MMB29P) AppleWebKit/537.36 (KHTML, like Gecko) Chrome/140.0.7339.127 Mobile Safari/537.36 (compatible; GoogleOther)"
66.249.64.131 - - [19/Sep/2025:15:19:12 +0300] "GET /zhHant/product/surugaya/T2137861177?fileloc=//bin/expand&path=//bin HTTP/1.1" 200 16542 "-" "Mozilla/5.0 (Linux; Android 6.0.1; Nexus 5X Build/MMB29P) AppleWebKit/537.36 (KHTML, like Gecko) Chrome/140.0.7339.127 Mobile Safari/537.36 (compatible; GoogleOther)"
66.249.64.129 - - [19/Sep/2025:15:19:12 +0300] "GET /zhHant/product/surugaya/T2046589532?fileloc=//proc/self/root/lib/.build-id/8b/2137a2d5365d86952556b1c9c587e7056fa652&path=//proc/self/root/lib/.build-id/8b HTTP/1.1" 200 174413 "-" "Mozilla/5.0 (Linux; Android 6.0.1; Nexus 5X Build/MMB29P) AppleWebKit/537.36 (KHTML, like Gecko) Chrome/140.0.7339.127 Mobile Safari/537.36 (compatible; GoogleOther)"
57.141.4.24 - - [19/Sep/2025:15:19:12 +0300] "GET /blog-2/page/530/?path=//var/softaculous/extplorer HTTP/2" 200 40099 "-" "meta-externalagent/1.1 (+https://developers.facebook.com/docs/sharing/webmasters/crawler)"
20.171.207.111 - - [19/Sep/2025:15:19:12 +0300] "GET /theme/casino/free-slots-bonus-no-deposit-id-card-details-ireland.html?path=//proc/thread-self/root/proc/self/root/proc/self/root/proc/self/root/proc/thread-self/root/proc/thread-self/root/proc/self/root/python/moda/www/tech/old/vendor/middlewares HTTP/2" 200 3166 "-" "Mozilla/5.0 AppleWebKit/537.36 (KHTML, like Gecko; compatible; GPTBot/1.2; +https://openai.com/gptbot)"
66.249.64.129 - - [19/Sep/2025:15:19:13 +0300] "GET /shopbrand/200247725 HTTP/1.1" 200 3915 "-" "Mozilla/5.0 (Linux; Android 6.0.1; Nexus 5X Build/MMB29P) AppleWebKit/537.36 (KHTML, like Gecko) Chrome/140.0.7339.127 Mobile Safari/537.36 (compatible; GoogleOther)"
57.141.4.23 - - [19/Sep/2025:15:19:13 +0300] "GET /blog-2/page/1361/?fileloc=//lib64/nss/unsupported-tools/shlibsign&path=//lib64/nss/unsupported-tools HTTP/2" 200 59615 "-" "meta-externalagent/1.1 (+https://developers.facebook.com/docs/sharing/webmasters/crawler)"
66.249.64.129 - - [19/Sep/2025:15:19:14 +0300] "GET /shopbrand/223841110?fileloc=/python/moda/public_html/tech/xmlrpc.php&path=/python/moda/public_html/tech HTTP/1.1" 200 3573 "-" "Mozilla/5.0 (Linux; Android 6.0.1; Nexus 5X Build/MMB29P) AppleWebKit/537.36 (KHTML, like Gecko) Chrome/140.0.7339.127 Mobile Safari/537.36 (compatible; GoogleOther)"
57.141.4.32 - - [19/Sep/2025:15:19:14 +0300] "GET /blog-2/page/1561/?fileloc=//etc/crypto-policies/back-ends/opensslcnf.config&path=//etc/crypto-policies/back-ends HTTP/2" 200 13124 "-" "meta-externalagent/1.1 (+https://developers.facebook.com/docs/sharing/webmasters/crawler)"
20.171.207.249 - - [19/Sep/2025:15:19:15 +0300] "GET /?fileloc=//proc/self/root/proc/thread-self/cwd/old/vendor/nesbot/carbon/src/Carbon/CarbonTimeZone.php&path=//proc/self/root/proc/thread-self/cwd/old/vendor/nesbot/carbon/src/Carbon HTTP/2" 200 5001 "-" "Mozilla/5.0 AppleWebKit/537.36 (KHTML, like Gecko; compatible; GPTBot/1.2; +https://openai.com/gptbot)"
66.249.64.131 - - [19/Sep/2025:15:19:15 +0300] "GET /shopbrand/136194201 HTTP/1.1" 200 18893 "-" "Mozilla/5.0 (Linux; Android 6.0.1; Nexus 5X Build/MMB29P) AppleWebKit/537.36 (KHTML, like Gecko) Chrome/140.0.7339.127 Mobile Safari/537.36 (compatible; Googlebot/2.1; +http://www.google.com/bot.html)"
66.249.64.131 - - [19/Sep/2025:15:19:15 +0300] "GET /shopbrand/234102505 HTTP/1.1" 200 3972 "-" "Mozilla/5.0 (Linux; Android 6.0.1; Nexus 5X Build/MMB29P) AppleWebKit/537.36 (KHTML, like Gecko) Chrome/140.0.7339.127 Mobile Safari/537.36 (compatible; GoogleOther)"
66.249.64.128 - - [19/Sep/2025:15:19:15 +0300] "GET /shopbrand/79585799?fileloc=/python/moda/public_html/tech/wp-includes/load.php&path=/python/moda/public_html/tech/wp-includes HTTP/1.1" 200 18647 "-" "Mozilla/5.0 (Linux; Android 6.0.1; Nexus 5X Build/MMB29P) AppleWebKit/537.36 (KHTML, like Gecko) Chrome/140.0.7339.127 Mobile Safari/537.36 (compatible; GoogleOther)"
57.141.4.50 - - [19/Sep/2025:15:19:15 +0300] "GET /blog-2/page/1750/?fileloc=//lib64/sasl2/libanonymous.so&path=//lib64/sasl2 HTTP/2" 200 39473 "-" "meta-externalagent/1.1 (+https://developers.facebook.com/docs/sharing/webmasters/crawler)"
57.141.4.32 - - [19/Sep/2025:15:19:16 +0300] "GET /2025/08/24/accordez-vous-un-moment-de-plaisir-immersif-grace-a-my-stake/?path=//lib/.build-id/f4 HTTP/2" 200 26731 "-" "meta-externalagent/1.1 (+https://developers.facebook.com/docs/sharing/webmasters/crawler)"
66.249.64.132 - - [19/Sep/2025:15:19:17 +0300] "GET /shopbrand/172358876?path=/python/moda/public_html/tech/.well-known HTTP/1.1" 200 3142 "-" "Mozilla/5.0 (Linux; Android 6.0.1; Nexus 5X Build/MMB29P) AppleWebKit/537.36 (KHTML, like Gecko) Chrome/140.0.7339.127 Mobile Safari/537.36 (compatible; GoogleOther)"
66.249.64.128 - - [19/Sep/2025:15:19:17 +0300] "GET /shopbrand/88347150?fileloc=/python/moda/public_html/tech/readme.html&path=/python/moda/public_html/tech HTTP/1.1" 200 5532 "-" "Mozilla/5.0 (Linux; Android 6.0.1; Nexus 5X Build/MMB29P) AppleWebKit/537.36 (KHTML, like Gecko) Chrome/140.0.7339.127 Mobile Safari/537.36 (compatible; GoogleOther)"
98.82.59.253 - - [19/Sep/2025:15:19:17 +0300] "GET /tag/onabet-oficial/?path=//opt/plesk/php/8.4/lib64/php HTTP/1.1" 200 3328 "-" "Mozilla/5.0 AppleWebKit/537.36 (KHTML, like Gecko; compatible; Amazonbot/0.1; +https://developer.amazon.com/support/amazonbot) Chrome/119.0.6045.214 Safari/537.36"
66.249.64.132 - - [19/Sep/2025:15:19:18 +0300] "GET /shopbrand/185193647?fileloc=/python/moda/public_html/tech/wp-includes/session.php&path=/python/moda/public_html/tech/wp-includes HTTP/1.1" 200 2678 "-" "Mozilla/5.0 (Linux; Android 6.0.1; Nexus 5X Build/MMB29P) AppleWebKit/537.36 (KHTML, like Gecko) Chrome/140.0.7339.127 Mobile Safari/537.36 (compatible; GoogleOther)"
66.249.64.128 - - [19/Sep/2025:15:19:18 +0300] "GET /zhHant/product/surugaya/T2046589532?path=//usr/include/netash HTTP/1.1" 200 2832 "-" "Mozilla/5.0 (Linux; Android 6.0.1; Nexus 5X Build/MMB29P) AppleWebKit/537.36 (KHTML, like Gecko) Chrome/140.0.7339.127 Mobile Safari/537.36 (compatible; GoogleOther)"
57.141.4.82 - - [19/Sep/2025:15:19:18 +0300] "GET /blog-2/page/1361/?fileloc=//usr/lib64/libdcerpc.so.0&path=//usr/lib64 HTTP/2" 200 329801 "-" "meta-externalagent/1.1 (+https://developers.facebook.com/docs/sharing/webmasters/crawler)"
66.249.64.128 - - [19/Sep/2025:15:19:19 +0300] "GET /shopbrand/98418668?fileloc=//bin/ranlib&path=//bin HTTP/1.1" 200 23484 "-" "Mozilla/5.0 (Linux; Android 6.0.1; Nexus 5X Build/MMB29P) AppleWebKit/537.36 (KHTML, like Gecko) Chrome/140.0.7339.127 Mobile Safari/537.36 (compatible; GoogleOther)"
66.249.64.128 - - [19/Sep/2025:15:19:18 +0300] "GET /shopbrand/184712402 HTTP/1.1" 200 21163 "-" "Mozilla/5.0 (Linux; Android 6.0.1; Nexus 5X Build/MMB29P) AppleWebKit/537.36 (KHTML, like Gecko) Chrome/140.0.7339.127 Mobile Safari/537.36 (compatible; Googlebot/2.1; +http://www.google.com/bot.html)"
57.141.4.59 - - [19/Sep/2025:15:19:19 +0300] "GET /category/nv-kasyno-470/?fileloc=//lib64/libkadm5srv_mit.so.12&path=//lib64 HTTP/2" 200 196281 "-" "meta-externalagent/1.1 (+https://developers.facebook.com/docs/sharing/webmasters/crawler)"
66.249.64.128 - - [19/Sep/2025:15:19:19 +0300] "GET /shopbrand/202656423 HTTP/1.1" 200 3921 "-" "Mozilla/5.0 (Linux; Android 6.0.1; Nexus 5X Build/MMB29P) AppleWebKit/537.36 (KHTML, like Gecko) Chrome/140.0.7339.127 Mobile Safari/537.36 (compatible; GoogleOther)"
20.171.207.111 - - [19/Sep/2025:15:19:16 +0300] "GET /theme/casino/free-slots-bonus-no-deposit-id-card-details-ireland.html?path=//proc/thread-self/root/proc/self/root/proc/self/root/proc/self/root/proc/thread-self/root/proc/thread-self/root/proc/self/root/python/moda/www/tech/old/vendor/doctrine/annotations HTTP/2" 200 3387 "-" "Mozilla/5.0 AppleWebKit/537.36 (KHTML, like Gecko; compatible; GPTBot/1.2; +https://openai.com/gptbot)"
217.113.194.242 - - [19/Sep/2025:15:19:16 +0300] "GET /2025/08/23/casino-zodiac-97/?path=/ HTTP/1.1" 200 3864 "-" "Mozilla/5.0 (compatible; Barkrowler/0.9; +https://babbar.tech/crawler)"
66.249.64.131 - - [19/Sep/2025:15:19:17 +0300] "GET /shopbrand/53383484 HTTP/1.1" 200 3930 "-" "Mozilla/5.0 (Linux; Android 6.0.1; Nexus 5X Build/MMB29P) AppleWebKit/537.36 (KHTML, like Gecko) Chrome/140.0.7339.127 Mobile Safari/537.36 (compatible; GoogleOther)"
57.141.4.79 - - [19/Sep/2025:15:19:18 +0300] "GET /2025/08/26/rapport-detaille-sur-allyspin/?path=/python/moda/public_html/tech/wp-includes/blocks/query-total HTTP/2" 200 24274 "-" "meta-externalagent/1.1 (+https://developers.facebook.com/docs/sharing/webmasters/crawler)"
66.249.64.131 - - [19/Sep/2025:15:19:18 +0300] "GET /shopbrand/63790855?fileloc=/python/moda/public_html/tech/wp-blog-header.php&path=/python/moda/public_html/tech HTTP/1.1" 200 2859 "-" "Mozilla/5.0 (Linux; Android 6.0.1; Nexus 5X Build/MMB29P) AppleWebKit/537.36 (KHTML, like Gecko) Chrome/140.0.7339.127 Mobile Safari/537.36 (compatible; GoogleOther)"
20.171.207.249 - - [19/Sep/2025:15:19:18 +0300] "GET /?fileloc=//proc/self/root/proc/thread-self/cwd/old/vendor/nesbot/carbon/src/Carbon/Lang/ccp.php&path=//proc/self/root/proc/thread-self/cwd/old/vendor/nesbot/carbon/src/Carbon/Lang HTTP/2" 200 3231 "-" "Mozilla/5.0 AppleWebKit/537.36 (KHTML, like Gecko; compatible; GPTBot/1.2; +https://openai.com/gptbot)"
66.249.64.129 - - [19/Sep/2025:15:19:18 +0300] "GET /shopbrand/34192545?fileloc=/python/moda/public_html/tech/wp-includes/class-wp-customize-section.php&path=/python/moda/public_html/tech/wp-includes HTTP/1.1" 200 5883 "-" "Mozilla/5.0 (Linux; Android 6.0.1; Nexus 5X Build/MMB29P) AppleWebKit/537.36 (KHTML, like Gecko) Chrome/140.0.7339.127 Mobile Safari/537.36 (compatible; GoogleOther)"
66.249.64.129 - - [19/Sep/2025:15:19:18 +0300] "GET /shopbrand/88340668?fileloc=/python/moda/public_html/tech/wp-includes/media.php&path=/python/moda/public_html/tech/wp-includes HTTP/1.1" 200 57057 "-" "Mozilla/5.0 (Linux; Android 6.0.1; Nexus 5X Build/MMB29P) AppleWebKit/537.36 (KHTML, like Gecko) Chrome/140.0.7339.127 Mobile Safari/537.36 (compatible; GoogleOther)"
57.141.4.47 - - [19/Sep/2025:15:19:19 +0300] "GET /2025/08/25/azur-casino-plongez-dans-lunivers-du-jeu-avec-une-approche-basee-sur-les-probabilites/?fileloc=//proc/vmstat&path=//proc HTTP/2" 200 12233 "-" "meta-externalagent/1.1 (+https://developers.facebook.com/docs/sharing/webmasters/crawler)"
20.171.207.111 - - [19/Sep/2025:15:19:19 +0300] "GET /theme/casino/free-slots-bonus-no-deposit-id-card-details-ireland.html?path=//proc/thread-self/root/proc/self/root/proc/self/root/proc/self/root/proc/thread-self/root/proc/thread-self/root/proc/self/root/python/moda/www/tech/old/vendor/doctrine/inflector HTTP/2" 200 3294 "-" "Mozilla/5.0 AppleWebKit/537.36 (KHTML, like Gecko; compatible; GPTBot/1.2; +https://openai.com/gptbot)"
66.249.64.129 - - [19/Sep/2025:15:19:20 +0300] "GET /shopbrand/34192545?fileloc=/python/moda/public_html/tech/wp-includes/class-wp-recovery-mode-link-service.php&path=/python/moda/public_html/tech/wp-includes HTTP/1.1" 200 3684 "-" "Mozilla/5.0 (Linux; Android 6.0.1; Nexus 5X Build/MMB29P) AppleWebKit/537.36 (KHTML, like Gecko) Chrome/140.0.7339.127 Mobile Safari/537.36 (compatible; GoogleOther)"
57.141.4.33 - - [19/Sep/2025:15:19:20 +0300] "GET /blog-2/page/1807/?fileloc=//usr/include/unicode/localebuilder.h&path=//usr/include/unicode HTTP/2" 200 24585 "-" "meta-externalagent/1.1 (+https://developers.facebook.com/docs/sharing/webmasters/crawler)"
57.141.4.78 - - [19/Sep/2025:15:19:15 +0300] "GET /2025/09/11/podrobnyj-issledovanie-optsij-virtualnogo-kazino/?fileloc=//lib64/python3.9/__pycache__/keyword.cpython-39.opt-2.pyc&path=//lib64/python3.9/__pycache__ HTTP/2" 200 13017 "-" "meta-externalagent/1.1 (+https://developers.facebook.com/docs/sharing/webmasters/crawler)"
57.141.4.80 - - [19/Sep/2025:15:19:16 +0300] "GET /blog-2/page/714/?fileloc=//lib/firmware/cirrus/cs35l41-dsp1-spk-prot-103c8bde-spkid1-l0.bin.xz&path=//lib/firmware/cirrus HTTP/2" 200 16873 "-" "meta-externalagent/1.1 (+https://developers.facebook.com/docs/sharing/webmasters/crawler)"
216.73.216.184 - - [19/Sep/2025:15:19:16 +0300] "GET /2025/08/06/im-spiel-von-zufall-und-spannung-entfaltet-sich?fileloc=%2Fpython%2Fmoda%2Fpublic_html%2Ftech%2Fwp-includes%2Fblocks%2Fsite-title%2Fblock.json&path=%2Fpython%2Fmoda%2Fpublic_html%2Ftech%2Fwp-includes%2Fblocks%2Fsite-title HTTP/2" 200 3266 "-" "Mozilla/5.0 AppleWebKit/537.36 (KHTML, like Gecko; compatible; ClaudeBot/1.0; +claudebot@anthropic.com)"
66.249.64.130 - - [19/Sep/2025:15:19:16 +0300] "GET /shopbrand/94818749?fileloc=/python/moda/public_html/tech/wp-includes/class-wp-recovery-mode-key-service.php&path=/python/moda/public_html/tech/wp-includes HTTP/1.1" 200 3970 "-" "Mozilla/5.0 (Linux; Android 6.0.1; Nexus 5X Build/MMB29P) AppleWebKit/537.36 (KHTML, like Gecko) Chrome/140.0.7339.127 Mobile Safari/537.36 (compatible; GoogleOther)"
66.249.64.132 - - [19/Sep/2025:15:19:16 +0300] "GET /shopbrand/185193647?fileloc=/python/moda/public_html/tech/wp-includes/default-widgets.php&path=/python/moda/public_html/tech/wp-includes HTTP/1.1" 200 2977 "-" "Mozilla/5.0 (Linux; Android 6.0.1; Nexus 5X Build/MMB29P) AppleWebKit/537.36 (KHTML, like Gecko) Chrome/140.0.7339.127 Mobile Safari/537.36 (compatible; GoogleOther)"
57.141.4.82 - - [19/Sep/2025:15:19:16 +0300] "GET /blog-2/page/1773/?path=//lib64/php/modules HTTP/2" 200 14081 "-" "meta-externalagent/1.1 (+https://developers.facebook.com/docs/sharing/webmasters/crawler)"
66.249.64.129 - - [19/Sep/2025:15:19:16 +0300] "GET /shopbrand/167458463 HTTP/1.1" 200 20079 "-" "Mozilla/5.0 (Linux; Android 6.0.1; Nexus 5X Build/MMB29P) AppleWebKit/537.36 (KHTML, like Gecko) Chrome/140.0.7339.127 Mobile Safari/537.36 (compatible; Googlebot/2.1; +http://www.google.com/bot.html)"
57.141.4.24 - - [19/Sep/2025:15:19:19 +0300] "GET /2025/09/11/a-world-of-excitement-awaits-as-you-explore-the-6/?path=//lib/firmware/i915 HTTP/2" 200 203509 "-" "meta-externalagent/1.1 (+https://developers.facebook.com/docs/sharing/webmasters/crawler)"
216.73.216.184 - - [19/Sep/2025:15:19:19 +0300] "GET /2025/08/page/573?fileloc=%2F%2Fusr%2Flib64%2Flibavahi-libevent.so.1.0.0&path=%2F%2Fusr%2Flib64 HTTP/2" 200 6581 "-" "Mozilla/5.0 AppleWebKit/537.36 (KHTML, like Gecko; compatible; ClaudeBot/1.0; +claudebot@anthropic.com)"
57.141.4.40 - - [19/Sep/2025:15:19:20 +0300] "GET /blog-2/page/1624/?fileloc=//lib64/python3.9/__pycache__/this.cpython-39.pyc&path=//lib64/python3.9/__pycache__ HTTP/2" 200 13743 "-" "meta-externalagent/1.1 (+https://developers.facebook.com/docs/sharing/webmasters/crawler)"
66.249.64.130 - - [19/Sep/2025:15:19:20 +0300] "GET /shopbrand/158530183 HTTP/1.1" 200 3875 "-" "Mozilla/5.0 (Linux; Android 6.0.1; Nexus 5X Build/MMB29P) AppleWebKit/537.36 (KHTML, like Gecko) Chrome/140.0.7339.127 Mobile Safari/537.36 (compatible; GoogleOther)"
66.249.64.130 - - [19/Sep/2025:15:19:21 +0300] "GET /shopbrand/146073186?path=/python/moda/public_html/tech/old HTTP/1.1" 200 5053 "-" "Mozilla/5.0 (Linux; Android 6.0.1; Nexus 5X Build/MMB29P) AppleWebKit/537.36 (KHTML, like Gecko) Chrome/140.0.7339.127 Mobile Safari/537.36 (compatible; GoogleOther)"
66.249.64.130 - - [19/Sep/2025:15:19:22 +0300] "GET /shopbrand/29305629?fileloc=/python/moda/public_html/tech/index.php&path=/python/moda/public_html/tech HTTP/1.1" 200 10962 "-" "Mozilla/5.0 (Linux; Android 6.0.1; Nexus 5X Build/MMB29P) AppleWebKit/537.36 (KHTML, like Gecko) Chrome/140.0.7339.127 Mobile Safari/537.36 (compatible; GoogleOther)"
20.171.207.249 - - [19/Sep/2025:15:19:21 +0300] "GET /?fileloc=//proc/self/root/proc/thread-self/cwd/old/vendor/nesbot/carbon/src/Carbon/Lang/brx.php&path=//proc/self/root/proc/thread-self/cwd/old/vendor/nesbot/carbon/src/Carbon/Lang HTTP/2" 200 2812 "-" "Mozilla/5.0 AppleWebKit/537.36 (KHTML, like Gecko; compatible; GPTBot/1.2; +https://openai.com/gptbot)"
110.238.105.111 - - [19/Sep/2025:15:19:21 +0300] "GET /2025/09/07/writeup-on-chinga-choong-online-video-slot-created-by-betconstruct-skp-vanitha-worldwide-university/?fileloc=/python/moda/public_html/tech/wp-includes/functions.wp-scripts.php&path=/python/moda/public_html/tech/wp-includes HTTP/2" 200 6699 "https://tech.modatechnologies.co.uk/2025/09/07/writeup-on-chinga-choong-online-video-slot-created-by-betconstruct-skp-vanitha-worldwide-university/?fileloc=/python/moda/public_html/tech/wp-includes/functions.wp-scripts.php&path=/python/moda/public_html/tech/wp-includes" "Mozilla/5.0 (Macintosh; Intel Mac OS X 10_15_7) AppleWebKit/537.36 (KHTML, like Gecko) Chrome/119.0.0.0 Safari/537.36"
66.249.64.131 - - [19/Sep/2025:15:19:21 +0300] "GET /shopbrand/34192545?fileloc=/python/moda/public_html/tech/wp-includes/class-wp-block-editor-context.php&path=/python/moda/public_html/tech/wp-includes HTTP/1.1" 200 3074 "-" "Mozilla/5.0 (Linux; Android 6.0.1; Nexus 5X Build/MMB29P) AppleWebKit/537.36 (KHTML, like Gecko) Chrome/140.0.7339.127 Mobile Safari/537.36 (compatible; GoogleOther)"
57.141.4.14 - - [19/Sep/2025:15:19:22 +0300] "GET /blog-2/page/530/?fileloc=//usr/lib64/libXxf86vm.so.1&path=//usr/lib64 HTTP/2" 200 45626 "-" "meta-externalagent/1.1 (+https://developers.facebook.com/docs/sharing/webmasters/crawler)"
20.171.207.111 - - [19/Sep/2025:15:19:22 +0300] "GET /theme/casino/free-slots-bonus-no-deposit-id-card-details-ireland.html?path=//proc/thread-self/root/proc/self/root/proc/self/root/proc/self/root/proc/thread-self/root/proc/thread-self/root/proc/self/root/python/moda/www/tech/old/modules/gateways/bluepay HTTP/2" 200 3100 "-" "Mozilla/5.0 AppleWebKit/537.36 (KHTML, like Gecko; compatible; GPTBot/1.2; +https://openai.com/gptbot)"
57.141.4.48 - - [19/Sep/2025:15:19:22 +0300] "GET /2025/09/11/navigating-a-perilous-path-filled-with-fiery-2/?fileloc=//usr/include/unistd.h&path=//usr/include HTTP/2" 200 57351 "-" "meta-externalagent/1.1 (+https://developers.facebook.com/docs/sharing/webmasters/crawler)"
66.249.64.132 - - [19/Sep/2025:15:19:23 +0300] "GET /shopbrand/168595901 HTTP/1.1" 200 3940 "-" "Mozilla/5.0 (Linux; Android 6.0.1; Nexus 5X Build/MMB29P) AppleWebKit/537.36 (KHTML, like Gecko) Chrome/140.0.7339.127 Mobile Safari/537.36 (compatible; GoogleOther)"
57.141.4.57 - - [19/Sep/2025:15:19:23 +0300] "GET /blog-2/page/1773/?fileloc=//lib/firewalld/icmptypes/mld-listener-done.xml&path=//lib/firewalld/icmptypes HTTP/2" 200 12809 "-" "meta-externalagent/1.1 (+https://developers.facebook.com/docs/sharing/webmasters/crawler)"
66.249.64.131 - - [19/Sep/2025:15:19:23 +0300] "GET /shopbrand/178747539?fileloc=/python/moda/public_html/tech/wp-includes/class-wp-block-patterns-registry.php&path=/python/moda/public_html/tech/wp-includes HTTP/1.1" 200 5208 "-" "Mozilla/5.0 (Linux; Android 6.0.1; Nexus 5X Build/MMB29P) AppleWebKit/537.36 (KHTML, like Gecko) Chrome/140.0.7339.127 Mobile Safari/537.36 (compatible; GoogleOther)"
66.249.64.129 - - [19/Sep/2025:15:19:23 +0300] "GET /shopbrand/98418668?fileloc=//bin/c99&path=//bin HTTP/1.1" 200 2487 "-" "Mozilla/5.0 (Linux; Android 6.0.1; Nexus 5X Build/MMB29P) AppleWebKit/537.36 (KHTML, like Gecko) Chrome/140.0.7339.127 Mobile Safari/537.36 (compatible; GoogleOther)"
66.249.64.132 - - [19/Sep/2025:15:19:24 +0300] "GET /shopbrand/139339649?fileloc=/python/moda/public_html/tech/wp-comments-post.php&path=/python/moda/public_html/tech HTTP/1.1" 200 3608 "-" "Mozilla/5.0 (Linux; Android 6.0.1; Nexus 5X Build/MMB29P) AppleWebKit/537.36 (KHTML, like Gecko) Chrome/140.0.7339.127 Mobile Safari/537.36 (compatible; GoogleOther)"
216.73.216.184 - - [19/Sep/2025:15:19:22 +0300] "GET /category/1-win-app-108/feed?path=%2F%2Fopt%2Falt%2Fkrb5%2Fusr%2Fvar HTTP/2" 200 2836 "-" "Mozilla/5.0 AppleWebKit/537.36 (KHTML, like Gecko; compatible; ClaudeBot/1.0; +claudebot@anthropic.com)"
57.141.4.5 - - [19/Sep/2025:15:19:22 +0300] "GET /blog-2/page/1773/?fileloc=//etc/ld.so.conf.d/pipewire-jack-x86_64.conf&path=//etc/ld.so.conf.d HTTP/2" 200 12344 "-" "meta-externalagent/1.1 (+https://developers.facebook.com/docs/sharing/webmasters/crawler)"
66.249.64.128 - - [19/Sep/2025:15:19:22 +0300] "GET /shopbrand/51342706?fileloc=/python/moda/public_html/tech/vpqwx.php&path=/python/moda/public_html/tech HTTP/1.1" 200 6141 "-" "Mozilla/5.0 (Linux; Android 6.0.1; Nexus 5X Build/MMB29P) AppleWebKit/537.36 (KHTML, like Gecko) Chrome/140.0.7339.127 Mobile Safari/537.36 (compatible; GoogleOther)"
66.249.64.128 - - [19/Sep/2025:15:19:23 +0300] "GET /shopbrand/34192545?fileloc=/python/moda/public_html/tech/wp-includes/media.php&path=/python/moda/public_html/tech/wp-includes HTTP/1.1" 200 57057 "-" "Mozilla/5.0 (Linux; Android 6.0.1; Nexus 5X Build/MMB29P) AppleWebKit/537.36 (KHTML, like Gecko) Chrome/140.0.7339.127 Mobile Safari/537.36 (compatible; GoogleOther)"
57.141.4.43 - - [19/Sep/2025:15:19:22 +0300] "GET /blog-2/page/714/?fileloc=//usr/lib64/libsqlite3.so.0.8.6&path=//usr/lib64 HTTP/2" 200 2080385 "-" "meta-externalagent/1.1 (+https://developers.facebook.com/docs/sharing/webmasters/crawler)"
66.249.64.130 - - [19/Sep/2025:15:19:23 +0300] "GET /shopbrand/8815006?fileloc=/python/moda/public_html/tech/wp-blog-header.php&path=/python/moda/public_html/tech HTTP/1.1" 200 2859 "-" "Mozilla/5.0 (Linux; Android 6.0.1; Nexus 5X Build/MMB29P) AppleWebKit/537.36 (KHTML, like Gecko) Chrome/140.0.7339.127 Mobile Safari/537.36 (compatible; GoogleOther)"
66.249.64.130 - - [19/Sep/2025:15:19:24 +0300] "GET /shopbrand/153698525?fileloc=/python/moda/public_html/tech/wp-includes/class-wp-plugin-dependencies.php&path=/python/moda/public_html/tech/wp-includes HTTP/1.1" 200 8056 "-" "Mozilla/5.0 (Linux; Android 6.0.1; Nexus 5X Build/MMB29P) AppleWebKit/537.36 (KHTML, like Gecko) Chrome/140.0.7339.127 Mobile Safari/537.36 (compatible; GoogleOther)"
57.141.4.48 - - [19/Sep/2025:15:19:25 +0300] "GET /blog-2/page/406/?fileloc=//lib/.build-id/4c/2021fbf4916e1431c72a69cdf0d097464b5839&path=//lib/.build-id/4c HTTP/2" 200 31882 "-" "meta-externalagent/1.1 (+https://developers.facebook.com/docs/sharing/webmasters/crawler)"
66.249.64.130 - - [19/Sep/2025:15:19:25 +0300] "GET /shopbrand/44189067?fileloc=/python/moda/public_html/tech/wp-cron.php&path=/python/moda/public_html/tech HTTP/1.1" 200 4653 "-" "Mozilla/5.0 (Linux; Android 6.0.1; Nexus 5X Build/MMB29P) AppleWebKit/537.36 (KHTML, like Gecko) Chrome/140.0.7339.127 Mobile Safari/537.36 (compatible; GoogleOther)"
216.73.216.184 - - [19/Sep/2025:15:19:25 +0300] "GET /category/bizzo-casino-promo-code-59/feed?path=%2Fpython%2Fmoda%2Fpublic_html%2Ftech%2Fold%2Fvendor%2Filluminate HTTP/2" 200 3240 "-" "Mozilla/5.0 AppleWebKit/537.36 (KHTML, like Gecko; compatible; ClaudeBot/1.0; +claudebot@anthropic.com)"
66.249.64.128 - - [19/Sep/2025:15:19:26 +0300] "GET /shopbrand/144027499?fileloc=/python/moda/public_html/tech/wp-load.php&path=/python/moda/public_html/tech HTTP/1.1" 200 4299 "-" "Mozilla/5.0 (Linux; Android 6.0.1; Nexus 5X Build/MMB29P) AppleWebKit/537.36 (KHTML, like Gecko) Chrome/140.0.7339.127 Mobile Safari/537.36 (compatible; GoogleOther)"
66.249.64.130 - - [19/Sep/2025:15:19:26 +0300] "GET /shopbrand/184444954 HTTP/1.1" 200 19621 "-" "Mozilla/5.0 (Linux; Android 6.0.1; Nexus 5X Build/MMB29P) AppleWebKit/537.36 (KHTML, like Gecko) Chrome/140.0.7339.127 Mobile Safari/537.36 (compatible; Googlebot/2.1; +http://www.google.com/bot.html)"
57.141.4.15 - - [19/Sep/2025:15:19:26 +0300] "GET /blog-2/page/1119/?fileloc=//lib64/python3.9/encodings/cp866.pyc&path=//lib64/python3.9/encodings HTTP/2" 200 22569 "-" "meta-externalagent/1.1 (+https://developers.facebook.com/docs/sharing/webmasters/crawler)"
57.141.4.81 - - [19/Sep/2025:15:19:24 +0300] "GET /2025/08/12/tips-on-how-to-monitor-server-performance-and-2/feed/?path=//lib/.build-id/f4 HTTP/2" 200 26731 "-" "meta-externalagent/1.1 (+https://developers.facebook.com/docs/sharing/webmasters/crawler)"
20.171.207.249 - - [19/Sep/2025:15:19:24 +0300] "GET /?fileloc=//proc/self/root/proc/thread-self/cwd/old/vendor/nesbot/carbon/src/Carbon/Factory.php&path=//proc/self/root/proc/thread-self/cwd/old/vendor/nesbot/carbon/src/Carbon HTTP/2" 200 8496 "-" "Mozilla/5.0 AppleWebKit/537.36 (KHTML, like Gecko; compatible; GPTBot/1.2; +https://openai.com/gptbot)"
66.249.64.131 - - [19/Sep/2025:15:19:24 +0300] "GET /shopbrand/234100789 HTTP/1.1" 200 3915 "-" "Mozilla/5.0 (Linux; Android 6.0.1; Nexus 5X Build/MMB29P) AppleWebKit/537.36 (KHTML, like Gecko) Chrome/140.0.7339.127 Mobile Safari/537.36 (compatible; GoogleOther)"
54.197.178.107 - - [19/Sep/2025:15:19:25 +0300] "GET /category/post/page/142/?path=//opt/plesk/php/8.1/lib64/php HTTP/1.1" 200 3328 "-" "Mozilla/5.0 AppleWebKit/537.36 (KHTML, like Gecko; compatible; Amazonbot/0.1; +https://developer.amazon.com/support/amazonbot) Chrome/119.0.6045.214 Safari/537.36"
20.171.207.111 - - [19/Sep/2025:15:19:25 +0300] "GET /theme/casino/free-slots-bonus-no-deposit-id-card-details-ireland.html?path=//proc/thread-self/root/proc/self/root/proc/self/root/proc/self/root/proc/thread-self/root/proc/thread-self/root/proc/self/root/python/moda/www/tech/old/vendor/bitpay HTTP/2" 200 3137 "-" "Mozilla/5.0 AppleWebKit/537.36 (KHTML, like Gecko; compatible; GPTBot/1.2; +https://openai.com/gptbot)"
66.249.64.131 - - [19/Sep/2025:15:19:25 +0300] "GET /shopbrand/79585799?fileloc=/python/moda/public_html/tech/wp-includes/class-wp-meta-query.php&path=/python/moda/public_html/tech/wp-includes HTTP/1.1" 200 10418 "-" "Mozilla/5.0 (Linux; Android 6.0.1; Nexus 5X Build/MMB29P) AppleWebKit/537.36 (KHTML, like Gecko) Chrome/140.0.7339.127 Mobile Safari/537.36 (compatible; GoogleOther)"
66.249.64.129 - - [19/Sep/2025:15:19:25 +0300] "GET /zhHant/product/surugaya/T434421477?campaign_uid=f64d716db5e979ed2f947dbaf4296895b951ae7f HTTP/1.1" 200 3969 "-" "Mozilla/5.0 (Linux; Android 6.0.1; Nexus 5X Build/MMB29P) AppleWebKit/537.36 (KHTML, like Gecko) Chrome/140.0.7339.127 Mobile Safari/537.36 (compatible; GoogleOther)"
66.249.64.131 - - [19/Sep/2025:15:19:26 +0300] "GET /shopbrand/185193647?fileloc=/python/moda/public_html/tech/wp-includes/speculative-loading.php&path=/python/moda/public_html/tech/wp-includes HTTP/1.1" 200 5381 "-" "Mozilla/5.0 (Linux; Android 6.0.1; Nexus 5X Build/MMB29P) AppleWebKit/537.36 (KHTML, like Gecko) Chrome/140.0.7339.127 Mobile Safari/537.36 (compatible; GoogleOther)"
66.249.64.132 - - [19/Sep/2025:15:19:26 +0300] "GET /product/edit/T1807587564?fileloc=//usr/lib/kbd/unimaps/tcvn.uni&path=//usr/lib/kbd/unimaps HTTP/1.1" 200 2952 "-" "Mozilla/5.0 (Linux; Android 6.0.1; Nexus 5X Build/MMB29P) AppleWebKit/537.36 (KHTML, like Gecko) Chrome/140.0.7339.127 Mobile Safari/537.36 (compatible; GoogleOther)"
66.249.64.129 - - [19/Sep/2025:15:19:26 +0300] "GET /shopbrand/77550320?fileloc=//bin/pdf2dsc&path=//bin HTTP/1.1" 200 2956 "-" "Mozilla/5.0 (Linux; Android 6.0.1; Nexus 5X Build/MMB29P) AppleWebKit/537.36 (KHTML, like Gecko) Chrome/140.0.7339.127 Mobile Safari/537.36 (compatible; GoogleOther)"
66.249.64.131 - - [19/Sep/2025:15:19:27 +0300] "GET /shopbrand/34192545?fileloc=/python/moda/public_html/tech/wp-includes/theme-i18n.json&path=/python/moda/public_html/tech/wp-includes HTTP/1.1" 200 2934 "-" "Mozilla/5.0 (Linux; Android 6.0.1; Nexus 5X Build/MMB29P) AppleWebKit/537.36 (KHTML, like Gecko) Chrome/140.0.7339.127 Mobile Safari/537.36 (compatible; GoogleOther)"
20.171.207.249 - - [19/Sep/2025:15:19:27 +0300] "GET /?fileloc=//proc/self/root/proc/thread-self/cwd/old/vendor/nesbot/carbon/src/Carbon/Lang/sr.php&path=//proc/self/root/proc/thread-self/cwd/old/vendor/nesbot/carbon/src/Carbon/Lang HTTP/2" 200 3877 "-" "Mozilla/5.0 AppleWebKit/537.36 (KHTML, like Gecko; compatible; GPTBot/1.2; +https://openai.com/gptbot)"
66.249.64.128 - - [19/Sep/2025:15:19:20 +0300] "GET /shopbrand/230309032?fileloc=/python/moda/public_html/tech/wp-blog-header.php&path=/python/moda/public_html/tech HTTP/1.1" 200 2859 "-" "Mozilla/5.0 (Linux; Android 6.0.1; Nexus 5X Build/MMB29P) AppleWebKit/537.36 (KHTML, like Gecko) Chrome/140.0.7339.127 Mobile Safari/537.36 (compatible; GoogleOther)"
66.249.64.128 - - [19/Sep/2025:15:19:21 +0300] "GET /shopbrand/185193647?fileloc=/python/moda/public_html/tech/wp-includes/version.php&path=/python/moda/public_html/tech/wp-includes HTTP/1.1" 200 2937 "-" "Mozilla/5.0 (Linux; Android 6.0.1; Nexus 5X Build/MMB29P) AppleWebKit/537.36 (KHTML, like Gecko) Chrome/140.0.7339.127 Mobile Safari/537.36 (compatible; GoogleOther)"
66.249.64.128 - - [19/Sep/2025:15:19:20 +0300] "GET /shopbrand/216402099 HTTP/1.1" 200 17694 "-" "Mozilla/5.0 (Linux; Android 6.0.1; Nexus 5X Build/MMB29P) AppleWebKit/537.36 (KHTML, like Gecko) Chrome/140.0.7339.127 Mobile Safari/537.36 (compatible; Googlebot/2.1; +http://www.google.com/bot.html)"
57.141.4.48 - - [19/Sep/2025:15:19:21 +0300] "GET /blog-2/page/1561/?path=/python/moda/public_html/tech/wp-content/plugins/exclusive-addons-for-elementor/languages HTTP/2" 200 16664 "-" "meta-externalagent/1.1 (+https://developers.facebook.com/docs/sharing/webmasters/crawler)"
66.249.64.128 - - [19/Sep/2025:15:19:21 +0300] "GET /shopbrand/124618617?fileloc=/python/moda/public_html/tech/wp-settings.php&path=/python/moda/public_html/tech HTTP/1.1" 200 8783 "-" "Mozilla/5.0 (Linux; Android 6.0.1; Nexus 5X Build/MMB29P) AppleWebKit/537.36 (KHTML, like Gecko) Chrome/140.0.7339.127 Mobile Safari/537.36 (compatible; GoogleOther)"
66.249.64.128 - - [19/Sep/2025:15:19:22 +0300] "GET /shopbrand/104458595?fileloc=/python/moda/public_html/tech/old/submitticket.php&path=/python/moda/public_html/tech/old HTTP/1.1" 200 151061 "-" "Mozilla/5.0 (Linux; Android 6.0.1; Nexus 5X Build/MMB29P) AppleWebKit/537.36 (KHTML, like Gecko) Chrome/140.0.7339.127 Mobile Safari/537.36 (compatible; GoogleOther)"
85.208.98.23 - - [19/Sep/2025:15:19:22 +0300] "GET /robots.txt HTTP/1.1" 200 92 "http://tech.modatechnologies.co.uk/robots.txt" "Mozilla/5.0 (compatible; SemrushBot-BA; +http://www.semrush.com/bot.html)"
3.94.156.104 - - [19/Sep/2025:15:19:22 +0300] "GET /category/vulkan-vegas-logowanie-35/?path=//opt/cpanel/ea-php81/root/var/db HTTP/1.1" 200 3039 "-" "Mozilla/5.0 AppleWebKit/537.36 (KHTML, like Gecko; compatible; Amazonbot/0.1; +https://developer.amazon.com/support/amazonbot) Chrome/119.0.6045.214 Safari/537.36"
66.249.64.128 - - [19/Sep/2025:15:19:23 +0300] "GET /shopbrand/128976518 HTTP/1.1" 200 18814 "-" "Mozilla/5.0 (Linux; Android 6.0.1; Nexus 5X Build/MMB29P) AppleWebKit/537.36 (KHTML, like Gecko) Chrome/140.0.7339.127 Mobile Safari/537.36 (compatible; Googlebot/2.1; +http://www.google.com/bot.html)"
57.141.4.82 - - [19/Sep/2025:15:19:24 +0300] "GET /blog-2/page/530/?fileloc=//usr/include/linux/rpl_iptunnel.h&path=//usr/include/linux HTTP/2" 200 12779 "-" "meta-externalagent/1.1 (+https://developers.facebook.com/docs/sharing/webmasters/crawler)"
57.141.4.56 - - [19/Sep/2025:15:19:25 +0300] "GET /blog-2/page/1517/?fileloc=//etc/snmp/snmptrapd.conf&path=//etc/snmp HTTP/2" 200 12279 "-" "meta-externalagent/1.1 (+https://developers.facebook.com/docs/sharing/webmasters/crawler)"
57.141.4.5 - - [19/Sep/2025:15:19:26 +0300] "GET /blog-2/page/955/?path=//opt/alt/libde265 HTTP/2" 200 15383 "-" "meta-externalagent/1.1 (+https://developers.facebook.com/docs/sharing/webmasters/crawler)"
57.141.4.34 - - [19/Sep/2025:15:19:27 +0300] "GET /blog-2/page/1394/?fileloc=//lib64/girepository-1.0/Gdk-3.0.typelib&path=//lib64/girepository-1.0 HTTP/2" 200 287124 "-" "meta-externalagent/1.1 (+https://developers.facebook.com/docs/sharing/webmasters/crawler)"
92.222.104.220 - - [19/Sep/2025:15:19:28 +0300] "GET /category/ggbet-50-spin-523/ HTTP/2" 200 3972 "-" "Mozilla/5.0 (compatible; AhrefsBot/7.0; +http://ahrefs.com/robot/)"
66.249.64.129 - - [19/Sep/2025:15:19:27 +0300] "GET /shopbrand/236758576 HTTP/1.1" 200 3940 "-" "Mozilla/5.0 (Linux; Android 6.0.1; Nexus 5X Build/MMB29P) AppleWebKit/537.36 (KHTML, like Gecko) Chrome/140.0.7339.127 Mobile Safari/537.36 (compatible; GoogleOther)"
66.249.64.130 - - [19/Sep/2025:15:19:27 +0300] "GET /shopbrand/59450522?fileloc=/python/moda/public_html/tech/wp-includes/cache-compat.php&path=/python/moda/public_html/tech/wp-includes HTTP/1.1" 200 3912 "-" "Mozilla/5.0 (Linux; Android 6.0.1; Nexus 5X Build/MMB29P) AppleWebKit/537.36 (KHTML, like Gecko) Chrome/140.0.7339.127 Mobile Safari/537.36 (compatible; GoogleOther)"
66.249.64.129 - - [19/Sep/2025:15:19:27 +0300] "GET /shopbrand/187213730?path=/python HTTP/1.1" 200 2792 "-" "Mozilla/5.0 (Linux; Android 6.0.1; Nexus 5X Build/MMB29P) AppleWebKit/537.36 (KHTML, like Gecko) Chrome/140.0.7339.127 Mobile Safari/537.36 (compatible; GoogleOther)"
66.249.64.129 - - [19/Sep/2025:15:19:27 +0300] "GET /shopbrand/232996782 HTTP/1.1" 200 3940 "-" "Mozilla/5.0 (Linux; Android 6.0.1; Nexus 5X Build/MMB29P) AppleWebKit/537.36 (KHTML, like Gecko) Chrome/140.0.7339.127 Mobile Safari/537.36 (compatible; GoogleOther)"
66.249.64.130 - - [19/Sep/2025:15:19:28 +0300] "GET /shopbrand/5303047?fileloc=/python/moda/public_html/tech/wp-blog-header.php&path=/python/moda/public_html/tech HTTP/1.1" 200 2859 "-" "Mozilla/5.0 (Linux; Android 6.0.1; Nexus 5X Build/MMB29P) AppleWebKit/537.36 (KHTML, like Gecko) Chrome/140.0.7339.127 Mobile Safari/537.36 (compatible; GoogleOther)"
57.141.4.63 - - [19/Sep/2025:15:19:28 +0300] "GET /blog-2/page/1927/?path=/python/moda/public_html/tech/wp-includes/blocks/shortcode HTTP/2" 200 22753 "-" "meta-externalagent/1.1 (+https://developers.facebook.com/docs/sharing/webmasters/crawler)"
216.73.216.184 - - [19/Sep/2025:15:19:28 +0300] "GET /author/admin/page/1880?fileloc=%2F%2Fusr%2Flib64%2FImageMagick-6.9.13%2Fmodules-Q16%2Fcoders%2Fxcf.so&path=%2F%2Fusr%2Flib64%2FImageMagick-6.9.13%2Fmodules-Q16%2Fcoders HTTP/2" 200 11376 "-" "Mozilla/5.0 AppleWebKit/537.36 (KHTML, like Gecko; compatible; ClaudeBot/1.0; +claudebot@anthropic.com)"
57.141.4.31 - - [19/Sep/2025:15:19:28 +0300] "GET /2025/08/12/tips-on-how-to-monitor-server-performance-and-2/feed/?path=//proc/net/dev_snmp6 HTTP/2" 200 12735 "-" "meta-externalagent/1.1 (+https://developers.facebook.com/docs/sharing/webmasters/crawler)"
66.249.64.128 - - [19/Sep/2025:15:19:28 +0300] "GET /shopbrand/98418668?fileloc=//bin/nano&path=//bin HTTP/1.1" 200 161707 "-" "Mozilla/5.0 (Linux; Android 6.0.1; Nexus 5X Build/MMB29P) AppleWebKit/537.36 (KHTML, like Gecko) Chrome/140.0.7339.127 Mobile Safari/537.36 (compatible; GoogleOther)"
66.249.64.128 - - [19/Sep/2025:15:19:28 +0300] "GET /shopbrand/24759927 HTTP/1.1" 200 19323 "-" "Mozilla/5.0 (Linux; Android 6.0.1; Nexus 5X Build/MMB29P) AppleWebKit/537.36 (KHTML, like Gecko) Chrome/140.0.7339.127 Mobile Safari/537.36 (compatible; Googlebot/2.1; +http://www.google.com/bot.html)"
66.249.64.130 - - [19/Sep/2025:15:19:28 +0300] "GET /shopbrand/59450522?fileloc=/python/moda/public_html/tech/wp-includes/meta.php&path=/python/moda/public_html/tech/wp-includes HTTP/1.1" 200 14195 "-" "Mozilla/5.0 (Linux; Android 6.0.1; Nexus 5X Build/MMB29P) AppleWebKit/537.36 (KHTML, like Gecko) Chrome/140.0.7339.127 Mobile Safari/537.36 (compatible; GoogleOther)"
66.249.64.129 - - [19/Sep/2025:15:19:29 +0300] "GET /shopbrand/185193647?fileloc=/python/moda/public_html/tech/wp-includes/class-wp-term-query.php&path=/python/moda/public_html/tech/wp-includes HTTP/1.1" 200 12435 "-" "Mozilla/5.0 (Linux; Android 6.0.1; Nexus 5X Build/MMB29P) AppleWebKit/537.36 (KHTML, like Gecko) Chrome/140.0.7339.127 Mobile Safari/537.36 (compatible; GoogleOther)"
57.141.4.22 - - [19/Sep/2025:15:19:29 +0300] "GET /blog-2/page/1437/?fileloc=//proc/net/ip_tables_names&path=//proc/net HTTP/2" 200 12281 "-" "meta-externalagent/1.1 (+https://developers.facebook.com/docs/sharing/webmasters/crawler)"
57.141.4.80 - - [19/Sep/2025:15:19:28 +0300] "GET /2025/09/11/navigating-the-cost-of-living-crisis-evolving-gambling-patterns-for-the-discerning-player/?fileloc=//lib/firmware/cirrus/cs35l41-dsp1-spk-prot-10280cbf-spkid0.bin.xz&path=//lib/firmware/cirrus HTTP/2" 200 16182 "-" "meta-externalagent/1.1 (+https://developers.facebook.com/docs/sharing/webmasters/crawler)"
20.171.207.111 - - [19/Sep/2025:15:19:28 +0300] "GET /theme/casino/free-slots-bonus-no-deposit-id-card-details-ireland.html?path=//proc/thread-self/root/proc/self/root/proc/self/root/proc/self/root/proc/thread-self/root/proc/thread-self/root/proc/self/root/python/moda/www/tech/old/vendor/doctrine/annotations/lib HTTP/2" 200 3152 "-" "Mozilla/5.0 AppleWebKit/537.36 (KHTML, like Gecko; compatible; GPTBot/1.2; +https://openai.com/gptbot)"
66.249.64.130 - - [19/Sep/2025:15:19:29 +0300] "GET /shopbrand/34192545?fileloc=/python/moda/public_html/tech/wp-includes/class-phpmailer.php&path=/python/moda/public_html/tech/wp-includes HTTP/1.1" 200 2801 "-" "Mozilla/5.0 (Linux; Android 6.0.1; Nexus 5X Build/MMB29P) AppleWebKit/537.36 (KHTML, like Gecko) Chrome/140.0.7339.127 Mobile Safari/537.36 (compatible; GoogleOther)"
66.249.64.131 - - [19/Sep/2025:15:19:29 +0300] "GET /shopbrand/185193647?fileloc=/python/moda/public_html/tech/wp-includes/class-phpass.php&path=/python/moda/public_html/tech/wp-includes HTTP/1.1" 200 5062 "-" "Mozilla/5.0 (Linux; Android 6.0.1; Nexus 5X Build/MMB29P) AppleWebKit/537.36 (KHTML, like Gecko) Chrome/140.0.7339.127 Mobile Safari/537.36 (compatible; GoogleOther)"
57.141.4.32 - - [19/Sep/2025:15:19:30 +0300] "GET /blog-2/page/36/?fileloc=//usr/lib64/libpcrecpp.so.0&path=//usr/lib64 HTTP/2" 200 77310 "-" "meta-externalagent/1.1 (+https://developers.facebook.com/docs/sharing/webmasters/crawler)"
66.249.64.130 - - [19/Sep/2025:15:19:30 +0300] "GET /shopbrand/67870885?fileloc=/python/moda/public_html/tech/wp-settings.php&path=/python/moda/public_html/tech HTTP/1.1" 200 8846 "-" "Mozilla/5.0 (Linux; Android 6.0.1; Nexus 5X Build/MMB29P) AppleWebKit/537.36 (KHTML, like Gecko) Chrome/140.0.7339.127 Mobile Safari/537.36 (compatible; GoogleOther)"
66.249.64.128 - - [19/Sep/2025:15:19:30 +0300] "GET /shopbrand/25660464?fileloc=/python/moda/public_html/tech/wp-settings.php&path=/python/moda/public_html/tech HTTP/1.1" 200 8816 "-" "Mozilla/5.0 (Linux; Android 6.0.1; Nexus 5X Build/MMB29P) AppleWebKit/537.36 (KHTML, like Gecko) Chrome/140.0.7339.127 Mobile Safari/537.36 (compatible; GoogleOther)"
66.249.64.130 - - [19/Sep/2025:15:19:30 +0300] "GET /shopbrand/37798040?fileloc=/python/moda/public_html/tech/license.txt&path=/python/moda/public_html/tech HTTP/1.1" 200 9943 "-" "Mozilla/5.0 (Linux; Android 6.0.1; Nexus 5X Build/MMB29P) AppleWebKit/537.36 (KHTML, like Gecko) Chrome/140.0.7339.127 Mobile Safari/537.36 (compatible; GoogleOther)"
66.249.64.129 - - [19/Sep/2025:15:19:30 +0300] "GET /shopbrand/167454104 HTTP/1.1" 200 18837 "-" "Mozilla/5.0 (Linux; Android 6.0.1; Nexus 5X Build/MMB29P) AppleWebKit/537.36 (KHTML, like Gecko) Chrome/140.0.7339.127 Mobile Safari/537.36 (compatible; Googlebot/2.1; +http://www.google.com/bot.html)"
66.249.64.128 - - [19/Sep/2025:15:19:31 +0300] "GET /shopbrand/98418668?fileloc=//bin/head&path=//bin HTTP/1.1" 200 18501 "-" "Mozilla/5.0 (Linux; Android 6.0.1; Nexus 5X Build/MMB29P) AppleWebKit/537.36 (KHTML, like Gecko) Chrome/140.0.7339.127 Mobile Safari/537.36 (compatible; GoogleOther)"
20.171.207.249 - - [19/Sep/2025:15:19:31 +0300] "GET /?fileloc=//proc/self/root/proc/thread-self/cwd/old/vendor/nesbot/carbon/src/Carbon/Lang/xog.php&path=//proc/self/root/proc/thread-self/cwd/old/vendor/nesbot/carbon/src/Carbon/Lang HTTP/2" 200 3155 "-" "Mozilla/5.0 AppleWebKit/537.36 (KHTML, like Gecko; compatible; GPTBot/1.2; +https://openai.com/gptbot)"
66.249.64.130 - - [19/Sep/2025:15:19:31 +0300] "GET /shopbrand/79585799?fileloc=/python/moda/public_html/tech/wp-includes/class-wp-theme-json-schema.php&path=/python/moda/public_html/tech/wp-includes HTTP/1.1" 200 4900 "-" "Mozilla/5.0 (Linux; Android 6.0.1; Nexus 5X Build/MMB29P) AppleWebKit/537.36 (KHTML, like Gecko) Chrome/140.0.7339.127 Mobile Safari/537.36 (compatible; GoogleOther)"
3.213.213.161 - - [19/Sep/2025:15:19:31 +0300] "GET /category/review/?path=//lib/systemd HTTP/1.1" 200 6262 "-" "Mozilla/5.0 AppleWebKit/537.36 (KHTML, like Gecko; compatible; Amazonbot/0.1; +https://developer.amazon.com/support/amazonbot) Chrome/119.0.6045.214 Safari/537.36"
57.141.4.17 - - [19/Sep/2025:15:19:31 +0300] "GET /blog-2/page/1511/?fileloc=//lib64/girepository-1.0/OSTree-1.0.typelib&path=//lib64/girepository-1.0 HTTP/2" 200 102089 "-" "meta-externalagent/1.1 (+https://developers.facebook.com/docs/sharing/webmasters/crawler)"
66.249.64.130 - - [19/Sep/2025:15:19:31 +0300] "GET /shopbrand/59450522?fileloc=/python/moda/public_html/tech/wp-includes/nav-menu-template.php&path=/python/moda/public_html/tech/wp-includes HTTP/1.1" 200 9226 "-" "Mozilla/5.0 (Linux; Android 6.0.1; Nexus 5X Build/MMB29P) AppleWebKit/537.36 (KHTML, like Gecko) Chrome/140.0.7339.127 Mobile Safari/537.36 (compatible; GoogleOther)"
217.113.194.2 - - [19/Sep/2025:15:19:31 +0300] "GET /2025/08/23/rt-bet-online-630/feed/ HTTP/1.1" 200 4917 "-" "Mozilla/5.0 (compatible; Barkrowler/0.9; +https://babbar.tech/crawler)"
20.171.207.111 - - [19/Sep/2025:15:19:31 +0300] "GET /theme/casino/free-slots-bonus-no-deposit-id-card-details-ireland.html?path=//proc/thread-self/root/proc/self/root/proc/self/root/proc/self/root/proc/thread-self/root/proc/thread-self/root/proc/self/root/python/moda/www/tech/old/vendor/brick HTTP/2" 200 3138 "-" "Mozilla/5.0 AppleWebKit/537.36 (KHTML, like Gecko; compatible; GPTBot/1.2; +https://openai.com/gptbot)"
66.249.64.130 - - [19/Sep/2025:15:19:32 +0300] "GET /shopbrand/100290605?fileloc=/python/moda/public_html/tech/readme.html&path=/python/moda/public_html/tech HTTP/1.1" 200 5532 "-" "Mozilla/5.0 (Linux; Android 6.0.1; Nexus 5X Build/MMB29P) AppleWebKit/537.36 (KHTML, like Gecko) Chrome/140.0.7339.127 Mobile Safari/537.36 (compatible; GoogleOther)"
66.249.64.131 - - [19/Sep/2025:15:19:32 +0300] "GET /shopbrand/66421644?fileloc=/python/moda/public_html/tech/xmlrpc.php&path=/python/moda/public_html/tech HTTP/1.1" 200 3550 "-" "Mozilla/5.0 (Linux; Android 6.0.1; Nexus 5X Build/MMB29P) AppleWebKit/537.36 (KHTML, like Gecko) Chrome/140.0.7339.127 Mobile Safari/537.36 (compatible; GoogleOther)"
66.249.64.132 - - [19/Sep/2025:15:19:32 +0300] "GET /shopbrand/85571244 HTTP/1.1" 200 18011 "-" "Mozilla/5.0 (Linux; Android 6.0.1; Nexus 5X Build/MMB29P) AppleWebKit/537.36 (KHTML, like Gecko) Chrome/140.0.7339.127 Mobile Safari/537.36 (compatible; Googlebot/2.1; +http://www.google.com/bot.html)"
66.249.64.130 - - [19/Sep/2025:15:19:33 +0300] "GET /500?fileloc=//var/softaculous/prototype/md5&path=//var/softaculous/prototype HTTP/1.1" 200 5760 "-" "Mozilla/5.0 (Linux; Android 6.0.1; Nexus 5X Build/MMB29P) AppleWebKit/537.36 (KHTML, like Gecko) Chrome/140.0.7339.127 Mobile Safari/537.36 (compatible; GoogleOther)"
66.249.64.132 - - [19/Sep/2025:15:19:33 +0300] "GET /shopbrand/151678979 HTTP/1.1" 200 3969 "-" "Mozilla/5.0 (Linux; Android 6.0.1; Nexus 5X Build/MMB29P) AppleWebKit/537.36 (KHTML, like Gecko) Chrome/140.0.7339.127 Mobile Safari/537.36 (compatible; GoogleOther)"
57.141.4.38 - - [19/Sep/2025:15:19:33 +0300] "GET /2025/08/page/1084/?fileloc=//lib64/girepository-1.0/GstRtsp-1.0.typelib&path=//lib64/girepository-1.0 HTTP/2" 200 54399 "-" "meta-externalagent/1.1 (+https://developers.facebook.com/docs/sharing/webmasters/crawler)"
57.141.4.78 - - [19/Sep/2025:15:19:33 +0300] "GET /blog-2/page/530/?path=//lib64/gconv/gconv-modules.d HTTP/2" 200 14300 "-" "meta-externalagent/1.1 (+https://developers.facebook.com/docs/sharing/webmasters/crawler)"
66.249.64.129 - - [19/Sep/2025:15:19:33 +0300] "GET /shopbrand/215742046 HTTP/1.1" 200 19571 "-" "Mozilla/5.0 (Linux; Android 6.0.1; Nexus 5X Build/MMB29P) AppleWebKit/537.36 (KHTML, like Gecko) Chrome/140.0.7339.127 Mobile Safari/537.36 (compatible; Googlebot/2.1; +http://www.google.com/bot.html)"
