20.171.207.249 - - [19/Sep/2025:15:10:20 +0300] "GET /?fileloc=//proc/self/root/proc/thread-self/cwd/old/vendor/laminas/laminas-validator/src/StaticValidator.php&path=//proc/self/root/proc/thread-self/cwd/old/vendor/laminas/laminas-validator/src HTTP/2" 200 3410 "-" "Mozilla/5.0 AppleWebKit/537.36 (KHTML, like Gecko; compatible; GPTBot/1.2; +https://openai.com/gptbot)"
66.249.64.128 - - [19/Sep/2025:15:10:20 +0300] "GET /zhHant/product/surugaya/T2523552984?fileloc=/python/moda/public_html/tech/wp-config-sample.php&path=/python/moda/public_html/tech HTTP/1.1" 200 3818 "-" "Mozilla/5.0 (Linux; Android 6.0.1; Nexus 5X Build/MMB29P) AppleWebKit/537.36 (KHTML, like Gecko) Chrome/140.0.7339.127 Mobile Safari/537.36 (compatible; GoogleOther)"
185.191.171.14 - - [19/Sep/2025:15:10:20 +0300] "GET /author/admin/page/834/ HTTP/1.1" 200 4917 "-" "Mozilla/5.0 (compatible; SemrushBot/7~bl; +http://www.semrush.com/bot.html)"
66.249.64.132 - - [19/Sep/2025:15:10:21 +0300] "GET /shopbrand/208889173?fileloc=/python/moda/public_html/tech/index.php&path=/python/moda/public_html/tech HTTP/1.1" 200 10962 "-" "Mozilla/5.0 (Linux; Android 6.0.1; Nexus 5X Build/MMB29P) AppleWebKit/537.36 (KHTML, like Gecko) Chrome/140.0.7339.127 Mobile Safari/537.36 (compatible; GoogleOther)"
216.73.216.184 - - [19/Sep/2025:15:10:21 +0300] "GET /author/admin/page/1887?path=%2F%2Flib%2Ftuned%2Fthroughput-performance HTTP/2" 200 2847 "-" "Mozilla/5.0 AppleWebKit/537.36 (KHTML, like Gecko; compatible; ClaudeBot/1.0; +claudebot@anthropic.com)"
66.249.64.131 - - [19/Sep/2025:15:10:21 +0300] "GET /shopbrand/137511255?fileloc=/python/moda/public_html/tech/wp-includes/class-wp-theme-json-schema.php&path=/python/moda/public_html/tech/wp-includes HTTP/1.1" 200 4935 "-" "Mozilla/5.0 (Linux; Android 6.0.1; Nexus 5X Build/MMB29P) AppleWebKit/537.36 (KHTML, like Gecko) Chrome/140.0.7339.127 Mobile Safari/537.36 (compatible; GoogleOther)"
66.249.64.128 - - [19/Sep/2025:15:10:22 +0300] "GET /shopbrand/227338193?fileloc=/python/moda/public_html/tech/wp-blog-header.php&path=/python/moda/public_html/tech HTTP/1.1" 200 2859 "-" "Mozilla/5.0 (Linux; Android 6.0.1; Nexus 5X Build/MMB29P) AppleWebKit/537.36 (KHTML, like Gecko) Chrome/140.0.7339.127 Mobile Safari/537.36 (compatible; GoogleOther)"
66.249.64.128 - - [19/Sep/2025:15:10:22 +0300] "GET /2025/09/11/a-fiery-race-unfolds-as-players-navigate-the/?fileloc=/python/moda/public_html/tech/wp-admin/options-reading.php&path=/python/moda/public_html/tech/wp-admin HTTP/1.1" 200 5803 "-" "Mozilla/5.0 (Linux; Android 6.0.1; Nexus 5X Build/MMB29P) AppleWebKit/537.36 (KHTML, like Gecko) Chrome/140.0.7339.127 Mobile Safari/537.36 (compatible; GoogleOther)"
66.249.64.131 - - [19/Sep/2025:15:10:22 +0300] "GET /shopbrand/82067159 HTTP/1.1" 200 3915 "-" "Mozilla/5.0 (Linux; Android 6.0.1; Nexus 5X Build/MMB29P) AppleWebKit/537.36 (KHTML, like Gecko) Chrome/140.0.7339.127 Mobile Safari/537.36 (compatible; GoogleOther)"
57.141.4.32 - - [19/Sep/2025:15:10:22 +0300] "GET /blog-2/page/1325/?fileloc=//usr/lib64/libkadm5srv_mit.so.12&path=//usr/lib64 HTTP/2" 200 196319 "-" "meta-externalagent/1.1 (+https://developers.facebook.com/docs/sharing/webmasters/crawler)"
66.249.64.128 - - [19/Sep/2025:15:10:23 +0300] "GET /zhHant/product/surugaya/T1173212002?fileloc=/python/moda/public_html/tech/wp-config-sample.php&path=/python/moda/public_html/tech HTTP/1.1" 200 3818 "-" "Mozilla/5.0 (Linux; Android 6.0.1; Nexus 5X Build/MMB29P) AppleWebKit/537.36 (KHTML, like Gecko) Chrome/140.0.7339.127 Mobile Safari/537.36 (compatible; GoogleOther)"
66.249.64.128 - - [19/Sep/2025:15:10:23 +0300] "GET /shopbrand/127572423?fileloc=/python/moda/public_html/tech/wp-blog-header.php&path=/python/moda/public_html/tech HTTP/1.1" 200 2859 "-" "Mozilla/5.0 (Linux; Android 6.0.1; Nexus 5X Build/MMB29P) AppleWebKit/537.36 (KHTML, like Gecko) Chrome/140.0.7339.127 Mobile Safari/537.36 (compatible; GoogleOther)"
66.249.64.128 - - [19/Sep/2025:15:10:23 +0300] "GET /shopbrand/167553717?fileloc=/python/moda/public_html/tech/wp-trackback.php&path=/python/moda/public_html/tech HTTP/1.1" 200 4484 "-" "Mozilla/5.0 (Linux; Android 6.0.1; Nexus 5X Build/MMB29P) AppleWebKit/537.36 (KHTML, like Gecko) Chrome/140.0.7339.127 Mobile Safari/537.36 (compatible; GoogleOther)"
57.141.4.14 - - [19/Sep/2025:15:10:20 +0300] "GET /2025/09/11/2025-kak-vybrat-idealnuju-platformu-dlja-sebja-95/?path=/python/moda/public_html/tech/wp-content/uploads/elementor HTTP/2" 200 19023 "-" "meta-externalagent/1.1 (+https://developers.facebook.com/docs/sharing/webmasters/crawler)"
66.249.64.129 - - [19/Sep/2025:15:10:20 +0300] "GET /shopbrand/50615533 HTTP/1.1" 200 3943 "-" "Mozilla/5.0 (Linux; Android 6.0.1; Nexus 5X Build/MMB29P) AppleWebKit/537.36 (KHTML, like Gecko) Chrome/140.0.7339.127 Mobile Safari/537.36 (compatible; GoogleOther)"
54.225.81.20 - - [19/Sep/2025:15:10:20 +0300] "GET /category/vulkan-vegas-logowanie-35/?path=//proc/thread-self/root/opt/cpanel/alt-php84 HTTP/1.1" 200 3048 "-" "Mozilla/5.0 AppleWebKit/537.36 (KHTML, like Gecko; compatible; Amazonbot/0.1; +https://developer.amazon.com/support/amazonbot) Chrome/119.0.6045.214 Safari/537.36"
66.249.64.130 - - [19/Sep/2025:15:10:21 +0300] "GET /shopbrand/14642176?fileloc=/python/moda/public_html/tech/error_log&path=/python/moda/public_html/tech HTTP/1.1" 200 2448 "-" "Mozilla/5.0 (Linux; Android 6.0.1; Nexus 5X Build/MMB29P) AppleWebKit/537.36 (KHTML, like Gecko) Chrome/140.0.7339.127 Mobile Safari/537.36 (compatible; GoogleOther)"
20.171.207.111 - - [19/Sep/2025:15:10:21 +0300] "GET /theme/casino/free-slots-bonus-no-deposit-id-card-details-ireland.html?path=//proc/thread-self/root/proc/self/root/proc/self/root/proc/self/root/proc/thread-self/root/proc/thread-self/root/proc/self/root/python/moda/www/tech/old/vendor/aws/aws-sdk-php/src/data/secretsmanager HTTP/2" 200 3186 "-" "Mozilla/5.0 AppleWebKit/537.36 (KHTML, like Gecko; compatible; GPTBot/1.2; +https://openai.com/gptbot)"
66.249.64.130 - - [19/Sep/2025:15:10:21 +0300] "GET /shopbrand/89784075?fileloc=/python/moda/public_html/tech/xmlrpc.php&path=/python/moda/public_html/tech HTTP/1.1" 200 3573 "-" "Mozilla/5.0 (Linux; Android 6.0.1; Nexus 5X Build/MMB29P) AppleWebKit/537.36 (KHTML, like Gecko) Chrome/140.0.7339.127 Mobile Safari/537.36 (compatible; GoogleOther)"
66.249.64.130 - - [19/Sep/2025:15:10:22 +0300] "GET /shopbrand/86421916?fileloc=/python/moda/public_html/tech/wp-includes/class-phpmailer.php&path=/python/moda/public_html/tech/wp-includes HTTP/1.1" 200 2801 "-" "Mozilla/5.0 (Linux; Android 6.0.1; Nexus 5X Build/MMB29P) AppleWebKit/537.36 (KHTML, like Gecko) Chrome/140.0.7339.127 Mobile Safari/537.36 (compatible; GoogleOther)"
66.249.64.130 - - [19/Sep/2025:15:10:24 +0300] "GET /shopbrand/228666156 HTTP/1.1" 200 3930 "-" "Mozilla/5.0 (Linux; Android 6.0.1; Nexus 5X Build/MMB29P) AppleWebKit/537.36 (KHTML, like Gecko) Chrome/140.0.7339.127 Mobile Safari/537.36 (compatible; GoogleOther)"
66.249.64.129 - - [19/Sep/2025:15:10:24 +0300] "GET /shopbrand/107513474?fileloc=/python/moda/public_html/tech/wp-cron.php&path=/python/moda/public_html/tech HTTP/1.1" 200 4678 "-" "Mozilla/5.0 (Linux; Android 6.0.1; Nexus 5X Build/MMB29P) AppleWebKit/537.36 (KHTML, like Gecko) Chrome/140.0.7339.127 Mobile Safari/537.36 (compatible; GoogleOther)"
57.141.4.52 - - [19/Sep/2025:15:10:24 +0300] "GET /2025/09/11/4-principaux-parages-en-compagnie-de-depart-du-pax-dei/?path=//usr/include/rpc HTTP/2" 200 14157 "-" "meta-externalagent/1.1 (+https://developers.facebook.com/docs/sharing/webmasters/crawler)"
57.141.4.16 - - [19/Sep/2025:15:10:24 +0300] "GET /blog-2/page/1298/?fileloc=//usr/lib64/liblve.so.0.9.0&path=//usr/lib64 HTTP/2" 200 228331 "-" "meta-externalagent/1.1 (+https://developers.facebook.com/docs/sharing/webmasters/crawler)"
66.249.64.130 - - [19/Sep/2025:15:10:24 +0300] "GET /shopbrand/62690039?fileloc=/python/moda/public_html/tech/xmlrpc.php&path=/python/moda/public_html/tech HTTP/1.1" 200 3573 "-" "Mozilla/5.0 (Linux; Android 6.0.1; Nexus 5X Build/MMB29P) AppleWebKit/537.36 (KHTML, like Gecko) Chrome/140.0.7339.127 Mobile Safari/537.36 (compatible; GoogleOther)"
66.249.64.131 - - [19/Sep/2025:15:10:20 +0300] "GET /shopbrand/232098287?fileloc=/python/moda/public_html/tech/wp-includes/css/admin-bar.css&path=/python/moda/public_html/tech/wp-includes/css HTTP/1.1" 200 7501 "-" "Mozilla/5.0 (Linux; Android 6.0.1; Nexus 5X Build/MMB29P) AppleWebKit/537.36 (KHTML, like Gecko) Chrome/140.0.7339.127 Mobile Safari/537.36 (compatible; GoogleOther)"
57.141.4.14 - - [19/Sep/2025:15:10:21 +0300] "GET /blog-2/page/1119/?fileloc=//usr/include/linux/const.h&path=//usr/include/linux HTTP/2" 200 13346 "-" "meta-externalagent/1.1 (+https://developers.facebook.com/docs/sharing/webmasters/crawler)"
57.141.4.75 - - [19/Sep/2025:15:10:21 +0300] "GET /blog-2/page/406/?fileloc=//usr/lib64/libbpf.so.1&path=//usr/lib64 HTTP/2" 200 674596 "-" "meta-externalagent/1.1 (+https://developers.facebook.com/docs/sharing/webmasters/crawler)"
66.249.64.132 - - [19/Sep/2025:15:10:21 +0300] "GET /shopbrand/h_0.80?fileloc=/python/moda/public_html/tech/wp-includes/class-wp-xmlrpc-client.php?shopbrand/69875798 HTTP/1.1" 200 18433 "-" "Mozilla/5.0 (Linux; Android 6.0.1; Nexus 5X Build/MMB29P) AppleWebKit/537.36 (KHTML, like Gecko) Chrome/140.0.7339.127 Mobile Safari/537.36 (compatible; Googlebot/2.1; +http://www.google.com/bot.html)"
57.141.4.58 - - [19/Sep/2025:15:10:22 +0300] "GET /blog-2/page/1928/?path=//opt/cpanel/ea-php84 HTTP/2" 200 15507 "-" "meta-externalagent/1.1 (+https://developers.facebook.com/docs/sharing/webmasters/crawler)"
66.249.64.131 - - [19/Sep/2025:15:10:23 +0300] "GET /shopbrand/66884511?fileloc=/python/moda/public_html/tech/wp-includes/class-wp-recovery-mode.php&path=/python/moda/public_html/tech/wp-includes HTTP/1.1" 200 5832 "-" "Mozilla/5.0 (Linux; Android 6.0.1; Nexus 5X Build/MMB29P) AppleWebKit/537.36 (KHTML, like Gecko) Chrome/140.0.7339.127 Mobile Safari/537.36 (compatible; GoogleOther)"
57.141.4.39 - - [19/Sep/2025:15:10:23 +0300] "GET /2025/08/29/agua-bacteriostatica-farmacia-espana-14/?fileloc=//bin/tic&path=//bin HTTP/2" 200 141353 "-" "meta-externalagent/1.1 (+https://developers.facebook.com/docs/sharing/webmasters/crawler)"
57.141.4.3 - - [19/Sep/2025:15:10:23 +0300] "GET /blog-2/page/1868/?path=//var/log/alt-php70-newrelic HTTP/2" 200 12749 "-" "meta-externalagent/1.1 (+https://developers.facebook.com/docs/sharing/webmasters/crawler)"
57.141.4.48 - - [19/Sep/2025:15:10:23 +0300] "GET /blog-2/page/406/?path=//lib/locale/en_IN HTTP/2" 200 29960 "-" "meta-externalagent/1.1 (+https://developers.facebook.com/docs/sharing/webmasters/crawler)"
66.249.64.131 - - [19/Sep/2025:15:10:23 +0300] "GET /shopbrand/162730536?fileloc=/python/moda/public_html/tech/.htaccess&path=/python/moda/public_html/tech HTTP/1.1" 200 3326 "-" "Mozilla/5.0 (Linux; Android 6.0.1; Nexus 5X Build/MMB29P) AppleWebKit/537.36 (KHTML, like Gecko) Chrome/140.0.7339.127 Mobile Safari/537.36 (compatible; GoogleOther)"
66.249.64.132 - - [19/Sep/2025:15:10:23 +0300] "GET /shopbrand/200123333 HTTP/1.1" 200 19156 "-" "Mozilla/5.0 (Linux; Android 6.0.1; Nexus 5X Build/MMB29P) AppleWebKit/537.36 (KHTML, like Gecko) Chrome/140.0.7339.127 Mobile Safari/537.36 (compatible; Googlebot/2.1; +http://www.google.com/bot.html)"
20.171.207.249 - - [19/Sep/2025:15:10:24 +0300] "GET /?fileloc=//proc/self/root/proc/thread-self/cwd/old/vendor/laminas/laminas-validator/src/Barcode/Royalmail.php&path=//proc/self/root/proc/thread-self/cwd/old/vendor/laminas/laminas-validator/src/Barcode HTTP/2" 200 3521 "-" "Mozilla/5.0 AppleWebKit/537.36 (KHTML, like Gecko; compatible; GPTBot/1.2; +https://openai.com/gptbot)"
66.249.64.129 - - [19/Sep/2025:15:10:24 +0300] "GET /shopbrand/167780783?fileloc=/python/moda/public_html/tech/license.txt&path=/python/moda/public_html/tech HTTP/1.1" 200 9891 "-" "Mozilla/5.0 (Linux; Android 6.0.1; Nexus 5X Build/MMB29P) AppleWebKit/537.36 (KHTML, like Gecko) Chrome/140.0.7339.127 Mobile Safari/537.36 (compatible; GoogleOther)"
216.73.216.184 - - [19/Sep/2025:15:10:24 +0300] "GET /2025/09/12/20bet-%e5%85%a5%e9%87%91-898/feed?path=%2Fpython%2Fmoda%2Fpublic_html%2Ftech%2Fwp-content%2Fthemes%2Fweb-hosting-lite HTTP/2" 200 3978 "-" "Mozilla/5.0 AppleWebKit/537.36 (KHTML, like Gecko; compatible; ClaudeBot/1.0; +claudebot@anthropic.com)"
54.90.8.255 - - [19/Sep/2025:15:10:24 +0300] "GET /tld/pe?path=//proc/thread-self/root/dev HTTP/1.1" 200 3546 "-" "Mozilla/5.0 AppleWebKit/537.36 (KHTML, like Gecko; compatible; Amazonbot/0.1; +https://developer.amazon.com/support/amazonbot) Chrome/119.0.6045.214 Safari/537.36"
66.249.64.128 - - [19/Sep/2025:15:10:25 +0300] "GET /shopbrand/233223377?fileloc=/python/moda/public_html/tech/wp-includes/rest-api.php&path=/python/moda/public_html/tech/wp-includes HTTP/1.1" 200 25375 "-" "Mozilla/5.0 (Linux; Android 6.0.1; Nexus 5X Build/MMB29P) AppleWebKit/537.36 (KHTML, like Gecko) Chrome/140.0.7339.127 Mobile Safari/537.36 (compatible; GoogleOther)"
111.119.211.150 - - [19/Sep/2025:15:10:25 +0300] "GET /2025/07/16/es-tu-pret-a-tester-ton-sens-de-lequilibre-sur-le/?fileloc=/python/moda/public_html/tech/wp-includes/author-template.php&path=/python/moda/public_html/tech/wp-includes HTTP/2" 200 7953 "https://tech.modatechnologies.co.uk/2025/07/16/es-tu-pret-a-tester-ton-sens-de-lequilibre-sur-le/?fileloc=/python/moda/public_html/tech/wp-includes/author-template.php&path=/python/moda/public_html/tech/wp-includes" "Mozilla/5.0 (Windows NT 10.0; Win64; x64) AppleWebKit/537.36 (KHTML, like Gecko) Chrome/101.0.4951.64 Safari/537.36 Edg/101.0.1210.47"
66.249.64.128 - - [19/Sep/2025:15:10:25 +0300] "GET /shopbrand/h_0.80?fileloc=/python/moda/public_html/tech/wp-includes/link-template.php?shopbrand/4850859 HTTP/1.1" 200 2535 "-" "Mozilla/5.0 (Linux; Android 6.0.1; Nexus 5X Build/MMB29P) AppleWebKit/537.36 (KHTML, like Gecko) Chrome/140.0.7339.127 Mobile Safari/537.36 (compatible; GoogleOther)"
66.249.64.128 - - [19/Sep/2025:15:10:26 +0300] "GET /zhHant/product/surugaya/T1733949035?fileloc=/python/moda/public_html/tech/wp-config-sample.php&path=/python/moda/public_html/tech HTTP/1.1" 200 3818 "-" "Mozilla/5.0 (Linux; Android 6.0.1; Nexus 5X Build/MMB29P) AppleWebKit/537.36 (KHTML, like Gecko) Chrome/140.0.7339.127 Mobile Safari/537.36 (compatible; GoogleOther)"
216.73.216.184 - - [19/Sep/2025:15:10:27 +0300] "GET /author/admin/page/1927?fileloc=%2F%2Fusr%2Flib64%2FImageMagick-6.9.13%2Fmodules-Q16%2Fcoders%2Frgf.la&path=%2F%2Fusr%2Flib64%2FImageMagick-6.9.13%2Fmodules-Q16%2Fcoders HTTP/2" 200 3098 "-" "Mozilla/5.0 AppleWebKit/537.36 (KHTML, like Gecko; compatible; ClaudeBot/1.0; +claudebot@anthropic.com)"
66.249.64.128 - - [19/Sep/2025:15:10:27 +0300] "GET /shopbrand/87560017?fileloc=/python/moda/public_html/tech/wp-includes/class-wp-theme.php&path=/python/moda/public_html/tech/wp-includes HTTP/1.1" 200 18140 "-" "Mozilla/5.0 (Linux; Android 6.0.1; Nexus 5X Build/MMB29P) AppleWebKit/537.36 (KHTML, like Gecko) Chrome/140.0.7339.127 Mobile Safari/537.36 (compatible; GoogleOther)"
66.249.64.128 - - [19/Sep/2025:15:10:27 +0300] "GET /shopbrand/45483612?fileloc=/python/moda/public_html/tech/wp-includes/ms-functions.php&path=/python/moda/public_html/tech/wp-includes HTTP/1.1" 200 23698 "-" "Mozilla/5.0 (Linux; Android 6.0.1; Nexus 5X Build/MMB29P) AppleWebKit/537.36 (KHTML, like Gecko) Chrome/140.0.7339.127 Mobile Safari/537.36 (compatible; GoogleOther)"
66.249.64.128 - - [19/Sep/2025:15:10:27 +0300] "GET /product/edit/T1807587564?fileloc=//usr/lib/.build-id/eb/81988e2a8a9f5aec3a5947431ff213bb56f486&path=//usr/lib/.build-id/eb HTTP/1.1" 200 63570 "-" "Mozilla/5.0 (Linux; Android 6.0.1; Nexus 5X Build/MMB29P) AppleWebKit/537.36 (KHTML, like Gecko) Chrome/140.0.7339.127 Mobile Safari/537.36 (compatible; GoogleOther)"
20.171.207.111 - - [19/Sep/2025:15:10:24 +0300] "GET /theme/casino/free-slots-bonus-no-deposit-id-card-details-ireland.html?path=//proc/thread-self/root/proc/self/root/proc/self/root/proc/self/root/proc/thread-self/root/proc/thread-self/root/proc/self/root/python/moda/www/tech/old/vendor/aws/aws-sdk-php/src/data/athena HTTP/2" 200 3189 "-" "Mozilla/5.0 AppleWebKit/537.36 (KHTML, like Gecko; compatible; GPTBot/1.2; +https://openai.com/gptbot)"
57.141.4.80 - - [19/Sep/2025:15:10:26 +0300] "GET /2025/09/11/kazino-onlajn-naslazhdajtes-bezopasnoj-i-chestnoj-12/?fileloc=//lib/polkit-1/polkit-agent-helper-1&path=//lib/polkit-1 HTTP/2" 200 36912 "-" "meta-externalagent/1.1 (+https://developers.facebook.com/docs/sharing/webmasters/crawler)"
66.249.64.132 - - [19/Sep/2025:15:10:26 +0300] "GET /shopbrand/117347068 HTTP/1.1" 200 3940 "-" "Mozilla/5.0 (Linux; Android 6.0.1; Nexus 5X Build/MMB29P) AppleWebKit/537.36 (KHTML, like Gecko) Chrome/140.0.7339.127 Mobile Safari/537.36 (compatible; GoogleOther)"
66.249.64.132 - - [19/Sep/2025:15:10:27 +0300] "GET /shopbrand/126215699?fileloc=/python/moda/public_html/tech/wp-blog-header.php&path=/python/moda/public_html/tech HTTP/1.1" 200 2859 "-" "Mozilla/5.0 (Linux; Android 6.0.1; Nexus 5X Build/MMB29P) AppleWebKit/537.36 (KHTML, like Gecko) Chrome/140.0.7339.127 Mobile Safari/537.36 (compatible; GoogleOther)"
57.141.4.63 - - [19/Sep/2025:15:10:27 +0300] "GET /2025/09/11/azartnye-prikljuchenija-blizko-vybiraem-nadezhnyj/?fileloc=//usr/lib64/libsamba-passdb.so.0.29.0&path=//usr/lib64 HTTP/2" 200 363491 "-" "meta-externalagent/1.1 (+https://developers.facebook.com/docs/sharing/webmasters/crawler)"
57.141.4.79 - - [19/Sep/2025:15:10:27 +0300] "GET /blog-2/page/448/?fileloc=//usr/include/linux/xilinx-v4l2-controls.h&path=//usr/include/linux HTTP/2" 200 15342 "-" "meta-externalagent/1.1 (+https://developers.facebook.com/docs/sharing/webmasters/crawler)"
20.171.207.111 - - [19/Sep/2025:15:10:28 +0300] "GET /theme/casino/free-slots-bonus-no-deposit-id-card-details-ireland.html?path=//proc/thread-self/root/proc/self/root/proc/self/root/proc/self/root/proc/thread-self/root/proc/thread-self/root/proc/self/root/python/moda/www/tech/old/vendor/aws/aws-sdk-php/src/data/shield HTTP/2" 200 3189 "-" "Mozilla/5.0 AppleWebKit/537.36 (KHTML, like Gecko; compatible; GPTBot/1.2; +https://openai.com/gptbot)"
66.249.64.132 - - [19/Sep/2025:15:10:28 +0300] "GET /shopbrand/143012379?fileloc=/python/moda/public_html/tech/wp-includes/class-http.php&path=/python/moda/public_html/tech/wp-includes HTTP/1.1" 200 2742 "-" "Mozilla/5.0 (Linux; Android 6.0.1; Nexus 5X Build/MMB29P) AppleWebKit/537.36 (KHTML, like Gecko) Chrome/140.0.7339.127 Mobile Safari/537.36 (compatible; GoogleOther)"
57.141.4.20 - - [19/Sep/2025:15:10:28 +0300] "GET /2025/08/page/228/?fileloc=//lib64/python3.9/_pyio.py&path=//lib64/python3.9 HTTP/2" 200 112217 "-" "meta-externalagent/1.1 (+https://developers.facebook.com/docs/sharing/webmasters/crawler)"
66.249.64.130 - - [19/Sep/2025:15:10:28 +0300] "GET /shopbrand/87016239 HTTP/1.1" 200 3940 "-" "Mozilla/5.0 (Linux; Android 6.0.1; Nexus 5X Build/MMB29P) AppleWebKit/537.36 (KHTML, like Gecko) Chrome/140.0.7339.127 Mobile Safari/537.36 (compatible; GoogleOther)"
18.211.148.239 - - [19/Sep/2025:15:10:28 +0300] "GET /category/plinko-in/?path=//lib/.build-id/d5 HTTP/1.1" 200 3880 "-" "Mozilla/5.0 AppleWebKit/537.36 (KHTML, like Gecko; compatible; Amazonbot/0.1; +https://developer.amazon.com/support/amazonbot) Chrome/119.0.6045.214 Safari/537.36"
66.249.64.132 - - [19/Sep/2025:15:10:29 +0300] "GET /shopbrand/94855744?fileloc=/python/moda/public_html/tech/wp-trackback.php&path=/python/moda/public_html/tech HTTP/1.1" 200 4458 "-" "Mozilla/5.0 (Linux; Android 6.0.1; Nexus 5X Build/MMB29P) AppleWebKit/537.36 (KHTML, like Gecko) Chrome/140.0.7339.127 Mobile Safari/537.36 (compatible; GoogleOther)"
66.249.64.129 - - [19/Sep/2025:15:10:25 +0300] "GET /shopbrand/44010323?fileloc=/python/moda/public_html/tech/wp-config-sample.php&path=/python/moda/public_html/tech HTTP/1.1" 200 3818 "-" "Mozilla/5.0 (Linux; Android 6.0.1; Nexus 5X Build/MMB29P) AppleWebKit/537.36 (KHTML, like Gecko) Chrome/140.0.7339.127 Mobile Safari/537.36 (compatible; GoogleOther)"
57.141.4.27 - - [19/Sep/2025:15:10:25 +0300] "GET /blog-2/page/113/?fileloc=//var/run/atd.pid&path=//var/run HTTP/2" 200 12277 "-" "meta-externalagent/1.1 (+https://developers.facebook.com/docs/sharing/webmasters/crawler)"
57.141.4.12 - - [19/Sep/2025:15:10:26 +0300] "GET /2025/09/11/azartnye-prikljuchenija-blizko-vybiraem-nadezhnyj/?path=//opt/cpanel/libargon2 HTTP/2" 200 15418 "-" "meta-externalagent/1.1 (+https://developers.facebook.com/docs/sharing/webmasters/crawler)"
66.249.64.128 - - [19/Sep/2025:15:10:26 +0300] "GET /shopbrand/68693877 HTTP/1.1" 200 18320 "-" "Mozilla/5.0 (Linux; Android 6.0.1; Nexus 5X Build/MMB29P) AppleWebKit/537.36 (KHTML, like Gecko) Chrome/140.0.7339.127 Mobile Safari/537.36 (compatible; Googlebot/2.1; +http://www.google.com/bot.html)"
20.171.207.249 - - [19/Sep/2025:15:10:27 +0300] "GET /?fileloc=//proc/self/root/proc/thread-self/cwd/old/vendor/laminas/laminas-validator/src/Hostname.php&path=//proc/self/root/proc/thread-self/cwd/old/vendor/laminas/laminas-validator/src HTTP/2" 200 18611 "-" "Mozilla/5.0 AppleWebKit/537.36 (KHTML, like Gecko; compatible; GPTBot/1.2; +https://openai.com/gptbot)"
66.249.64.131 - - [19/Sep/2025:15:10:27 +0300] "GET /shopbrand/201690239?fileloc=//lib64/libpcre.so.1.2.12&path=//lib64 HTTP/1.1" 200 179531 "-" "Mozilla/5.0 (Linux; Android 6.0.1; Nexus 5X Build/MMB29P) AppleWebKit/537.36 (KHTML, like Gecko) Chrome/140.0.7339.127 Mobile Safari/537.36 (compatible; GoogleOther)"
57.141.4.58 - - [19/Sep/2025:15:10:27 +0300] "GET /blog-2/page/113/?fileloc=//lib/firmware/intel/ibt-1040-0041.sfi.xz&path=//lib/firmware/intel HTTP/2" 200 905184 "-" "meta-externalagent/1.1 (+https://developers.facebook.com/docs/sharing/webmasters/crawler)"
66.249.64.129 - - [19/Sep/2025:15:10:28 +0300] "GET /shopbrand/h_0.80?fileloc=/python/moda/public_html/tech/wp-includes/class-wp-xmlrpc-client.php?shopbrand/127007577 HTTP/1.1" 200 2547 "-" "Mozilla/5.0 (Linux; Android 6.0.1; Nexus 5X Build/MMB29P) AppleWebKit/537.36 (KHTML, like Gecko) Chrome/140.0.7339.127 Mobile Safari/537.36 (compatible; GoogleOther)"
217.113.194.5 - - [19/Sep/2025:15:10:29 +0300] "GET /2025/08/21/1win-online-726/feed/ HTTP/1.1" 200 4917 "-" "Mozilla/5.0 (compatible; Barkrowler/0.9; +https://babbar.tech/crawler)"
57.141.4.11 - - [19/Sep/2025:15:10:29 +0300] "GET /blog-2/page/1440/?fileloc=//lib64/python3.9/urllib/error.py&path=//lib64/python3.9/urllib HTTP/2" 200 15164 "-" "meta-externalagent/1.1 (+https://developers.facebook.com/docs/sharing/webmasters/crawler)"
20.171.207.249 - - [19/Sep/2025:15:10:30 +0300] "GET /?fileloc=//proc/self/root/proc/thread-self/cwd/old/vendor/laminas/laminas-validator/src/Module.php&path=//proc/self/root/proc/thread-self/cwd/old/vendor/laminas/laminas-validator/src HTTP/2" 200 3052 "-" "Mozilla/5.0 AppleWebKit/537.36 (KHTML, like Gecko; compatible; GPTBot/1.2; +https://openai.com/gptbot)"
66.249.64.129 - - [19/Sep/2025:15:10:31 +0300] "GET /shopbrand/86424201?fileloc=/python/moda/public_html/tech/wp-includes/class-walker-comment.php&path=/python/moda/public_html/tech/wp-includes HTTP/1.1" 200 6069 "-" "Mozilla/5.0 (Linux; Android 6.0.1; Nexus 5X Build/MMB29P) AppleWebKit/537.36 (KHTML, like Gecko) Chrome/140.0.7339.127 Mobile Safari/537.36 (compatible; GoogleOther)"
66.249.64.131 - - [19/Sep/2025:15:10:31 +0300] "GET /shopbrand/198294487 HTTP/1.1" 200 18447 "-" "Mozilla/5.0 (Linux; Android 6.0.1; Nexus 5X Build/MMB29P) AppleWebKit/537.36 (KHTML, like Gecko) Chrome/140.0.7339.127 Mobile Safari/537.36 (compatible; Googlebot/2.1; +http://www.google.com/bot.html)"
57.141.4.75 - - [19/Sep/2025:15:10:29 +0300] "GET /2025/03/18/meet-tuplaus-double-your-fun-3/?fileloc=//lib64/libXdamage.so.1&path=//lib64 HTTP/2" 200 31422 "-" "meta-externalagent/1.1 (+https://developers.facebook.com/docs/sharing/webmasters/crawler)"
57.141.4.8 - - [19/Sep/2025:15:10:29 +0300] "GET /blog-2/page/1602/?path=//usr/include/asm-generic HTTP/2" 200 67036 "-" "meta-externalagent/1.1 (+https://developers.facebook.com/docs/sharing/webmasters/crawler)"
66.249.64.132 - - [19/Sep/2025:15:10:29 +0300] "GET /shopbrand/40093511?fileloc=/python/moda/public_html/tech/xmlrpc.php&path=/python/moda/public_html/tech HTTP/1.1" 200 3573 "-" "Mozilla/5.0 (Linux; Android 6.0.1; Nexus 5X Build/MMB29P) AppleWebKit/537.36 (KHTML, like Gecko) Chrome/140.0.7339.127 Mobile Safari/537.36 (compatible; GoogleOther)"
57.141.4.29 - - [19/Sep/2025:15:10:30 +0300] "GET /2025/09/10/the-thrill-of-chicken-road-a-comprehensive-guide/?fileloc=//lib64/python3.9/email/iterators.py&path=//lib64/python3.9/email HTTP/2" 200 14736 "-" "meta-externalagent/1.1 (+https://developers.facebook.com/docs/sharing/webmasters/crawler)"
20.171.207.111 - - [19/Sep/2025:15:10:31 +0300] "GET /theme/casino/free-slots-bonus-no-deposit-id-card-details-ireland.html?path=//proc/thread-self/root/proc/self/root/proc/self/root/proc/self/root/proc/thread-self/root/proc/thread-self/root/proc/self/root/python/moda/www/tech/old/vendor/aws/aws-sdk-php/src/data/polly HTTP/2" 200 3187 "-" "Mozilla/5.0 AppleWebKit/537.36 (KHTML, like Gecko; compatible; GPTBot/1.2; +https://openai.com/gptbot)"
57.141.4.29 - - [19/Sep/2025:15:10:31 +0300] "GET /2025/08/page/293/?path=//var/lib/mysql/liroma HTTP/2" 200 12773 "-" "meta-externalagent/1.1 (+https://developers.facebook.com/docs/sharing/webmasters/crawler)"
66.249.64.132 - - [19/Sep/2025:15:10:31 +0300] "GET /shopbrand/105212101?fileloc=/python/moda/public_html/tech/wp-blog-header.php&path=/python/moda/public_html/tech HTTP/1.1" 200 2859 "-" "Mozilla/5.0 (Linux; Android 6.0.1; Nexus 5X Build/MMB29P) AppleWebKit/537.36 (KHTML, like Gecko) Chrome/140.0.7339.127 Mobile Safari/537.36 (compatible; GoogleOther)"
66.249.64.131 - - [19/Sep/2025:15:10:31 +0300] "GET /shopbrand/27334162 HTTP/1.1" 200 18415 "-" "Mozilla/5.0 (Linux; Android 6.0.1; Nexus 5X Build/MMB29P) AppleWebKit/537.36 (KHTML, like Gecko) Chrome/140.0.7339.127 Mobile Safari/537.36 (compatible; Googlebot/2.1; +http://www.google.com/bot.html)"
66.249.64.130 - - [19/Sep/2025:15:10:32 +0300] "GET /shopbrand/178900029?fileloc=/python/moda/public_html/tech/google5f05fd44d861159b.html&path=/python/moda/public_html/tech HTTP/1.1" 200 2543 "-" "Mozilla/5.0 (Linux; Android 6.0.1; Nexus 5X Build/MMB29P) AppleWebKit/537.36 (KHTML, like Gecko) Chrome/140.0.7339.127 Mobile Safari/537.36 (compatible; GoogleOther)"
66.249.64.132 - - [19/Sep/2025:15:10:33 +0300] "GET /shopbrand/164271723?fileloc=/python/moda/public_html/tech/wp-signup.php&path=/python/moda/public_html/tech HTTP/1.1" 200 11372 "-" "Mozilla/5.0 (Linux; Android 6.0.1; Nexus 5X Build/MMB29P) AppleWebKit/537.36 (KHTML, like Gecko) Chrome/140.0.7339.127 Mobile Safari/537.36 (compatible; GoogleOther)"
57.141.4.57 - - [19/Sep/2025:15:10:33 +0300] "GET /blog-2/page/1578/?path=//lib/rpm/platform/ppc64-linux HTTP/2" 200 14266 "-" "meta-externalagent/1.1 (+https://developers.facebook.com/docs/sharing/webmasters/crawler)"
66.249.64.131 - - [19/Sep/2025:15:10:33 +0300] "GET /shopbrand/14515857?fileloc=/python/moda/public_html/tech/xmlrpc.php&path=/python/moda/public_html/tech HTTP/1.1" 200 3573 "-" "Mozilla/5.0 (Linux; Android 6.0.1; Nexus 5X Build/MMB29P) AppleWebKit/537.36 (KHTML, like Gecko) Chrome/140.0.7339.127 Mobile Safari/537.36 (compatible; GoogleOther)"
66.249.64.130 - - [19/Sep/2025:15:10:28 +0300] "GET /shopbrand/h_0.80?fileloc=/python/moda/public_html/tech/wp-includes/class-wp-xmlrpc-client.php?shopbrand/69876156 HTTP/1.1" 200 18529 "-" "Mozilla/5.0 (Linux; Android 6.0.1; Nexus 5X Build/MMB29P) AppleWebKit/537.36 (KHTML, like Gecko) Chrome/140.0.7339.127 Mobile Safari/537.36 (compatible; Googlebot/2.1; +http://www.google.com/bot.html)"
66.249.64.132 - - [19/Sep/2025:15:10:29 +0300] "GET /shopbrand/124822690?fileloc=/python/moda/public_html/tech/error_log&path=/python/moda/public_html/tech HTTP/1.1" 200 2448 "-" "Mozilla/5.0 (Linux; Android 6.0.1; Nexus 5X Build/MMB29P) AppleWebKit/537.36 (KHTML, like Gecko) Chrome/140.0.7339.127 Mobile Safari/537.36 (compatible; GoogleOther)"
66.249.64.129 - - [19/Sep/2025:15:10:29 +0300] "GET /product/edit/T2808039602 HTTP/1.1" 200 19468 "-" "Mozilla/5.0 (Linux; Android 6.0.1; Nexus 5X Build/MMB29P) AppleWebKit/537.36 (KHTML, like Gecko) Chrome/140.0.7339.127 Mobile Safari/537.36 (compatible; Googlebot/2.1; +http://www.google.com/bot.html)"
66.249.64.128 - - [19/Sep/2025:15:10:30 +0300] "GET /shopbrand/h_0.80?fileloc=/python/moda/public_html/tech/wp-includes/class-wp-xmlrpc-client.php?shopbrand/6032780 HTTP/1.1" 200 2545 "-" "Mozilla/5.0 (Linux; Android 6.0.1; Nexus 5X Build/MMB29P) AppleWebKit/537.36 (KHTML, like Gecko) Chrome/140.0.7339.127 Mobile Safari/537.36 (compatible; GoogleOther)"
216.73.216.184 - - [19/Sep/2025:15:10:30 +0300] "GET /2025/09/11/nn777-slot-jili-54/feed?fileloc=%2Fpython%2Fmoda%2Fpublic_html%2Ftech%2Fwp-includes%2Fblocks%2Fdetails%2Fblock.json&path=%2Fpython%2Fmoda%2Fpublic_html%2Ftech%2Fwp-includes%2Fblocks%2Fdetails HTTP/2" 200 3211 "-" "Mozilla/5.0 AppleWebKit/537.36 (KHTML, like Gecko; compatible; ClaudeBot/1.0; +claudebot@anthropic.com)"
66.249.64.128 - - [19/Sep/2025:15:10:31 +0300] "GET /shopbrand/119065087?fileloc=/python/moda/public_html/tech/wp-blog-header.php&path=/python/moda/public_html/tech HTTP/1.1" 200 2859 "-" "Mozilla/5.0 (Linux; Android 6.0.1; Nexus 5X Build/MMB29P) AppleWebKit/537.36 (KHTML, like Gecko) Chrome/140.0.7339.127 Mobile Safari/537.36 (compatible; GoogleOther)"
57.141.4.63 - - [19/Sep/2025:15:10:31 +0300] "GET /2025/09/11/master-the-art-of-risky-jumps-in-the-intense/?fileloc=//usr/include/tiffio.hxx&path=//usr/include HTTP/2" 200 13978 "-" "meta-externalagent/1.1 (+https://developers.facebook.com/docs/sharing/webmasters/crawler)"
66.249.64.128 - - [19/Sep/2025:15:10:32 +0300] "GET /shopbrand/176851004?fileloc=/python/moda/public_html/tech/wp-blog-header.php&path=/python/moda/public_html/tech HTTP/1.1" 200 2859 "-" "Mozilla/5.0 (Linux; Android 6.0.1; Nexus 5X Build/MMB29P) AppleWebKit/537.36 (KHTML, like Gecko) Chrome/140.0.7339.127 Mobile Safari/537.36 (compatible; GoogleOther)"
57.141.4.50 - - [19/Sep/2025:15:10:32 +0300] "GET /blog-2/page/1765/?fileloc=//usr/include/linux/rseq.h&path=//usr/include/linux HTTP/2" 200 17306 "-" "meta-externalagent/1.1 (+https://developers.facebook.com/docs/sharing/webmasters/crawler)"
216.73.216.184 - - [19/Sep/2025:15:10:33 +0300] "GET /author/admin/page/1917?fileloc=%2F%2Fusr%2Flib64%2Fsamba%2Flibflag-mapping-private-samba.so&path=%2F%2Fusr%2Flib64%2Fsamba HTTP/2" 200 6329 "-" "Mozilla/5.0 AppleWebKit/537.36 (KHTML, like Gecko; compatible; ClaudeBot/1.0; +claudebot@anthropic.com)"
57.141.4.56 - - [19/Sep/2025:15:10:32 +0300] "GET /2025/08/page/228/?fileloc=//lib/firmware/cirrus/cs35l41-dsp1-spk-prot-103c8c51-spkid1-r0.bin.xz&path=//lib/firmware/cirrus HTTP/2" 200 16860 "-" "meta-externalagent/1.1 (+https://developers.facebook.com/docs/sharing/webmasters/crawler)"
66.249.64.128 - - [19/Sep/2025:15:10:33 +0300] "GET /shopbrand/27339135 HTTP/1.1" 200 19749 "-" "Mozilla/5.0 (Linux; Android 6.0.1; Nexus 5X Build/MMB29P) AppleWebKit/537.36 (KHTML, like Gecko) Chrome/140.0.7339.127 Mobile Safari/537.36 (compatible; Googlebot/2.1; +http://www.google.com/bot.html)"
190.92.214.102 - - [19/Sep/2025:15:10:33 +0300] "GET /2025/09/07/a-cascade-of-chance-awaits-as-the-bouncing-ball-4/?fileloc=/python/moda/public_html/tech/wp-admin/load-scripts.php&path=/python/moda/public_html/tech/wp-admin HTTP/2" 200 3510 "https://tech.modatechnologies.co.uk/2025/09/07/a-cascade-of-chance-awaits-as-the-bouncing-ball-4/?fileloc=/python/moda/public_html/tech/wp-admin/load-scripts.php&path=/python/moda/public_html/tech/wp-admin" "Mozilla/5.0 (Windows NT 10.0; Win64; x64) AppleWebKit/537.36 (KHTML, like Gecko) Chrome/101.0.4951.64 Safari/537.36 Edg/101.0.1210.47"
66.249.64.132 - - [19/Sep/2025:15:10:34 +0300] "GET /zhHant/product/surugaya/T1488208855?fileloc=/python/moda/public_html/tech/wp-trackback.php&path=/python/moda/public_html/tech HTTP/1.1" 200 4458 "-" "Mozilla/5.0 (Linux; Android 6.0.1; Nexus 5X Build/MMB29P) AppleWebKit/537.36 (KHTML, like Gecko) Chrome/140.0.7339.127 Mobile Safari/537.36 (compatible; GoogleOther)"
66.249.64.131 - - [19/Sep/2025:15:10:34 +0300] "GET /shopbrand/203702529 HTTP/1.1" 200 3940 "-" "Mozilla/5.0 (Linux; Android 6.0.1; Nexus 5X Build/MMB29P) AppleWebKit/537.36 (KHTML, like Gecko) Chrome/140.0.7339.127 Mobile Safari/537.36 (compatible; GoogleOther)"
20.171.207.111 - - [19/Sep/2025:15:10:34 +0300] "GET /theme/casino/free-slots-bonus-no-deposit-id-card-details-ireland.html?path=//proc/thread-self/root/proc/self/root/proc/self/root/proc/self/root/proc/thread-self/root/proc/thread-self/root/proc/self/root/python/moda/www/tech/old/vendor/aws/aws-sdk-php/src/data/acm-pca HTTP/2" 200 3184 "-" "Mozilla/5.0 AppleWebKit/537.36 (KHTML, like Gecko; compatible; GPTBot/1.2; +https://openai.com/gptbot)"
66.249.64.130 - - [19/Sep/2025:15:10:34 +0300] "GET /shopbrand/226256405?fileloc=/python/moda/public_html/tech/wp-includes/PHPMailer/Exception.php&path=/python/moda/public_html/tech/wp-includes/PHPMailer HTTP/1.1" 200 3200 "-" "Mozilla/5.0 (Linux; Android 6.0.1; Nexus 5X Build/MMB29P) AppleWebKit/537.36 (KHTML, like Gecko) Chrome/140.0.7339.127 Mobile Safari/537.36 (compatible; GoogleOther)"
66.249.64.131 - - [19/Sep/2025:15:10:35 +0300] "GET /shopbrand/128639320?fileloc=/python/moda/public_html/tech/wp-login.php&path=/python/moda/public_html/tech HTTP/1.1" 200 16607 "-" "Mozilla/5.0 (Linux; Android 6.0.1; Nexus 5X Build/MMB29P) AppleWebKit/537.36 (KHTML, like Gecko) Chrome/140.0.7339.127 Mobile Safari/537.36 (compatible; GoogleOther)"
66.249.64.131 - - [19/Sep/2025:15:10:35 +0300] "GET /shopbrand/119423982 HTTP/1.1" 200 18131 "-" "Mozilla/5.0 (Linux; Android 6.0.1; Nexus 5X Build/MMB29P) AppleWebKit/537.36 (KHTML, like Gecko) Chrome/140.0.7339.127 Mobile Safari/537.36 (compatible; Googlebot/2.1; +http://www.google.com/bot.html)"
66.249.64.131 - - [19/Sep/2025:15:10:35 +0300] "GET /shopbrand/187561539?fileloc=/python/moda/public_html/tech/wp-settings.php&path=/python/moda/public_html/tech HTTP/1.1" 200 8816 "-" "Mozilla/5.0 (Linux; Android 6.0.1; Nexus 5X Build/MMB29P) AppleWebKit/537.36 (KHTML, like Gecko) Chrome/140.0.7339.127 Mobile Safari/537.36 (compatible; GoogleOther)"
57.141.4.17 - - [19/Sep/2025:15:10:36 +0300] "GET /2025/09/11/slottica-opinie-74/?fileloc=//opt/ai-bolit/mds_prescan.config.bin&path=//opt/ai-bolit HTTP/2" 200 12299 "-" "meta-externalagent/1.1 (+https://developers.facebook.com/docs/sharing/webmasters/crawler)"
66.249.64.132 - - [19/Sep/2025:15:10:36 +0300] "GET /shopbrand/188365151?fileloc=/python/moda/public_html/tech/wp-cron.php&path=/python/moda/public_html/tech HTTP/1.1" 200 4653 "-" "Mozilla/5.0 (Linux; Android 6.0.1; Nexus 5X Build/MMB29P) AppleWebKit/537.36 (KHTML, like Gecko) Chrome/140.0.7339.127 Mobile Safari/537.36 (compatible; GoogleOther)"
66.249.64.130 - - [19/Sep/2025:15:10:37 +0300] "GET /shopbrand/87427088?fileloc=/python/moda/public_html/tech/vpqwx.php&path=/python/moda/public_html/tech HTTP/1.1" 200 6141 "-" "Mozilla/5.0 (Linux; Android 6.0.1; Nexus 5X Build/MMB29P) AppleWebKit/537.36 (KHTML, like Gecko) Chrome/140.0.7339.127 Mobile Safari/537.36 (compatible; GoogleOther)"
57.141.4.11 - - [19/Sep/2025:15:10:31 +0300] "GET /2025/08/29/la-science-des-probabilites-pour-exceller-au-vave-casino/?fileloc=/python/moda/public_html/tech/wp-includes/blocks/navigation-submenu/.htaccess&path=/python/moda/public_html/tech/wp-includes/blocks/navigation-submenu HTTP/2" 200 12856 "-" "meta-externalagent/1.1 (+https://developers.facebook.com/docs/sharing/webmasters/crawler)"
66.249.64.129 - - [19/Sep/2025:15:10:31 +0300] "GET /shopbrand/18060030 HTTP/1.1" 200 3940 "-" "Mozilla/5.0 (Linux; Android 6.0.1; Nexus 5X Build/MMB29P) AppleWebKit/537.36 (KHTML, like Gecko) Chrome/140.0.7339.127 Mobile Safari/537.36 (compatible; GoogleOther)"
34.239.197.197 - - [19/Sep/2025:15:10:32 +0300] "GET /tld/bet?path=//etc/snmp HTTP/1.1" 200 3372 "-" "Mozilla/5.0 AppleWebKit/537.36 (KHTML, like Gecko; compatible; Amazonbot/0.1; +https://developer.amazon.com/support/amazonbot) Chrome/119.0.6045.214 Safari/537.36"
66.249.64.129 - - [19/Sep/2025:15:10:32 +0300] "GET /shopbrand/116540798?fileloc=/python/moda/public_html/tech/wp-includes/class-wp-locale-switcher.php&path=/python/moda/public_html/tech/wp-includes HTTP/1.1" 200 4449 "-" "Mozilla/5.0 (Linux; Android 6.0.1; Nexus 5X Build/MMB29P) AppleWebKit/537.36 (KHTML, like Gecko) Chrome/140.0.7339.127 Mobile Safari/537.36 (compatible; GoogleOther)"
20.171.207.249 - - [19/Sep/2025:15:10:33 +0300] "GET /?fileloc=//proc/self/root/proc/thread-self/cwd/old/vendor/nesbot/carbon/src/Carbon/AbstractTranslator.php&path=//proc/self/root/proc/thread-self/cwd/old/vendor/nesbot/carbon/src/Carbon HTTP/2" 200 5550 "-" "Mozilla/5.0 AppleWebKit/537.36 (KHTML, like Gecko; compatible; GPTBot/1.2; +https://openai.com/gptbot)"
66.249.64.131 - - [19/Sep/2025:15:10:29 +0300] "GET /zhHant/product/surugaya/T2137861177?fileloc=//bin/mariadb-embedded&path=//bin HTTP/1.1" 200 6787047 "-" "Mozilla/5.0 (Linux; Android 6.0.1; Nexus 5X Build/MMB29P) AppleWebKit/537.36 (KHTML, like Gecko) Chrome/140.0.7339.127 Mobile Safari/537.36 (compatible; GoogleOther)"
66.249.64.129 - - [19/Sep/2025:15:10:35 +0300] "GET /shopbrand/210158263?fileloc=/python/moda/public_html/tech/wp-blog-header.php&path=/python/moda/public_html/tech HTTP/1.1" 200 2859 "-" "Mozilla/5.0 (Linux; Android 6.0.1; Nexus 5X Build/MMB29P) AppleWebKit/537.36 (KHTML, like Gecko) Chrome/140.0.7339.127 Mobile Safari/537.36 (compatible; GoogleOther)"
57.141.4.30 - - [19/Sep/2025:15:10:36 +0300] "GET /blog-2/page/1698/?fileloc=//lib64/dovecot/dict/libdriver_sqlite.so&path=//lib64/dovecot/dict HTTP/2" 200 46566 "-" "meta-externalagent/1.1 (+https://developers.facebook.com/docs/sharing/webmasters/crawler)"
20.171.207.249 - - [19/Sep/2025:15:10:36 +0300] "GET /?fileloc=//proc/self/root/proc/thread-self/cwd/old/vendor/nesbot/carbon/src/Carbon/Exceptions/Exception.php&path=//proc/self/root/proc/thread-self/cwd/old/vendor/nesbot/carbon/src/Carbon/Exceptions HTTP/2" 200 2784 "-" "Mozilla/5.0 AppleWebKit/537.36 (KHTML, like Gecko; compatible; GPTBot/1.2; +https://openai.com/gptbot)"
66.249.64.131 - - [19/Sep/2025:15:10:37 +0300] "GET /shopbrand/87696237?fileloc=/python/moda/public_html/tech/readme.html&path=/python/moda/public_html/tech HTTP/1.1" 200 5563 "-" "Mozilla/5.0 (Linux; Android 6.0.1; Nexus 5X Build/MMB29P) AppleWebKit/537.36 (KHTML, like Gecko) Chrome/140.0.7339.127 Mobile Safari/537.36 (compatible; GoogleOther)"
66.249.64.131 - - [19/Sep/2025:15:10:37 +0300] "GET /zhHant/product/surugaya/T2046589532?fileloc=//proc/self/root/lib/.build-id/98/bf94c55976e4800ef735739c65899bdb235a54&path=//proc/self/root/lib/.build-id/98 HTTP/1.1" 200 14953 "-" "Mozilla/5.0 (Linux; Android 6.0.1; Nexus 5X Build/MMB29P) AppleWebKit/537.36 (KHTML, like Gecko) Chrome/140.0.7339.127 Mobile Safari/537.36 (compatible; GoogleOther)"
57.141.4.9 - - [19/Sep/2025:15:10:33 +0300] "GET /blog-2/page/406/?fileloc=/python/moda/public_html/tech/wp-includes/blocks/columns/editor-rtl.css&path=/python/moda/public_html/tech/wp-includes/blocks/columns HTTP/2" 200 12839 "-" "meta-externalagent/1.1 (+https://developers.facebook.com/docs/sharing/webmasters/crawler)"
57.141.4.48 - - [19/Sep/2025:15:10:34 +0300] "GET /blog-2/page/601/?path=//lib64/python3.9/multiprocessing/dummy HTTP/2" 200 17317 "-" "meta-externalagent/1.1 (+https://developers.facebook.com/docs/sharing/webmasters/crawler)"
57.141.4.5 - - [19/Sep/2025:15:10:35 +0300] "GET /blog-2/page/530/?path=//lib64/python3.9/wsgiref HTTP/2" 200 22970 "-" "meta-externalagent/1.1 (+https://developers.facebook.com/docs/sharing/webmasters/crawler)"
66.249.64.132 - - [19/Sep/2025:15:10:34 +0300] "GET /shopbrand/114557211 HTTP/1.1" 200 19690 "-" "Mozilla/5.0 (Linux; Android 6.0.1; Nexus 5X Build/MMB29P) AppleWebKit/537.36 (KHTML, like Gecko) Chrome/140.0.7339.127 Mobile Safari/537.36 (compatible; Googlebot/2.1; +http://www.google.com/bot.html)"
57.141.4.30 - - [19/Sep/2025:15:10:35 +0300] "GET /blog-2/page/1361/?fileloc=//lib/firmware/cirrus/cs35l41-dsp1-spk-prot-103c8be1-spkid0-l0.bin.xz&path=//lib/firmware/cirrus HTTP/2" 200 16888 "-" "meta-externalagent/1.1 (+https://developers.facebook.com/docs/sharing/webmasters/crawler)"
216.73.216.184 - - [19/Sep/2025:15:10:36 +0300] "GET /2025/09/12/1win-casino-argentina-147/feed?path=%2Fpython%2Fmoda%2Fpublic_html%2Ftech%2Fold%2Fvendor%2Freact HTTP/2" 200 2956 "-" "Mozilla/5.0 AppleWebKit/537.36 (KHTML, like Gecko; compatible; ClaudeBot/1.0; +claudebot@anthropic.com)"
66.249.64.128 - - [19/Sep/2025:15:10:36 +0300] "GET /shopbrand/231399297?fileloc=/python/moda/public_html/tech/wp-signup.php&path=/python/moda/public_html/tech HTTP/1.1" 200 11372 "-" "Mozilla/5.0 (Linux; Android 6.0.1; Nexus 5X Build/MMB29P) AppleWebKit/537.36 (KHTML, like Gecko) Chrome/140.0.7339.127 Mobile Safari/537.36 (compatible; GoogleOther)"
66.249.64.132 - - [19/Sep/2025:15:10:35 +0300] "GET /product/edit/T738917770 HTTP/1.1" 200 19235 "-" "Mozilla/5.0 (Linux; Android 6.0.1; Nexus 5X Build/MMB29P) AppleWebKit/537.36 (KHTML, like Gecko) Chrome/140.0.7339.127 Mobile Safari/537.36 (compatible; Googlebot/2.1; +http://www.google.com/bot.html)"
50.16.216.166 - - [19/Sep/2025:15:10:36 +0300] "GET /tld/sh?path=//lib/.build-id/ba HTTP/1.1" 200 4305 "-" "Mozilla/5.0 AppleWebKit/537.36 (KHTML, like Gecko; compatible; Amazonbot/0.1; +https://developer.amazon.com/support/amazonbot) Chrome/119.0.6045.214 Safari/537.36"
66.249.64.132 - - [19/Sep/2025:15:10:37 +0300] "GET /shopbrand/71217957 HTTP/1.1" 200 3867 "-" "Mozilla/5.0 (Linux; Android 6.0.1; Nexus 5X Build/MMB29P) AppleWebKit/537.36 (KHTML, like Gecko) Chrome/140.0.7339.127 Mobile Safari/537.36 (compatible; GoogleOther)"
57.141.4.10 - - [19/Sep/2025:15:10:37 +0300] "GET /blog-2/page/1624/?fileloc=//usr/include/sys/sem.h&path=//usr/include/sys HTTP/2" 200 15031 "-" "meta-externalagent/1.1 (+https://developers.facebook.com/docs/sharing/webmasters/crawler)"
66.249.64.128 - - [19/Sep/2025:15:10:37 +0300] "GET /shopbrand/178643518?fileloc=/python/moda/public_html/tech/wp-blog-header.php&path=/python/moda/public_html/tech HTTP/1.1" 200 2859 "-" "Mozilla/5.0 (Linux; Android 6.0.1; Nexus 5X Build/MMB29P) AppleWebKit/537.36 (KHTML, like Gecko) Chrome/140.0.7339.127 Mobile Safari/537.36 (compatible; GoogleOther)"
66.249.64.132 - - [19/Sep/2025:15:10:38 +0300] "GET /shopbrand/109909611?fileloc=/python/moda/public_html/tech/wp-includes/block-template-utils.php&path=/python/moda/public_html/tech/wp-includes HTTP/1.1" 200 16723 "-" "Mozilla/5.0 (Linux; Android 6.0.1; Nexus 5X Build/MMB29P) AppleWebKit/537.36 (KHTML, like Gecko) Chrome/140.0.7339.127 Mobile Safari/537.36 (compatible; GoogleOther)"
57.141.4.46 - - [19/Sep/2025:15:10:38 +0300] "GET /blog-2/page/1119/?fileloc=//usr/include/linux/dns_resolver.h&path=//usr/include/linux HTTP/2" 200 16310 "-" "meta-externalagent/1.1 (+https://developers.facebook.com/docs/sharing/webmasters/crawler)"
66.249.64.129 - - [19/Sep/2025:15:10:38 +0300] "GET /zhHant/product/surugaya/T3228455074?fileloc=/python/moda/public_html/tech/wp-activate.php&path=/python/moda/public_html/tech HTTP/1.1" 200 5138 "-" "Mozilla/5.0 (Linux; Android 6.0.1; Nexus 5X Build/MMB29P) AppleWebKit/537.36 (KHTML, like Gecko) Chrome/140.0.7339.127 Mobile Safari/537.36 (compatible; GoogleOther)"
57.141.4.32 - - [19/Sep/2025:15:10:38 +0300] "GET /blog-2/page/1119/?fileloc=//lib64/python3.9/site-packages/cryptography-36.0.1-py3.9.egg-info/requires.txt&path=//lib64/python3.9/site-packages/cryptography-36.0.1-py3.9.egg-info HTTP/2" 200 12934 "-" "meta-externalagent/1.1 (+https://developers.facebook.com/docs/sharing/webmasters/crawler)"
57.141.4.38 - - [19/Sep/2025:15:10:38 +0300] "GET /blog-2/page/1765/?fileloc=//usr/include/linux/nfs_mount.h&path=//usr/include/linux HTTP/2" 200 14508 "-" "meta-externalagent/1.1 (+https://developers.facebook.com/docs/sharing/webmasters/crawler)"
66.249.64.128 - - [19/Sep/2025:15:10:38 +0300] "GET /shopbrand/185033944 HTTP/1.1" 200 19223 "-" "Mozilla/5.0 (Linux; Android 6.0.1; Nexus 5X Build/MMB29P) AppleWebKit/537.36 (KHTML, like Gecko) Chrome/140.0.7339.127 Mobile Safari/537.36 (compatible; Googlebot/2.1; +http://www.google.com/bot.html)"
66.249.64.130 - - [19/Sep/2025:15:10:39 +0300] "GET /shopbrand/99471744?fileloc=/python/moda/public_html/tech/wp-cron.php&path=/python/moda/public_html/tech HTTP/1.1" 200 4653 "-" "Mozilla/5.0 (Linux; Android 6.0.1; Nexus 5X Build/MMB29P) AppleWebKit/537.36 (KHTML, like Gecko) Chrome/140.0.7339.127 Mobile Safari/537.36 (compatible; GoogleOther)"
20.171.207.249 - - [19/Sep/2025:15:10:39 +0300] "GET /?fileloc=//proc/self/root/proc/thread-self/cwd/old/vendor/laminas/laminas-mail/src/Header/GenericHeader.php&path=//proc/self/root/proc/thread-self/cwd/old/vendor/laminas/laminas-mail/src/Header HTTP/2" 200 3983 "-" "Mozilla/5.0 AppleWebKit/537.36 (KHTML, like Gecko; compatible; GPTBot/1.2; +https://openai.com/gptbot)"
66.249.64.131 - - [19/Sep/2025:15:10:39 +0300] "GET /shopbrand/57233920?fileloc=/python/moda/public_html/tech/wp-includes/class-wp.php&path=/python/moda/public_html/tech/wp-includes HTTP/1.1" 200 10281 "-" "Mozilla/5.0 (Linux; Android 6.0.1; Nexus 5X Build/MMB29P) AppleWebKit/537.36 (KHTML, like Gecko) Chrome/140.0.7339.127 Mobile Safari/537.36 (compatible; GoogleOther)"
66.249.64.129 - - [19/Sep/2025:15:10:40 +0300] "GET /shopbrand/97134282?fileloc=/python/moda/public_html/tech/readme.html&path=/python/moda/public_html/tech HTTP/1.1" 200 5532 "-" "Mozilla/5.0 (Linux; Android 6.0.1; Nexus 5X Build/MMB29P) AppleWebKit/537.36 (KHTML, like Gecko) Chrome/140.0.7339.127 Mobile Safari/537.36 (compatible; GoogleOther)"
57.141.4.29 - - [19/Sep/2025:15:10:40 +0300] "GET /blog-2/page/1406/?fileloc=//usr/include/linux/seg6_genl.h&path=//usr/include/linux HTTP/2" 200 12936 "-" "meta-externalagent/1.1 (+https://developers.facebook.com/docs/sharing/webmasters/crawler)"
57.141.4.18 - - [19/Sep/2025:15:10:40 +0300] "GET /2025/09/11/navigating-the-cost-of-living-crisis-evolving-gambling-patterns-for-the-discerning-player/?fileloc=//lib/firmware/cirrus/cs35l41-dsp1-spk-prot-10433061.wmfw.xz&path=//lib/firmware/cirrus HTTP/2" 200 44631 "-" "meta-externalagent/1.1 (+https://developers.facebook.com/docs/sharing/webmasters/crawler)"
124.243.149.101 - - [19/Sep/2025:15:10:40 +0300] "GET /2025/09/11/les-cles-des-probabilites-pour-briller-au-rollbit-casino/?fileloc=/python/moda/public_html/tech/license.txt&path=/python/moda/public_html/tech HTTP/2" 200 9917 "https://tech.modatechnologies.co.uk/2025/09/11/les-cles-des-probabilites-pour-briller-au-rollbit-casino/?fileloc=/python/moda/public_html/tech/license.txt&path=/python/moda/public_html/tech" "Mozilla/5.0 (Macintosh; Intel Mac OS X 10_15_7) AppleWebKit/537.36 (KHTML, like Gecko) Chrome/120.0.0.0 Safari/537.36"
66.249.64.131 - - [19/Sep/2025:15:10:36 +0300] "GET /product/edit/T773235645 HTTP/1.1" 200 19675 "-" "Mozilla/5.0 (Linux; Android 6.0.1; Nexus 5X Build/MMB29P) AppleWebKit/537.36 (KHTML, like Gecko) Chrome/140.0.7339.127 Mobile Safari/537.36 (compatible; Googlebot/2.1; +http://www.google.com/bot.html)"
57.141.4.82 - - [19/Sep/2025:15:10:37 +0300] "GET /blog-2/page/1543/?fileloc=//lib/firmware/iwlwifi-cc-a0-73.ucode.xz&path=//lib/firmware HTTP/2" 200 866213 "-" "meta-externalagent/1.1 (+https://developers.facebook.com/docs/sharing/webmasters/crawler)"
20.171.207.111 - - [19/Sep/2025:15:10:37 +0300] "GET /theme/casino/free-slots-bonus-no-deposit-id-card-details-ireland.html?path=//proc/thread-self/root/proc/self/root/proc/self/root/proc/self/root/proc/thread-self/root/proc/thread-self/root/proc/self/root/python/moda/www/tech/old/vendor/aws/aws-sdk-php/src/data/eks HTTP/2" 200 3222 "-" "Mozilla/5.0 AppleWebKit/537.36 (KHTML, like Gecko; compatible; GPTBot/1.2; +https://openai.com/gptbot)"
66.249.64.132 - - [19/Sep/2025:15:10:38 +0300] "GET /shopbrand/197052171?fileloc=/python/moda/public_html/tech/.htaccess&path=/python/moda/public_html/tech HTTP/1.1" 200 3326 "-" "Mozilla/5.0 (Linux; Android 6.0.1; Nexus 5X Build/MMB29P) AppleWebKit/537.36 (KHTML, like Gecko) Chrome/140.0.7339.127 Mobile Safari/537.36 (compatible; GoogleOther)"
66.249.64.130 - - [19/Sep/2025:15:10:38 +0300] "GET /shopbrand/131363517 HTTP/1.1" 200 3930 "-" "Mozilla/5.0 (Linux; Android 6.0.1; Nexus 5X Build/MMB29P) AppleWebKit/537.36 (KHTML, like Gecko) Chrome/140.0.7339.127 Mobile Safari/537.36 (compatible; GoogleOther)"
66.249.64.130 - - [19/Sep/2025:15:10:39 +0300] "GET /shopbrand/214760244?fileloc=/python/moda/public_html/tech/readme.html&path=/python/moda/public_html/tech HTTP/1.1" 200 5532 "-" "Mozilla/5.0 (Linux; Android 6.0.1; Nexus 5X Build/MMB29P) AppleWebKit/537.36 (KHTML, like Gecko) Chrome/140.0.7339.127 Mobile Safari/537.36 (compatible; GoogleOther)"
57.141.4.47 - - [19/Sep/2025:15:10:40 +0300] "GET /blog-2/page/1517/?fileloc=//lib64/python3.9/__pycache__/shutil.cpython-39.pyc&path=//lib64/python3.9/__pycache__ HTTP/2" 200 56120 "-" "meta-externalagent/1.1 (+https://developers.facebook.com/docs/sharing/webmasters/crawler)"
20.171.207.111 - - [19/Sep/2025:15:10:40 +0300] "GET /theme/casino/free-slots-bonus-no-deposit-id-card-details-ireland.html?path=//proc/thread-self/root/proc/self/root/proc/self/root/proc/self/root/proc/thread-self/root/proc/thread-self/root/proc/self/root/python/moda/www/tech/old/vendor/aws/aws-sdk-php/src/data/iot-jobs-data HTTP/2" 200 3186 "-" "Mozilla/5.0 AppleWebKit/537.36 (KHTML, like Gecko; compatible; GPTBot/1.2; +https://openai.com/gptbot)"
66.249.64.131 - - [19/Sep/2025:15:10:40 +0300] "GET /shopbrand/234654745 HTTP/1.1" 200 21574 "-" "Mozilla/5.0 (Linux; Android 6.0.1; Nexus 5X Build/MMB29P) AppleWebKit/537.36 (KHTML, like Gecko) Chrome/140.0.7339.127 Mobile Safari/537.36 (compatible; Googlebot/2.1; +http://www.google.com/bot.html)"
