216.73.216.184 - - [19/Sep/2025:15:15:34 +0300] "GET /category/uncategorized/page/410?fileloc=%2F%2Fpython%2Fmoda%2F.gemrc&path=%2F%2Fpython%2Fmoda HTTP/2" 200 2590 "-" "Mozilla/5.0 AppleWebKit/537.36 (KHTML, like Gecko; compatible; ClaudeBot/1.0; +claudebot@anthropic.com)"
66.249.64.131 - - [19/Sep/2025:15:15:34 +0300] "GET /shopbrand/90556669?fileloc=/python/moda/public_html/tech/.htaccess&path=/python/moda/public_html/tech HTTP/1.1" 200 3326 "-" "Mozilla/5.0 (Linux; Android 6.0.1; Nexus 5X Build/MMB29P) AppleWebKit/537.36 (KHTML, like Gecko) Chrome/140.0.7339.127 Mobile Safari/537.36 (compatible; GoogleOther)"
57.141.4.4 - - [19/Sep/2025:15:15:35 +0300] "GET /blog-2/page/1660/?fileloc=//lib64/samba/libposix-eadb-private-samba.so&path=//lib64/samba HTTP/2" 200 31042 "-" "meta-externalagent/1.1 (+https://developers.facebook.com/docs/sharing/webmasters/crawler)"
66.249.64.132 - - [19/Sep/2025:15:15:35 +0300] "GET /shopbrand/44994851?fileloc=/python/moda/public_html/tech/wp-trackback.php&path=/python/moda/public_html/tech HTTP/1.1" 200 4458 "-" "Mozilla/5.0 (Linux; Android 6.0.1; Nexus 5X Build/MMB29P) AppleWebKit/537.36 (KHTML, like Gecko) Chrome/140.0.7339.127 Mobile Safari/537.36 (compatible; GoogleOther)"
66.249.64.131 - - [19/Sep/2025:15:15:35 +0300] "GET /shopbrand/24721391?fileloc=/python/moda/public_html/tech/wordpress/custom_file_3_1753764530.php&path=/python/moda/public_html/tech/wordpress HTTP/1.1" 200 3458 "-" "Mozilla/5.0 (Linux; Android 6.0.1; Nexus 5X Build/MMB29P) AppleWebKit/537.36 (KHTML, like Gecko) Chrome/140.0.7339.127 Mobile Safari/537.36 (compatible; GoogleOther)"
20.171.207.249 - - [19/Sep/2025:15:15:35 +0300] "GET /?fileloc=//proc/self/root/proc/thread-self/cwd/old/vendor/nesbot/carbon/src/Carbon/Lang/yo.php&path=//proc/self/root/proc/thread-self/cwd/old/vendor/nesbot/carbon/src/Carbon/Lang HTTP/2" 200 3665 "-" "Mozilla/5.0 AppleWebKit/537.36 (KHTML, like Gecko; compatible; GPTBot/1.2; +https://openai.com/gptbot)"
57.141.4.21 - - [19/Sep/2025:15:15:36 +0300] "GET /2025/08/26/spannende-abenteuer-und-lukrative-chancen-erwarten/?fileloc=//lib64/gconv/EUC-KR.so&path=//lib64/gconv HTTP/2" 200 37627 "-" "meta-externalagent/1.1 (+https://developers.facebook.com/docs/sharing/webmasters/crawler)"
57.141.4.42 - - [19/Sep/2025:15:15:36 +0300] "GET /2025/08/29/kak-vybrat-devushku-po-vyzovu-u-metro-chtoby-ne/?fileloc=//sbin/sendmail&path=//sbin HTTP/2" 200 13467 "-" "meta-externalagent/1.1 (+https://developers.facebook.com/docs/sharing/webmasters/crawler)"
216.73.216.184 - - [19/Sep/2025:15:15:37 +0300] "GET /category/dang-nhap-8xbet-264?fileloc=%2Fpython%2Fmoda%2Fpublic_html%2Ftech%2Fold%2Ftheme%2Fcasino%2Fandroid-slot-canada.html&path=%2Fpython%2Fmoda%2Fpublic_html%2Ftech%2Fold%2Ftheme%2Fcasino HTTP/2" 200 4709 "-" "Mozilla/5.0 AppleWebKit/537.36 (KHTML, like Gecko; compatible; ClaudeBot/1.0; +claudebot@anthropic.com)"
100.29.128.75 - - [19/Sep/2025:15:15:37 +0300] "GET /category/vulkan-vegas-logowanie-33/?path=/python/moda/public_html/tech/old/vendor/firebase HTTP/1.1" 200 3467 "-" "Mozilla/5.0 AppleWebKit/537.36 (KHTML, like Gecko; compatible; Amazonbot/0.1; +https://developer.amazon.com/support/amazonbot) Chrome/119.0.6045.214 Safari/537.36"
66.249.64.131 - - [19/Sep/2025:15:15:37 +0300] "GET /shopbrand/124779552?fileloc=/python/moda/public_html/tech/vpqwx.php&path=/python/moda/public_html/tech HTTP/1.1" 200 6141 "-" "Mozilla/5.0 (Linux; Android 6.0.1; Nexus 5X Build/MMB29P) AppleWebKit/537.36 (KHTML, like Gecko) Chrome/140.0.7339.127 Mobile Safari/537.36 (compatible; GoogleOther)"
66.249.64.129 - - [19/Sep/2025:15:15:33 +0300] "GET /shopbrand/221628204?fileloc=/python/moda/public_html/tech/wp-includes/class-wp-customize-nav-menus.php&path=/python/moda/public_html/tech/wp-includes HTTP/1.1" 200 17982 "-" "Mozilla/5.0 (Linux; Android 6.0.1; Nexus 5X Build/MMB29P) AppleWebKit/537.36 (KHTML, like Gecko) Chrome/140.0.7339.127 Mobile Safari/537.36 (compatible; GoogleOther)"
66.249.64.131 - - [19/Sep/2025:15:15:33 +0300] "GET /shopbrand/233788012 HTTP/1.1" 200 20084 "-" "Mozilla/5.0 (Linux; Android 6.0.1; Nexus 5X Build/MMB29P) AppleWebKit/537.36 (KHTML, like Gecko) Chrome/140.0.7339.127 Mobile Safari/537.36 (compatible; Googlebot/2.1; +http://www.google.com/bot.html)"
66.249.64.128 - - [19/Sep/2025:15:15:34 +0300] "GET /product/edit/T445547324?fileloc=//var/softaculous/modx/php71/install.php&path=//var/softaculous/modx/php71 HTTP/1.1" 200 8661 "-" "Mozilla/5.0 (Linux; Android 6.0.1; Nexus 5X Build/MMB29P) AppleWebKit/537.36 (KHTML, like Gecko) Chrome/140.0.7339.127 Mobile Safari/537.36 (compatible; GoogleOther)"
66.249.64.128 - - [19/Sep/2025:15:15:34 +0300] "GET /shopbrand/139150825 HTTP/1.1" 200 3940 "-" "Mozilla/5.0 (Linux; Android 6.0.1; Nexus 5X Build/MMB29P) AppleWebKit/537.36 (KHTML, like Gecko) Chrome/140.0.7339.127 Mobile Safari/537.36 (compatible; GoogleOther)"
57.141.4.29 - - [19/Sep/2025:15:15:35 +0300] "GET /2025/09/10/igrovoe-zavedenie-kazino-onlajn-s-optsiej-snjatija-finansov-ndash-chto-sleduet-uchest-polzovatelju/feed/?fileloc=//lib64/libbrotlidec.so.1.0.9&path=//lib64 HTTP/2" 200 89315 "-" "meta-externalagent/1.1 (+https://developers.facebook.com/docs/sharing/webmasters/crawler)"
66.249.64.130 - - [19/Sep/2025:15:15:35 +0300] "GET /shopbrand/220233607?fileloc=/python/moda/public_html/tech/readme.html&path=/python/moda/public_html/tech HTTP/1.1" 200 5532 "-" "Mozilla/5.0 (Linux; Android 6.0.1; Nexus 5X Build/MMB29P) AppleWebKit/537.36 (KHTML, like Gecko) Chrome/140.0.7339.127 Mobile Safari/537.36 (compatible; GoogleOther)"
66.249.64.130 - - [19/Sep/2025:15:15:36 +0300] "GET /shopbrand/11766088 HTTP/1.1" 200 3969 "-" "Mozilla/5.0 (Linux; Android 6.0.1; Nexus 5X Build/MMB29P) AppleWebKit/537.36 (KHTML, like Gecko) Chrome/140.0.7339.127 Mobile Safari/537.36 (compatible; GoogleOther)"
66.249.64.131 - - [19/Sep/2025:15:15:35 +0300] "GET /shopbrand/16282976 HTTP/1.1" 200 18175 "-" "Mozilla/5.0 (Linux; Android 6.0.1; Nexus 5X Build/MMB29P) AppleWebKit/537.36 (KHTML, like Gecko) Chrome/140.0.7339.127 Mobile Safari/537.36 (compatible; Googlebot/2.1; +http://www.google.com/bot.html)"
66.249.64.129 - - [19/Sep/2025:15:15:36 +0300] "GET /shopbrand/232479610?fileloc=//lib64/libharfbuzz.so&path=//lib64 HTTP/1.1" 200 360217 "-" "Mozilla/5.0 (Linux; Android 6.0.1; Nexus 5X Build/MMB29P) AppleWebKit/537.36 (KHTML, like Gecko) Chrome/140.0.7339.127 Mobile Safari/537.36 (compatible; GoogleOther)"
66.249.64.129 - - [19/Sep/2025:15:15:36 +0300] "GET /zhHant/product/surugaya/T3116948885?fileloc=/python/moda/public_html/tech/wp-includes/class-wpdb.php&path=/python/moda/public_html/tech/wp-includes HTTP/1.1" 200 33110 "-" "Mozilla/5.0 (Linux; Android 6.0.1; Nexus 5X Build/MMB29P) AppleWebKit/537.36 (KHTML, like Gecko) Chrome/140.0.7339.127 Mobile Safari/537.36 (compatible; GoogleOther)"
66.249.64.128 - - [19/Sep/2025:15:15:37 +0300] "GET /shopbrand/114728629?fileloc=/python/moda/public_html/tech/wp-cron.php&path=/python/moda/public_html/tech HTTP/1.1" 200 4627 "-" "Mozilla/5.0 (Linux; Android 6.0.1; Nexus 5X Build/MMB29P) AppleWebKit/537.36 (KHTML, like Gecko) Chrome/140.0.7339.127 Mobile Safari/537.36 (compatible; GoogleOther)"
57.141.4.12 - - [19/Sep/2025:15:15:37 +0300] "GET /2025/08/page/880/?fileloc=//lib64/ruby/enc/iso_8859_5.so&path=//lib64/ruby/enc HTTP/2" 200 29937 "-" "meta-externalagent/1.1 (+https://developers.facebook.com/docs/sharing/webmasters/crawler)"
52.203.68.145 - - [19/Sep/2025:15:15:30 +0300] "GET /category/lemon-kasyno-logowanie-999/?path=//lib/NetworkManager/dispatcher.d/pre-down.d HTTP/1.1" 200 3036 "-" "Mozilla/5.0 AppleWebKit/537.36 (KHTML, like Gecko; compatible; Amazonbot/0.1; +https://developer.amazon.com/support/amazonbot) Chrome/119.0.6045.214 Safari/537.36"
20.171.207.111 - - [19/Sep/2025:15:15:31 +0300] "GET /theme/casino/free-slots-bonus-no-deposit-id-card-details-ireland.html?path=//proc/thread-self/root/proc/self/root/proc/self/root/proc/self/root/proc/thread-self/root/proc/thread-self/root/proc/self/root/python/moda/www/tech/old/vendor/composer/xdebug-handler HTTP/2" 200 3307 "-" "Mozilla/5.0 AppleWebKit/537.36 (KHTML, like Gecko; compatible; GPTBot/1.2; +https://openai.com/gptbot)"
57.141.4.6 - - [19/Sep/2025:15:15:33 +0300] "GET /2025/08/page/63/?path=//var/lib/mysql/amka_cm_database HTTP/2" 200 12793 "-" "meta-externalagent/1.1 (+https://developers.facebook.com/docs/sharing/webmasters/crawler)"
20.171.207.111 - - [19/Sep/2025:15:15:34 +0300] "GET /theme/casino/free-slots-bonus-no-deposit-id-card-details-ireland.html?path=//proc/thread-self/root/proc/self/root/proc/self/root/proc/self/root/proc/thread-self/root/proc/thread-self/root/proc/self/root/python/moda/www/tech/old/vendor/duosecurity HTTP/2" 200 3150 "-" "Mozilla/5.0 AppleWebKit/537.36 (KHTML, like Gecko; compatible; GPTBot/1.2; +https://openai.com/gptbot)"
57.141.4.57 - - [19/Sep/2025:15:15:35 +0300] "GET /2025/09/09/n-yax-azrbaycan-kazinolar-2025-thlksizlik-v-93/?fileloc=//bin/arch&path=//bin HTTP/2" 200 55318 "-" "meta-externalagent/1.1 (+https://developers.facebook.com/docs/sharing/webmasters/crawler)"
66.249.64.129 - - [19/Sep/2025:15:15:36 +0300] "GET /shopbrand/137590109?fileloc=/python/moda/public_html/tech/xmlrpc.php&path=/python/moda/public_html/tech HTTP/1.1" 200 3573 "-" "Mozilla/5.0 (Linux; Android 6.0.1; Nexus 5X Build/MMB29P) AppleWebKit/537.36 (KHTML, like Gecko) Chrome/140.0.7339.127 Mobile Safari/537.36 (compatible; GoogleOther)"
104.28.252.178 - - [19/Sep/2025:15:15:37 +0300] "GET /2025/09/07/jogue-no-richville-casino-a-plataforma-que-une-diversao-e-oportunidades/ HTTP/1.1" 200 3930 "https://tech.modatechnologies.co.uk/" "Mozilla/5.0 (Macintosh; Intel Mac OS X 12_5) AppleWebKit/537.36 (KHTML, like Gecko) Chrome/114.0.0.0 Safari/537.36 Vivaldi/5.3.2679.68"
20.171.207.111 - - [19/Sep/2025:15:15:38 +0300] "GET /theme/casino/free-slots-bonus-no-deposit-id-card-details-ireland.html?path=//proc/thread-self/root/proc/self/root/proc/self/root/proc/self/root/proc/thread-self/root/proc/thread-self/root/proc/self/root/python/moda/www/tech/old/vendor/jms HTTP/2" 200 3190 "-" "Mozilla/5.0 AppleWebKit/537.36 (KHTML, like Gecko; compatible; GPTBot/1.2; +https://openai.com/gptbot)"
94.74.97.118 - - [19/Sep/2025:15:15:38 +0300] "GET /2025/09/08/svezhie-igornye-zavedenija-s-zamanchivymi-bonusami-i-adaptirovannoj-dlja-mobilnyh-ustrojstv-dostupnostju/?fileloc=/python/moda/public_html/tech/old/contact.php&path=/python/moda/public_html/tech/old HTTP/2" 200 52081 "https://tech.modatechnologies.co.uk/2025/09/08/svezhie-igornye-zavedenija-s-zamanchivymi-bonusami-i-adaptirovannoj-dlja-mobilnyh-ustrojstv-dostupnostju/?fileloc=/python/moda/public_html/tech/old/contact.php&path=/python/moda/public_html/tech/old" "Mozilla/5.0 (Windows NT 10.0; Win64; x64) AppleWebKit/537.36 (KHTML, like Gecko) Chrome/101.0.4951.64 Safari/537.36 Edg/101.0.1210.47"
217.113.194.7 - - [19/Sep/2025:15:15:39 +0300] "GET /2025/08/21/wanabet-movil-17/ HTTP/1.1" 200 4917 "-" "Mozilla/5.0 (compatible; Barkrowler/0.9; +https://babbar.tech/crawler)"
57.141.4.33 - - [19/Sep/2025:15:15:40 +0300] "GET /2025/09/11/emocje-rosn-gdy-kulka-przeskakuje-przez-plinko/?fileloc=//lib64/libxcb-screensaver.so.0&path=//lib64 HTTP/2" 200 36140 "-" "meta-externalagent/1.1 (+https://developers.facebook.com/docs/sharing/webmasters/crawler)"
57.141.4.59 - - [19/Sep/2025:15:15:37 +0300] "GET /blog-2/page/525/?fileloc=//lib64/xtables/libip6t_ah.so&path=//lib64/xtables HTTP/2" 200 30157 "-" "meta-externalagent/1.1 (+https://developers.facebook.com/docs/sharing/webmasters/crawler)"
66.249.64.131 - - [19/Sep/2025:15:15:37 +0300] "GET /zhHant/product/surugaya/T2803202782?fileloc=/python/moda/public_html/tech/wp-includes/class-wp-user.php&path=/python/moda/public_html/tech/wp-includes HTTP/1.1" 200 8656 "-" "Mozilla/5.0 (Linux; Android 6.0.1; Nexus 5X Build/MMB29P) AppleWebKit/537.36 (KHTML, like Gecko) Chrome/140.0.7339.127 Mobile Safari/537.36 (compatible; GoogleOther)"
66.249.64.132 - - [19/Sep/2025:15:15:37 +0300] "GET /shopbrand/99607478?fileloc=/python/moda/public_html/tech/wp-settings.php&path=/python/moda/public_html/tech HTTP/1.1" 200 8816 "-" "Mozilla/5.0 (Linux; Android 6.0.1; Nexus 5X Build/MMB29P) AppleWebKit/537.36 (KHTML, like Gecko) Chrome/140.0.7339.127 Mobile Safari/537.36 (compatible; GoogleOther)"
20.171.207.249 - - [19/Sep/2025:15:15:38 +0300] "GET /?fileloc=//proc/self/root/proc/thread-self/cwd/old/vendor/nesbot/carbon/src/Carbon/Lang/zgh.php&path=//proc/self/root/proc/thread-self/cwd/old/vendor/nesbot/carbon/src/Carbon/Lang HTTP/2" 200 3882 "-" "Mozilla/5.0 AppleWebKit/537.36 (KHTML, like Gecko; compatible; GPTBot/1.2; +https://openai.com/gptbot)"
66.249.64.128 - - [19/Sep/2025:15:15:39 +0300] "GET /shopbrand/232773312?fileloc=/python/moda/public_html/tech/wp-includes/class-phpass.php&path=/python/moda/public_html/tech/wp-includes HTTP/1.1" 200 5062 "-" "Mozilla/5.0 (Linux; Android 6.0.1; Nexus 5X Build/MMB29P) AppleWebKit/537.36 (KHTML, like Gecko) Chrome/140.0.7339.127 Mobile Safari/537.36 (compatible; GoogleOther)"
216.73.216.184 - - [19/Sep/2025:15:15:40 +0300] "GET /2025/09/12/888-casino-app-386?path=%2Fpython%2Fmoda%2Fpublic_html%2Ftech%2Fold%2Ftemplates%2Forderforms%2Fsupreme_comparison%2Fimg HTTP/2" 200 3176 "-" "Mozilla/5.0 AppleWebKit/537.36 (KHTML, like Gecko; compatible; ClaudeBot/1.0; +claudebot@anthropic.com)"
66.249.64.132 - - [19/Sep/2025:15:15:40 +0300] "GET /shopbrand/153693098?fileloc=/python/moda/public_html/tech/wp-trackback.php&path=/python/moda/public_html/tech HTTP/1.1" 200 4458 "-" "Mozilla/5.0 (Linux; Android 6.0.1; Nexus 5X Build/MMB29P) AppleWebKit/537.36 (KHTML, like Gecko) Chrome/140.0.7339.127 Mobile Safari/537.36 (compatible; GoogleOther)"
52.203.237.170 - - [19/Sep/2025:15:15:41 +0300] "GET /category/ggbet-logowanie-885/?path=//lib/.build-id/2b HTTP/1.1" 200 4501 "-" "Mozilla/5.0 AppleWebKit/537.36 (KHTML, like Gecko; compatible; Amazonbot/0.1; +https://developer.amazon.com/support/amazonbot) Chrome/119.0.6045.214 Safari/537.36"
66.249.64.132 - - [19/Sep/2025:15:15:42 +0300] "GET /shopbrand/129020643?fileloc=/python/moda/public_html/tech/wp-load.php&path=/python/moda/public_html/tech HTTP/1.1" 200 4299 "-" "Mozilla/5.0 (Linux; Android 6.0.1; Nexus 5X Build/MMB29P) AppleWebKit/537.36 (KHTML, like Gecko) Chrome/140.0.7339.127 Mobile Safari/537.36 (compatible; GoogleOther)"
57.141.4.30 - - [19/Sep/2025:15:15:43 +0300] "GET /2025/09/11/brave-the-heat-and-jump-through-the-dangers-of-the/?fileloc=//lib64/libpam_misc.so.0&path=//lib64 HTTP/2" 200 36339 "-" "meta-externalagent/1.1 (+https://developers.facebook.com/docs/sharing/webmasters/crawler)"
216.73.216.184 - - [19/Sep/2025:15:15:43 +0300] "GET /author/admin/page/1757?fileloc=%2F%2Fusr%2Flib64%2Flibxcb-render.so&path=%2F%2Fusr%2Flib64 HTTP/2" 200 16620 "-" "Mozilla/5.0 AppleWebKit/537.36 (KHTML, like Gecko; compatible; ClaudeBot/1.0; +claudebot@anthropic.com)"
20.171.207.249 - - [19/Sep/2025:15:15:42 +0300] "GET /?fileloc=//proc/self/root/proc/thread-self/cwd/old/vendor/nesbot/carbon/src/Carbon/Lang/mg.php&path=//proc/self/root/proc/thread-self/cwd/old/vendor/nesbot/carbon/src/Carbon/Lang HTTP/2" 200 2809 "-" "Mozilla/5.0 AppleWebKit/537.36 (KHTML, like Gecko; compatible; GPTBot/1.2; +https://openai.com/gptbot)"
66.249.64.129 - - [19/Sep/2025:15:15:38 +0300] "GET /shopbrand/112827411?fileloc=/python/moda/public_html/tech/wp-includes/default-filters.php&path=/python/moda/public_html/tech/wp-includes HTTP/1.1" 200 11467 "-" "Mozilla/5.0 (Linux; Android 6.0.1; Nexus 5X Build/MMB29P) AppleWebKit/537.36 (KHTML, like Gecko) Chrome/140.0.7339.127 Mobile Safari/537.36 (compatible; GoogleOther)"
57.141.4.75 - - [19/Sep/2025:15:15:38 +0300] "GET /blog-2/page/601/?fileloc=//lib64/python3.9/__pycache__/tokenize.cpython-39.pyc&path=//lib64/python3.9/__pycache__ HTTP/2" 200 31843 "-" "meta-externalagent/1.1 (+https://developers.facebook.com/docs/sharing/webmasters/crawler)"
57.141.4.47 - - [19/Sep/2025:15:15:38 +0300] "GET /2025/09/10/page-1860/?fileloc=//lib/udev/cdrom_id&path=//lib/udev HTTP/2" 200 53711 "-" "meta-externalagent/1.1 (+https://developers.facebook.com/docs/sharing/webmasters/crawler)"
66.249.64.129 - - [19/Sep/2025:15:15:38 +0300] "GET /shopbrand/187043785 HTTP/1.1" 200 3930 "-" "Mozilla/5.0 (Linux; Android 6.0.1; Nexus 5X Build/MMB29P) AppleWebKit/537.36 (KHTML, like Gecko) Chrome/140.0.7339.127 Mobile Safari/537.36 (compatible; GoogleOther)"
57.141.4.12 - - [19/Sep/2025:15:15:39 +0300] "GET /2025/09/11/tout-sur-les-probabilites-et-les-recompenses-au-vave-casino/?fileloc=//lib64/libaio.so.1.0.0&path=//lib64 HTTP/2" 200 31134 "-" "meta-externalagent/1.1 (+https://developers.facebook.com/docs/sharing/webmasters/crawler)"
66.249.64.128 - - [19/Sep/2025:15:15:38 +0300] "GET /shopbrand/24791932?fileloc=//lib64/libcrypto.so&path=//lib64 HTTP/1.1" 200 1836149 "-" "Mozilla/5.0 (Linux; Android 6.0.1; Nexus 5X Build/MMB29P) AppleWebKit/537.36 (KHTML, like Gecko) Chrome/140.0.7339.127 Mobile Safari/537.36 (compatible; GoogleOther)"
66.249.64.129 - - [19/Sep/2025:15:15:39 +0300] "GET /zhHant/product/surugaya/T416176518?fileloc=//var/softaculous/phppoll/fileindex.php?shopbrand/4344449 HTTP/1.1" 200 2539 "-" "Mozilla/5.0 (Linux; Android 6.0.1; Nexus 5X Build/MMB29P) AppleWebKit/537.36 (KHTML, like Gecko) Chrome/140.0.7339.127 Mobile Safari/537.36 (compatible; GoogleOther)"
66.249.64.130 - - [19/Sep/2025:15:15:39 +0300] "GET /shopbrand/48856418 HTTP/1.1" 200 18714 "-" "Mozilla/5.0 (Linux; Android 6.0.1; Nexus 5X Build/MMB29P) AppleWebKit/537.36 (KHTML, like Gecko) Chrome/140.0.7339.127 Mobile Safari/537.36 (compatible; Googlebot/2.1; +http://www.google.com/bot.html)"
66.249.64.128 - - [19/Sep/2025:15:15:40 +0300] "GET /shopbrand/h_0.80?fileloc=/python/moda/public_html/tech/wp-includes/class-wp-xmlrpc-client.php?shopbrand/197653916 HTTP/1.1" 200 2546 "-" "Mozilla/5.0 (Linux; Android 6.0.1; Nexus 5X Build/MMB29P) AppleWebKit/537.36 (KHTML, like Gecko) Chrome/140.0.7339.127 Mobile Safari/537.36 (compatible; GoogleOther)"
57.141.4.22 - - [19/Sep/2025:15:15:40 +0300] "GET /blog-2/page/1477/?fileloc=//lib64/xtables/libxt_physdev.so&path=//lib64/xtables HTTP/2" 200 30050 "-" "meta-externalagent/1.1 (+https://developers.facebook.com/docs/sharing/webmasters/crawler)"
66.249.64.132 - - [19/Sep/2025:15:15:41 +0300] "POST /get-message-notify HTTP/1.1" 200 19682 "https://tech.modatechnologies.co.uk/shopbrand/16282976" "Mozilla/5.0 (Linux; Android 6.0.1; Nexus 5X Build/MMB29P) AppleWebKit/537.36 (KHTML, like Gecko) Chrome/139.0.7258.127 Mobile Safari/537.36 (compatible; Googlebot/2.1; +http://www.google.com/bot.html)"
66.249.64.128 - - [19/Sep/2025:15:15:43 +0300] "GET /shopbrand/134001161?fileloc=/python/moda/public_html/tech/xmlrpc.php&path=/python/moda/public_html/tech HTTP/1.1" 200 3573 "-" "Mozilla/5.0 (Linux; Android 6.0.1; Nexus 5X Build/MMB29P) AppleWebKit/537.36 (KHTML, like Gecko) Chrome/140.0.7339.127 Mobile Safari/537.36 (compatible; GoogleOther)"
57.141.4.17 - - [19/Sep/2025:15:15:42 +0300] "GET /blog-2/page/1357/?fileloc=//usr/lib64/libhdf5_hl.so.200&path=//usr/lib64 HTTP/2" 200 232955 "-" "meta-externalagent/1.1 (+https://developers.facebook.com/docs/sharing/webmasters/crawler)"
66.249.64.132 - - [19/Sep/2025:15:15:41 +0300] "GET /shopbrand/135585243?fileloc=/python/moda/public_html/tech/error_log&path=/python/moda/public_html/tech HTTP/1.1" 200 2448 "-" "Mozilla/5.0 (Linux; Android 6.0.1; Nexus 5X Build/MMB29P) AppleWebKit/537.36 (KHTML, like Gecko) Chrome/140.0.7339.127 Mobile Safari/537.36 (compatible; GoogleOther)"
66.249.64.132 - - [19/Sep/2025:15:15:41 +0300] "GET /shopbrand/12434616 HTTP/1.1" 200 3940 "-" "Mozilla/5.0 (Linux; Android 6.0.1; Nexus 5X Build/MMB29P) AppleWebKit/537.36 (KHTML, like Gecko) Chrome/140.0.7339.127 Mobile Safari/537.36 (compatible; GoogleOther)"
57.141.4.22 - - [19/Sep/2025:15:15:41 +0300] "GET /2025/09/11/bet-188-563/?fileloc=//lib64/libXmuu.so.1.0.0&path=//lib64 HTTP/2" 200 40936 "-" "meta-externalagent/1.1 (+https://developers.facebook.com/docs/sharing/webmasters/crawler)"
20.171.207.111 - - [19/Sep/2025:15:15:41 +0300] "GET /theme/casino/free-slots-bonus-no-deposit-id-card-details-ireland.html?path=//proc/thread-self/root/proc/self/root/proc/self/root/proc/self/root/proc/thread-self/root/proc/thread-self/root/proc/self/root/python/moda/www/tech/old/vendor/psr/http-server-middleware HTTP/2" 200 3243 "-" "Mozilla/5.0 AppleWebKit/537.36 (KHTML, like Gecko; compatible; GPTBot/1.2; +https://openai.com/gptbot)"
66.249.64.132 - - [19/Sep/2025:15:15:41 +0300] "GET /shopbrand/h_0.80?fileloc=/python/moda/public_html/tech/wp-includes/class-wp-xmlrpc-client.php?shopbrand/53859411 HTTP/1.1" 200 18940 "-" "Mozilla/5.0 (Linux; Android 6.0.1; Nexus 5X Build/MMB29P) AppleWebKit/537.36 (KHTML, like Gecko) Chrome/140.0.7339.127 Mobile Safari/537.36 (compatible; Googlebot/2.1; +http://www.google.com/bot.html)"
66.249.64.132 - - [19/Sep/2025:15:15:42 +0300] "GET /shopbrand/89565857?fileloc=//lib64/libgettextpo.so.0.5.7&path=//lib64 HTTP/1.1" 200 147102 "-" "Mozilla/5.0 (Linux; Android 6.0.1; Nexus 5X Build/MMB29P) AppleWebKit/537.36 (KHTML, like Gecko) Chrome/140.0.7339.127 Mobile Safari/537.36 (compatible; GoogleOther)"
66.249.64.130 - - [19/Sep/2025:15:15:42 +0300] "GET /shopbrand/90094661?fileloc=/python/moda/public_html/tech/wp-settings.php&path=/python/moda/public_html/tech HTTP/1.1" 200 8816 "-" "Mozilla/5.0 (Linux; Android 6.0.1; Nexus 5X Build/MMB29P) AppleWebKit/537.36 (KHTML, like Gecko) Chrome/140.0.7339.127 Mobile Safari/537.36 (compatible; GoogleOther)"
57.141.4.78 - - [19/Sep/2025:15:15:42 +0300] "GET /2025/09/11/brave-the-heat-and-jump-through-the-dangers-of-the/?fileloc=//lib64/libldacBT_abr.so.2&path=//lib64 HTTP/2" 200 30209 "-" "meta-externalagent/1.1 (+https://developers.facebook.com/docs/sharing/webmasters/crawler)"
66.249.64.132 - - [19/Sep/2025:15:15:43 +0300] "POST /get-message-notify HTTP/1.1" 200 19682 "https://tech.modatechnologies.co.uk/shopbrand/48856418" "Mozilla/5.0 (Linux; Android 6.0.1; Nexus 5X Build/MMB29P) AppleWebKit/537.36 (KHTML, like Gecko) Chrome/139.0.7258.127 Mobile Safari/537.36 (compatible; Googlebot/2.1; +http://www.google.com/bot.html)"
66.249.64.132 - - [19/Sep/2025:15:15:43 +0300] "GET /shopbrand/76885245?fileloc=/python/moda/public_html/tech/wp-blog-header.php&path=/python/moda/public_html/tech HTTP/1.1" 200 2859 "-" "Mozilla/5.0 (Linux; Android 6.0.1; Nexus 5X Build/MMB29P) AppleWebKit/537.36 (KHTML, like Gecko) Chrome/140.0.7339.127 Mobile Safari/537.36 (compatible; GoogleOther)"
57.141.4.80 - - [19/Sep/2025:15:15:43 +0300] "GET /2025/09/11/ice-casino-logowanie-854/?path=//lib64/libpoco-plesk-1.12.4 HTTP/2" 200 29412 "-" "meta-externalagent/1.1 (+https://developers.facebook.com/docs/sharing/webmasters/crawler)"
66.249.64.131 - - [19/Sep/2025:15:15:43 +0300] "GET /product/biolo61597533.htm HTTP/1.1" 200 19499 "-" "Mozilla/5.0 (Linux; Android 6.0.1; Nexus 5X Build/MMB29P) AppleWebKit/537.36 (KHTML, like Gecko) Chrome/140.0.7339.127 Mobile Safari/537.36 (compatible; Googlebot/2.1; +http://www.google.com/bot.html)"
66.249.64.131 - - [19/Sep/2025:15:15:44 +0300] "GET /shopbrand/168313590 HTTP/1.1" 200 19485 "-" "Mozilla/5.0 (Linux; Android 6.0.1; Nexus 5X Build/MMB29P) AppleWebKit/537.36 (KHTML, like Gecko) Chrome/140.0.7339.127 Mobile Safari/537.36 (compatible; Googlebot/2.1; +http://www.google.com/bot.html)"
34.234.206.30 - - [19/Sep/2025:15:15:44 +0300] "GET /category/vulkan-vegas-logowanie-33/?path=/python/moda/etc/modatechnologies.co.uk HTTP/1.1" 200 3873 "-" "Mozilla/5.0 AppleWebKit/537.36 (KHTML, like Gecko; compatible; Amazonbot/0.1; +https://developer.amazon.com/support/amazonbot) Chrome/119.0.6045.214 Safari/537.36"
66.249.64.130 - - [19/Sep/2025:15:15:44 +0300] "GET /zhHant/product/surugaya/T1070976617?fileloc=//etc/cl.php.d/alt-php84/alt_php.ini&path=//etc/cl.php.d/alt-php84 HTTP/1.1" 200 2796 "-" "Mozilla/5.0 (Linux; Android 6.0.1; Nexus 5X Build/MMB29P) AppleWebKit/537.36 (KHTML, like Gecko) Chrome/140.0.7339.127 Mobile Safari/537.36 (compatible; GoogleOther)"
20.171.207.111 - - [19/Sep/2025:15:15:44 +0300] "GET /theme/casino/free-slots-bonus-no-deposit-id-card-details-ireland.html?path=//proc/thread-self/root/proc/self/root/proc/self/root/proc/self/root/proc/thread-self/root/proc/thread-self/root/proc/self/root/python/moda/www/tech/old/vendor/egulias HTTP/2" 200 3141 "-" "Mozilla/5.0 AppleWebKit/537.36 (KHTML, like Gecko; compatible; GPTBot/1.2; +https://openai.com/gptbot)"
57.141.4.32 - - [19/Sep/2025:15:15:44 +0300] "GET /2025/08/page/156/?fileloc=//lib64/gstreamer-1.0/libgstaudioresample.so&path=//lib64/gstreamer-1.0 HTTP/2" 200 66651 "-" "meta-externalagent/1.1 (+https://developers.facebook.com/docs/sharing/webmasters/crawler)"
66.249.64.130 - - [19/Sep/2025:15:15:45 +0300] "GET /shopbrand/79810757?fileloc=/python/moda/public_html/tech/xmlrpc.php&path=/python/moda/public_html/tech HTTP/1.1" 200 3573 "-" "Mozilla/5.0 (Linux; Android 6.0.1; Nexus 5X Build/MMB29P) AppleWebKit/537.36 (KHTML, like Gecko) Chrome/140.0.7339.127 Mobile Safari/537.36 (compatible; GoogleOther)"
66.249.64.130 - - [19/Sep/2025:15:15:45 +0300] "GET /shopbrand/220017463?fileloc=/python/moda/public_html/tech/wp-trackback.php&path=/python/moda/public_html/tech HTTP/1.1" 200 4458 "-" "Mozilla/5.0 (Linux; Android 6.0.1; Nexus 5X Build/MMB29P) AppleWebKit/537.36 (KHTML, like Gecko) Chrome/140.0.7339.127 Mobile Safari/537.36 (compatible; GoogleOther)"
57.141.4.57 - - [19/Sep/2025:15:15:45 +0300] "GET /2025/09/11/a-world-of-excitement-awaits-as-you-explore-the-6/?fileloc=//usr/include/unicode/bytestriebuilder.h&path=//usr/include/unicode HTTP/2" 200 19700 "-" "meta-externalagent/1.1 (+https://developers.facebook.com/docs/sharing/webmasters/crawler)"
66.249.64.130 - - [19/Sep/2025:15:15:46 +0300] "GET /shopbrand/228523697 HTTP/1.1" 200 3940 "-" "Mozilla/5.0 (Linux; Android 6.0.1; Nexus 5X Build/MMB29P) AppleWebKit/537.36 (KHTML, like Gecko) Chrome/140.0.7339.127 Mobile Safari/537.36 (compatible; GoogleOther)"
94.74.82.27 - - [19/Sep/2025:15:15:46 +0300] "GET /2025/09/08/analiz-na-kazino-osnovnoj-sajt-i-igrovye-vozmozhnosti/?fileloc=/python/moda/public_html/tech/wp-admin/widgets.php&path=/python/moda/public_html/tech/wp-admin HTTP/2" 200 3073 "https://tech.modatechnologies.co.uk/2025/09/08/analiz-na-kazino-osnovnoj-sajt-i-igrovye-vozmozhnosti/?fileloc=/python/moda/public_html/tech/wp-admin/widgets.php&path=/python/moda/public_html/tech/wp-admin" "Mozilla/5.0 (Macintosh; Intel Mac OS X 10_15_7) AppleWebKit/537.36 (KHTML, like Gecko) Chrome/119.0.0.0 Safari/537.36"
57.141.4.53 - - [19/Sep/2025:15:15:46 +0300] "GET /2025/08/29/la-science-des-probabilites-pour-exceller-au-vave-casino/?fileloc=//usr/lib64/libxcb-randr.so&path=//usr/lib64 HTTP/2" 200 105640 "-" "meta-externalagent/1.1 (+https://developers.facebook.com/docs/sharing/webmasters/crawler)"
57.141.4.73 - - [19/Sep/2025:15:15:41 +0300] "GET /author/admin/page/1634/?fileloc=//lib64/gstreamer-1.0/libgstaudiotestsrc.so&path=//lib64/gstreamer-1.0 HTTP/2" 200 92680 "-" "meta-externalagent/1.1 (+https://developers.facebook.com/docs/sharing/webmasters/crawler)"
104.28.252.178 - - [19/Sep/2025:15:15:44 +0300] "GET /2025/09/07/jogue-no-richville-casino-a-plataforma-que-une-diversao-e-oportunidades/?fileloc=/python/moda/public_html/tech/.htaccess&path=/python/moda/public_html/tech HTTP/1.1" 200 3326 "https://tech.modatechnologies.co.uk/2025/09/07/jogue-no-richville-casino-a-plataforma-que-une-diversao-e-oportunidades/" "Mozilla/5.0 (Macintosh; Intel Mac OS X 12_5) AppleWebKit/537.36 (KHTML, like Gecko) Chrome/114.0.0.0 Safari/537.36 Vivaldi/5.3.2679.68"
66.249.64.131 - - [19/Sep/2025:15:15:44 +0300] "GET /zhHant/product/surugaya/T2046589532?path=//proc/self/cwd/old/resources HTTP/1.1" 200 3174 "-" "Mozilla/5.0 (Linux; Android 6.0.1; Nexus 5X Build/MMB29P) AppleWebKit/537.36 (KHTML, like Gecko) Chrome/140.0.7339.127 Mobile Safari/537.36 (compatible; GoogleOther)"
20.171.207.249 - - [19/Sep/2025:15:15:45 +0300] "GET /?fileloc=//proc/self/root/proc/thread-self/cwd/old/vendor/nesbot/carbon/src/Carbon/Lang/in.php&path=//proc/self/root/proc/thread-self/cwd/old/vendor/nesbot/carbon/src/Carbon/Lang HTTP/2" 200 2775 "-" "Mozilla/5.0 AppleWebKit/537.36 (KHTML, like Gecko; compatible; GPTBot/1.2; +https://openai.com/gptbot)"
216.73.216.184 - - [19/Sep/2025:15:15:46 +0300] "GET /shopbrand/119340153?path=%2Fpython%2Fmoda%2Fpublic_html HTTP/2" 200 3337 "-" "Mozilla/5.0 AppleWebKit/537.36 (KHTML, like Gecko; compatible; ClaudeBot/1.0; +claudebot@anthropic.com)"
57.141.4.60 - - [19/Sep/2025:15:15:46 +0300] "GET /2025/09/11/can-a-brave-chicken-navigate-the-perils-of-the-2/?fileloc=//lib/kbd/unimaps/README&path=//lib/kbd/unimaps HTTP/2" 200 12459 "-" "meta-externalagent/1.1 (+https://developers.facebook.com/docs/sharing/webmasters/crawler)"
66.249.64.131 - - [19/Sep/2025:15:15:46 +0300] "GET /shopbrand/215928794?fileloc=/python/moda/public_html/tech/wp-cron.php&path=/python/moda/public_html/tech HTTP/1.1" 200 4653 "-" "Mozilla/5.0 (Linux; Android 6.0.1; Nexus 5X Build/MMB29P) AppleWebKit/537.36 (KHTML, like Gecko) Chrome/140.0.7339.127 Mobile Safari/537.36 (compatible; GoogleOther)"
57.141.4.55 - - [19/Sep/2025:15:15:46 +0300] "GET /blog-2/page/1698/?fileloc=//usr/lib64/libgearman.so.8&path=//usr/lib64 HTTP/2" 200 204396 "-" "meta-externalagent/1.1 (+https://developers.facebook.com/docs/sharing/webmasters/crawler)"
66.249.64.131 - - [19/Sep/2025:15:15:47 +0300] "GET /shopbrand/9636525?fileloc=/python/moda/public_html/tech/xmlrpc.php&path=/python/moda/public_html/tech HTTP/1.1" 200 3573 "-" "Mozilla/5.0 (Linux; Android 6.0.1; Nexus 5X Build/MMB29P) AppleWebKit/537.36 (KHTML, like Gecko) Chrome/140.0.7339.127 Mobile Safari/537.36 (compatible; GoogleOther)"
66.249.64.131 - - [19/Sep/2025:15:15:47 +0300] "GET /shopbrand/6620506?fileloc=/python/moda/public_html/tech/readme.html&path=/python/moda/public_html/tech HTTP/1.1" 200 5532 "-" "Mozilla/5.0 (Linux; Android 6.0.1; Nexus 5X Build/MMB29P) AppleWebKit/537.36 (KHTML, like Gecko) Chrome/140.0.7339.127 Mobile Safari/537.36 (compatible; GoogleOther)"
57.141.4.76 - - [19/Sep/2025:15:15:48 +0300] "GET /2025/09/10/zodiac-casino-log-in-281/?fileloc=//lib64/libxcb-xvmc.so.0&path=//lib64 HTTP/2" 200 35794 "-" "meta-externalagent/1.1 (+https://developers.facebook.com/docs/sharing/webmasters/crawler)"
20.171.207.249 - - [19/Sep/2025:15:15:48 +0300] "GET /?fileloc=//proc/self/root/proc/thread-self/cwd/old/vendor/nesbot/carbon/src/Carbon/Lang/bs.php&path=//proc/self/root/proc/thread-self/cwd/old/vendor/nesbot/carbon/src/Carbon/Lang HTTP/2" 200 3758 "-" "Mozilla/5.0 AppleWebKit/537.36 (KHTML, like Gecko; compatible; GPTBot/1.2; +https://openai.com/gptbot)"
57.141.4.60 - - [19/Sep/2025:15:15:48 +0300] "GET /2025/09/11/129-7/?fileloc=//lib64/libhdf5_hl.so.200&path=//lib64 HTTP/2" 200 232917 "-" "meta-externalagent/1.1 (+https://developers.facebook.com/docs/sharing/webmasters/crawler)"
66.249.64.129 - - [19/Sep/2025:15:15:43 +0300] "GET /shopbrand/46178846?fileloc=/python/moda/public_html/tech/wp-includes/rewrite.php&path=/python/moda/public_html/tech/wp-includes HTTP/1.1" 200 8738 "-" "Mozilla/5.0 (Linux; Android 6.0.1; Nexus 5X Build/MMB29P) AppleWebKit/537.36 (KHTML, like Gecko) Chrome/140.0.7339.127 Mobile Safari/537.36 (compatible; GoogleOther)"
66.249.64.129 - - [19/Sep/2025:15:15:44 +0300] "GET /shopbrand/11691755 HTTP/1.1" 200 3921 "-" "Mozilla/5.0 (Linux; Android 6.0.1; Nexus 5X Build/MMB29P) AppleWebKit/537.36 (KHTML, like Gecko) Chrome/140.0.7339.127 Mobile Safari/537.36 (compatible; GoogleOther)"
57.141.4.47 - - [19/Sep/2025:15:15:44 +0300] "GET /blog-2/page/1357/?fileloc=//lib64/gconv/CP1258.so&path=//lib64/gconv HTTP/2" 200 40281 "-" "meta-externalagent/1.1 (+https://developers.facebook.com/docs/sharing/webmasters/crawler)"
57.141.4.17 - - [19/Sep/2025:15:15:45 +0300] "GET /2025/09/10/chicken-road-2-435/?fileloc=//lib64/libxslt.so.1&path=//lib64 HTTP/2" 200 439980 "-" "meta-externalagent/1.1 (+https://developers.facebook.com/docs/sharing/webmasters/crawler)"
66.249.64.128 - - [19/Sep/2025:15:15:45 +0300] "GET /shopbrand/151908492?fileloc=/python/moda/public_html/tech/wp-includes/class-wp-block-type.php&path=/python/moda/public_html/tech/wp-includes HTTP/1.1" 200 6635 "-" "Mozilla/5.0 (Linux; Android 6.0.1; Nexus 5X Build/MMB29P) AppleWebKit/537.36 (KHTML, like Gecko) Chrome/140.0.7339.127 Mobile Safari/537.36 (compatible; GoogleOther)"
66.249.64.128 - - [19/Sep/2025:15:15:46 +0300] "GET /shopbrand/232948021?fileloc=/python/moda/public_html/tech/wp-cron.php&path=/python/moda/public_html/tech HTTP/1.1" 200 4678 "-" "Mozilla/5.0 (Linux; Android 6.0.1; Nexus 5X Build/MMB29P) AppleWebKit/537.36 (KHTML, like Gecko) Chrome/140.0.7339.127 Mobile Safari/537.36 (compatible; GoogleOther)"
66.249.64.130 - - [19/Sep/2025:15:15:46 +0300] "GET /shopbrand/214418348 HTTP/1.1" 200 19169 "-" "Mozilla/5.0 (Linux; Android 6.0.1; Nexus 5X Build/MMB29P) AppleWebKit/537.36 (KHTML, like Gecko) Chrome/140.0.7339.127 Mobile Safari/537.36 (compatible; Googlebot/2.1; +http://www.google.com/bot.html)"
66.249.64.128 - - [19/Sep/2025:15:15:46 +0300] "GET /shopbrand/39753772?fileloc=/python/moda/public_html/tech/readme.html&path=/python/moda/public_html/tech HTTP/1.1" 200 5532 "-" "Mozilla/5.0 (Linux; Android 6.0.1; Nexus 5X Build/MMB29P) AppleWebKit/537.36 (KHTML, like Gecko) Chrome/140.0.7339.127 Mobile Safari/537.36 (compatible; GoogleOther)"
66.249.64.129 - - [19/Sep/2025:15:15:47 +0300] "GET /shopbrand/160001155?fileloc=/python/moda/public_html/tech/wp-login.php&path=/python/moda/public_html/tech HTTP/1.1" 200 16607 "-" "Mozilla/5.0 (Linux; Android 6.0.1; Nexus 5X Build/MMB29P) AppleWebKit/537.36 (KHTML, like Gecko) Chrome/140.0.7339.127 Mobile Safari/537.36 (compatible; GoogleOther)"
57.141.4.75 - - [19/Sep/2025:15:15:47 +0300] "GET /2025/09/09/betano-site-134/?fileloc=//lib64/libxcb-xkb.so.1&path=//lib64 HTTP/2" 200 177861 "-" "meta-externalagent/1.1 (+https://developers.facebook.com/docs/sharing/webmasters/crawler)"
66.249.64.128 - - [19/Sep/2025:15:15:48 +0300] "GET /shopbrand/119841671 HTTP/1.1" 200 4033 "-" "Mozilla/5.0 (Linux; Android 6.0.1; Nexus 5X Build/MMB29P) AppleWebKit/537.36 (KHTML, like Gecko) Chrome/140.0.7339.127 Mobile Safari/537.36 (compatible; GoogleOther)"
66.249.64.129 - - [19/Sep/2025:15:15:48 +0300] "GET /shopbrand/79021569?fileloc=/python/moda/public_html/tech/xmlrpc.php&path=/python/moda/public_html/tech HTTP/1.1" 200 3573 "-" "Mozilla/5.0 (Linux; Android 6.0.1; Nexus 5X Build/MMB29P) AppleWebKit/537.36 (KHTML, like Gecko) Chrome/140.0.7339.127 Mobile Safari/537.36 (compatible; GoogleOther)"
66.249.64.129 - - [19/Sep/2025:15:15:48 +0300] "GET /shopbrand/120662331 HTTP/1.1" 200 20261 "-" "Mozilla/5.0 (Linux; Android 6.0.1; Nexus 5X Build/MMB29P) AppleWebKit/537.36 (KHTML, like Gecko) Chrome/140.0.7339.127 Mobile Safari/537.36 (compatible; Googlebot/2.1; +http://www.google.com/bot.html)"
216.73.216.184 - - [19/Sep/2025:15:15:49 +0300] "GET /shopbrand/119365352?path=%2Fpython%2Fmoda%2Fpublic_html HTTP/2" 200 3364 "-" "Mozilla/5.0 AppleWebKit/537.36 (KHTML, like Gecko; compatible; ClaudeBot/1.0; +claudebot@anthropic.com)"
66.249.64.129 - - [19/Sep/2025:15:15:49 +0300] "GET /shopbrand/161773364?fileloc=/python/moda/public_html/tech/wp-blog-header.php&path=/python/moda/public_html/tech HTTP/1.1" 200 2859 "-" "Mozilla/5.0 (Linux; Android 6.0.1; Nexus 5X Build/MMB29P) AppleWebKit/537.36 (KHTML, like Gecko) Chrome/140.0.7339.127 Mobile Safari/537.36 (compatible; GoogleOther)"
66.249.64.132 - - [19/Sep/2025:15:15:49 +0300] "GET /shopbrand/15824178?fileloc=//lib64/libcares.so.2.6.1&path=//lib64 HTTP/1.1" 200 45766 "-" "Mozilla/5.0 (Linux; Android 6.0.1; Nexus 5X Build/MMB29P) AppleWebKit/537.36 (KHTML, like Gecko) Chrome/140.0.7339.127 Mobile Safari/537.36 (compatible; GoogleOther)"
66.249.64.131 - - [19/Sep/2025:15:15:50 +0300] "GET /zhHant/product/surugaya/T3116948885?fileloc=/python/moda/public_html/tech/wp-includes/class-wp-user-request.php&path=/python/moda/public_html/tech/wp-includes HTTP/1.1" 200 3181 "-" "Mozilla/5.0 (Linux; Android 6.0.1; Nexus 5X Build/MMB29P) AppleWebKit/537.36 (KHTML, like Gecko) Chrome/140.0.7339.127 Mobile Safari/537.36 (compatible; GoogleOther)"
57.141.4.54 - - [19/Sep/2025:15:15:50 +0300] "GET /2024/04/16/divertiti-con-il-gioco-con-il-100-fino-a-500/?path=//lib64/man-db HTTP/2" 200 18451 "-" "meta-externalagent/1.1 (+https://developers.facebook.com/docs/sharing/webmasters/crawler)"
66.249.64.131 - - [19/Sep/2025:15:15:50 +0300] "GET /shopbrand/56685587?fileloc=/python/moda/public_html/tech/wp-includes/class-pop3.php&path=/python/moda/public_html/tech/wp-includes HTTP/1.1" 200 7747 "-" "Mozilla/5.0 (Linux; Android 6.0.1; Nexus 5X Build/MMB29P) AppleWebKit/537.36 (KHTML, like Gecko) Chrome/140.0.7339.127 Mobile Safari/537.36 (compatible; GoogleOther)"
57.141.4.59 - - [19/Sep/2025:15:15:51 +0300] "GET /blog-2/page/955/?fileloc=//opt/cloudlinux/alt-php-internal/enable&path=//opt/cloudlinux/alt-php-internal HTTP/2" 200 12377 "-" "meta-externalagent/1.1 (+https://developers.facebook.com/docs/sharing/webmasters/crawler)"
66.249.64.131 - - [19/Sep/2025:15:15:51 +0300] "GET /shopbrand/205180759?fileloc=/python/moda/public_html/tech/wp-cron.php&path=/python/moda/public_html/tech HTTP/1.1" 200 4678 "-" "Mozilla/5.0 (Linux; Android 6.0.1; Nexus 5X Build/MMB29P) AppleWebKit/537.36 (KHTML, like Gecko) Chrome/140.0.7339.127 Mobile Safari/537.36 (compatible; GoogleOther)"
66.249.64.129 - - [19/Sep/2025:15:15:51 +0300] "GET /shopbrand/135701369?fileloc=/python/moda/public_html/tech/error_log&path=/python/moda/public_html/tech HTTP/1.1" 200 2448 "-" "Mozilla/5.0 (Linux; Android 6.0.1; Nexus 5X Build/MMB29P) AppleWebKit/537.36 (KHTML, like Gecko) Chrome/140.0.7339.127 Mobile Safari/537.36 (compatible; GoogleOther)"
20.171.207.249 - - [19/Sep/2025:15:15:51 +0300] "GET /?fileloc=//proc/self/root/proc/thread-self/cwd/old/vendor/nesbot/carbon/src/Carbon/Lang/et.php&path=//proc/self/root/proc/thread-self/cwd/old/vendor/nesbot/carbon/src/Carbon/Lang HTTP/2" 200 3801 "-" "Mozilla/5.0 AppleWebKit/537.36 (KHTML, like Gecko; compatible; GPTBot/1.2; +https://openai.com/gptbot)"
216.73.216.184 - - [19/Sep/2025:15:15:52 +0300] "GET /2025/09/12/1win-casino-725?fileloc=%2Fpython%2Fmoda%2Fpublic_html%2Ftech%2Fwp-admin%2Fimages%2Fwpspin_light-2x.gif&path=%2Fpython%2Fmoda%2Fpublic_html%2Ftech%2Fwp-admin%2Fimages HTTP/2" 200 10237 "-" "Mozilla/5.0 AppleWebKit/537.36 (KHTML, like Gecko; compatible; ClaudeBot/1.0; +claudebot@anthropic.com)"
66.249.64.129 - - [19/Sep/2025:15:15:52 +0300] "GET /product/edit/T445547324?fileloc=//usr/lib64/gstreamer-1.0/libgsttheora.so&path=//usr/lib64/gstreamer-1.0 HTTP/1.1" 200 28351 "-" "Mozilla/5.0 (Linux; Android 6.0.1; Nexus 5X Build/MMB29P) AppleWebKit/537.36 (KHTML, like Gecko) Chrome/140.0.7339.127 Mobile Safari/537.36 (compatible; GoogleOther)"
20.171.207.111 - - [19/Sep/2025:15:15:47 +0300] "GET /theme/casino/free-slots-bonus-no-deposit-id-card-details-ireland.html?path=//proc/thread-self/root/proc/self/root/proc/self/root/proc/self/root/proc/thread-self/root/proc/thread-self/root/proc/self/root/python/moda/www/tech/old/vendor/riverline HTTP/2" 200 3141 "-" "Mozilla/5.0 AppleWebKit/537.36 (KHTML, like Gecko; compatible; GPTBot/1.2; +https://openai.com/gptbot)"
66.249.64.130 - - [19/Sep/2025:15:15:47 +0300] "GET /shopbrand/h_0.80?fileloc=/python/moda/public_html/tech/wp-includes/class-wp-classic-to-block-menu-converter.php?shopbrand/4599905 HTTP/1.1" 200 2554 "-" "Mozilla/5.0 (Linux; Android 6.0.1; Nexus 5X Build/MMB29P) AppleWebKit/537.36 (KHTML, like Gecko) Chrome/140.0.7339.127 Mobile Safari/537.36 (compatible; GoogleOther)"
66.249.64.132 - - [19/Sep/2025:15:15:47 +0300] "POST /get-message-notify HTTP/1.1" 200 19682 "https://tech.modatechnologies.co.uk/shopbrand/h_0.80?fileloc=/python/moda/public_html/tech/wp-includes/class-wp-xmlrpc-client.php?shopbrand/53859411" "Mozilla/5.0 (Linux; Android 6.0.1; Nexus 5X Build/MMB29P) AppleWebKit/537.36 (KHTML, like Gecko) Chrome/139.0.7258.127 Mobile Safari/537.36 (compatible; Googlebot/2.1; +http://www.google.com/bot.html)"
54.167.32.123 - - [19/Sep/2025:15:15:49 +0300] "GET /category/vulkan-vegas-logowanie-33/?path=//etc/ssl/certs HTTP/1.1" 200 3473 "-" "Mozilla/5.0 AppleWebKit/537.36 (KHTML, like Gecko; compatible; Amazonbot/0.1; +https://developer.amazon.com/support/amazonbot) Chrome/119.0.6045.214 Safari/537.36"
66.249.64.130 - - [19/Sep/2025:15:15:50 +0300] "GET /shopbrand/194522873?fileloc=/python/moda/public_html/tech/readme.html&path=/python/moda/public_html/tech HTTP/1.1" 200 5532 "-" "Mozilla/5.0 (Linux; Android 6.0.1; Nexus 5X Build/MMB29P) AppleWebKit/537.36 (KHTML, like Gecko) Chrome/140.0.7339.127 Mobile Safari/537.36 (compatible; GoogleOther)"
20.171.207.111 - - [19/Sep/2025:15:15:50 +0300] "GET /theme/casino/free-slots-bonus-no-deposit-id-card-details-ireland.html?path=//proc/thread-self/root/proc/self/root/proc/self/root/proc/self/root/proc/thread-self/root/proc/thread-self/root/proc/self/root/python/moda/www/tech/old/vendor/container-interop HTTP/2" 200 3140 "-" "Mozilla/5.0 AppleWebKit/537.36 (KHTML, like Gecko; compatible; GPTBot/1.2; +https://openai.com/gptbot)"
57.141.4.32 - - [19/Sep/2025:15:15:51 +0300] "GET /2025/09/08/974/?path=//opt/cloudlinux/venv HTTP/2" 200 20860 "-" "meta-externalagent/1.1 (+https://developers.facebook.com/docs/sharing/webmasters/crawler)"
66.249.64.130 - - [19/Sep/2025:15:15:51 +0300] "GET /shopbrand/163605548 HTTP/1.1" 200 3940 "-" "Mozilla/5.0 (Linux; Android 6.0.1; Nexus 5X Build/MMB29P) AppleWebKit/537.36 (KHTML, like Gecko) Chrome/140.0.7339.127 Mobile Safari/537.36 (compatible; GoogleOther)"
66.249.64.132 - - [19/Sep/2025:15:15:51 +0300] "GET /shopbrand/141924576 HTTP/1.1" 200 19169 "-" "Mozilla/5.0 (Linux; Android 6.0.1; Nexus 5X Build/MMB29P) AppleWebKit/537.36 (KHTML, like Gecko) Chrome/140.0.7339.127 Mobile Safari/537.36 (compatible; Googlebot/2.1; +http://www.google.com/bot.html)"
66.249.64.128 - - [19/Sep/2025:15:15:51 +0300] "POST /get-message-notify HTTP/1.1" 200 19682 "https://tech.modatechnologies.co.uk/product/biolo61597533.htm" "Mozilla/5.0 (Linux; Android 6.0.1; Nexus 5X Build/MMB29P) AppleWebKit/537.36 (KHTML, like Gecko) Chrome/139.0.7258.127 Mobile Safari/537.36 (compatible; Googlebot/2.1; +http://www.google.com/bot.html)"
66.249.64.130 - - [19/Sep/2025:15:15:52 +0300] "GET /shopbrand/228299434?fileloc=/python/moda/public_html/tech/wp-includes/class-wp-widget-factory.php&path=/python/moda/public_html/tech/wp-includes HTTP/1.1" 200 3545 "-" "Mozilla/5.0 (Linux; Android 6.0.1; Nexus 5X Build/MMB29P) AppleWebKit/537.36 (KHTML, like Gecko) Chrome/140.0.7339.127 Mobile Safari/537.36 (compatible; GoogleOther)"
57.141.4.56 - - [19/Sep/2025:15:15:49 +0300] "GET /blog-2/page/1298/?fileloc=//usr/lib64/liblber.so.2.0.200&path=//usr/lib64 HTTP/2" 200 112357 "-" "meta-externalagent/1.1 (+https://developers.facebook.com/docs/sharing/webmasters/crawler)"
57.141.4.62 - - [19/Sep/2025:15:15:48 +0300] "GET /2025/09/10/genau-so-wie-fruit-blast-casino-spiel-zitiere-meinereiner-internetquellen-einfach-festgelegt-qua-video/feed/?fileloc=//lib64/libOpenEXRUtil-3_1.so.30&path=//lib64 HTTP/2" 200 321094 "-" "meta-externalagent/1.1 (+https://developers.facebook.com/docs/sharing/webmasters/crawler)"
66.249.64.132 - - [19/Sep/2025:15:15:50 +0300] "GET /shopbrand/215361874 HTTP/1.1" 200 3867 "-" "Mozilla/5.0 (Linux; Android 6.0.1; Nexus 5X Build/MMB29P) AppleWebKit/537.36 (KHTML, like Gecko) Chrome/140.0.7339.127 Mobile Safari/537.36 (compatible; GoogleOther)"
57.141.4.73 - - [19/Sep/2025:15:15:50 +0300] "GET /blog-2/page/1660/?fileloc=//usr/bin/mariadb-setpermission&path=//usr/bin HTTP/2" 200 32499 "-" "meta-externalagent/1.1 (+https://developers.facebook.com/docs/sharing/webmasters/crawler)"
57.141.4.2 - - [19/Sep/2025:15:15:52 +0300] "GET /blog-2/page/1765/?fileloc=//usr/include/linux/elf-em.h&path=//usr/include/linux HTTP/2" 200 14976 "-" "meta-externalagent/1.1 (+https://developers.facebook.com/docs/sharing/webmasters/crawler)"
66.249.64.129 - - [19/Sep/2025:15:15:52 +0300] "GET /shopbrand/156893026?fileloc=/python/moda/public_html/tech/vpqwx.php&path=/python/moda/public_html/tech HTTP/1.1" 200 6116 "-" "Mozilla/5.0 (Linux; Android 6.0.1; Nexus 5X Build/MMB29P) AppleWebKit/537.36 (KHTML, like Gecko) Chrome/140.0.7339.127 Mobile Safari/537.36 (compatible; GoogleOther)"
66.249.64.132 - - [19/Sep/2025:15:15:52 +0300] "GET /shopbrand/123536714?fileloc=/python/moda/public_html/tech/wp-includes/class-walker-category.php&path=/python/moda/public_html/tech/wp-includes HTTP/1.1" 200 5079 "-" "Mozilla/5.0 (Linux; Android 6.0.1; Nexus 5X Build/MMB29P) AppleWebKit/537.36 (KHTML, like Gecko) Chrome/140.0.7339.127 Mobile Safari/537.36 (compatible; GoogleOther)"
57.141.4.62 - - [19/Sep/2025:15:15:53 +0300] "GET /blog-2/page/1673/?fileloc=//lib64/gconv/IBM851.so&path=//lib64/gconv HTTP/2" 200 37062 "-" "meta-externalagent/1.1 (+https://developers.facebook.com/docs/sharing/webmasters/crawler)"
66.249.64.132 - - [19/Sep/2025:15:15:53 +0300] "GET /shopbrand/180029120?fileloc=/python/moda/public_html/tech/wp-signup.php&path=/python/moda/public_html/tech HTTP/1.1" 200 11437 "-" "Mozilla/5.0 (Linux; Android 6.0.1; Nexus 5X Build/MMB29P) AppleWebKit/537.36 (KHTML, like Gecko) Chrome/140.0.7339.127 Mobile Safari/537.36 (compatible; GoogleOther)"
66.249.64.128 - - [19/Sep/2025:15:15:53 +0300] "GET /zhHant/product/surugaya/T2137861177?fileloc=//bin/scp&path=//bin HTTP/1.1" 200 59721 "-" "Mozilla/5.0 (Linux; Android 6.0.1; Nexus 5X Build/MMB29P) AppleWebKit/537.36 (KHTML, like Gecko) Chrome/140.0.7339.127 Mobile Safari/537.36 (compatible; GoogleOther)"
217.113.194.9 - - [19/Sep/2025:15:15:54 +0300] "GET /2025/08/21/1-win-app-182/feed/ HTTP/1.1" 200 4917 "-" "Mozilla/5.0 (compatible; Barkrowler/0.9; +https://babbar.tech/crawler)"
66.249.64.132 - - [19/Sep/2025:15:15:54 +0300] "GET /shopbrand/71043849 HTTP/1.1" 200 4033 "-" "Mozilla/5.0 (Linux; Android 6.0.1; Nexus 5X Build/MMB29P) AppleWebKit/537.36 (KHTML, like Gecko) Chrome/140.0.7339.127 Mobile Safari/537.36 (compatible; GoogleOther)"
66.249.64.132 - - [19/Sep/2025:15:15:55 +0300] "GET /shopbrand/189257049?fileloc=/python/moda/public_html/tech/wp-trackback.php&path=/python/moda/public_html/tech HTTP/1.1" 200 4458 "-" "Mozilla/5.0 (Linux; Android 6.0.1; Nexus 5X Build/MMB29P) AppleWebKit/537.36 (KHTML, like Gecko) Chrome/140.0.7339.127 Mobile Safari/537.36 (compatible; GoogleOther)"
57.141.4.35 - - [19/Sep/2025:15:15:53 +0300] "GET /2025/09/10/milkyway-441/?fileloc=//lib64/libopus.so.0.8.0&path=//lib64 HTTP/2" 200 637059 "-" "meta-externalagent/1.1 (+https://developers.facebook.com/docs/sharing/webmasters/crawler)"
57.141.4.62 - - [19/Sep/2025:15:15:53 +0300] "GET /2025/09/11/ggbet-50-spin-910/?fileloc=//lib64/libpam_misc.so.0.82.1&path=//lib64 HTTP/2" 200 36344 "-" "meta-externalagent/1.1 (+https://developers.facebook.com/docs/sharing/webmasters/crawler)"
66.249.64.129 - - [19/Sep/2025:15:15:53 +0300] "GET /shopbrand/136812054?fileloc=/python/moda/public_html/tech/wp-mail.php&path=/python/moda/public_html/tech HTTP/1.1" 200 5724 "-" "Mozilla/5.0 (Linux; Android 6.0.1; Nexus 5X Build/MMB29P) AppleWebKit/537.36 (KHTML, like Gecko) Chrome/140.0.7339.127 Mobile Safari/537.36 (compatible; GoogleOther)"
54.235.172.108 - - [19/Sep/2025:15:15:54 +0300] "GET /tag/1win-register-login/?path=//opt/cpanel/ea-php82/root/home HTTP/1.1" 200 3031 "-" "Mozilla/5.0 AppleWebKit/537.36 (KHTML, like Gecko; compatible; Amazonbot/0.1; +https://developer.amazon.com/support/amazonbot) Chrome/119.0.6045.214 Safari/537.36"
66.249.64.129 - - [19/Sep/2025:15:15:54 +0300] "GET /shopbrand/h_0.80?fileloc=/python/moda/public_html/tech/wp-includes/class-wp-customize-setting.php?shopbrand/16365980 HTTP/1.1" 200 19798 "-" "Mozilla/5.0 (Linux; Android 6.0.1; Nexus 5X Build/MMB29P) AppleWebKit/537.36 (KHTML, like Gecko) Chrome/140.0.7339.127 Mobile Safari/537.36 (compatible; Googlebot/2.1; +http://www.google.com/bot.html)"
20.171.207.249 - - [19/Sep/2025:15:15:54 +0300] "GET /?fileloc=//proc/self/root/proc/thread-self/cwd/old/vendor/nesbot/carbon/src/Carbon/Lang/mag.php&path=//proc/self/root/proc/thread-self/cwd/old/vendor/nesbot/carbon/src/Carbon/Lang HTTP/2" 200 2812 "-" "Mozilla/5.0 AppleWebKit/537.36 (KHTML, like Gecko; compatible; GPTBot/1.2; +https://openai.com/gptbot)"
216.73.216.184 - - [19/Sep/2025:15:15:55 +0300] "GET /author/admin/page/1917?fileloc=%2F%2Fusr%2Flib64%2Flibrpm.so.9&path=%2F%2Fusr%2Flib64 HTTP/2" 200 219887 "-" "Mozilla/5.0 AppleWebKit/537.36 (KHTML, like Gecko; compatible; ClaudeBot/1.0; +claudebot@anthropic.com)"
66.249.64.131 - - [19/Sep/2025:15:15:55 +0300] "GET /shopbrand/168742444?fileloc=/python/moda/public_html/tech/xmlrpc.php&path=/python/moda/public_html/tech HTTP/1.1" 200 3573 "-" "Mozilla/5.0 (Linux; Android 6.0.1; Nexus 5X Build/MMB29P) AppleWebKit/537.36 (KHTML, like Gecko) Chrome/140.0.7339.127 Mobile Safari/537.36 (compatible; GoogleOther)"
57.141.4.53 - - [19/Sep/2025:15:15:53 +0300] "GET /2025/09/10/chicken-road-2-435/?fileloc=//lib64/libjq.so.1.0.4&path=//lib64 HTTP/2" 200 549152 "-" "meta-externalagent/1.1 (+https://developers.facebook.com/docs/sharing/webmasters/crawler)"
66.249.64.129 - - [19/Sep/2025:15:15:55 +0300] "GET /shopbrand/132843418?fileloc=/python/moda/public_html/tech/wp-includes/blocks/post-terms.php&path=/python/moda/public_html/tech/wp-includes/blocks HTTP/1.1" 200 3879 "-" "Mozilla/5.0 (Linux; Android 6.0.1; Nexus 5X Build/MMB29P) AppleWebKit/537.36 (KHTML, like Gecko) Chrome/140.0.7339.127 Mobile Safari/537.36 (compatible; GoogleOther)"
66.249.64.129 - - [19/Sep/2025:15:15:56 +0300] "GET /shopbrand/41700413 HTTP/1.1" 200 3930 "-" "Mozilla/5.0 (Linux; Android 6.0.1; Nexus 5X Build/MMB29P) AppleWebKit/537.36 (KHTML, like Gecko) Chrome/140.0.7339.127 Mobile Safari/537.36 (compatible; GoogleOther)"
