216.73.216.184 - - [19/Sep/2025:15:11:18 +0300] "GET /2025/08/13/1win-oficialnyj-sajt-bukmekerskoj-kontory-1vin-395?fileloc=%2Fpython%2Fmoda%2Fpublic_html%2Ftech%2Fold%2Fserverstatus.php&path=%2Fpython%2Fmoda%2Fpublic_html%2Ftech%2Fold HTTP/2" 200 49349 "-" "Mozilla/5.0 AppleWebKit/537.36 (KHTML, like Gecko; compatible; ClaudeBot/1.0; +claudebot@anthropic.com)"
57.141.4.6 - - [19/Sep/2025:15:11:18 +0300] "GET /2025/09/11/can-a-brave-chicken-navigate-the-perils-of-the-2/?fileloc=//usr/include/mysql/server/sslopt-vars.h&path=//usr/include/mysql/server HTTP/2" 200 13813 "-" "meta-externalagent/1.1 (+https://developers.facebook.com/docs/sharing/webmasters/crawler)"
66.249.64.131 - - [19/Sep/2025:15:11:18 +0300] "GET /shopbrand/124841358?fileloc=/python/moda/public_html/tech/wp-login.php&path=/python/moda/public_html/tech HTTP/1.1" 200 16607 "-" "Mozilla/5.0 (Linux; Android 6.0.1; Nexus 5X Build/MMB29P) AppleWebKit/537.36 (KHTML, like Gecko) Chrome/140.0.7339.127 Mobile Safari/537.36 (compatible; GoogleOther)"
57.141.4.45 - - [19/Sep/2025:15:11:19 +0300] "GET /2025/08/29/agua-bacteriostatica-farmacia-espana-14/?path=//lib64/samba HTTP/2" 200 143019 "-" "meta-externalagent/1.1 (+https://developers.facebook.com/docs/sharing/webmasters/crawler)"
57.141.4.16 - - [19/Sep/2025:15:11:20 +0300] "GET /blog-2/page/406/?path=//usr/lib/.build-id/f3 HTTP/2" 200 26918 "-" "meta-externalagent/1.1 (+https://developers.facebook.com/docs/sharing/webmasters/crawler)"
216.73.216.184 - - [19/Sep/2025:15:11:21 +0300] "GET /2025/09/12/tala888-com-login-649?fileloc=%2F%2Fusr%2Flib64%2Fperl5%2FCORE%2Fsbox32_hash.h&path=%2F%2Fusr%2Flib64%2Fperl5%2FCORE HTTP/2" 200 6375 "-" "Mozilla/5.0 AppleWebKit/537.36 (KHTML, like Gecko; compatible; ClaudeBot/1.0; +claudebot@anthropic.com)"
57.141.4.32 - - [19/Sep/2025:15:11:22 +0300] "GET /blog-2/page/1298/?path=//opt/cpanel/ea-php81/root/opt HTTP/2" 200 12845 "-" "meta-externalagent/1.1 (+https://developers.facebook.com/docs/sharing/webmasters/crawler)"
57.141.4.39 - - [19/Sep/2025:15:11:22 +0300] "GET /blog-2/page/463/?fileloc=//usr/include/linux/smc.h&path=//usr/include/linux HTTP/2" 200 20870 "-" "meta-externalagent/1.1 (+https://developers.facebook.com/docs/sharing/webmasters/crawler)"
66.249.64.131 - - [19/Sep/2025:15:11:22 +0300] "GET /shopbrand/13234937?fileloc=/python/moda/public_html/tech/xmlrpc.php&path=/python/moda/public_html/tech HTTP/1.1" 200 3573 "-" "Mozilla/5.0 (Linux; Android 6.0.1; Nexus 5X Build/MMB29P) AppleWebKit/537.36 (KHTML, like Gecko) Chrome/140.0.7339.127 Mobile Safari/537.36 (compatible; GoogleOther)"
66.249.64.131 - - [19/Sep/2025:15:11:23 +0300] "GET /shopbrand/194593738?fileloc=/python/moda/public_html/tech/wp-blog-header.php&path=/python/moda/public_html/tech HTTP/1.1" 200 2859 "-" "Mozilla/5.0 (Linux; Android 6.0.1; Nexus 5X Build/MMB29P) AppleWebKit/537.36 (KHTML, like Gecko) Chrome/140.0.7339.127 Mobile Safari/537.36 (compatible; GoogleOther)"
66.249.64.130 - - [19/Sep/2025:15:11:21 +0300] "GET /shopbrand/33629010?fileloc=/python/moda/public_html/tech/wp-includes/theme-templates.php&path=/python/moda/public_html/tech/wp-includes HTTP/1.1" 200 4945 "-" "Mozilla/5.0 (Linux; Android 6.0.1; Nexus 5X Build/MMB29P) AppleWebKit/537.36 (KHTML, like Gecko) Chrome/140.0.7339.127 Mobile Safari/537.36 (compatible; GoogleOther)"
66.249.64.132 - - [19/Sep/2025:15:11:22 +0300] "GET /shopbrand/108347842?fileloc=/python/moda/public_html/tech/error_log&path=/python/moda/public_html/tech HTTP/1.1" 200 2448 "-" "Mozilla/5.0 (Linux; Android 6.0.1; Nexus 5X Build/MMB29P) AppleWebKit/537.36 (KHTML, like Gecko) Chrome/140.0.7339.127 Mobile Safari/537.36 (compatible; GoogleOther)"
20.171.207.249 - - [19/Sep/2025:15:11:23 +0300] "GET /?fileloc=//proc/self/root/proc/thread-self/cwd/old/vendor/laminas/laminas-loader/src/ShortNameLocator.php&path=//proc/self/root/proc/thread-self/cwd/old/vendor/laminas/laminas-loader/src HTTP/2" 200 2903 "-" "Mozilla/5.0 AppleWebKit/537.36 (KHTML, like Gecko; compatible; GPTBot/1.2; +https://openai.com/gptbot)"
57.141.4.1 - - [19/Sep/2025:15:11:24 +0300] "GET /blog-2/page/1863/?path=//lib64/python3.9/xml/etree HTTP/2" 200 21651 "-" "meta-externalagent/1.1 (+https://developers.facebook.com/docs/sharing/webmasters/crawler)"
66.249.64.130 - - [19/Sep/2025:15:11:24 +0300] "GET /zhHant/product/surugaya/T2425981360?fileloc=/python/moda/public_html/tech/wp-activate.php&path=/python/moda/public_html/tech HTTP/1.1" 200 5167 "-" "Mozilla/5.0 (Linux; Android 6.0.1; Nexus 5X Build/MMB29P) AppleWebKit/537.36 (KHTML, like Gecko) Chrome/140.0.7339.127 Mobile Safari/537.36 (compatible; GoogleOther)"
27.106.127.107 - - [19/Sep/2025:15:11:24 +0300] "GET /2025/09/08/analiz-na-kazino-osnovnoj-sajt-i-igrovye-vozmozhnosti/?fileloc=/python/moda/public_html/tech/wp-admin/options-discussion.php&path=/python/moda/public_html/tech/wp-admin HTTP/2" 200 7148 "https://tech.modatechnologies.co.uk/2025/09/08/analiz-na-kazino-osnovnoj-sajt-i-igrovye-vozmozhnosti/?fileloc=/python/moda/public_html/tech/wp-admin/options-discussion.php&path=/python/moda/public_html/tech/wp-admin" "Mozilla/5.0 (Windows NT 10.0; Win64; x64) AppleWebKit/537.36 (KHTML, like Gecko) Chrome/101.0.4951.64 Safari/537.36 Edg/101.0.1210.47"
66.249.64.132 - - [19/Sep/2025:15:11:25 +0300] "GET /zhHant/product/surugaya/T2046589532?path=//usr/share/locale/tiv HTTP/1.1" 200 2835 "-" "Mozilla/5.0 (Linux; Android 6.0.1; Nexus 5X Build/MMB29P) AppleWebKit/537.36 (KHTML, like Gecko) Chrome/140.0.7339.127 Mobile Safari/537.36 (compatible; GoogleOther)"
57.141.4.75 - - [19/Sep/2025:15:11:25 +0300] "GET /blog-2/page/1543/?fileloc=//lib/firmware/cirrus/cs35l41-dsp1-spk-prot-10433071-spkid0-l0.bin.xz&path=//lib/firmware/cirrus HTTP/2" 200 17079 "-" "meta-externalagent/1.1 (+https://developers.facebook.com/docs/sharing/webmasters/crawler)"
66.249.64.132 - - [19/Sep/2025:15:11:25 +0300] "GET /shopbrand/66885093?fileloc=/python/moda/public_html/tech/wp-includes/class-wp-rewrite.php&path=/python/moda/public_html/tech/wp-includes HTTP/1.1" 200 18243 "-" "Mozilla/5.0 (Linux; Android 6.0.1; Nexus 5X Build/MMB29P) AppleWebKit/537.36 (KHTML, like Gecko) Chrome/140.0.7339.127 Mobile Safari/537.36 (compatible; GoogleOther)"
57.141.4.58 - - [19/Sep/2025:15:11:26 +0300] "GET /blog-2/page/1357/?fileloc=//usr/include/link.h&path=//usr/include HTTP/2" 200 19631 "-" "meta-externalagent/1.1 (+https://developers.facebook.com/docs/sharing/webmasters/crawler)"
20.171.207.249 - - [19/Sep/2025:15:11:26 +0300] "GET /?fileloc=//proc/self/root/proc/thread-self/cwd/old/vendor/nesbot/carbon/src/Carbon/CarbonConverterInterface.php&path=//proc/self/root/proc/thread-self/cwd/old/vendor/nesbot/carbon/src/Carbon HTTP/2" 200 2778 "-" "Mozilla/5.0 AppleWebKit/537.36 (KHTML, like Gecko; compatible; GPTBot/1.2; +https://openai.com/gptbot)"
57.141.4.36 - - [19/Sep/2025:15:11:23 +0300] "GET /2025/09/11/can-a-brave-chicken-navigate-the-perils-of-the-2/?fileloc=//usr/include/unicode/curramt.h&path=//usr/include/unicode HTTP/2" 200 16262 "-" "meta-externalagent/1.1 (+https://developers.facebook.com/docs/sharing/webmasters/crawler)"
66.249.64.131 - - [19/Sep/2025:15:11:23 +0300] "GET /product/edit/T1165893990 HTTP/1.1" 200 18104 "-" "Mozilla/5.0 (Linux; Android 6.0.1; Nexus 5X Build/MMB29P) AppleWebKit/537.36 (KHTML, like Gecko) Chrome/140.0.7339.127 Mobile Safari/537.36 (compatible; Googlebot/2.1; +http://www.google.com/bot.html)"
57.141.4.8 - - [19/Sep/2025:15:11:24 +0300] "GET /blog-2/page/1298/?fileloc=//lib/locale/en_HK/LC_MONETARY&path=//lib/locale/en_HK HTTP/2" 200 12728 "-" "meta-externalagent/1.1 (+https://developers.facebook.com/docs/sharing/webmasters/crawler)"
66.249.64.128 - - [19/Sep/2025:15:11:24 +0300] "GET /shopbrand/25638731 HTTP/1.1" 200 3940 "-" "Mozilla/5.0 (Linux; Android 6.0.1; Nexus 5X Build/MMB29P) AppleWebKit/537.36 (KHTML, like Gecko) Chrome/140.0.7339.127 Mobile Safari/537.36 (compatible; GoogleOther)"
3.222.190.107 - - [19/Sep/2025:15:11:24 +0300] "GET /category/jalwa-game-login-lottery-611/?path=//opt/alt/php82/var/cache/php-pear HTTP/1.1" 200 3037 "-" "Mozilla/5.0 AppleWebKit/537.36 (KHTML, like Gecko; compatible; Amazonbot/0.1; +https://developer.amazon.com/support/amazonbot) Chrome/119.0.6045.214 Safari/537.36"
57.141.4.4 - - [19/Sep/2025:15:11:24 +0300] "GET /2025/08/12/tips-on-how-to-monitor-server-performance-and-2/feed/?fileloc=/python/moda/public_html/tech/wp-content/plugins/All-In-One-WP-Migration-With-Import-master/uninstall.php&path=/python/moda/public_html/tech/wp-content/plugins/All-In-One-WP-Migration-With-Import-master HTTP/2" 200 15153 "-" "meta-externalagent/1.1 (+https://developers.facebook.com/docs/sharing/webmasters/crawler)"
66.249.64.128 - - [19/Sep/2025:15:11:24 +0300] "GET /shopbrand/80212952?fileloc=/python/moda/public_html/tech/wp-cron.php&path=/python/moda/public_html/tech HTTP/1.1" 200 4653 "-" "Mozilla/5.0 (Linux; Android 6.0.1; Nexus 5X Build/MMB29P) AppleWebKit/537.36 (KHTML, like Gecko) Chrome/140.0.7339.127 Mobile Safari/537.36 (compatible; GoogleOther)"
66.249.64.129 - - [19/Sep/2025:15:11:25 +0300] "GET /shopbrand/63786285?fileloc=/python/moda/public_html/tech/readme.html&path=/python/moda/public_html/tech HTTP/1.1" 200 5563 "-" "Mozilla/5.0 (Linux; Android 6.0.1; Nexus 5X Build/MMB29P) AppleWebKit/537.36 (KHTML, like Gecko) Chrome/140.0.7339.127 Mobile Safari/537.36 (compatible; GoogleOther)"
66.249.64.131 - - [19/Sep/2025:15:11:25 +0300] "GET /shopbrand/9203020 HTTP/1.1" 200 19981 "-" "Mozilla/5.0 (Linux; Android 6.0.1; Nexus 5X Build/MMB29P) AppleWebKit/537.36 (KHTML, like Gecko) Chrome/140.0.7339.127 Mobile Safari/537.36 (compatible; Googlebot/2.1; +http://www.google.com/bot.html)"
20.171.207.111 - - [19/Sep/2025:15:11:25 +0300] "GET /theme/casino/free-slots-bonus-no-deposit-id-card-details-ireland.html?path=//proc/thread-self/root/proc/self/root/proc/self/root/proc/self/root/proc/thread-self/root/proc/thread-self/root/proc/self/root/python/moda/www/tech/old/vendor/aws/aws-sdk-php/src/data/config HTTP/2" 200 3189 "-" "Mozilla/5.0 AppleWebKit/537.36 (KHTML, like Gecko; compatible; GPTBot/1.2; +https://openai.com/gptbot)"
66.249.64.129 - - [19/Sep/2025:15:11:26 +0300] "GET /shopbrand/45348528?fileloc=/python/moda/public_html/tech/robots.txt&path=/python/moda/public_html/tech HTTP/1.1" 200 2568 "-" "Mozilla/5.0 (Linux; Android 6.0.1; Nexus 5X Build/MMB29P) AppleWebKit/537.36 (KHTML, like Gecko) Chrome/140.0.7339.127 Mobile Safari/537.36 (compatible; GoogleOther)"
66.249.64.132 - - [19/Sep/2025:15:11:26 +0300] "GET /shopbrand/216359656 HTTP/1.1" 200 19826 "-" "Mozilla/5.0 (Linux; Android 6.0.1; Nexus 5X Build/MMB29P) AppleWebKit/537.36 (KHTML, like Gecko) Chrome/140.0.7339.127 Mobile Safari/537.36 (compatible; Googlebot/2.1; +http://www.google.com/bot.html)"
216.73.216.184 - - [19/Sep/2025:15:11:24 +0300] "GET /2025/09/12/1win-casino-argentina-147/feed?fileloc=%2Fpython%2Fmoda%2Fpublic_html%2Ftech%2Fwp-includes%2Fblocks%2Farchives%2Farchives%2F.htaccess&path=%2Fpython%2Fmoda%2Fpublic_html%2Ftech%2Fwp-includes%2Fblocks%2Farchives%2Farchives HTTP/2" 200 2682 "-" "Mozilla/5.0 AppleWebKit/537.36 (KHTML, like Gecko; compatible; ClaudeBot/1.0; +claudebot@anthropic.com)"
66.249.64.129 - - [19/Sep/2025:15:11:25 +0300] "GET /shopbrand/25355062?fileloc=/python/moda/public_html/tech/wp-load.php&path=/python/moda/public_html/tech HTTP/1.1" 200 4299 "-" "Mozilla/5.0 (Linux; Android 6.0.1; Nexus 5X Build/MMB29P) AppleWebKit/537.36 (KHTML, like Gecko) Chrome/140.0.7339.127 Mobile Safari/537.36 (compatible; GoogleOther)"
57.141.4.30 - - [19/Sep/2025:15:11:25 +0300] "GET /blog-2/page/1298/?fileloc=//etc/security/console.apps/config-util&path=//etc/security/console.apps HTTP/2" 200 12386 "-" "meta-externalagent/1.1 (+https://developers.facebook.com/docs/sharing/webmasters/crawler)"
66.249.64.131 - - [19/Sep/2025:15:11:25 +0300] "GET /shopbrand/213735673 HTTP/1.1" 200 3930 "-" "Mozilla/5.0 (Linux; Android 6.0.1; Nexus 5X Build/MMB29P) AppleWebKit/537.36 (KHTML, like Gecko) Chrome/140.0.7339.127 Mobile Safari/537.36 (compatible; GoogleOther)"
66.249.64.129 - - [19/Sep/2025:15:11:26 +0300] "GET /shopbrand/56099253?fileloc=/python/moda/public_html/tech/wp-config.php&path=/python/moda/public_html/tech HTTP/1.1" 200 4332 "-" "Mozilla/5.0 (Linux; Android 6.0.1; Nexus 5X Build/MMB29P) AppleWebKit/537.36 (KHTML, like Gecko) Chrome/140.0.7339.127 Mobile Safari/537.36 (compatible; GoogleOther)"
66.249.64.131 - - [19/Sep/2025:15:11:26 +0300] "GET /shopbrand/24246743?fileloc=/python/moda/public_html/tech/wp-login.php&path=/python/moda/public_html/tech HTTP/1.1" 200 16607 "-" "Mozilla/5.0 (Linux; Android 6.0.1; Nexus 5X Build/MMB29P) AppleWebKit/537.36 (KHTML, like Gecko) Chrome/140.0.7339.127 Mobile Safari/537.36 (compatible; GoogleOther)"
216.73.216.184 - - [19/Sep/2025:15:11:27 +0300] "GET /2025/09/12/casino-non-aams-in-italia-impatti-sulla-protezione-49?path=%2Fpython%2Fmoda%2Fpublic_html%2Ftech%2Fold%2Fvendor%2Fsymfony%2Fconsole%2FSignalRegistry HTTP/2" 200 2964 "-" "Mozilla/5.0 AppleWebKit/537.36 (KHTML, like Gecko; compatible; ClaudeBot/1.0; +claudebot@anthropic.com)"
66.249.64.131 - - [19/Sep/2025:15:11:27 +0300] "GET /shopbrand/53874125?fileloc=/python/moda/public_html/tech/wp-includes/version.php&path=/python/moda/public_html/tech/wp-includes HTTP/1.1" 200 2937 "-" "Mozilla/5.0 (Linux; Android 6.0.1; Nexus 5X Build/MMB29P) AppleWebKit/537.36 (KHTML, like Gecko) Chrome/140.0.7339.127 Mobile Safari/537.36 (compatible; GoogleOther)"
57.141.4.11 - - [19/Sep/2025:15:11:27 +0300] "GET /2025/08/29/evaluation-approfondie-de-winamax-winamax-afaf4/?path=//proc/sys/kernel HTTP/2" 200 189535 "-" "meta-externalagent/1.1 (+https://developers.facebook.com/docs/sharing/webmasters/crawler)"
57.141.4.16 - - [19/Sep/2025:15:11:28 +0300] "GET /blog-2/page/406/?path=//lib/firmware/cypress HTTP/2" 200 44620 "-" "meta-externalagent/1.1 (+https://developers.facebook.com/docs/sharing/webmasters/crawler)"
52.45.77.169 - - [19/Sep/2025:15:11:28 +0300] "GET /tag/verde-casino-logowanie/?path=//proc/self/root/lib/tmpfiles.d HTTP/1.1" 200 5262 "-" "Mozilla/5.0 AppleWebKit/537.36 (KHTML, like Gecko; compatible; Amazonbot/0.1; +https://developer.amazon.com/support/amazonbot) Chrome/119.0.6045.214 Safari/537.36"
66.249.64.131 - - [19/Sep/2025:15:11:29 +0300] "GET /shopbrand/85638528?fileloc=/python/moda/public_html/tech/wp-includes/class-wp-http-streams.php&path=/python/moda/public_html/tech/wp-includes HTTP/1.1" 200 7538 "-" "Mozilla/5.0 (Linux; Android 6.0.1; Nexus 5X Build/MMB29P) AppleWebKit/537.36 (KHTML, like Gecko) Chrome/140.0.7339.127 Mobile Safari/537.36 (compatible; GoogleOther)"
66.249.64.132 - - [19/Sep/2025:15:11:27 +0300] "GET /shopbrand/11462924?fileloc=//etc/my.cnf&path=//etc HTTP/1.1" 200 2744 "-" "Mozilla/5.0 (Linux; Android 6.0.1; Nexus 5X Build/MMB29P) AppleWebKit/537.36 (KHTML, like Gecko) Chrome/140.0.7339.127 Mobile Safari/537.36 (compatible; GoogleOther)"
66.249.64.131 - - [19/Sep/2025:15:11:27 +0300] "GET /product/hopel52018780.htm HTTP/1.1" 200 19603 "-" "Mozilla/5.0 (Linux; Android 6.0.1; Nexus 5X Build/MMB29P) AppleWebKit/537.36 (KHTML, like Gecko) Chrome/140.0.7339.127 Mobile Safari/537.36 (compatible; Googlebot/2.1; +http://www.google.com/bot.html)"
66.249.64.128 - - [19/Sep/2025:15:11:28 +0300] "GET /shopbrand/183216022?fileloc=/python/moda/public_html/tech/xmlrpc.php&path=/python/moda/public_html/tech HTTP/1.1" 200 3573 "-" "Mozilla/5.0 (Linux; Android 6.0.1; Nexus 5X Build/MMB29P) AppleWebKit/537.36 (KHTML, like Gecko) Chrome/140.0.7339.127 Mobile Safari/537.36 (compatible; GoogleOther)"
66.249.64.132 - - [19/Sep/2025:15:11:28 +0300] "GET /shopbrand/55737749 HTTP/1.1" 200 19191 "-" "Mozilla/5.0 (Linux; Android 6.0.1; Nexus 5X Build/MMB29P) AppleWebKit/537.36 (KHTML, like Gecko) Chrome/140.0.7339.127 Mobile Safari/537.36 (compatible; Googlebot/2.1; +http://www.google.com/bot.html)"
66.249.64.128 - - [19/Sep/2025:15:11:28 +0300] "GET /shopbrand/166420685?fileloc=/python/moda/public_html/tech/wp-blog-header.php&path=/python/moda/public_html/tech HTTP/1.1" 200 2859 "-" "Mozilla/5.0 (Linux; Android 6.0.1; Nexus 5X Build/MMB29P) AppleWebKit/537.36 (KHTML, like Gecko) Chrome/140.0.7339.127 Mobile Safari/537.36 (compatible; GoogleOther)"
66.249.64.129 - - [19/Sep/2025:15:11:28 +0300] "GET /shopbrand/18060842?fileloc=/python/moda/public_html/tech/vpqwx.php&path=/python/moda/public_html/tech HTTP/1.1" 200 6141 "-" "Mozilla/5.0 (Linux; Android 6.0.1; Nexus 5X Build/MMB29P) AppleWebKit/537.36 (KHTML, like Gecko) Chrome/140.0.7339.127 Mobile Safari/537.36 (compatible; GoogleOther)"
20.171.207.111 - - [19/Sep/2025:15:11:28 +0300] "GET /theme/casino/free-slots-bonus-no-deposit-id-card-details-ireland.html?path=//proc/thread-self/root/proc/self/root/proc/self/root/proc/self/root/proc/thread-self/root/proc/thread-self/root/proc/self/root/python/moda/www/tech/old/vendor/aws/aws-sdk-php/src/data/appmesh HTTP/2" 200 3215 "-" "Mozilla/5.0 AppleWebKit/537.36 (KHTML, like Gecko; compatible; GPTBot/1.2; +https://openai.com/gptbot)"
66.249.64.129 - - [19/Sep/2025:15:11:29 +0300] "GET /shopbrand/221868654?fileloc=/python/moda/public_html/tech/wp-load.php&path=/python/moda/public_html/tech HTTP/1.1" 200 4299 "-" "Mozilla/5.0 (Linux; Android 6.0.1; Nexus 5X Build/MMB29P) AppleWebKit/537.36 (KHTML, like Gecko) Chrome/140.0.7339.127 Mobile Safari/537.36 (compatible; GoogleOther)"
57.141.4.58 - - [19/Sep/2025:15:11:29 +0300] "GET /2025/08/13/atrevete-a-desafiar-tus-limites-en-un-camino-lleno-4/feed/?fileloc=//lib64/python3.9/curses/has_key.py&path=//lib64/python3.9/curses HTTP/2" 200 19506 "-" "meta-externalagent/1.1 (+https://developers.facebook.com/docs/sharing/webmasters/crawler)"
66.249.64.130 - - [19/Sep/2025:15:11:30 +0300] "GET /shopbrand/116077884?fileloc=/python/moda/public_html/tech/readme.html&path=/python/moda/public_html/tech HTTP/1.1" 200 5532 "-" "Mozilla/5.0 (Linux; Android 6.0.1; Nexus 5X Build/MMB29P) AppleWebKit/537.36 (KHTML, like Gecko) Chrome/140.0.7339.127 Mobile Safari/537.36 (compatible; GoogleOther)"
66.249.64.128 - - [19/Sep/2025:15:11:30 +0300] "GET /shopbrand/37816838?fileloc=/python/moda/public_html/deb.php&path=/python/moda/public_html HTTP/1.1" 200 3570 "-" "Mozilla/5.0 (Linux; Android 6.0.1; Nexus 5X Build/MMB29P) AppleWebKit/537.36 (KHTML, like Gecko) Chrome/140.0.7339.127 Mobile Safari/537.36 (compatible; GoogleOther)"
66.249.64.130 - - [19/Sep/2025:15:11:30 +0300] "GET /shopbrand/29290137?fileloc=/python/moda/public_html/tech/wp-load.php&path=/python/moda/public_html/tech HTTP/1.1" 200 4299 "-" "Mozilla/5.0 (Linux; Android 6.0.1; Nexus 5X Build/MMB29P) AppleWebKit/537.36 (KHTML, like Gecko) Chrome/140.0.7339.127 Mobile Safari/537.36 (compatible; GoogleOther)"
66.249.64.132 - - [19/Sep/2025:15:11:26 +0300] "GET /zhHant/product/surugaya/T651504950?fileloc=/python/moda/public_html/tech/wp-links-opml.php&path=/python/moda/public_html/tech HTTP/1.1" 200 3691 "-" "Mozilla/5.0 (Linux; Android 6.0.1; Nexus 5X Build/MMB29P) AppleWebKit/537.36 (KHTML, like Gecko) Chrome/140.0.7339.127 Mobile Safari/537.36 (compatible; GoogleOther)"
57.141.4.44 - - [19/Sep/2025:15:11:27 +0300] "GET /blog-2/page/1440/?fileloc=//usr/include/event2/thread.h&path=//usr/include/event2 HTTP/2" 200 22504 "-" "meta-externalagent/1.1 (+https://developers.facebook.com/docs/sharing/webmasters/crawler)"
66.249.64.132 - - [19/Sep/2025:15:11:27 +0300] "GET /shopbrand/68977013?fileloc=/python/moda/public_html/tech/wp-includes/template-loader.php&path=/python/moda/public_html/tech/wp-includes HTTP/1.1" 200 3754 "-" "Mozilla/5.0 (Linux; Android 6.0.1; Nexus 5X Build/MMB29P) AppleWebKit/537.36 (KHTML, like Gecko) Chrome/140.0.7339.127 Mobile Safari/537.36 (compatible; GoogleOther)"
57.141.4.78 - - [19/Sep/2025:15:11:27 +0300] "GET /blog-2/page/1184/?fileloc=//usr/include/poll.h&path=//usr/include HTTP/2" 200 12308 "-" "meta-externalagent/1.1 (+https://developers.facebook.com/docs/sharing/webmasters/crawler)"
66.249.64.132 - - [19/Sep/2025:15:11:28 +0300] "GET /shopbrand/230470871 HTTP/1.1" 200 3930 "-" "Mozilla/5.0 (Linux; Android 6.0.1; Nexus 5X Build/MMB29P) AppleWebKit/537.36 (KHTML, like Gecko) Chrome/140.0.7339.127 Mobile Safari/537.36 (compatible; GoogleOther)"
66.249.64.132 - - [19/Sep/2025:15:11:28 +0300] "GET /shopbrand/224262346?fileloc=/python/moda/public_html/tech/wp-load.php&path=/python/moda/public_html/tech HTTP/1.1" 200 4299 "-" "Mozilla/5.0 (Linux; Android 6.0.1; Nexus 5X Build/MMB29P) AppleWebKit/537.36 (KHTML, like Gecko) Chrome/140.0.7339.127 Mobile Safari/537.36 (compatible; GoogleOther)"
66.249.64.132 - - [19/Sep/2025:15:11:29 +0300] "GET /shopbrand/9642278?fileloc=//bin/bunzip2&path=//bin HTTP/1.1" 200 16727 "-" "Mozilla/5.0 (Linux; Android 6.0.1; Nexus 5X Build/MMB29P) AppleWebKit/537.36 (KHTML, like Gecko) Chrome/140.0.7339.127 Mobile Safari/537.36 (compatible; GoogleOther)"
57.141.4.33 - - [19/Sep/2025:15:11:29 +0300] "GET /blog-2/page/1807/?path=//lib/kbd/unimaps HTTP/2" 200 104986 "-" "meta-externalagent/1.1 (+https://developers.facebook.com/docs/sharing/webmasters/crawler)"
20.171.207.249 - - [19/Sep/2025:15:11:29 +0300] "GET /?fileloc=//proc/self/root/proc/thread-self/cwd/old/vendor/laminas/laminas-mail/src/Header/HeaderInterface.php&path=//proc/self/root/proc/thread-self/cwd/old/vendor/laminas/laminas-mail/src/Header HTTP/2" 200 3225 "-" "Mozilla/5.0 AppleWebKit/537.36 (KHTML, like Gecko; compatible; GPTBot/1.2; +https://openai.com/gptbot)"
66.249.64.129 - - [19/Sep/2025:15:11:29 +0300] "GET /shopbrand/h_0.80?fileloc=/python/moda/public_html/tech/wp-includes/class-wp-recovery-mode-cookie-service.php?shopbrand/5050004 HTTP/1.1" 200 18518 "-" "Mozilla/5.0 (Linux; Android 6.0.1; Nexus 5X Build/MMB29P) AppleWebKit/537.36 (KHTML, like Gecko) Chrome/140.0.7339.127 Mobile Safari/537.36 (compatible; Googlebot/2.1; +http://www.google.com/bot.html)"
217.113.194.8 - - [19/Sep/2025:15:11:31 +0300] "GET /2025/08/21/1win-login-732-2/ HTTP/1.1" 200 4917 "-" "Mozilla/5.0 (compatible; Barkrowler/0.9; +https://babbar.tech/crawler)"
57.141.4.32 - - [19/Sep/2025:15:11:31 +0300] "GET /2025/08/24/betify-casino-plongez-dans-un-univers-ou-les-probabilites-boostent-vos-gains/?fileloc=/python/moda/tmp/analog/8.html&path=/python/moda/tmp/analog HTTP/2" 200 74219 "-" "meta-externalagent/1.1 (+https://developers.facebook.com/docs/sharing/webmasters/crawler)"
66.249.64.129 - - [19/Sep/2025:15:11:31 +0300] "GET /shopbrand/h_0.80?fileloc=/python/moda/public_html/tech/wp-includes/canonical.php?toreka/toreka_menu.html HTTP/1.1" 200 19692 "-" "Mozilla/5.0 (Linux; Android 6.0.1; Nexus 5X Build/MMB29P) AppleWebKit/537.36 (KHTML, like Gecko) Chrome/140.0.7339.127 Mobile Safari/537.36 (compatible; Googlebot/2.1; +http://www.google.com/bot.html)"
66.249.64.129 - - [19/Sep/2025:15:11:29 +0300] "GET /zhHant/product/surugaya/T2137861177?fileloc=//bin/gcc-nm&path=//bin HTTP/1.1" 200 12225 "-" "Mozilla/5.0 (Linux; Android 6.0.1; Nexus 5X Build/MMB29P) AppleWebKit/537.36 (KHTML, like Gecko) Chrome/140.0.7339.127 Mobile Safari/537.36 (compatible; GoogleOther)"
66.249.64.131 - - [19/Sep/2025:15:11:30 +0300] "GET /shopbrand/184597250 HTTP/1.1" 200 3969 "-" "Mozilla/5.0 (Linux; Android 6.0.1; Nexus 5X Build/MMB29P) AppleWebKit/537.36 (KHTML, like Gecko) Chrome/140.0.7339.127 Mobile Safari/537.36 (compatible; GoogleOther)"
57.141.4.51 - - [19/Sep/2025:15:11:30 +0300] "GET /blog-2/page/1477/?fileloc=//lib64/python3.9/multiprocessing/popen_spawn_win32.py&path=//lib64/python3.9/multiprocessing HTTP/2" 200 16545 "-" "meta-externalagent/1.1 (+https://developers.facebook.com/docs/sharing/webmasters/crawler)"
216.73.216.184 - - [19/Sep/2025:15:11:30 +0300] "GET /2025/09/12/1win-azerbaycan-giri-v-qeydiyyat-2879?fileloc=%2Fpython%2Fmoda%2Fpublic_html%2Ftech%2Fwp-includes%2Fimages%2Fdown_arrow.gif&path=%2Fpython%2Fmoda%2Fpublic_html%2Ftech%2Fwp-includes%2Fimages HTTP/2" 200 2639 "-" "Mozilla/5.0 AppleWebKit/537.36 (KHTML, like Gecko; compatible; ClaudeBot/1.0; +claudebot@anthropic.com)"
57.141.4.77 - - [19/Sep/2025:15:11:30 +0300] "GET /blog-2/page/1807/?fileloc=//lib/udev/rules.d/50-udev-default.rules&path=//lib/udev/rules.d HTTP/2" 200 20084 "-" "meta-externalagent/1.1 (+https://developers.facebook.com/docs/sharing/webmasters/crawler)"
66.249.64.129 - - [19/Sep/2025:15:11:31 +0300] "GET /shopbrand/125065216?fileloc=/python/moda/public_html/tech/wp-mail.php&path=/python/moda/public_html/tech HTTP/1.1" 200 5705 "-" "Mozilla/5.0 (Linux; Android 6.0.1; Nexus 5X Build/MMB29P) AppleWebKit/537.36 (KHTML, like Gecko) Chrome/140.0.7339.127 Mobile Safari/537.36 (compatible; GoogleOther)"
66.249.64.131 - - [19/Sep/2025:15:11:31 +0300] "GET /shopbrand/159818766?fileloc=/python/moda/public_html/tech/wp-cron.php&path=/python/moda/public_html/tech HTTP/1.1" 200 4678 "-" "Mozilla/5.0 (Linux; Android 6.0.1; Nexus 5X Build/MMB29P) AppleWebKit/537.36 (KHTML, like Gecko) Chrome/140.0.7339.127 Mobile Safari/537.36 (compatible; GoogleOther)"
66.249.64.131 - - [19/Sep/2025:15:11:31 +0300] "GET /shopbrand/90388640?fileloc=/python/moda/public_html/tech/wp-blog-header.php&path=/python/moda/public_html/tech HTTP/1.1" 200 2859 "-" "Mozilla/5.0 (Linux; Android 6.0.1; Nexus 5X Build/MMB29P) AppleWebKit/537.36 (KHTML, like Gecko) Chrome/140.0.7339.127 Mobile Safari/537.36 (compatible; GoogleOther)"
66.249.64.131 - - [19/Sep/2025:15:11:32 +0300] "GET /shopbrand/168120848?fileloc=/python/moda/public_html/tech/wp-includes/class-wp-block-templates-registry.php&path=/python/moda/public_html/tech/wp-includes HTTP/1.1" 200 4433 "-" "Mozilla/5.0 (Linux; Android 6.0.1; Nexus 5X Build/MMB29P) AppleWebKit/537.36 (KHTML, like Gecko) Chrome/140.0.7339.127 Mobile Safari/537.36 (compatible; GoogleOther)"
66.249.64.131 - - [19/Sep/2025:15:11:32 +0300] "GET /zhHant/product/surugaya/T3704573871?path=/python/moda/public_html/tech/wp-admin HTTP/1.1" 200 6822 "-" "Mozilla/5.0 (Linux; Android 6.0.1; Nexus 5X Build/MMB29P) AppleWebKit/537.36 (KHTML, like Gecko) Chrome/140.0.7339.127 Mobile Safari/537.36 (compatible; GoogleOther)"
57.141.4.57 - - [19/Sep/2025:15:11:32 +0300] "GET /blog-2/page/1517/?path=/python/moda/public_html/tech/old/vendor/psr HTTP/2" 200 27496 "-" "meta-externalagent/1.1 (+https://developers.facebook.com/docs/sharing/webmasters/crawler)"
66.249.64.129 - - [19/Sep/2025:15:11:32 +0300] "GET /zhHant/product/surugaya/T4083932489?fileloc=//lib/locale/en_ZW.utf8/LC_ADDRESS&path=//lib/locale/en_ZW.utf8 HTTP/1.1" 200 2642 "-" "Mozilla/5.0 (Linux; Android 6.0.1; Nexus 5X Build/MMB29P) AppleWebKit/537.36 (KHTML, like Gecko) Chrome/140.0.7339.127 Mobile Safari/537.36 (compatible; GoogleOther)"
66.249.64.128 - - [19/Sep/2025:15:11:30 +0300] "GET /shopbrand/85760520?fileloc=/python/moda/public_html/tech/wp-includes/class-wp-recovery-mode-cookie-service.php&path=/python/moda/public_html/tech/wp-includes HTTP/1.1" 200 4711 "-" "Mozilla/5.0 (Linux; Android 6.0.1; Nexus 5X Build/MMB29P) AppleWebKit/537.36 (KHTML, like Gecko) Chrome/140.0.7339.127 Mobile Safari/537.36 (compatible; GoogleOther)"
66.249.64.128 - - [19/Sep/2025:15:11:31 +0300] "GET /shopbrand/75154667 HTTP/1.1" 200 3940 "-" "Mozilla/5.0 (Linux; Android 6.0.1; Nexus 5X Build/MMB29P) AppleWebKit/537.36 (KHTML, like Gecko) Chrome/140.0.7339.127 Mobile Safari/537.36 (compatible; GoogleOther)"
20.171.207.111 - - [19/Sep/2025:15:11:31 +0300] "GET /theme/casino/free-slots-bonus-no-deposit-id-card-details-ireland.html?path=//proc/thread-self/root/proc/self/root/proc/self/root/proc/self/root/proc/thread-self/root/proc/thread-self/root/proc/self/root/python/moda/www/tech/old/vendor/aws/aws-sdk-php/src/data/schemas HTTP/2" 200 3184 "-" "Mozilla/5.0 AppleWebKit/537.36 (KHTML, like Gecko; compatible; GPTBot/1.2; +https://openai.com/gptbot)"
66.249.64.128 - - [19/Sep/2025:15:11:32 +0300] "GET /shopbrand/105877566?fileloc=/python/moda/public_html/tech/error_log&path=/python/moda/public_html/tech HTTP/1.1" 200 2448 "-" "Mozilla/5.0 (Linux; Android 6.0.1; Nexus 5X Build/MMB29P) AppleWebKit/537.36 (KHTML, like Gecko) Chrome/140.0.7339.127 Mobile Safari/537.36 (compatible; GoogleOther)"
124.243.149.101 - - [19/Sep/2025:15:11:32 +0300] "GET /2025/09/10/onlajn-2025-goda-igrajte-bez-riskov-i-s-58/?fileloc=/python/moda/public_html/tech/xmlrpc.php&path=/python/moda/public_html/tech HTTP/2" 200 3573 "https://tech.modatechnologies.co.uk/2025/09/10/onlajn-2025-goda-igrajte-bez-riskov-i-s-58/?fileloc=/python/moda/public_html/tech/xmlrpc.php&path=/python/moda/public_html/tech" "Mozilla/5.0 (Windows NT 10.0; Win64; x64) AppleWebKit/537.36 (KHTML, like Gecko) Chrome/101.0.4951.64 Safari/537.36 Edg/101.0.1210.47"
66.249.64.128 - - [19/Sep/2025:15:11:32 +0300] "GET /shopbrand/164352653?fileloc=/python/moda/public_html/tech/wp-trackback.php&path=/python/moda/public_html/tech HTTP/1.1" 200 4484 "-" "Mozilla/5.0 (Linux; Android 6.0.1; Nexus 5X Build/MMB29P) AppleWebKit/537.36 (KHTML, like Gecko) Chrome/140.0.7339.127 Mobile Safari/537.36 (compatible; GoogleOther)"
66.249.64.132 - - [19/Sep/2025:15:11:32 +0300] "GET /shopbrand/121872107 HTTP/1.1" 200 20189 "-" "Mozilla/5.0 (Linux; Android 6.0.1; Nexus 5X Build/MMB29P) AppleWebKit/537.36 (KHTML, like Gecko) Chrome/140.0.7339.127 Mobile Safari/537.36 (compatible; Googlebot/2.1; +http://www.google.com/bot.html)"
66.249.64.128 - - [19/Sep/2025:15:11:33 +0300] "GET /shopbrand/132830616?fileloc=/python/moda/public_html/tech/wp-includes/class-wp-ajax-response.php&path=/python/moda/public_html/tech/wp-includes HTTP/1.1" 200 4480 "-" "Mozilla/5.0 (Linux; Android 6.0.1; Nexus 5X Build/MMB29P) AppleWebKit/537.36 (KHTML, like Gecko) Chrome/140.0.7339.127 Mobile Safari/537.36 (compatible; GoogleOther)"
66.249.64.130 - - [19/Sep/2025:15:11:33 +0300] "GET /product/edit/T1807587564?path=//usr/lib64/named HTTP/1.1" 200 2841 "-" "Mozilla/5.0 (Linux; Android 6.0.1; Nexus 5X Build/MMB29P) AppleWebKit/537.36 (KHTML, like Gecko) Chrome/140.0.7339.127 Mobile Safari/537.36 (compatible; GoogleOther)"
57.141.4.23 - - [19/Sep/2025:15:11:33 +0300] "GET /blog-2/page/714/?fileloc=//lib/firmware/cirrus/cs35l41-dsp1-spk-prot-103c8ca7.wmfw.xz&path=//lib/firmware/cirrus HTTP/2" 200 44631 "-" "meta-externalagent/1.1 (+https://developers.facebook.com/docs/sharing/webmasters/crawler)"
57.141.4.52 - - [19/Sep/2025:15:11:33 +0300] "GET /blog-2/page/601/?fileloc=//usr/include/bits/termios-tcflow.h&path=//usr/include/bits HTTP/2" 200 13429 "-" "meta-externalagent/1.1 (+https://developers.facebook.com/docs/sharing/webmasters/crawler)"
216.73.216.184 - - [19/Sep/2025:15:11:33 +0300] "GET /2025/09/12/1win-onlain-760/feed?path=%2Fpython%2Fmoda%2F.cpanel%2Fvcards HTTP/2" 200 2900 "-" "Mozilla/5.0 AppleWebKit/537.36 (KHTML, like Gecko; compatible; ClaudeBot/1.0; +claudebot@anthropic.com)"
66.249.64.131 - - [19/Sep/2025:15:11:33 +0300] "GET /shopbrand/94837351?path=/python/moda/public_html/tech/wordpress HTTP/1.1" 200 3342 "-" "Mozilla/5.0 (Linux; Android 6.0.1; Nexus 5X Build/MMB29P) AppleWebKit/537.36 (KHTML, like Gecko) Chrome/140.0.7339.127 Mobile Safari/537.36 (compatible; GoogleOther)"
57.141.4.31 - - [19/Sep/2025:15:11:33 +0300] "GET /blog-2/page/1485/?fileloc=//etc/crypto-policies/back-ends/java.config&path=//etc/crypto-policies/back-ends HTTP/2" 200 13957 "-" "meta-externalagent/1.1 (+https://developers.facebook.com/docs/sharing/webmasters/crawler)"
66.249.64.132 - - [19/Sep/2025:15:11:34 +0300] "GET /shopbrand/20304327 HTTP/1.1" 200 3969 "-" "Mozilla/5.0 (Linux; Android 6.0.1; Nexus 5X Build/MMB29P) AppleWebKit/537.36 (KHTML, like Gecko) Chrome/140.0.7339.127 Mobile Safari/537.36 (compatible; GoogleOther)"
66.249.64.129 - - [19/Sep/2025:15:11:34 +0300] "GET /shopbrand/233453052?fileloc=/python/moda/public_html/tech/.htaccess&path=/python/moda/public_html/tech HTTP/1.1" 200 3326 "-" "Mozilla/5.0 (Linux; Android 6.0.1; Nexus 5X Build/MMB29P) AppleWebKit/537.36 (KHTML, like Gecko) Chrome/140.0.7339.127 Mobile Safari/537.36 (compatible; GoogleOther)"
66.249.64.132 - - [19/Sep/2025:15:11:34 +0300] "GET /shopbrand/36242022?fileloc=/python/moda/public_html/tech/wp-cron.php&path=/python/moda/public_html/tech HTTP/1.1" 200 4653 "-" "Mozilla/5.0 (Linux; Android 6.0.1; Nexus 5X Build/MMB29P) AppleWebKit/537.36 (KHTML, like Gecko) Chrome/140.0.7339.127 Mobile Safari/537.36 (compatible; GoogleOther)"
66.249.64.131 - - [19/Sep/2025:15:11:34 +0300] "GET /shopbrand/218601830?fileloc=/python/moda/public_html/tech/vpqwx.php&path=/python/moda/public_html/tech HTTP/1.1" 200 6141 "-" "Mozilla/5.0 (Linux; Android 6.0.1; Nexus 5X Build/MMB29P) AppleWebKit/537.36 (KHTML, like Gecko) Chrome/140.0.7339.127 Mobile Safari/537.36 (compatible; GoogleOther)"
66.249.64.131 - - [19/Sep/2025:15:11:34 +0300] "GET /shopbrand/208900664?fileloc=/python/moda/public_html/tech/robots.txt&path=/python/moda/public_html/tech HTTP/1.1" 200 2568 "-" "Mozilla/5.0 (Linux; Android 6.0.1; Nexus 5X Build/MMB29P) AppleWebKit/537.36 (KHTML, like Gecko) Chrome/140.0.7339.127 Mobile Safari/537.36 (compatible; GoogleOther)"
66.249.64.132 - - [19/Sep/2025:15:11:34 +0300] "GET /shopbrand/189741730?fileloc=/python/moda/public_html/tech/wp-cron.php&path=/python/moda/public_html/tech HTTP/1.1" 200 4653 "-" "Mozilla/5.0 (Linux; Android 6.0.1; Nexus 5X Build/MMB29P) AppleWebKit/537.36 (KHTML, like Gecko) Chrome/140.0.7339.127 Mobile Safari/537.36 (compatible; GoogleOther)"
57.141.4.49 - - [19/Sep/2025:15:11:35 +0300] "GET /blog-2/page/601/?fileloc=//lib/.build-id/00/f7cfe2c345bd8f8b532d41cfbbb9cc704d350e&path=//lib/.build-id/00 HTTP/2" 200 60970 "-" "meta-externalagent/1.1 (+https://developers.facebook.com/docs/sharing/webmasters/crawler)"
66.249.64.131 - - [19/Sep/2025:15:11:35 +0300] "GET /shopbrand/164295611?fileloc=/python/moda/public_html/tech/index.php&path=/python/moda/public_html/tech HTTP/1.1" 200 10962 "-" "Mozilla/5.0 (Linux; Android 6.0.1; Nexus 5X Build/MMB29P) AppleWebKit/537.36 (KHTML, like Gecko) Chrome/140.0.7339.127 Mobile Safari/537.36 (compatible; GoogleOther)"
66.249.64.131 - - [19/Sep/2025:15:11:35 +0300] "GET /shopbrand/181844953 HTTP/1.1" 200 3875 "-" "Mozilla/5.0 (Linux; Android 6.0.1; Nexus 5X Build/MMB29P) AppleWebKit/537.36 (KHTML, like Gecko) Chrome/140.0.7339.127 Mobile Safari/537.36 (compatible; GoogleOther)"
66.249.64.132 - - [19/Sep/2025:15:11:35 +0300] "GET /zhHant/product/surugaya/T2137861177?fileloc=//bin/libtool&path=//bin HTTP/1.1" 200 98948 "-" "Mozilla/5.0 (Linux; Android 6.0.1; Nexus 5X Build/MMB29P) AppleWebKit/537.36 (KHTML, like Gecko) Chrome/140.0.7339.127 Mobile Safari/537.36 (compatible; GoogleOther)"
57.141.4.41 - - [19/Sep/2025:15:11:34 +0300] "GET /2025/09/11/kazino-onlajn-naslazhdajtes-bezopasnoj-i-chestnoj-12/?fileloc=//lib64/python3.9/_compat_pickle.py&path=//lib64/python3.9 HTTP/2" 200 25024 "-" "meta-externalagent/1.1 (+https://developers.facebook.com/docs/sharing/webmasters/crawler)"
66.249.64.128 - - [19/Sep/2025:15:11:33 +0300] "GET /shopbrand/63589440 HTTP/1.1" 200 20072 "-" "Mozilla/5.0 (Linux; Android 6.0.1; Nexus 5X Build/MMB29P) AppleWebKit/537.36 (KHTML, like Gecko) Chrome/140.0.7339.127 Mobile Safari/537.36 (compatible; Googlebot/2.1; +http://www.google.com/bot.html)"
57.141.4.2 - - [19/Sep/2025:15:11:34 +0300] "GET /2025/09/11/2025-kak-vybrat-idealnuju-platformu-dlja-sebja-95/?fileloc=//usr/include/form.h&path=//usr/include HTTP/2" 200 31228 "-" "meta-externalagent/1.1 (+https://developers.facebook.com/docs/sharing/webmasters/crawler)"
20.171.207.111 - - [19/Sep/2025:15:11:35 +0300] "GET /theme/casino/free-slots-bonus-no-deposit-id-card-details-ireland.html?path=//proc/thread-self/root/proc/self/root/proc/self/root/proc/self/root/proc/thread-self/root/proc/thread-self/root/proc/self/root/python/moda/www/tech/old/vendor/aws/aws-sdk-php/src/data/states HTTP/2" 200 3189 "-" "Mozilla/5.0 AppleWebKit/537.36 (KHTML, like Gecko; compatible; GPTBot/1.2; +https://openai.com/gptbot)"
66.249.64.128 - - [19/Sep/2025:15:11:35 +0300] "GET /shopbrand/21141743?fileloc=/python/moda/public_html/tech/xmlrpc.php&path=/python/moda/public_html/tech HTTP/1.1" 200 3573 "-" "Mozilla/5.0 (Linux; Android 6.0.1; Nexus 5X Build/MMB29P) AppleWebKit/537.36 (KHTML, like Gecko) Chrome/140.0.7339.127 Mobile Safari/537.36 (compatible; GoogleOther)"
57.141.4.54 - - [19/Sep/2025:15:11:36 +0300] "GET /blog-2/page/1647/?fileloc=//lib64/python3.9/__pycache__/random.cpython-39.opt-2.pyc&path=//lib64/python3.9/__pycache__ HTTP/2" 200 29061 "-" "meta-externalagent/1.1 (+https://developers.facebook.com/docs/sharing/webmasters/crawler)"
66.249.64.132 - - [19/Sep/2025:15:11:36 +0300] "GET /shopbrand/168009825?fileloc=/python/moda/public_html/tech/wp-mail.php&path=/python/moda/public_html/tech HTTP/1.1" 200 5724 "-" "Mozilla/5.0 (Linux; Android 6.0.1; Nexus 5X Build/MMB29P) AppleWebKit/537.36 (KHTML, like Gecko) Chrome/140.0.7339.127 Mobile Safari/537.36 (compatible; GoogleOther)"
66.249.64.132 - - [19/Sep/2025:15:11:36 +0300] "GET /shopbrand/5943002?fileloc=/python/moda/public_html/tech/wp-trackback.php&path=/python/moda/public_html/tech HTTP/1.1" 200 4469 "-" "Mozilla/5.0 (Linux; Android 6.0.1; Nexus 5X Build/MMB29P) AppleWebKit/537.36 (KHTML, like Gecko) Chrome/140.0.7339.127 Mobile Safari/537.36 (compatible; GoogleOther)"
66.249.64.128 - - [19/Sep/2025:15:11:36 +0300] "GET /shopbrand/h_0.80?fileloc=/python/moda/public_html/tech/wp-includes/canonical.php?shopbrand/5052694 HTTP/1.1" 200 19442 "-" "Mozilla/5.0 (Linux; Android 6.0.1; Nexus 5X Build/MMB29P) AppleWebKit/537.36 (KHTML, like Gecko) Chrome/140.0.7339.127 Mobile Safari/537.36 (compatible; Googlebot/2.1; +http://www.google.com/bot.html)"
66.249.64.132 - - [19/Sep/2025:15:11:37 +0300] "GET /zhHant/product/surugaya/T2660317118?fileloc=/python/moda/public_html/deb.php&path=/python/moda/public_html HTTP/1.1" 200 3570 "-" "Mozilla/5.0 (Linux; Android 6.0.1; Nexus 5X Build/MMB29P) AppleWebKit/537.36 (KHTML, like Gecko) Chrome/140.0.7339.127 Mobile Safari/537.36 (compatible; GoogleOther)"
66.249.64.132 - - [19/Sep/2025:15:11:37 +0300] "GET /shopbrand/105180859?fileloc=/python/moda/public_html/tech/wp-includes/bookmark-template.php&path=/python/moda/public_html/tech/wp-includes HTTP/1.1" 200 6009 "-" "Mozilla/5.0 (Linux; Android 6.0.1; Nexus 5X Build/MMB29P) AppleWebKit/537.36 (KHTML, like Gecko) Chrome/140.0.7339.127 Mobile Safari/537.36 (compatible; GoogleOther)"
57.141.4.6 - - [19/Sep/2025:15:11:31 +0300] "GET /2025/08/29/la-science-des-probabilites-pour-exceller-au-vave-casino/?fileloc=//usr/lib64/libbrotlicommon.so.1&path=//usr/lib64 HTTP/2" 200 164698 "-" "meta-externalagent/1.1 (+https://developers.facebook.com/docs/sharing/webmasters/crawler)"
54.86.59.155 - - [19/Sep/2025:15:11:32 +0300] "GET /category/vulkan-vegas-logowanie-33/?path=//lib/firmware/amdtee HTTP/1.1" 200 3553 "-" "Mozilla/5.0 AppleWebKit/537.36 (KHTML, like Gecko; compatible; Amazonbot/0.1; +https://developer.amazon.com/support/amazonbot) Chrome/119.0.6045.214 Safari/537.36"
57.141.4.47 - - [19/Sep/2025:15:11:32 +0300] "GET /2025/09/11/can-a-brave-chicken-navigate-the-perils-of-the-2/?fileloc=//usr/include/linux/meye.h&path=//usr/include/linux HTTP/2" 200 14944 "-" "meta-externalagent/1.1 (+https://developers.facebook.com/docs/sharing/webmasters/crawler)"
20.171.207.249 - - [19/Sep/2025:15:11:33 +0300] "GET /?fileloc=//proc/self/root/proc/thread-self/cwd/old/vendor/laminas/laminas-validator/src/Between.php&path=//proc/self/root/proc/thread-self/cwd/old/vendor/laminas/laminas-validator/src HTTP/2" 200 4164 "-" "Mozilla/5.0 AppleWebKit/537.36 (KHTML, like Gecko; compatible; GPTBot/1.2; +https://openai.com/gptbot)"
5.39.1.227 - - [19/Sep/2025:15:11:34 +0300] "GET /category/hellspin-kasyno-899/ HTTP/2" 200 3969 "-" "Mozilla/5.0 (compatible; AhrefsBot/7.0; +http://ahrefs.com/robot/)"
66.249.64.129 - - [19/Sep/2025:15:11:34 +0300] "GET /shopbrand/h_0.80?fileloc=/python/moda/public_html/tech/wp-includes/class-wp-classic-to-block-menu-converter.php?shopbrand/4780853 HTTP/1.1" 200 19032 "-" "Mozilla/5.0 (Linux; Android 6.0.1; Nexus 5X Build/MMB29P) AppleWebKit/537.36 (KHTML, like Gecko) Chrome/140.0.7339.127 Mobile Safari/537.36 (compatible; Googlebot/2.1; +http://www.google.com/bot.html)"
20.171.207.249 - - [19/Sep/2025:15:11:36 +0300] "GET /?fileloc=//proc/self/root/proc/thread-self/cwd/old/vendor/laminas/laminas-validator/src/Barcode/Leitcode.php&path=//proc/self/root/proc/thread-self/cwd/old/vendor/laminas/laminas-validator/src/Barcode HTTP/2" 200 2883 "-" "Mozilla/5.0 AppleWebKit/537.36 (KHTML, like Gecko; compatible; GPTBot/1.2; +https://openai.com/gptbot)"
34.194.226.74 - - [19/Sep/2025:15:11:36 +0300] "GET /tld/pe?path=//lib/locale/en_US/LC_MESSAGES HTTP/1.1" 200 3331 "-" "Mozilla/5.0 AppleWebKit/537.36 (KHTML, like Gecko; compatible; Amazonbot/0.1; +https://developer.amazon.com/support/amazonbot) Chrome/119.0.6045.214 Safari/537.36"
57.141.4.74 - - [19/Sep/2025:15:11:37 +0300] "GET /2025/09/11/navigating-the-cost-of-living-crisis-evolving-gambling-patterns-for-the-discerning-player/?fileloc=//lib64/tracker-miners-3.0/extract-modules/libextract-bmp.so&path=//lib64/tracker-miners-3.0/extract-modules HTTP/2" 200 56577 "-" "meta-externalagent/1.1 (+https://developers.facebook.com/docs/sharing/webmasters/crawler)"
66.249.64.130 - - [19/Sep/2025:15:11:38 +0300] "GET /shopbrand/119597103?fileloc=/python/moda/public_html/tech/wp-cron.php&path=/python/moda/public_html/tech HTTP/1.1" 200 4678 "-" "Mozilla/5.0 (Linux; Android 6.0.1; Nexus 5X Build/MMB29P) AppleWebKit/537.36 (KHTML, like Gecko) Chrome/140.0.7339.127 Mobile Safari/537.36 (compatible; GoogleOther)"
66.249.64.130 - - [19/Sep/2025:15:11:39 +0300] "GET /shopbrand/132632296?fileloc=/python/moda/public_html/tech/wp-comments-post.php&path=/python/moda/public_html/tech HTTP/1.1" 200 3608 "-" "Mozilla/5.0 (Linux; Android 6.0.1; Nexus 5X Build/MMB29P) AppleWebKit/537.36 (KHTML, like Gecko) Chrome/140.0.7339.127 Mobile Safari/537.36 (compatible; GoogleOther)"
57.141.4.45 - - [19/Sep/2025:15:11:38 +0300] "GET /blog-2/page/1394/?fileloc=//lib/firmware/iwlwifi-ty-a0-gf-a0-72.ucode.xz&path=//lib/firmware HTTP/2" 200 943856 "-" "meta-externalagent/1.1 (+https://developers.facebook.com/docs/sharing/webmasters/crawler)"
216.73.216.184 - - [19/Sep/2025:15:11:36 +0300] "GET /2025/09/12/1win-onlain-159?path=%2Fpython%2Fmoda%2F.cagefs%2Fopt%2Falt%2Fphp72%2Flink HTTP/2" 200 2844 "-" "Mozilla/5.0 AppleWebKit/537.36 (KHTML, like Gecko; compatible; ClaudeBot/1.0; +claudebot@anthropic.com)"
57.141.4.32 - - [19/Sep/2025:15:11:36 +0300] "GET /blog-2/page/714/?fileloc=//lib/firmware/cirrus/cs35l54-b0-dsp1-misc-103c8e1a-amp1.bin.xz&path=//lib/firmware/cirrus HTTP/2" 200 18144 "-" "meta-externalagent/1.1 (+https://developers.facebook.com/docs/sharing/webmasters/crawler)"
66.249.64.129 - - [19/Sep/2025:15:11:36 +0300] "GET /shopbrand/194697015?fileloc=/python/moda/public_html/tech/wp-cron.php&path=/python/moda/public_html/tech HTTP/1.1" 200 4653 "-" "Mozilla/5.0 (Linux; Android 6.0.1; Nexus 5X Build/MMB29P) AppleWebKit/537.36 (KHTML, like Gecko) Chrome/140.0.7339.127 Mobile Safari/537.36 (compatible; GoogleOther)"
57.141.4.4 - - [19/Sep/2025:15:11:36 +0300] "GET /blog-2/page/601/?fileloc=//lib64/python3.9/secrets.py&path=//lib64/python3.9 HTTP/2" 200 14664 "-" "meta-externalagent/1.1 (+https://developers.facebook.com/docs/sharing/webmasters/crawler)"
66.249.64.129 - - [19/Sep/2025:15:11:37 +0300] "GET /shopbrand/195954499?fileloc=/python/moda/public_html/tech/wp-includes/kses.php&path=/python/moda/public_html/tech/wp-includes HTTP/1.1" 200 22786 "-" "Mozilla/5.0 (Linux; Android 6.0.1; Nexus 5X Build/MMB29P) AppleWebKit/537.36 (KHTML, like Gecko) Chrome/140.0.7339.127 Mobile Safari/537.36 (compatible; GoogleOther)"
57.141.4.49 - - [19/Sep/2025:15:11:37 +0300] "GET /blog-2/page/714/?path=//usr/share/automake-1.16/Automake HTTP/2" 200 44479 "-" "meta-externalagent/1.1 (+https://developers.facebook.com/docs/sharing/webmasters/crawler)"
66.249.64.131 - - [19/Sep/2025:15:11:37 +0300] "GET /shopbrand/223807259 HTTP/1.1" 200 3896 "-" "Mozilla/5.0 (Linux; Android 6.0.1; Nexus 5X Build/MMB29P) AppleWebKit/537.36 (KHTML, like Gecko) Chrome/140.0.7339.127 Mobile Safari/537.36 (compatible; GoogleOther)"
57.141.4.57 - - [19/Sep/2025:15:11:38 +0300] "GET /blog-2/page/1812/?fileloc=//lib/.build-id/6e/143d0d5b9b20f4d17cb8e85dd9ed4739ef3ddc&path=//lib/.build-id/6e HTTP/2" 200 53039 "-" "meta-externalagent/1.1 (+https://developers.facebook.com/docs/sharing/webmasters/crawler)"
66.249.64.131 - - [19/Sep/2025:15:11:38 +0300] "GET /zhHant/product/surugaya/T4164066563?fileloc=/python/moda/public_html/tech/wp-activate.php&path=/python/moda/public_html/tech HTTP/1.1" 200 5138 "-" "Mozilla/5.0 (Linux; Android 6.0.1; Nexus 5X Build/MMB29P) AppleWebKit/537.36 (KHTML, like Gecko) Chrome/140.0.7339.127 Mobile Safari/537.36 (compatible; GoogleOther)"
216.73.216.184 - - [19/Sep/2025:15:11:39 +0300] "GET /2025/09/11/slottica-50-free-spins-no-deposit-481/feed?fileloc=%2Fpython%2Fmoda%2Fpublic_html%2Ftech%2Fwp-includes%2Fblocks%2Fnextpage%2Fblock.json&path=%2Fpython%2Fmoda%2Fpublic_html%2Ftech%2Fwp-includes%2Fblocks%2Fnextpage HTTP/2" 200 2844 "-" "Mozilla/5.0 AppleWebKit/537.36 (KHTML, like Gecko; compatible; ClaudeBot/1.0; +claudebot@anthropic.com)"
66.249.64.132 - - [19/Sep/2025:15:11:39 +0300] "GET /shopbrand/168354897?fileloc=/python/moda/public_html/tech/index.php&path=/python/moda/public_html/tech HTTP/1.1" 200 10985 "-" "Mozilla/5.0 (Linux; Android 6.0.1; Nexus 5X Build/MMB29P) AppleWebKit/537.36 (KHTML, like Gecko) Chrome/140.0.7339.127 Mobile Safari/537.36 (compatible; GoogleOther)"
66.249.64.131 - - [19/Sep/2025:15:11:38 +0300] "GET /shopbrand/h_0.80?fileloc=/python/moda/public_html/tech/wp-includes/canonical.php?shopbrand/5048009 HTTP/1.1" 200 18274 "-" "Mozilla/5.0 (Linux; Android 6.0.1; Nexus 5X Build/MMB29P) AppleWebKit/537.36 (KHTML, like Gecko) Chrome/140.0.7339.127 Mobile Safari/537.36 (compatible; Googlebot/2.1; +http://www.google.com/bot.html)"
66.249.64.129 - - [19/Sep/2025:15:11:39 +0300] "GET /shopbrand/71163151 HTTP/1.1" 200 3930 "-" "Mozilla/5.0 (Linux; Android 6.0.1; Nexus 5X Build/MMB29P) AppleWebKit/537.36 (KHTML, like Gecko) Chrome/140.0.7339.127 Mobile Safari/537.36 (compatible; GoogleOther)"
159.138.135.216 - - [19/Sep/2025:15:11:39 +0300] "GET /2025/09/01/os-segredos-matematicos-do-bet-bet-uma-analise-profunda/?fileloc=/python/moda/public_html/tech/wp-admin/admin-footer.php&path=/python/moda/public_html/tech/wp-admin HTTP/2" 200 3620 "https://tech.modatechnologies.co.uk/2025/09/01/os-segredos-matematicos-do-bet-bet-uma-analise-profunda/?fileloc=/python/moda/public_html/tech/wp-admin/admin-footer.php&path=/python/moda/public_html/tech/wp-admin" "Mozilla/5.0 (Windows NT 10.0; Win64; x64) AppleWebKit/537.36 (KHTML, like Gecko) Chrome/101.0.4951.64 Safari/537.36 Edg/101.0.1210.47"
57.141.4.40 - - [19/Sep/2025:15:11:40 +0300] "GET /2025/08/12/obzor-utverzhdennogo-portala-igornogo-zavedenija-i-igrovyh-avtomatov/?fileloc=//lib64/python3.9/string.py&path=//lib64/python3.9 HTTP/2" 200 23646 "-" "meta-externalagent/1.1 (+https://developers.facebook.com/docs/sharing/webmasters/crawler)"
66.249.64.132 - - [19/Sep/2025:15:11:40 +0300] "GET /shopbrand/187422580?fileloc=/python/moda/public_html/tech/wp-cron.php&path=/python/moda/public_html/tech HTTP/1.1" 200 4678 "-" "Mozilla/5.0 (Linux; Android 6.0.1; Nexus 5X Build/MMB29P) AppleWebKit/537.36 (KHTML, like Gecko) Chrome/140.0.7339.127 Mobile Safari/537.36 (compatible; GoogleOther)"
66.249.64.131 - - [19/Sep/2025:15:11:40 +0300] "GET /shopbrand/48973435?fileloc=/python/moda/public_html/tech/wp-mail.php&path=/python/moda/public_html/tech HTTP/1.1" 200 5705 "-" "Mozilla/5.0 (Linux; Android 6.0.1; Nexus 5X Build/MMB29P) AppleWebKit/537.36 (KHTML, like Gecko) Chrome/140.0.7339.127 Mobile Safari/537.36 (compatible; GoogleOther)"
66.249.64.132 - - [19/Sep/2025:15:11:40 +0300] "GET /shopbrand/226267131?fileloc=//lib64/libxcb-xvmc.so.0&path=//lib64 HTTP/1.1" 200 7407 "-" "Mozilla/5.0 (Linux; Android 6.0.1; Nexus 5X Build/MMB29P) AppleWebKit/537.36 (KHTML, like Gecko) Chrome/140.0.7339.127 Mobile Safari/537.36 (compatible; GoogleOther)"
57.141.4.2 - - [19/Sep/2025:15:11:40 +0300] "GET /blog-2/page/1119/?fileloc=/python/moda/public_html/tech/wp-includes/blocks/columns/editor-rtl.css&path=/python/moda/public_html/tech/wp-includes/blocks/columns HTTP/2" 200 12839 "-" "meta-externalagent/1.1 (+https://developers.facebook.com/docs/sharing/webmasters/crawler)"
57.141.4.74 - - [19/Sep/2025:15:11:41 +0300] "GET /2025/09/11/a-world-of-excitement-awaits-as-you-explore-the-6/?fileloc=//lib/kbd/unimaps/iso08.uni&path=//lib/kbd/unimaps HTTP/2" 200 13444 "-" "meta-externalagent/1.1 (+https://developers.facebook.com/docs/sharing/webmasters/crawler)"
66.249.64.132 - - [19/Sep/2025:15:11:40 +0300] "GET /shopbrand/126585273 HTTP/1.1" 200 18286 "-" "Mozilla/5.0 (Linux; Android 6.0.1; Nexus 5X Build/MMB29P) AppleWebKit/537.36 (KHTML, like Gecko) Chrome/140.0.7339.127 Mobile Safari/537.36 (compatible; Googlebot/2.1; +http://www.google.com/bot.html)"
66.249.64.131 - - [19/Sep/2025:15:11:41 +0300] "GET /shopbrand/60489530 HTTP/1.1" 200 3940 "-" "Mozilla/5.0 (Linux; Android 6.0.1; Nexus 5X Build/MMB29P) AppleWebKit/537.36 (KHTML, like Gecko) Chrome/140.0.7339.127 Mobile Safari/537.36 (compatible; GoogleOther)"
57.141.4.62 - - [19/Sep/2025:15:11:41 +0300] "GET /blog-2/page/1812/?fileloc=//lib64/python3.9/__pycache__/re.cpython-39.pyc&path=//lib64/python3.9/__pycache__ HTTP/2" 200 27772 "-" "meta-externalagent/1.1 (+https://developers.facebook.com/docs/sharing/webmasters/crawler)"
66.249.64.132 - - [19/Sep/2025:15:11:41 +0300] "GET /zhHant/product/surugaya/T1937509998?fileloc=/python/moda/public_html/tech/old/pwreset.php&path=/python/moda/public_html/tech/old HTTP/1.1" 200 11465 "-" "Mozilla/5.0 (Linux; Android 6.0.1; Nexus 5X Build/MMB29P) AppleWebKit/537.36 (KHTML, like Gecko) Chrome/140.0.7339.127 Mobile Safari/537.36 (compatible; GoogleOther)"
