66.249.64.130 - - [19/Sep/2025:15:14:17 +0300] "GET /shopbrand/h_0.80?fileloc=/python/moda/public_html/tech/wp-includes/class-wp-xmlrpc-client.php?shopbrand/16420460 HTTP/1.1" 200 19245 "-" "Mozilla/5.0 (Linux; Android 6.0.1; Nexus 5X Build/MMB29P) AppleWebKit/537.36 (KHTML, like Gecko) Chrome/140.0.7339.127 Mobile Safari/537.36 (compatible; Googlebot/2.1; +http://www.google.com/bot.html)"
66.249.64.131 - - [19/Sep/2025:15:14:17 +0300] "GET /shopbrand/37870866?fileloc=/python/moda/public_html/tech/wp-cron.php&path=/python/moda/public_html/tech HTTP/1.1" 200 4653 "-" "Mozilla/5.0 (Linux; Android 6.0.1; Nexus 5X Build/MMB29P) AppleWebKit/537.36 (KHTML, like Gecko) Chrome/140.0.7339.127 Mobile Safari/537.36 (compatible; GoogleOther)"
66.249.64.132 - - [19/Sep/2025:15:14:17 +0300] "GET /shopbrand/117297367?fileloc=/python/moda/public_html/tech/xmlrpc.php&path=/python/moda/public_html/tech HTTP/1.1" 200 3573 "-" "Mozilla/5.0 (Linux; Android 6.0.1; Nexus 5X Build/MMB29P) AppleWebKit/537.36 (KHTML, like Gecko) Chrome/140.0.7339.127 Mobile Safari/537.36 (compatible; GoogleOther)"
66.249.64.128 - - [19/Sep/2025:15:14:18 +0300] "GET /shopbrand/182969184?fileloc=/python/moda/public_html/tech/index.php&path=/python/moda/public_html/tech HTTP/1.1" 200 10985 "-" "Mozilla/5.0 (Linux; Android 6.0.1; Nexus 5X Build/MMB29P) AppleWebKit/537.36 (KHTML, like Gecko) Chrome/140.0.7339.127 Mobile Safari/537.36 (compatible; GoogleOther)"
66.249.64.131 - - [19/Sep/2025:15:14:18 +0300] "GET /shopbrand/137299146 HTTP/1.1" 200 3940 "-" "Mozilla/5.0 (Linux; Android 6.0.1; Nexus 5X Build/MMB29P) AppleWebKit/537.36 (KHTML, like Gecko) Chrome/140.0.7339.127 Mobile Safari/537.36 (compatible; GoogleOther)"
66.249.64.132 - - [19/Sep/2025:15:14:18 +0300] "GET /shopbrand/136811811?fileloc=/python/moda/public_html/tech/wp-signup.php&path=/python/moda/public_html/tech HTTP/1.1" 200 11344 "-" "Mozilla/5.0 (Linux; Android 6.0.1; Nexus 5X Build/MMB29P) AppleWebKit/537.36 (KHTML, like Gecko) Chrome/140.0.7339.127 Mobile Safari/537.36 (compatible; GoogleOther)"
66.249.64.132 - - [19/Sep/2025:15:14:14 +0300] "GET /zhHant/product/surugaya/T4255322473?fileloc=/python/moda/public_html/tech/google5f05fd44d861159b.html&path=/python/moda/public_html/tech HTTP/1.1" 200 2543 "-" "Mozilla/5.0 (Linux; Android 6.0.1; Nexus 5X Build/MMB29P) AppleWebKit/537.36 (KHTML, like Gecko) Chrome/140.0.7339.127 Mobile Safari/537.36 (compatible; GoogleOther)"
66.249.64.128 - - [19/Sep/2025:15:14:14 +0300] "GET /shopbrand/h_0.80?fileloc=/python/moda/public_html/tech/wp-includes/class-wp-xmlrpc-client.php?shopbrand/230201072 HTTP/1.1" 200 18218 "-" "Mozilla/5.0 (Linux; Android 6.0.1; Nexus 5X Build/MMB29P) AppleWebKit/537.36 (KHTML, like Gecko) Chrome/140.0.7339.127 Mobile Safari/537.36 (compatible; Googlebot/2.1; +http://www.google.com/bot.html)"
66.249.64.130 - - [19/Sep/2025:15:14:14 +0300] "GET /shopbrand/49207309 HTTP/1.1" 200 4033 "-" "Mozilla/5.0 (Linux; Android 6.0.1; Nexus 5X Build/MMB29P) AppleWebKit/537.36 (KHTML, like Gecko) Chrome/140.0.7339.127 Mobile Safari/537.36 (compatible; GoogleOther)"
66.249.64.131 - - [19/Sep/2025:15:14:15 +0300] "GET /shopbrand/77550320?fileloc=//bin/mytop&path=//bin HTTP/1.1" 200 24773 "-" "Mozilla/5.0 (Linux; Android 6.0.1; Nexus 5X Build/MMB29P) AppleWebKit/537.36 (KHTML, like Gecko) Chrome/140.0.7339.127 Mobile Safari/537.36 (compatible; GoogleOther)"
20.171.207.111 - - [19/Sep/2025:15:14:15 +0300] "GET /theme/casino/free-slots-bonus-no-deposit-id-card-details-ireland.html?path=//proc/thread-self/root/proc/self/root/proc/self/root/proc/self/root/proc/thread-self/root/proc/thread-self/root/proc/self/root/python/moda/www/tech/old/vendor/aws/aws-sdk-php/src/data/kms HTTP/2" 200 3185 "-" "Mozilla/5.0 AppleWebKit/537.36 (KHTML, like Gecko; compatible; GPTBot/1.2; +https://openai.com/gptbot)"
66.249.64.130 - - [19/Sep/2025:15:14:16 +0300] "GET /product/prece72114502.htm?path=//lib/locale/en_IN HTTP/1.1" 200 3327 "-" "Mozilla/5.0 (Linux; Android 6.0.1; Nexus 5X Build/MMB29P) AppleWebKit/537.36 (KHTML, like Gecko) Chrome/140.0.7339.127 Mobile Safari/537.36 (compatible; GoogleOther)"
66.249.64.131 - - [19/Sep/2025:15:14:16 +0300] "GET /shopbrand/4534049?fileloc=/python/moda/public_html/tech/wp-cron.php&path=/python/moda/public_html/tech HTTP/1.1" 200 4653 "-" "Mozilla/5.0 (Linux; Android 6.0.1; Nexus 5X Build/MMB29P) AppleWebKit/537.36 (KHTML, like Gecko) Chrome/140.0.7339.127 Mobile Safari/537.36 (compatible; GoogleOther)"
66.249.64.131 - - [19/Sep/2025:15:14:16 +0300] "GET /zhHant/product/surugaya/T2301586420?fileloc=/python/moda/public_html/tech/vpqwx.php&path=/python/moda/public_html/tech HTTP/1.1" 200 6141 "-" "Mozilla/5.0 (Linux; Android 6.0.1; Nexus 5X Build/MMB29P) AppleWebKit/537.36 (KHTML, like Gecko) Chrome/140.0.7339.127 Mobile Safari/537.36 (compatible; GoogleOther)"
57.141.4.80 - - [19/Sep/2025:15:14:17 +0300] "GET /2025/09/11/can-a-brave-chicken-navigate-the-perils-of-the-2/?fileloc=//usr/include/glib-2.0/gio/gdbusobject.h&path=//usr/include/glib-2.0/gio HTTP/2" 200 15362 "-" "meta-externalagent/1.1 (+https://developers.facebook.com/docs/sharing/webmasters/crawler)"
20.171.207.111 - - [19/Sep/2025:15:14:19 +0300] "GET /theme/casino/free-slots-bonus-no-deposit-id-card-details-ireland.html?path=//proc/thread-self/root/proc/self/root/proc/self/root/proc/self/root/proc/thread-self/root/proc/thread-self/root/proc/self/root/python/moda/www/tech/old/vendor/psr HTTP/2" 200 3401 "-" "Mozilla/5.0 AppleWebKit/537.36 (KHTML, like Gecko; compatible; GPTBot/1.2; +https://openai.com/gptbot)"
66.249.64.131 - - [19/Sep/2025:15:14:20 +0300] "GET /zhHant/product/surugaya/T2196245142?fileloc=/python/moda/public_html/tech/readme.html&path=/python/moda/public_html/tech HTTP/1.1" 200 5532 "-" "Mozilla/5.0 (Linux; Android 6.0.1; Nexus 5X Build/MMB29P) AppleWebKit/537.36 (KHTML, like Gecko) Chrome/140.0.7339.127 Mobile Safari/537.36 (compatible; GoogleOther)"
66.249.64.129 - - [19/Sep/2025:15:14:19 +0300] "GET /zhHant/product/surugaya/T2046589532?fileloc=//proc/self/root/lib/.build-id/8e/845824d3741d182afa42889b7a08c9a1c0e41b&path=//proc/self/root/lib/.build-id/8e HTTP/1.1" 200 14548 "-" "Mozilla/5.0 (Linux; Android 6.0.1; Nexus 5X Build/MMB29P) AppleWebKit/537.36 (KHTML, like Gecko) Chrome/140.0.7339.127 Mobile Safari/537.36 (compatible; GoogleOther)"
57.141.4.16 - - [19/Sep/2025:15:14:18 +0300] "GET /2025/09/11/20bet-scommesse-597/?fileloc=//lib64/libpolkit-gobject-1.so.0.0.0&path=//lib64 HTTP/2" 200 199346 "-" "meta-externalagent/1.1 (+https://developers.facebook.com/docs/sharing/webmasters/crawler)"
66.249.64.131 - - [19/Sep/2025:15:14:19 +0300] "GET /shopbrand/35690628?fileloc=/python/moda/public_html/tech/wp-includes/class-wp-xmlrpc-client.php&path=/python/moda/public_html/tech/wp-includes HTTP/1.1" 200 52833 "-" "Mozilla/5.0 (Linux; Android 6.0.1; Nexus 5X Build/MMB29P) AppleWebKit/537.36 (KHTML, like Gecko) Chrome/140.0.7339.127 Mobile Safari/537.36 (compatible; GoogleOther)"
66.249.64.130 - - [19/Sep/2025:15:14:19 +0300] "GET /shopbrand/86414867 HTTP/1.1" 200 20044 "-" "Mozilla/5.0 (Linux; Android 6.0.1; Nexus 5X Build/MMB29P) AppleWebKit/537.36 (KHTML, like Gecko) Chrome/140.0.7339.127 Mobile Safari/537.36 (compatible; Googlebot/2.1; +http://www.google.com/bot.html)"
66.249.64.128 - - [19/Sep/2025:15:14:19 +0300] "GET /shopbrand/34094810?fileloc=/python/moda/public_html/tech/wp-blog-header.php&path=/python/moda/public_html/tech HTTP/1.1" 200 2859 "-" "Mozilla/5.0 (Linux; Android 6.0.1; Nexus 5X Build/MMB29P) AppleWebKit/537.36 (KHTML, like Gecko) Chrome/140.0.7339.127 Mobile Safari/537.36 (compatible; GoogleOther)"
20.171.207.249 - - [19/Sep/2025:15:14:19 +0300] "GET /?fileloc=//proc/self/root/proc/thread-self/cwd/old/modules/addons/staffboard/whmcs.json&path=//proc/self/root/proc/thread-self/cwd/old/modules/addons/staffboard HTTP/2" 200 2901 "-" "Mozilla/5.0 AppleWebKit/537.36 (KHTML, like Gecko; compatible; GPTBot/1.2; +https://openai.com/gptbot)"
57.141.4.70 - - [19/Sep/2025:15:14:19 +0300] "GET /blog-2/page/1072/?fileloc=//opt/cloudlinux/alt-php83/enable&path=//opt/cloudlinux/alt-php83 HTTP/2" 200 12535 "-" "meta-externalagent/1.1 (+https://developers.facebook.com/docs/sharing/webmasters/crawler)"
66.249.64.128 - - [19/Sep/2025:15:14:19 +0300] "POST /get-message-notify HTTP/1.1" 200 19682 "https://tech.modatechnologies.co.uk/?zhHant/product/surugaya/T3228525862?campaign_uid=f64d716db5e979ed2f947dbaf4296895b951ae7f" "Mozilla/5.0 (Linux; Android 6.0.1; Nexus 5X Build/MMB29P) AppleWebKit/537.36 (KHTML, like Gecko) Chrome/139.0.7258.127 Mobile Safari/537.36 (compatible; Googlebot/2.1; +http://www.google.com/bot.html)"
66.249.64.131 - - [19/Sep/2025:15:14:20 +0300] "GET /shopbrand/90005032?fileloc=/python/moda/public_html/tech/xmlrpc.php&path=/python/moda/public_html/tech HTTP/1.1" 200 3573 "-" "Mozilla/5.0 (Linux; Android 6.0.1; Nexus 5X Build/MMB29P) AppleWebKit/537.36 (KHTML, like Gecko) Chrome/140.0.7339.127 Mobile Safari/537.36 (compatible; GoogleOther)"
57.141.4.32 - - [19/Sep/2025:15:14:20 +0300] "GET /blog-2/page/1927/?fileloc=//lib/firmware/cirrus/cs35l41-dsp1-spk-prot-103c8cdf.wmfw.xz&path=//lib/firmware/cirrus HTTP/2" 200 44631 "-" "meta-externalagent/1.1 (+https://developers.facebook.com/docs/sharing/webmasters/crawler)"
66.249.64.131 - - [19/Sep/2025:15:14:20 +0300] "GET /shopbrand/218671546?fileloc=//bin/taskset&path=//bin HTTP/1.1" 200 10065 "-" "Mozilla/5.0 (Linux; Android 6.0.1; Nexus 5X Build/MMB29P) AppleWebKit/537.36 (KHTML, like Gecko) Chrome/140.0.7339.127 Mobile Safari/537.36 (compatible; GoogleOther)"
98.83.8.142 - - [19/Sep/2025:15:14:21 +0300] "GET /category/vulkan-vegas-logowanie-33/?path=/python/moda/mail/.Archive/cur HTTP/1.1" 200 3021 "-" "Mozilla/5.0 AppleWebKit/537.36 (KHTML, like Gecko; compatible; Amazonbot/0.1; +https://developer.amazon.com/support/amazonbot) Chrome/119.0.6045.214 Safari/537.36"
57.141.4.81 - - [19/Sep/2025:15:14:14 +0300] "GET /2025/09/09/winspark-registrazione-737/?fileloc=//lib64/python3.9/lib2to3/Grammar3.9.21.final.0.pickle&path=//lib64/python3.9/lib2to3 HTTP/2" 200 34874 "-" "meta-externalagent/1.1 (+https://developers.facebook.com/docs/sharing/webmasters/crawler)"
216.73.216.184 - - [19/Sep/2025:15:14:15 +0300] "GET /2025/09/11/lemon-casino-kod-na-darmowe-spiny-247?path=%2Fpython%2Fmoda%2Fpublic_html%2Ftech%2Fold%2Ftheme%2Fwp-includes%2Fblocks%2Fpost-navigation-link HTTP/2" 200 3100 "-" "Mozilla/5.0 AppleWebKit/537.36 (KHTML, like Gecko; compatible; ClaudeBot/1.0; +claudebot@anthropic.com)"
57.141.4.51 - - [19/Sep/2025:15:14:15 +0300] "GET /blog-2/page/1119/?fileloc=//usr/lib64/libvmaf.so.1&path=//usr/lib64 HTTP/2" 200 974025 "-" "meta-externalagent/1.1 (+https://developers.facebook.com/docs/sharing/webmasters/crawler)"
57.141.4.58 - - [19/Sep/2025:15:14:16 +0300] "GET /2025/03/18/meet-tuplaus-double-your-fun-3/?fileloc=//lib64/libsigsegv.so.2&path=//lib64 HTTP/2" 200 37816 "-" "meta-externalagent/1.1 (+https://developers.facebook.com/docs/sharing/webmasters/crawler)"
57.141.4.15 - - [19/Sep/2025:15:14:17 +0300] "GET /blog-2/page/1477/?path=//lib64/python3.9/ctypes/__pycache__ HTTP/2" 200 36444 "-" "meta-externalagent/1.1 (+https://developers.facebook.com/docs/sharing/webmasters/crawler)"
216.73.216.184 - - [19/Sep/2025:15:14:18 +0300] "GET /author/admin/page/1927?fileloc=%2F%2Fusr%2Flib64%2Flibevent_pthreads-2.1.so.7&path=%2F%2Fusr%2Flib64 HTTP/2" 200 6143 "-" "Mozilla/5.0 AppleWebKit/537.36 (KHTML, like Gecko; compatible; ClaudeBot/1.0; +claudebot@anthropic.com)"
57.141.4.32 - - [19/Sep/2025:15:14:18 +0300] "GET /blog-2/page/1750/?path=//var/lib/mysql/galaxyk_wp_87kyu HTTP/2" 200 12793 "-" "meta-externalagent/1.1 (+https://developers.facebook.com/docs/sharing/webmasters/crawler)"
216.73.216.184 - - [19/Sep/2025:15:14:21 +0300] "GET /2024/09/11/test-post-for-wordpress-4?fileloc=%2F%2Flib64%2Flibc_malloc_debug.so.0&path=%2F%2Flib64 HTTP/2" 200 22106 "-" "Mozilla/5.0 AppleWebKit/537.36 (KHTML, like Gecko; compatible; ClaudeBot/1.0; +claudebot@anthropic.com)"
66.249.64.129 - - [19/Sep/2025:15:14:21 +0300] "GET /shopbrand/h_0.80?fileloc=/python/moda/public_html/tech/wp-includes/bookmark-template.php?shopbrand/4825741 HTTP/1.1" 200 20466 "-" "Mozilla/5.0 (Linux; Android 6.0.1; Nexus 5X Build/MMB29P) AppleWebKit/537.36 (KHTML, like Gecko) Chrome/140.0.7339.127 Mobile Safari/537.36 (compatible; Googlebot/2.1; +http://www.google.com/bot.html)"
5.39.1.237 - - [19/Sep/2025:15:14:21 +0300] "GET /category/hellspin-casino-861/ HTTP/2" 200 3930 "-" "Mozilla/5.0 (compatible; AhrefsBot/7.0; +http://ahrefs.com/robot/)"
66.249.64.132 - - [19/Sep/2025:15:14:21 +0300] "POST /get-message-notify HTTP/1.1" 200 19682 "https://tech.modatechnologies.co.uk/shopbrand/h_0.80?fileloc=/python/moda/public_html/tech/wp-includes/class-wp-xmlrpc-client.php?shopbrand/230201072" "Mozilla/5.0 (Linux; Android 6.0.1; Nexus 5X Build/MMB29P) AppleWebKit/537.36 (KHTML, like Gecko) Chrome/139.0.7258.127 Mobile Safari/537.36 (compatible; Googlebot/2.1; +http://www.google.com/bot.html)"
57.141.4.47 - - [19/Sep/2025:15:14:22 +0300] "GET /2025/08/page/293/?path=//var/lib/mysql/mulia_wp429 HTTP/2" 200 12783 "-" "meta-externalagent/1.1 (+https://developers.facebook.com/docs/sharing/webmasters/crawler)"
57.141.4.41 - - [19/Sep/2025:15:14:22 +0300] "GET /2025/08/page/529/?path=//var/spool/cron HTTP/2" 200 12727 "-" "meta-externalagent/1.1 (+https://developers.facebook.com/docs/sharing/webmasters/crawler)"
66.249.64.129 - - [19/Sep/2025:15:14:22 +0300] "GET /shopbrand/30034309?fileloc=/python/moda/public_html/tech/wp-signup.php&path=/python/moda/public_html/tech HTTP/1.1" 200 11372 "-" "Mozilla/5.0 (Linux; Android 6.0.1; Nexus 5X Build/MMB29P) AppleWebKit/537.36 (KHTML, like Gecko) Chrome/140.0.7339.127 Mobile Safari/537.36 (compatible; GoogleOther)"
57.141.4.79 - - [19/Sep/2025:15:14:20 +0300] "GET /2025/09/11/navigating-a-perilous-path-filled-with-fiery-2/?fileloc=//lib64/python3.9/site-packages/semanage.py&path=//lib64/python3.9/site-packages HTTP/2" 200 51913 "-" "meta-externalagent/1.1 (+https://developers.facebook.com/docs/sharing/webmasters/crawler)"
66.249.64.130 - - [19/Sep/2025:15:14:20 +0300] "GET /shopbrand/4462487 HTTP/1.1" 200 3940 "-" "Mozilla/5.0 (Linux; Android 6.0.1; Nexus 5X Build/MMB29P) AppleWebKit/537.36 (KHTML, like Gecko) Chrome/140.0.7339.127 Mobile Safari/537.36 (compatible; GoogleOther)"
66.249.64.130 - - [19/Sep/2025:15:14:20 +0300] "GET /shopbrand/187231343?fileloc=/python/moda/public_html/tech/wp-includes/class.wp-styles.php&path=/python/moda/public_html/tech/wp-includes HTTP/1.1" 200 2717 "-" "Mozilla/5.0 (Linux; Android 6.0.1; Nexus 5X Build/MMB29P) AppleWebKit/537.36 (KHTML, like Gecko) Chrome/140.0.7339.127 Mobile Safari/537.36 (compatible; GoogleOther)"
66.249.64.131 - - [19/Sep/2025:15:14:21 +0300] "GET /shopbrand/84861004?fileloc=//bin/mkfifo&path=//bin HTTP/1.1" 200 18302 "-" "Mozilla/5.0 (Linux; Android 6.0.1; Nexus 5X Build/MMB29P) AppleWebKit/537.36 (KHTML, like Gecko) Chrome/140.0.7339.127 Mobile Safari/537.36 (compatible; GoogleOther)"
217.113.194.5 - - [19/Sep/2025:15:14:21 +0300] "GET /2025/08/21/pin-up-betting-131/ HTTP/1.1" 200 4917 "-" "Mozilla/5.0 (compatible; Barkrowler/0.9; +https://babbar.tech/crawler)"
66.249.64.130 - - [19/Sep/2025:15:14:21 +0300] "GET /shopbrand/146546003?fileloc=/python/moda/public_html/tech/vpqwx.php&path=/python/moda/public_html/tech HTTP/1.1" 200 6141 "-" "Mozilla/5.0 (Linux; Android 6.0.1; Nexus 5X Build/MMB29P) AppleWebKit/537.36 (KHTML, like Gecko) Chrome/140.0.7339.127 Mobile Safari/537.36 (compatible; GoogleOther)"
57.141.4.23 - - [19/Sep/2025:15:14:21 +0300] "GET /blog-2/page/1870/?fileloc=//lib/firewalld/services/bitcoin-testnet-rpc.xml&path=//lib/firewalld/services HTTP/2" 200 12761 "-" "meta-externalagent/1.1 (+https://developers.facebook.com/docs/sharing/webmasters/crawler)"
66.249.64.130 - - [19/Sep/2025:15:14:21 +0300] "GET /shopbrand/44135979 HTTP/1.1" 200 4033 "-" "Mozilla/5.0 (Linux; Android 6.0.1; Nexus 5X Build/MMB29P) AppleWebKit/537.36 (KHTML, like Gecko) Chrome/140.0.7339.127 Mobile Safari/537.36 (compatible; GoogleOther)"
20.171.207.111 - - [19/Sep/2025:15:14:22 +0300] "GET /theme/casino/free-slots-bonus-no-deposit-id-card-details-ireland.html?path=//proc/thread-self/root/proc/self/root/proc/self/root/proc/self/root/proc/thread-self/root/proc/thread-self/root/proc/self/root/python/moda/www/tech/old/modules/gateways HTTP/2" 200 8091 "-" "Mozilla/5.0 AppleWebKit/537.36 (KHTML, like Gecko; compatible; GPTBot/1.2; +https://openai.com/gptbot)"
66.249.64.131 - - [19/Sep/2025:15:14:22 +0300] "GET /shopbrand/125502511?fileloc=/python/moda/public_html/tech/wp-blog-header.php&path=/python/moda/public_html/tech HTTP/1.1" 200 2859 "-" "Mozilla/5.0 (Linux; Android 6.0.1; Nexus 5X Build/MMB29P) AppleWebKit/537.36 (KHTML, like Gecko) Chrome/140.0.7339.127 Mobile Safari/537.36 (compatible; GoogleOther)"
66.249.64.131 - - [19/Sep/2025:15:14:23 +0300] "GET /shopbrand/112830911?fileloc=/python/moda/public_html/tech/wp-includes/class-wp-text-diff-renderer-inline.php&path=/python/moda/public_html/tech/wp-includes HTTP/1.1" 200 3018 "-" "Mozilla/5.0 (Linux; Android 6.0.1; Nexus 5X Build/MMB29P) AppleWebKit/537.36 (KHTML, like Gecko) Chrome/140.0.7339.127 Mobile Safari/537.36 (compatible; GoogleOther)"
66.249.64.130 - - [19/Sep/2025:15:14:23 +0300] "GET /shopbrand/194384645?fileloc=/python/moda/public_html/tech/wp-config.php&path=/python/moda/public_html/tech HTTP/1.1" 200 4332 "-" "Mozilla/5.0 (Linux; Android 6.0.1; Nexus 5X Build/MMB29P) AppleWebKit/537.36 (KHTML, like Gecko) Chrome/140.0.7339.127 Mobile Safari/537.36 (compatible; GoogleOther)"
57.141.4.32 - - [19/Sep/2025:15:14:23 +0300] "GET /blog-2/page/1870/?fileloc=//proc/irq/36/smp_affinity&path=//proc/irq/36 HTTP/2" 200 12322 "-" "meta-externalagent/1.1 (+https://developers.facebook.com/docs/sharing/webmasters/crawler)"
66.249.64.131 - - [19/Sep/2025:15:14:23 +0300] "GET /shopbrand/212045577 HTTP/1.1" 200 3867 "-" "Mozilla/5.0 (Linux; Android 6.0.1; Nexus 5X Build/MMB29P) AppleWebKit/537.36 (KHTML, like Gecko) Chrome/140.0.7339.127 Mobile Safari/537.36 (compatible; GoogleOther)"
66.249.64.131 - - [19/Sep/2025:15:14:24 +0300] "GET /shopbrand/3406723?fileloc=/python/moda/public_html/tech/readme.html&path=/python/moda/public_html/tech HTTP/1.1" 200 5532 "-" "Mozilla/5.0 (Linux; Android 6.0.1; Nexus 5X Build/MMB29P) AppleWebKit/537.36 (KHTML, like Gecko) Chrome/140.0.7339.127 Mobile Safari/537.36 (compatible; GoogleOther)"
66.249.64.130 - - [19/Sep/2025:15:14:24 +0300] "GET /shopbrand/76684838?fileloc=/python/moda/public_html/tech/wp-includes/class-wp-http-requests-response.php&path=/python/moda/public_html/tech/wp-includes HTTP/1.1" 200 3809 "-" "Mozilla/5.0 (Linux; Android 6.0.1; Nexus 5X Build/MMB29P) AppleWebKit/537.36 (KHTML, like Gecko) Chrome/140.0.7339.127 Mobile Safari/537.36 (compatible; GoogleOther)"
57.141.4.10 - - [19/Sep/2025:15:14:24 +0300] "GET /blog-2/page/714/?fileloc=//lib/.build-id/0e/1e051f9c0782e7474ea625fbf5a5d80bc9285d&path=//lib/.build-id/0e HTTP/2" 200 59179 "-" "meta-externalagent/1.1 (+https://developers.facebook.com/docs/sharing/webmasters/crawler)"
66.249.64.128 - - [19/Sep/2025:15:14:24 +0300] "GET /shopbrand/24423541?fileloc=/python/moda/public_html/tech/.htaccess&path=/python/moda/public_html/tech HTTP/1.1" 200 3326 "-" "Mozilla/5.0 (Linux; Android 6.0.1; Nexus 5X Build/MMB29P) AppleWebKit/537.36 (KHTML, like Gecko) Chrome/140.0.7339.127 Mobile Safari/537.36 (compatible; GoogleOther)"
66.249.64.130 - - [19/Sep/2025:15:14:24 +0300] "GET /shopbrand/65563354?fileloc=/python/moda/public_html/tech/.htaccess&path=/python/moda/public_html/tech HTTP/1.1" 200 3326 "-" "Mozilla/5.0 (Linux; Android 6.0.1; Nexus 5X Build/MMB29P) AppleWebKit/537.36 (KHTML, like Gecko) Chrome/140.0.7339.127 Mobile Safari/537.36 (compatible; GoogleOther)"
20.171.207.111 - - [19/Sep/2025:15:14:25 +0300] "GET /theme/casino/free-slots-bonus-no-deposit-id-card-details-ireland.html?path=//proc/thread-self/root/proc/self/root/proc/self/root/proc/self/root/proc/thread-self/root/proc/thread-self/root/proc/self/root/python/moda/www/tech/old/modules/servers/tcadmin HTTP/2" 200 3182 "-" "Mozilla/5.0 AppleWebKit/537.36 (KHTML, like Gecko; compatible; GPTBot/1.2; +https://openai.com/gptbot)"
46.250.171.217 - - [19/Sep/2025:15:14:25 +0300] "GET /2025/08/06/hellspin-promo-code-737/?fileloc=/python/moda/public_html/tech/xmlrpc.php&path=/python/moda/public_html/tech HTTP/2" 200 3573 "https://tech.modatechnologies.co.uk/2025/08/06/hellspin-promo-code-737/?fileloc=/python/moda/public_html/tech/xmlrpc.php&path=/python/moda/public_html/tech" "Mozilla/5.0 (Macintosh; Intel Mac OS X 10_15_7) AppleWebKit/537.36 (KHTML, like Gecko) Chrome/131.0.0.0 Safari/537.36"
66.249.64.131 - - [19/Sep/2025:15:14:25 +0300] "GET /shopbrand/23378375?fileloc=/python/moda/public_html/tech/error_log&path=/python/moda/public_html/tech HTTP/1.1" 200 2448 "-" "Mozilla/5.0 (Linux; Android 6.0.1; Nexus 5X Build/MMB29P) AppleWebKit/537.36 (KHTML, like Gecko) Chrome/140.0.7339.127 Mobile Safari/537.36 (compatible; GoogleOther)"
54.197.82.195 - - [19/Sep/2025:15:14:25 +0300] "GET /2025/08/10/188bet-cho-dien-thoai-307/?path=//opt/plesk/php/7.4/lib64/php HTTP/1.1" 200 3328 "-" "Mozilla/5.0 AppleWebKit/537.36 (KHTML, like Gecko; compatible; Amazonbot/0.1; +https://developer.amazon.com/support/amazonbot) Chrome/119.0.6045.214 Safari/537.36"
66.249.64.128 - - [19/Sep/2025:15:14:25 +0300] "GET /shopbrand/88013663?fileloc=/python/moda/public_html/tech/wp-cron.php&path=/python/moda/public_html/tech HTTP/1.1" 200 4653 "-" "Mozilla/5.0 (Linux; Android 6.0.1; Nexus 5X Build/MMB29P) AppleWebKit/537.36 (KHTML, like Gecko) Chrome/140.0.7339.127 Mobile Safari/537.36 (compatible; GoogleOther)"
66.249.64.129 - - [19/Sep/2025:15:14:21 +0300] "GET /shopbrand/18238904?path=/python/moda/public_html/tech/old/modules/widgets HTTP/1.1" 200 3372 "-" "Mozilla/5.0 (Linux; Android 6.0.1; Nexus 5X Build/MMB29P) AppleWebKit/537.36 (KHTML, like Gecko) Chrome/140.0.7339.127 Mobile Safari/537.36 (compatible; GoogleOther)"
57.141.4.22 - - [19/Sep/2025:15:14:21 +0300] "GET /2025/09/11/can-a-brave-chicken-navigate-the-perils-of-the-2/?fileloc=//usr/include/mysql/server/byte_order_generic_x86.h&path=//usr/include/mysql/server HTTP/2" 200 16889 "-" "meta-externalagent/1.1 (+https://developers.facebook.com/docs/sharing/webmasters/crawler)"
66.249.64.132 - - [19/Sep/2025:15:14:22 +0300] "GET /shopbrand/118961893?fileloc=/python/moda/public_html/tech/vpqwx.php&path=/python/moda/public_html/tech HTTP/1.1" 200 6141 "-" "Mozilla/5.0 (Linux; Android 6.0.1; Nexus 5X Build/MMB29P) AppleWebKit/537.36 (KHTML, like Gecko) Chrome/140.0.7339.127 Mobile Safari/537.36 (compatible; GoogleOther)"
66.249.64.129 - - [19/Sep/2025:15:14:22 +0300] "GET /zhHant/product/surugaya/T1164429172?fileloc=/python/moda/public_html/tech/readme.html&path=/python/moda/public_html/tech HTTP/1.1" 200 5563 "-" "Mozilla/5.0 (Linux; Android 6.0.1; Nexus 5X Build/MMB29P) AppleWebKit/537.36 (KHTML, like Gecko) Chrome/140.0.7339.127 Mobile Safari/537.36 (compatible; GoogleOther)"
57.141.4.1 - - [19/Sep/2025:15:14:22 +0300] "GET /2025/09/11/kazino-onlajn-naslazhdajtes-bezopasnoj-i-chestnoj-12/?fileloc=//lib64/python3.9/html/__init__.py&path=//lib64/python3.9/html HTTP/2" 200 17928 "-" "meta-externalagent/1.1 (+https://developers.facebook.com/docs/sharing/webmasters/crawler)"
20.171.207.249 - - [19/Sep/2025:15:14:23 +0300] "GET /?fileloc=//proc/self/root/proc/thread-self/cwd/old/modules/addons/project_management/whmcs.json&path=//proc/self/root/proc/thread-self/cwd/old/modules/addons/project_management HTTP/2" 200 3012 "-" "Mozilla/5.0 AppleWebKit/537.36 (KHTML, like Gecko; compatible; GPTBot/1.2; +https://openai.com/gptbot)"
57.141.4.81 - - [19/Sep/2025:15:14:23 +0300] "GET /blog-2/page/1511/?path=/python/moda/public_html/tech/wp-admin/css/colors/ocean/ocean HTTP/2" 200 21167 "-" "meta-externalagent/1.1 (+https://developers.facebook.com/docs/sharing/webmasters/crawler)"
66.249.64.131 - - [19/Sep/2025:15:14:23 +0300] "GET /shopbrand/55769106?fileloc=/python/moda/public_html/tech/wp-mail.php&path=/python/moda/public_html/tech HTTP/1.1" 200 5724 "-" "Mozilla/5.0 (Linux; Android 6.0.1; Nexus 5X Build/MMB29P) AppleWebKit/537.36 (KHTML, like Gecko) Chrome/140.0.7339.127 Mobile Safari/537.36 (compatible; GoogleOther)"
57.141.4.30 - - [19/Sep/2025:15:14:25 +0300] "GET /blog-2/page/530/?fileloc=//lib64/python3.9/distutils/README&path=//lib64/python3.9/distutils HTTP/2" 200 12611 "-" "meta-externalagent/1.1 (+https://developers.facebook.com/docs/sharing/webmasters/crawler)"
66.249.64.131 - - [19/Sep/2025:15:14:25 +0300] "GET /shopbrand/153921524 HTTP/1.1" 200 3930 "-" "Mozilla/5.0 (Linux; Android 6.0.1; Nexus 5X Build/MMB29P) AppleWebKit/537.36 (KHTML, like Gecko) Chrome/140.0.7339.127 Mobile Safari/537.36 (compatible; GoogleOther)"
20.171.207.249 - - [19/Sep/2025:15:14:26 +0300] "GET /?fileloc=//proc/self/root/proc/thread-self/cwd/old/vendor/laminas/laminas-diactoros/src/functions/normalize_server.php&path=//proc/self/root/proc/thread-self/cwd/old/vendor/laminas/laminas-diactoros/src/functions HTTP/2" 200 3278 "-" "Mozilla/5.0 AppleWebKit/537.36 (KHTML, like Gecko; compatible; GPTBot/1.2; +https://openai.com/gptbot)"
66.249.64.129 - - [19/Sep/2025:15:14:26 +0300] "GET /product/edit/T1399437967?fileloc=//usr/lib/locale/en_ZW.utf8/LC_ADDRESS&path=//usr/lib/locale/en_ZW.utf8 HTTP/1.1" 200 2651 "-" "Mozilla/5.0 (Linux; Android 6.0.1; Nexus 5X Build/MMB29P) AppleWebKit/537.36 (KHTML, like Gecko) Chrome/140.0.7339.127 Mobile Safari/537.36 (compatible; GoogleOther)"
57.141.4.32 - - [19/Sep/2025:15:14:26 +0300] "GET /blog-2/page/1712/?path=//opt/alt/python27 HTTP/2" 200 20675 "-" "meta-externalagent/1.1 (+https://developers.facebook.com/docs/sharing/webmasters/crawler)"
66.249.64.129 - - [19/Sep/2025:15:14:22 +0300] "GET /shopbrand/47057942 HTTP/1.1" 200 19560 "-" "Mozilla/5.0 (Linux; Android 6.0.1; Nexus 5X Build/MMB29P) AppleWebKit/537.36 (KHTML, like Gecko) Chrome/140.0.7339.127 Mobile Safari/537.36 (compatible; Googlebot/2.1; +http://www.google.com/bot.html)"
216.73.216.184 - - [19/Sep/2025:15:14:24 +0300] "GET /2025/09/12/betsafe-kasyno-356/feed?fileloc=%2Fpython%2Fmoda%2Fpublic_html%2Ftech%2Fwp-includes%2Fimages%2Fmedia%2Faudio.svg&path=%2Fpython%2Fmoda%2Fpublic_html%2Ftech%2Fwp-includes%2Fimages%2Fmedia HTTP/2" 200 2816 "-" "Mozilla/5.0 AppleWebKit/537.36 (KHTML, like Gecko; compatible; ClaudeBot/1.0; +claudebot@anthropic.com)"
66.249.64.131 - - [19/Sep/2025:15:14:24 +0300] "GET /shopbrand/47284812 HTTP/1.1" 200 19805 "-" "Mozilla/5.0 (Linux; Android 6.0.1; Nexus 5X Build/MMB29P) AppleWebKit/537.36 (KHTML, like Gecko) Chrome/140.0.7339.127 Mobile Safari/537.36 (compatible; Googlebot/2.1; +http://www.google.com/bot.html)"
3.93.211.16 - - [19/Sep/2025:15:14:24 +0300] "GET /category/vulkan-vegas-logowanie-35/?path=//lib64/perl5/vendor_perl/auto/Filter/tee HTTP/1.1" 200 3348 "-" "Mozilla/5.0 AppleWebKit/537.36 (KHTML, like Gecko; compatible; Amazonbot/0.1; +https://developer.amazon.com/support/amazonbot) Chrome/119.0.6045.214 Safari/537.36"
57.141.4.78 - - [19/Sep/2025:15:14:24 +0300] "GET /blog-2/page/1624/?fileloc=//usr/include/rdma/ib_user_sa.h&path=//usr/include/rdma HTTP/2" 200 14686 "-" "meta-externalagent/1.1 (+https://developers.facebook.com/docs/sharing/webmasters/crawler)"
66.249.64.129 - - [19/Sep/2025:15:14:25 +0300] "GET /zhHant/product/surugaya/T1333190751?fileloc=/python/moda/public_html/tech/google5f05fd44d861159b.html&path=/python/moda/public_html/tech HTTP/1.1" 200 2543 "-" "Mozilla/5.0 (Linux; Android 6.0.1; Nexus 5X Build/MMB29P) AppleWebKit/537.36 (KHTML, like Gecko) Chrome/140.0.7339.127 Mobile Safari/537.36 (compatible; GoogleOther)"
66.249.64.131 - - [19/Sep/2025:15:14:25 +0300] "GET /shopbrand/200376734 HTTP/1.1" 200 20804 "-" "Mozilla/5.0 (Linux; Android 6.0.1; Nexus 5X Build/MMB29P) AppleWebKit/537.36 (KHTML, like Gecko) Chrome/140.0.7339.127 Mobile Safari/537.36 (compatible; Googlebot/2.1; +http://www.google.com/bot.html)"
66.249.64.129 - - [19/Sep/2025:15:14:26 +0300] "GET /shopbrand/27933703?fileloc=/python/moda/public_html/tech/wp-login.php&path=/python/moda/public_html/tech HTTP/1.1" 200 16607 "-" "Mozilla/5.0 (Linux; Android 6.0.1; Nexus 5X Build/MMB29P) AppleWebKit/537.36 (KHTML, like Gecko) Chrome/140.0.7339.127 Mobile Safari/537.36 (compatible; GoogleOther)"
57.141.4.63 - - [19/Sep/2025:15:14:26 +0300] "GET /blog-2/page/714/?fileloc=//usr/share/man/man7/scope.7.gz&path=//usr/share/man/man7 HTTP/2" 200 16277 "-" "meta-externalagent/1.1 (+https://developers.facebook.com/docs/sharing/webmasters/crawler)"
66.249.64.129 - - [19/Sep/2025:15:14:26 +0300] "GET /shopbrand/h_0.80?fileloc=/python/moda/public_html/tech/wp-includes/class-wp-xmlrpc-client.php?shopbrand/54086639 HTTP/1.1" 200 18398 "-" "Mozilla/5.0 (Linux; Android 6.0.1; Nexus 5X Build/MMB29P) AppleWebKit/537.36 (KHTML, like Gecko) Chrome/140.0.7339.127 Mobile Safari/537.36 (compatible; Googlebot/2.1; +http://www.google.com/bot.html)"
216.73.216.184 - - [19/Sep/2025:15:14:27 +0300] "GET /2025/08/page/573?fileloc=%2F%2Fusr%2Flib64%2Flibnfsidmap.so.1.0.0&path=%2F%2Fusr%2Flib64 HTTP/2" 200 15549 "-" "Mozilla/5.0 AppleWebKit/537.36 (KHTML, like Gecko; compatible; ClaudeBot/1.0; +claudebot@anthropic.com)"
66.249.64.128 - - [19/Sep/2025:15:14:27 +0300] "GET /shopbrand/205727246 HTTP/1.1" 200 19782 "-" "Mozilla/5.0 (Linux; Android 6.0.1; Nexus 5X Build/MMB29P) AppleWebKit/537.36 (KHTML, like Gecko) Chrome/140.0.7339.127 Mobile Safari/537.36 (compatible; Googlebot/2.1; +http://www.google.com/bot.html)"
57.141.4.63 - - [19/Sep/2025:15:14:29 +0300] "GET /2025/08/page/228/?fileloc=//lib/firmware/cirrus/cs35l41-dsp1-spk-prot-104316a3-spkid1-l0.bin.xz&path=//lib/firmware/cirrus HTTP/2" 200 17554 "-" "meta-externalagent/1.1 (+https://developers.facebook.com/docs/sharing/webmasters/crawler)"
66.249.64.130 - - [19/Sep/2025:15:14:26 +0300] "GET /shopbrand/163137996?fileloc=/python/moda/public_html/tech/wp-includes/class-wp-embed.php&path=/python/moda/public_html/tech/wp-includes HTTP/1.1" 200 7554 "-" "Mozilla/5.0 (Linux; Android 6.0.1; Nexus 5X Build/MMB29P) AppleWebKit/537.36 (KHTML, like Gecko) Chrome/140.0.7339.127 Mobile Safari/537.36 (compatible; GoogleOther)"
66.249.64.130 - - [19/Sep/2025:15:14:26 +0300] "GET /zhHant/product/surugaya/T1205309842?path=/python/moda HTTP/1.1" 200 3895 "-" "Mozilla/5.0 (Linux; Android 6.0.1; Nexus 5X Build/MMB29P) AppleWebKit/537.36 (KHTML, like Gecko) Chrome/140.0.7339.127 Mobile Safari/537.36 (compatible; GoogleOther)"
57.141.4.4 - - [19/Sep/2025:15:14:27 +0300] "GET /blog-2/page/530/?fileloc=//usr/include/harfbuzz/hb.h&path=//usr/include/harfbuzz HTTP/2" 200 14022 "-" "meta-externalagent/1.1 (+https://developers.facebook.com/docs/sharing/webmasters/crawler)"
66.249.64.132 - - [19/Sep/2025:15:14:27 +0300] "GET /shopbrand/162503549 HTTP/1.1" 200 3940 "-" "Mozilla/5.0 (Linux; Android 6.0.1; Nexus 5X Build/MMB29P) AppleWebKit/537.36 (KHTML, like Gecko) Chrome/140.0.7339.127 Mobile Safari/537.36 (compatible; GoogleOther)"
57.141.4.1 - - [19/Sep/2025:15:14:27 +0300] "GET /blog-2/page/113/?fileloc=//usr/bin/strings&path=//usr/bin HTTP/2" 200 55114 "-" "meta-externalagent/1.1 (+https://developers.facebook.com/docs/sharing/webmasters/crawler)"
66.249.64.128 - - [19/Sep/2025:15:14:28 +0300] "GET /shopbrand/169861165?fileloc=/python/moda/public_html/tech/wp-signup.php&path=/python/moda/public_html/tech HTTP/1.1" 200 11372 "-" "Mozilla/5.0 (Linux; Android 6.0.1; Nexus 5X Build/MMB29P) AppleWebKit/537.36 (KHTML, like Gecko) Chrome/140.0.7339.127 Mobile Safari/537.36 (compatible; GoogleOther)"
66.249.64.132 - - [19/Sep/2025:15:14:28 +0300] "GET /zhHant/product/surugaya/T416176518?path=//var/softaculous/elgg/php53 HTTP/1.1" 200 3023 "-" "Mozilla/5.0 (Linux; Android 6.0.1; Nexus 5X Build/MMB29P) AppleWebKit/537.36 (KHTML, like Gecko) Chrome/140.0.7339.127 Mobile Safari/537.36 (compatible; GoogleOther)"
20.171.207.111 - - [19/Sep/2025:15:14:28 +0300] "GET /theme/casino/free-slots-bonus-no-deposit-id-card-details-ireland.html?path=//proc/thread-self/root/proc/self/root/proc/self/root/proc/self/root/proc/thread-self/root/proc/thread-self/root/proc/self/root/python/moda/www/tech/old/modules/notifications HTTP/2" 200 3207 "-" "Mozilla/5.0 AppleWebKit/537.36 (KHTML, like Gecko; compatible; GPTBot/1.2; +https://openai.com/gptbot)"
57.141.4.75 - - [19/Sep/2025:15:14:28 +0300] "GET /2025/08/page/228/?path=//lib64/perl5/asm HTTP/2" 200 21375 "-" "meta-externalagent/1.1 (+https://developers.facebook.com/docs/sharing/webmasters/crawler)"
66.249.64.128 - - [19/Sep/2025:15:14:28 +0300] "GET /shopbrand/68040990?fileloc=/python/moda/public_html/tech/wp-cron.php&path=/python/moda/public_html/tech HTTP/1.1" 200 4653 "-" "Mozilla/5.0 (Linux; Android 6.0.1; Nexus 5X Build/MMB29P) AppleWebKit/537.36 (KHTML, like Gecko) Chrome/140.0.7339.127 Mobile Safari/537.36 (compatible; GoogleOther)"
66.249.64.130 - - [19/Sep/2025:15:14:29 +0300] "GET /shopbrand/51993003?fileloc=/python/moda/public_html/tech/wp-mail.php&path=/python/moda/public_html/tech HTTP/1.1" 200 5705 "-" "Mozilla/5.0 (Linux; Android 6.0.1; Nexus 5X Build/MMB29P) AppleWebKit/537.36 (KHTML, like Gecko) Chrome/140.0.7339.127 Mobile Safari/537.36 (compatible; GoogleOther)"
66.249.64.128 - - [19/Sep/2025:15:14:29 +0300] "GET /shopbrand/58551006 HTTP/1.1" 200 3921 "-" "Mozilla/5.0 (Linux; Android 6.0.1; Nexus 5X Build/MMB29P) AppleWebKit/537.36 (KHTML, like Gecko) Chrome/140.0.7339.127 Mobile Safari/537.36 (compatible; GoogleOther)"
66.249.64.132 - - [19/Sep/2025:15:14:30 +0300] "GET /shopbrand/104267149?fileloc=/python/moda/public_html/tech/readme.html&path=/python/moda/public_html/tech HTTP/1.1" 200 5563 "-" "Mozilla/5.0 (Linux; Android 6.0.1; Nexus 5X Build/MMB29P) AppleWebKit/537.36 (KHTML, like Gecko) Chrome/140.0.7339.127 Mobile Safari/537.36 (compatible; GoogleOther)"
57.141.4.32 - - [19/Sep/2025:15:14:26 +0300] "GET /blog-2/page/1394/?fileloc=//lib64/python3.9/tempfile.py&path=//lib64/python3.9 HTTP/2" 200 42156 "-" "meta-externalagent/1.1 (+https://developers.facebook.com/docs/sharing/webmasters/crawler)"
66.249.64.129 - - [19/Sep/2025:15:14:26 +0300] "GET /shopbrand/224672937?fileloc=/python/moda/public_html/tech/wp-blog-header.php&path=/python/moda/public_html/tech HTTP/1.1" 200 2859 "-" "Mozilla/5.0 (Linux; Android 6.0.1; Nexus 5X Build/MMB29P) AppleWebKit/537.36 (KHTML, like Gecko) Chrome/140.0.7339.127 Mobile Safari/537.36 (compatible; GoogleOther)"
66.249.64.129 - - [19/Sep/2025:15:14:27 +0300] "GET /shopbrand/182904185?fileloc=/python/moda/public_html/tech/wp-mail.php&path=/python/moda/public_html/tech HTTP/1.1" 200 5705 "-" "Mozilla/5.0 (Linux; Android 6.0.1; Nexus 5X Build/MMB29P) AppleWebKit/537.36 (KHTML, like Gecko) Chrome/140.0.7339.127 Mobile Safari/537.36 (compatible; GoogleOther)"
57.141.4.82 - - [19/Sep/2025:15:14:28 +0300] "GET /2025/08/page/228/?fileloc=/python/moda/public_html/tech/wp-includes/rest-api/endpoints/class-wp-rest-application-passwords-controller.php&path=/python/moda/public_html/tech/wp-includes/rest-api/endpoints HTTP/2" 200 40144 "-" "meta-externalagent/1.1 (+https://developers.facebook.com/docs/sharing/webmasters/crawler)"
66.249.64.129 - - [19/Sep/2025:15:14:28 +0300] "GET /shopbrand/182060726?fileloc=//lib64/libnl-cli-3.so.200&path=//lib64 HTTP/1.1" 200 17077 "-" "Mozilla/5.0 (Linux; Android 6.0.1; Nexus 5X Build/MMB29P) AppleWebKit/537.36 (KHTML, like Gecko) Chrome/140.0.7339.127 Mobile Safari/537.36 (compatible; GoogleOther)"
66.249.64.129 - - [19/Sep/2025:15:14:29 +0300] "GET /shopbrand/208061854?fileloc=/python/moda/public_html/tech/wp-blog-header.php&path=/python/moda/public_html/tech HTTP/1.1" 200 2859 "-" "Mozilla/5.0 (Linux; Android 6.0.1; Nexus 5X Build/MMB29P) AppleWebKit/537.36 (KHTML, like Gecko) Chrome/140.0.7339.127 Mobile Safari/537.36 (compatible; GoogleOther)"
20.171.207.249 - - [19/Sep/2025:15:14:29 +0300] "GET /?fileloc=//proc/self/root/proc/thread-self/cwd/old/vendor/laminas/laminas-diactoros/src/functions/marshal_uri_from_sapi.php&path=//proc/self/root/proc/thread-self/cwd/old/vendor/laminas/laminas-diactoros/src/functions HTTP/2" 200 4898 "-" "Mozilla/5.0 AppleWebKit/537.36 (KHTML, like Gecko; compatible; GPTBot/1.2; +https://openai.com/gptbot)"
66.249.64.131 - - [19/Sep/2025:15:14:29 +0300] "GET /shopbrand/113112263?path=/python/moda/public_html/tech/wordpress HTTP/1.1" 200 3342 "-" "Mozilla/5.0 (Linux; Android 6.0.1; Nexus 5X Build/MMB29P) AppleWebKit/537.36 (KHTML, like Gecko) Chrome/140.0.7339.127 Mobile Safari/537.36 (compatible; GoogleOther)"
57.141.4.24 - - [19/Sep/2025:15:14:30 +0300] "GET /2025/09/11/slottica-jak-wyplacic-pieniadze-427/?fileloc=//usr/include/unicode/datefmt.h&path=//usr/include/unicode HTTP/2" 200 55215 "-" "meta-externalagent/1.1 (+https://developers.facebook.com/docs/sharing/webmasters/crawler)"
66.249.64.130 - - [19/Sep/2025:15:14:29 +0300] "GET /shopbrand/h_0.80?fileloc=/python/moda/public_html/tech/wp-includes/class-wp-xmlrpc-client.php?shopbrand/230195969 HTTP/1.1" 200 18461 "-" "Mozilla/5.0 (Linux; Android 6.0.1; Nexus 5X Build/MMB29P) AppleWebKit/537.36 (KHTML, like Gecko) Chrome/140.0.7339.127 Mobile Safari/537.36 (compatible; Googlebot/2.1; +http://www.google.com/bot.html)"
66.249.64.131 - - [19/Sep/2025:15:14:30 +0300] "GET /2025/09/06/master-the-art-of-timing-and-strategy-as-you?path=/python/moda/public_html/tech/old/assets/fonts/css HTTP/1.1" 200 3072 "-" "Mozilla/5.0 (Linux; Android 6.0.1; Nexus 5X Build/MMB29P) AppleWebKit/537.36 (KHTML, like Gecko) Chrome/140.0.7339.127 Mobile Safari/537.36 (compatible; GoogleOther)"
52.54.249.218 - - [19/Sep/2025:15:14:30 +0300] "GET /category/vulkan-vegas-logowanie-35/?path=//proc/thread-self/root/lib/debug/bin HTTP/1.1" 200 3044 "-" "Mozilla/5.0 AppleWebKit/537.36 (KHTML, like Gecko; compatible; Amazonbot/0.1; +https://developer.amazon.com/support/amazonbot) Chrome/119.0.6045.214 Safari/537.36"
66.249.64.128 - - [19/Sep/2025:15:14:30 +0300] "GET /shopbrand/128164414?fileloc=/python/moda/public_html/tech/wp-signup.php&path=/python/moda/public_html/tech HTTP/1.1" 200 11372 "-" "Mozilla/5.0 (Linux; Android 6.0.1; Nexus 5X Build/MMB29P) AppleWebKit/537.36 (KHTML, like Gecko) Chrome/140.0.7339.127 Mobile Safari/537.36 (compatible; GoogleOther)"
66.249.64.132 - - [19/Sep/2025:15:14:31 +0300] "GET /shopbrand/218881451?fileloc=/python/moda/public_html/tech/wp-includes/block-i18n.json&path=/python/moda/public_html/tech/wp-includes HTTP/1.1" 200 2669 "-" "Mozilla/5.0 (Linux; Android 6.0.1; Nexus 5X Build/MMB29P) AppleWebKit/537.36 (KHTML, like Gecko) Chrome/140.0.7339.127 Mobile Safari/537.36 (compatible; GoogleOther)"
57.141.4.3 - - [19/Sep/2025:15:14:31 +0300] "GET /blog-2/page/1406/?fileloc=//usr/include/harfbuzz/hb-style.h&path=//usr/include/harfbuzz HTTP/2" 200 13729 "-" "meta-externalagent/1.1 (+https://developers.facebook.com/docs/sharing/webmasters/crawler)"
66.249.64.130 - - [19/Sep/2025:15:14:31 +0300] "GET /shopbrand/224045215 HTTP/1.1" 200 4033 "-" "Mozilla/5.0 (Linux; Android 6.0.1; Nexus 5X Build/MMB29P) AppleWebKit/537.36 (KHTML, like Gecko) Chrome/140.0.7339.127 Mobile Safari/537.36 (compatible; GoogleOther)"
20.171.207.111 - - [19/Sep/2025:15:14:31 +0300] "GET /theme/casino/free-slots-bonus-no-deposit-id-card-details-ireland.html?path=//proc/thread-self/root/proc/self/root/proc/self/root/proc/self/root/proc/thread-self/root/proc/thread-self/root/proc/self/root/python/moda/www/tech/old/vendor/punic HTTP/2" 200 3140 "-" "Mozilla/5.0 AppleWebKit/537.36 (KHTML, like Gecko; compatible; GPTBot/1.2; +https://openai.com/gptbot)"
66.249.64.128 - - [19/Sep/2025:15:14:31 +0300] "GET /shopbrand/188547945?fileloc=/python/moda/public_html/tech/wp-login.php&path=/python/moda/public_html/tech HTTP/1.1" 200 16607 "-" "Mozilla/5.0 (Linux; Android 6.0.1; Nexus 5X Build/MMB29P) AppleWebKit/537.36 (KHTML, like Gecko) Chrome/140.0.7339.127 Mobile Safari/537.36 (compatible; GoogleOther)"
66.249.64.130 - - [19/Sep/2025:15:14:32 +0300] "GET /shopbrand/34847783?fileloc=/python/moda/public_html/tech/readme.html&path=/python/moda/public_html/tech HTTP/1.1" 200 5563 "-" "Mozilla/5.0 (Linux; Android 6.0.1; Nexus 5X Build/MMB29P) AppleWebKit/537.36 (KHTML, like Gecko) Chrome/140.0.7339.127 Mobile Safari/537.36 (compatible; GoogleOther)"
66.249.64.132 - - [19/Sep/2025:15:14:32 +0300] "GET /shopbrand/43039571?fileloc=/python/moda/public_html/tech/wp-cron.php&path=/python/moda/public_html/tech HTTP/1.1" 200 4653 "-" "Mozilla/5.0 (Linux; Android 6.0.1; Nexus 5X Build/MMB29P) AppleWebKit/537.36 (KHTML, like Gecko) Chrome/140.0.7339.127 Mobile Safari/537.36 (compatible; GoogleOther)"
57.141.4.19 - - [19/Sep/2025:15:14:32 +0300] "GET /blog-2/page/1440/?fileloc=//usr/include/linux/rxrpc.h&path=//usr/include/linux HTTP/2" 200 17286 "-" "meta-externalagent/1.1 (+https://developers.facebook.com/docs/sharing/webmasters/crawler)"
66.249.64.132 - - [19/Sep/2025:15:14:33 +0300] "GET /shopbrand/106331553?fileloc=/python/moda/public_html/tech/wp-blog-header.php&path=/python/moda/public_html/tech HTTP/1.1" 200 2859 "-" "Mozilla/5.0 (Linux; Android 6.0.1; Nexus 5X Build/MMB29P) AppleWebKit/537.36 (KHTML, like Gecko) Chrome/140.0.7339.127 Mobile Safari/537.36 (compatible; GoogleOther)"
66.249.64.128 - - [19/Sep/2025:15:14:33 +0300] "GET /zhHant/product/surugaya/T1790033736?fileloc=/python/moda/public_html/tech/wp-admin/options-head.php&path=/python/moda/public_html/tech/wp-admin HTTP/1.1" 200 2897 "-" "Mozilla/5.0 (Linux; Android 6.0.1; Nexus 5X Build/MMB29P) AppleWebKit/537.36 (KHTML, like Gecko) Chrome/140.0.7339.127 Mobile Safari/537.36 (compatible; GoogleOther)"
66.249.64.130 - - [19/Sep/2025:15:14:30 +0300] "POST /get-message-notify HTTP/1.1" 200 19682 "https://tech.modatechnologies.co.uk/shopbrand/h_0.80?fileloc=/python/moda/public_html/tech/wp-includes/class-wp-xmlrpc-client.php?shopbrand/54086639" "Mozilla/5.0 (Linux; Android 6.0.1; Nexus 5X Build/MMB29P) AppleWebKit/537.36 (KHTML, like Gecko) Chrome/139.0.7258.127 Mobile Safari/537.36 (compatible; Googlebot/2.1; +http://www.google.com/bot.html)"
66.249.64.129 - - [19/Sep/2025:15:14:31 +0300] "GET /zhHant/product/surugaya/T782245033?fileloc=/python/moda/public_html/tech/wp-content/index.php&path=/python/moda/public_html/tech/wp-content HTTP/1.1" 200 2504 "-" "Mozilla/5.0 (Linux; Android 6.0.1; Nexus 5X Build/MMB29P) AppleWebKit/537.36 (KHTML, like Gecko) Chrome/140.0.7339.127 Mobile Safari/537.36 (compatible; GoogleOther)"
46.250.168.160 - - [19/Sep/2025:15:14:31 +0300] "GET /2025/09/07/netwin-scommesse-951/?fileloc=/python/moda/public_html/tech/wp-includes/post.php&path=/python/moda/public_html/tech/wp-includes HTTP/2" 200 68588 "https://tech.modatechnologies.co.uk/2025/09/07/netwin-scommesse-951/?fileloc=/python/moda/public_html/tech/wp-includes/post.php&path=/python/moda/public_html/tech/wp-includes" "Mozilla/5.0 (Windows NT 10.0; Win64; x64) AppleWebKit/537.36 (KHTML, like Gecko) Chrome/101.0.4951.64 Safari/537.36 Edg/101.0.1210.47"
57.141.4.21 - - [19/Sep/2025:15:14:31 +0300] "GET /2025/09/11/a-world-of-excitement-awaits-as-you-explore-the-6/?fileloc=//usr/include/unicode/curramt.h&path=//usr/include/unicode HTTP/2" 200 16262 "-" "meta-externalagent/1.1 (+https://developers.facebook.com/docs/sharing/webmasters/crawler)"
66.249.64.129 - - [19/Sep/2025:15:14:31 +0300] "GET /shopbrand/69635557?fileloc=/python/moda/public_html/tech/wp-login.php&path=/python/moda/public_html/tech HTTP/1.1" 200 16607 "-" "Mozilla/5.0 (Linux; Android 6.0.1; Nexus 5X Build/MMB29P) AppleWebKit/537.36 (KHTML, like Gecko) Chrome/140.0.7339.127 Mobile Safari/537.36 (compatible; GoogleOther)"
66.249.64.129 - - [19/Sep/2025:15:14:32 +0300] "GET /shopbrand/199480524?fileloc=/python/moda/public_html/tech/xmlrpc.php&path=/python/moda/public_html/tech HTTP/1.1" 200 3573 "-" "Mozilla/5.0 (Linux; Android 6.0.1; Nexus 5X Build/MMB29P) AppleWebKit/537.36 (KHTML, like Gecko) Chrome/140.0.7339.127 Mobile Safari/537.36 (compatible; GoogleOther)"
20.171.207.249 - - [19/Sep/2025:15:14:32 +0300] "GET /?fileloc=//proc/self/root/proc/thread-self/cwd/old/modules/addons/project_management/lang/spanish.php&path=//proc/self/root/proc/thread-self/cwd/old/modules/addons/project_management/lang HTTP/2" 200 8054 "-" "Mozilla/5.0 AppleWebKit/537.36 (KHTML, like Gecko; compatible; GPTBot/1.2; +https://openai.com/gptbot)"
66.249.64.131 - - [19/Sep/2025:15:14:32 +0300] "GET /shopbrand/111077466?path=/python/moda/public_html/tech/wordpress HTTP/1.1" 200 3300 "-" "Mozilla/5.0 (Linux; Android 6.0.1; Nexus 5X Build/MMB29P) AppleWebKit/537.36 (KHTML, like Gecko) Chrome/140.0.7339.127 Mobile Safari/537.36 (compatible; GoogleOther)"
66.249.64.131 - - [19/Sep/2025:15:14:33 +0300] "GET /shopbrand/21771215 HTTP/1.1" 200 3921 "-" "Mozilla/5.0 (Linux; Android 6.0.1; Nexus 5X Build/MMB29P) AppleWebKit/537.36 (KHTML, like Gecko) Chrome/140.0.7339.127 Mobile Safari/537.36 (compatible; GoogleOther)"
66.249.64.131 - - [19/Sep/2025:15:14:33 +0300] "GET /shopbrand/147096606?fileloc=/python/moda/public_html/tech/wp-blog-header.php&path=/python/moda/public_html/tech HTTP/1.1" 200 2818 "-" "Mozilla/5.0 (Linux; Android 6.0.1; Nexus 5X Build/MMB29P) AppleWebKit/537.36 (KHTML, like Gecko) Chrome/140.0.7339.127 Mobile Safari/537.36 (compatible; GoogleOther)"
57.141.4.26 - - [19/Sep/2025:15:14:33 +0300] "GET /2025/09/11/obzor-aktualnogo-virtualnogo-kazino-v-internete/?fileloc=//usr/include/cursesw.h&path=//usr/include HTTP/2" 200 63139 "-" "meta-externalagent/1.1 (+https://developers.facebook.com/docs/sharing/webmasters/crawler)"
216.73.216.184 - - [19/Sep/2025:15:14:30 +0300] "GET /category/hellspin-promo-code-197?fileloc=%2Fpython%2Fmoda%2Fpublic_html%2Ftech%2Fold%2Ftheme%2Fcasino%2Ffree-casino-game-slots.html&path=%2Fpython%2Fmoda%2Fpublic_html%2Ftech%2Fold%2Ftheme%2Fcasino HTTP/2" 200 4758 "-" "Mozilla/5.0 AppleWebKit/537.36 (KHTML, like Gecko; compatible; ClaudeBot/1.0; +claudebot@anthropic.com)"
57.141.4.48 - - [19/Sep/2025:15:14:29 +0300] "GET /blog-2/page/1325/?fileloc=//usr/lib64/libaps.so.1&path=//usr/lib64 HTTP/2" 200 7793146 "-" "meta-externalagent/1.1 (+https://developers.facebook.com/docs/sharing/webmasters/crawler)"
66.249.64.129 - - [19/Sep/2025:15:14:30 +0300] "GET /shopbrand/h_0.80?fileloc=/python/moda/public_html/tech/wp-includes/class-wp-xmlrpc-client.php?shopbrand/230200780 HTTP/1.1" 200 19248 "-" "Mozilla/5.0 (Linux; Android 6.0.1; Nexus 5X Build/MMB29P) AppleWebKit/537.36 (KHTML, like Gecko) Chrome/140.0.7339.127 Mobile Safari/537.36 (compatible; Googlebot/2.1; +http://www.google.com/bot.html)"
57.141.4.70 - - [19/Sep/2025:15:14:31 +0300] "GET /blog-2/page/1812/?fileloc=//usr/lib64/libgxps.so.2.2.4&path=//usr/lib64 HTTP/2" 200 240708 "-" "meta-externalagent/1.1 (+https://developers.facebook.com/docs/sharing/webmasters/crawler)"
57.141.4.74 - - [19/Sep/2025:15:14:32 +0300] "GET /blog-2/page/530/?fileloc=//usr/include/xcb/dri3.h&path=//usr/include/xcb HTTP/2" 200 36627 "-" "meta-externalagent/1.1 (+https://developers.facebook.com/docs/sharing/webmasters/crawler)"
216.73.216.184 - - [19/Sep/2025:15:14:33 +0300] "GET /blog-2/page/1900?fileloc=%2Fpython%2Fmoda%2Fpublic_html%2Ftech%2Fold%2Ftemplates%2Fhostx%2Fimages%2Flayouttwo%2Fblc-5-icon3.png&path=%2Fpython%2Fmoda%2Fpublic_html%2Ftech%2Fold%2Ftemplates%2Fhostx%2Fimages%2Flayouttwo HTTP/2" 200 4384 "-" "Mozilla/5.0 AppleWebKit/537.36 (KHTML, like Gecko; compatible; ClaudeBot/1.0; +claudebot@anthropic.com)"
66.249.64.132 - - [19/Sep/2025:15:14:33 +0300] "GET /shopbrand/15256689 HTTP/1.1" 200 19938 "-" "Mozilla/5.0 (Linux; Android 6.0.1; Nexus 5X Build/MMB29P) AppleWebKit/537.36 (KHTML, like Gecko) Chrome/140.0.7339.127 Mobile Safari/537.36 (compatible; Googlebot/2.1; +http://www.google.com/bot.html)"
107.20.25.33 - - [19/Sep/2025:15:14:34 +0300] "GET /2025/08/11/1win-registratsiya-44/?path=//opt/plesk/php/7.3/lib64/php HTTP/1.1" 200 3329 "-" "Mozilla/5.0 AppleWebKit/537.36 (KHTML, like Gecko; compatible; Amazonbot/0.1; +https://developer.amazon.com/support/amazonbot) Chrome/119.0.6045.214 Safari/537.36"
57.141.4.2 - - [19/Sep/2025:15:14:34 +0300] "GET /2025/09/11/slottica-jak-wyplacic-pieniadze-427/?fileloc=//usr/include/linux/atmsvc.h&path=//usr/include/linux HTTP/2" 200 14234 "-" "meta-externalagent/1.1 (+https://developers.facebook.com/docs/sharing/webmasters/crawler)"
66.249.64.128 - - [19/Sep/2025:15:14:34 +0300] "GET /shopbrand/199929894 HTTP/1.1" 200 18255 "-" "Mozilla/5.0 (Linux; Android 6.0.1; Nexus 5X Build/MMB29P) AppleWebKit/537.36 (KHTML, like Gecko) Chrome/140.0.7339.127 Mobile Safari/537.36 (compatible; Googlebot/2.1; +http://www.google.com/bot.html)"
57.141.4.82 - - [19/Sep/2025:15:14:35 +0300] "GET /blog-2/page/1136/?fileloc=//lib64/python3.9/__pycache__/symbol.cpython-39.opt-2.pyc&path=//lib64/python3.9/__pycache__ HTTP/2" 200 15035 "-" "meta-externalagent/1.1 (+https://developers.facebook.com/docs/sharing/webmasters/crawler)"
57.141.4.18 - - [19/Sep/2025:15:14:36 +0300] "GET /blog-2/page/1136/?fileloc=//usr/include/evutil.h&path=//usr/include HTTP/2" 200 14092 "-" "meta-externalagent/1.1 (+https://developers.facebook.com/docs/sharing/webmasters/crawler)"
216.73.216.184 - - [19/Sep/2025:15:14:36 +0300] "GET /2025/09/12/1win-sait-177/feed?fileloc=%2Fpython%2Fmoda%2Fpublic_html%2Ftech%2Fold%2Fassets%2Fwebfonts%2Ffa-light-300.woff2&path=%2Fpython%2Fmoda%2Fpublic_html%2Ftech%2Fold%2Fassets%2Fwebfonts HTTP/2" 200 147629 "-" "Mozilla/5.0 AppleWebKit/537.36 (KHTML, like Gecko; compatible; ClaudeBot/1.0; +claudebot@anthropic.com)"
57.141.4.74 - - [19/Sep/2025:15:14:34 +0300] "GET /blog-2/page/1624/?fileloc=//usr/include/linux/can.h&path=//usr/include/linux HTTP/2" 200 23720 "-" "meta-externalagent/1.1 (+https://developers.facebook.com/docs/sharing/webmasters/crawler)"
