66.249.64.131 - - [19/Sep/2025:15:09:59 +0300] "GET /zhHant/product/surugaya/T2250401380?fileloc=/python/moda/public_html/tech/xmlrpc.php&path=/python/moda/public_html/tech HTTP/1.1" 200 3573 "-" "Mozilla/5.0 (Linux; Android 6.0.1; Nexus 5X Build/MMB29P) AppleWebKit/537.36 (KHTML, like Gecko) Chrome/140.0.7339.127 Mobile Safari/537.36 (compatible; GoogleOther)"
66.249.64.132 - - [19/Sep/2025:15:09:59 +0300] "GET /shopbrand/123493981?fileloc=/python/moda/public_html/tech/google5f05fd44d861159b.html&path=/python/moda/public_html/tech HTTP/1.1" 200 2543 "-" "Mozilla/5.0 (Linux; Android 6.0.1; Nexus 5X Build/MMB29P) AppleWebKit/537.36 (KHTML, like Gecko) Chrome/140.0.7339.127 Mobile Safari/537.36 (compatible; GoogleOther)"
66.249.64.132 - - [19/Sep/2025:15:09:59 +0300] "GET /shopbrand/35690628?fileloc=/python/moda/public_html/tech/wp-includes/date.php&path=/python/moda/public_html/tech/wp-includes HTTP/1.1" 200 2751 "-" "Mozilla/5.0 (Linux; Android 6.0.1; Nexus 5X Build/MMB29P) AppleWebKit/537.36 (KHTML, like Gecko) Chrome/140.0.7339.127 Mobile Safari/537.36 (compatible; GoogleOther)"
66.249.64.131 - - [19/Sep/2025:15:09:59 +0300] "GET /shopbrand/76658213 HTTP/1.1" 200 18992 "-" "Mozilla/5.0 (Linux; Android 6.0.1; Nexus 5X Build/MMB29P) AppleWebKit/537.36 (KHTML, like Gecko) Chrome/140.0.7339.127 Mobile Safari/537.36 (compatible; Googlebot/2.1; +http://www.google.com/bot.html)"
57.141.4.44 - - [19/Sep/2025:15:09:59 +0300] "GET /2025/09/11/obzor-aktualnogo-virtualnogo-kazino-v-internete/?fileloc=//usr/include/keyutils.h&path=//usr/include HTTP/2" 200 24122 "-" "meta-externalagent/1.1 (+https://developers.facebook.com/docs/sharing/webmasters/crawler)"
216.73.216.184 - - [19/Sep/2025:15:10:00 +0300] "GET /2025/09/12/hellspin-login-137?path=%2Fpython%2Fmoda%2F.cpanel%2Ficals HTTP/2" 200 2900 "-" "Mozilla/5.0 AppleWebKit/537.36 (KHTML, like Gecko; compatible; ClaudeBot/1.0; +claudebot@anthropic.com)"
66.249.64.130 - - [19/Sep/2025:15:10:00 +0300] "GET /shopbrand/138106842?fileloc=/python/moda/public_html/tech/wp-cron.php&path=/python/moda/public_html/tech HTTP/1.1" 200 4653 "-" "Mozilla/5.0 (Linux; Android 6.0.1; Nexus 5X Build/MMB29P) AppleWebKit/537.36 (KHTML, like Gecko) Chrome/140.0.7339.127 Mobile Safari/537.36 (compatible; GoogleOther)"
66.249.64.131 - - [19/Sep/2025:15:10:01 +0300] "GET /shopbrand/17864029?fileloc=//lib64/libXinerama.so.1&path=//lib64 HTTP/1.1" 200 6871 "-" "Mozilla/5.0 (Linux; Android 6.0.1; Nexus 5X Build/MMB29P) AppleWebKit/537.36 (KHTML, like Gecko) Chrome/140.0.7339.127 Mobile Safari/537.36 (compatible; GoogleOther)"
66.249.64.130 - - [19/Sep/2025:15:10:02 +0300] "GET /product/edit/T1807587564?fileloc=//proc/self/root/lib/.build-id/29/9b56c970658d7e1a4ce2212638f3383f981d60&path=//proc/self/root/lib/.build-id/29 HTTP/1.1" 200 8209 "-" "Mozilla/5.0 (Linux; Android 6.0.1; Nexus 5X Build/MMB29P) AppleWebKit/537.36 (KHTML, like Gecko) Chrome/140.0.7339.127 Mobile Safari/537.36 (compatible; GoogleOther)"
57.141.4.82 - - [19/Sep/2025:15:10:02 +0300] "GET /blog-2/page/379/?fileloc=//lib/firmware/cirrus/cs35l41-dsp1-spk-prot-103c8a28.wmfw.xz&path=//lib/firmware/cirrus HTTP/2" 200 44608 "-" "meta-externalagent/1.1 (+https://developers.facebook.com/docs/sharing/webmasters/crawler)"
66.249.64.129 - - [19/Sep/2025:15:10:01 +0300] "GET /shopbrand/198297712 HTTP/1.1" 200 19788 "-" "Mozilla/5.0 (Linux; Android 6.0.1; Nexus 5X Build/MMB29P) AppleWebKit/537.36 (KHTML, like Gecko) Chrome/140.0.7339.127 Mobile Safari/537.36 (compatible; Googlebot/2.1; +http://www.google.com/bot.html)"
66.249.64.131 - - [19/Sep/2025:15:10:02 +0300] "GET /shopbrand/197651226?fileloc=//lib64/libIex-3_1.so.30&path=//lib64 HTTP/1.1" 200 98859 "-" "Mozilla/5.0 (Linux; Android 6.0.1; Nexus 5X Build/MMB29P) AppleWebKit/537.36 (KHTML, like Gecko) Chrome/140.0.7339.127 Mobile Safari/537.36 (compatible; GoogleOther)"
66.249.64.132 - - [19/Sep/2025:15:10:02 +0300] "GET /shopbrand/226255836 HTTP/1.1" 200 3867 "-" "Mozilla/5.0 (Linux; Android 6.0.1; Nexus 5X Build/MMB29P) AppleWebKit/537.36 (KHTML, like Gecko) Chrome/140.0.7339.127 Mobile Safari/537.36 (compatible; GoogleOther)"
20.171.207.111 - - [19/Sep/2025:15:10:02 +0300] "GET /theme/casino/free-slots-bonus-no-deposit-id-card-details-ireland.html?path=//proc/thread-self/root/proc/self/root/proc/self/root/proc/self/root/proc/thread-self/root/proc/thread-self/root/proc/self/root/python/moda/www/tech/old/vendor/aws/aws-sdk-php/src/data/transfer HTTP/2" 200 3148 "-" "Mozilla/5.0 AppleWebKit/537.36 (KHTML, like Gecko; compatible; GPTBot/1.2; +https://openai.com/gptbot)"
57.141.4.15 - - [19/Sep/2025:15:10:02 +0300] "GET /2025/09/11/2025-kak-vybrat-idealnuju-platformu-dlja-sebja-95/?path=//lib64/python3.9/venv HTTP/2" 200 18382 "-" "meta-externalagent/1.1 (+https://developers.facebook.com/docs/sharing/webmasters/crawler)"
66.249.64.129 - - [19/Sep/2025:15:10:03 +0300] "GET /shopbrand/186178838?fileloc=/python/moda/public_html/tech/wp-cron.php&path=/python/moda/public_html/tech HTTP/1.1" 200 4678 "-" "Mozilla/5.0 (Linux; Android 6.0.1; Nexus 5X Build/MMB29P) AppleWebKit/537.36 (KHTML, like Gecko) Chrome/140.0.7339.127 Mobile Safari/537.36 (compatible; GoogleOther)"
66.249.64.132 - - [19/Sep/2025:15:10:03 +0300] "GET /shopbrand/178576656?fileloc=/python/moda/public_html/tech/wp-config-sample.php&path=/python/moda/public_html/tech HTTP/1.1" 200 3818 "-" "Mozilla/5.0 (Linux; Android 6.0.1; Nexus 5X Build/MMB29P) AppleWebKit/537.36 (KHTML, like Gecko) Chrome/140.0.7339.127 Mobile Safari/537.36 (compatible; GoogleOther)"
66.249.64.128 - - [19/Sep/2025:15:10:03 +0300] "GET /shopbrand/180449288?fileloc=/python/moda/public_html/tech/wp-includes/link-template.php&path=/python/moda/public_html/tech/wp-includes HTTP/1.1" 200 32529 "-" "Mozilla/5.0 (Linux; Android 6.0.1; Nexus 5X Build/MMB29P) AppleWebKit/537.36 (KHTML, like Gecko) Chrome/140.0.7339.127 Mobile Safari/537.36 (compatible; GoogleOther)"
66.249.64.129 - - [19/Sep/2025:15:10:03 +0300] "GET /shopbrand/37198904 HTTP/1.1" 200 19582 "-" "Mozilla/5.0 (Linux; Android 6.0.1; Nexus 5X Build/MMB29P) AppleWebKit/537.36 (KHTML, like Gecko) Chrome/140.0.7339.127 Mobile Safari/537.36 (compatible; Googlebot/2.1; +http://www.google.com/bot.html)"
66.249.64.129 - - [19/Sep/2025:15:10:04 +0300] "GET /shopbrand/144587775?fileloc=/python/moda/public_html/tech/wp-load.php&path=/python/moda/public_html/tech HTTP/1.1" 200 4300 "-" "Mozilla/5.0 (Linux; Android 6.0.1; Nexus 5X Build/MMB29P) AppleWebKit/537.36 (KHTML, like Gecko) Chrome/140.0.7339.127 Mobile Safari/537.36 (compatible; GoogleOther)"
52.44.148.203 - - [19/Sep/2025:15:10:04 +0300] "GET /tld/eco?path=//proc/self/net HTTP/1.1" 200 5703 "-" "Mozilla/5.0 AppleWebKit/537.36 (KHTML, like Gecko; compatible; Amazonbot/0.1; +https://developer.amazon.com/support/amazonbot) Chrome/119.0.6045.214 Safari/537.36"
57.141.4.23 - - [19/Sep/2025:15:10:04 +0300] "GET /author/admin/page/526/?fileloc=//lib64/python3.9/rlcompleter.py&path=//lib64/python3.9 HTTP/2" 200 20483 "-" "meta-externalagent/1.1 (+https://developers.facebook.com/docs/sharing/webmasters/crawler)"
216.73.216.184 - - [19/Sep/2025:15:10:03 +0300] "GET /2025/09/12/onlajn-2025-goda-igrajte-bez-riskov-i-s-138?fileloc=%2Fpython%2Fmoda%2Fpublic_html%2Ftech%2Fwp-includes%2Fblocks%2Fquery-total%2Fstyle.min.css&path=%2Fpython%2Fmoda%2Fpublic_html%2Ftech%2Fwp-includes%2Fblocks%2Fquery-total HTTP/2" 200 2586 "-" "Mozilla/5.0 AppleWebKit/537.36 (KHTML, like Gecko; compatible; ClaudeBot/1.0; +claudebot@anthropic.com)"
66.249.64.131 - - [19/Sep/2025:15:10:03 +0300] "POST /get-message-notify HTTP/1.1" 200 19682 "https://tech.modatechnologies.co.uk/shopbrand/132039804" "Mozilla/5.0 (Linux; Android 6.0.1; Nexus 5X Build/MMB29P) AppleWebKit/537.36 (KHTML, like Gecko) Chrome/139.0.7258.127 Mobile Safari/537.36 (compatible; Googlebot/2.1; +http://www.google.com/bot.html)"
66.249.64.130 - - [19/Sep/2025:15:10:04 +0300] "GET /shopbrand/64190360?fileloc=/python/moda/public_html/tech/wp-includes/class-wp-http.php&path=/python/moda/public_html/tech/wp-includes HTTP/1.1" 200 14547 "-" "Mozilla/5.0 (Linux; Android 6.0.1; Nexus 5X Build/MMB29P) AppleWebKit/537.36 (KHTML, like Gecko) Chrome/140.0.7339.127 Mobile Safari/537.36 (compatible; GoogleOther)"
57.141.4.49 - - [19/Sep/2025:15:10:04 +0300] "GET /blog-2/page/1406/?fileloc=//usr/include/linux/dlmconstants.h&path=//usr/include/linux HTTP/2" 200 17435 "-" "meta-externalagent/1.1 (+https://developers.facebook.com/docs/sharing/webmasters/crawler)"
66.249.64.131 - - [19/Sep/2025:15:10:04 +0300] "GET /shopbrand/160027780?fileloc=/python/moda/public_html/tech/.htaccess&path=/python/moda/public_html/tech HTTP/1.1" 200 3326 "-" "Mozilla/5.0 (Linux; Android 6.0.1; Nexus 5X Build/MMB29P) AppleWebKit/537.36 (KHTML, like Gecko) Chrome/140.0.7339.127 Mobile Safari/537.36 (compatible; GoogleOther)"
66.249.64.130 - - [19/Sep/2025:15:10:05 +0300] "GET /500?path=//var/softaculous/xms/php71 HTTP/1.1" 200 2920 "-" "Mozilla/5.0 (Linux; Android 6.0.1; Nexus 5X Build/MMB29P) AppleWebKit/537.36 (KHTML, like Gecko) Chrome/140.0.7339.127 Mobile Safari/537.36 (compatible; GoogleOther)"
66.249.64.131 - - [19/Sep/2025:15:10:05 +0300] "GET /2025/09/06/master-the-art-of-timing-and-strategy-as-you?fileloc=/python/moda/public_html/tech/old/includes/api/getpromotions.php&path=/python/moda/public_html/tech/old/includes/api HTTP/1.1" 200 11266 "-" "Mozilla/5.0 (Linux; Android 6.0.1; Nexus 5X Build/MMB29P) AppleWebKit/537.36 (KHTML, like Gecko) Chrome/140.0.7339.127 Mobile Safari/537.36 (compatible; GoogleOther)"
57.141.4.12 - - [19/Sep/2025:15:10:05 +0300] "GET /blog-2/page/113/?fileloc=//usr/lib64/libslapi-2.4.so.2&path=//usr/lib64 HTTP/2" 200 28248 "-" "meta-externalagent/1.1 (+https://developers.facebook.com/docs/sharing/webmasters/crawler)"
66.249.64.131 - - [19/Sep/2025:15:10:05 +0300] "GET /product/concl10214432.htm HTTP/1.1" 200 20067 "-" "Mozilla/5.0 (Linux; Android 6.0.1; Nexus 5X Build/MMB29P) AppleWebKit/537.36 (KHTML, like Gecko) Chrome/140.0.7339.127 Mobile Safari/537.36 (compatible; Googlebot/2.1; +http://www.google.com/bot.html)"
216.73.216.184 - - [19/Sep/2025:15:10:06 +0300] "GET /2025/09/12/obzor-utverzhdennogo-vebresursa-kazino-i-slotov?fileloc=%2Fpython%2Fmoda%2Fpublic_html%2Ftech%2Fwp-admin%2Fcss%2Fforms.min.css&path=%2Fpython%2Fmoda%2Fpublic_html%2Ftech%2Fwp-admin%2Fcss HTTP/2" 200 9502 "-" "Mozilla/5.0 AppleWebKit/537.36 (KHTML, like Gecko; compatible; ClaudeBot/1.0; +claudebot@anthropic.com)"
66.249.64.132 - - [19/Sep/2025:15:10:06 +0300] "GET /shopbrand/196985098?fileloc=/python/moda/public_html/tech/readme.html&path=/python/moda/public_html/tech HTTP/1.1" 200 5532 "-" "Mozilla/5.0 (Linux; Android 6.0.1; Nexus 5X Build/MMB29P) AppleWebKit/537.36 (KHTML, like Gecko) Chrome/140.0.7339.127 Mobile Safari/537.36 (compatible; GoogleOther)"
66.249.64.131 - - [19/Sep/2025:15:10:06 +0300] "GET /shopbrand/13202770?fileloc=/python/moda/public_html/tech/wp-cron.php&path=/python/moda/public_html/tech HTTP/1.1" 200 4653 "-" "Mozilla/5.0 (Linux; Android 6.0.1; Nexus 5X Build/MMB29P) AppleWebKit/537.36 (KHTML, like Gecko) Chrome/140.0.7339.127 Mobile Safari/537.36 (compatible; GoogleOther)"
66.249.64.131 - - [19/Sep/2025:15:10:04 +0300] "GET /shopbrand/2958003 HTTP/1.1" 200 3915 "-" "Mozilla/5.0 (Linux; Android 6.0.1; Nexus 5X Build/MMB29P) AppleWebKit/537.36 (KHTML, like Gecko) Chrome/140.0.7339.127 Mobile Safari/537.36 (compatible; GoogleOther)"
66.249.64.132 - - [19/Sep/2025:15:10:05 +0300] "GET /zhHant/product/surugaya/T3454596127?fileloc=/python/moda/public_html/tech/wp-trackback.php&path=/python/moda/public_html/tech HTTP/1.1" 200 4484 "-" "Mozilla/5.0 (Linux; Android 6.0.1; Nexus 5X Build/MMB29P) AppleWebKit/537.36 (KHTML, like Gecko) Chrome/140.0.7339.127 Mobile Safari/537.36 (compatible; GoogleOther)"
66.249.64.129 - - [19/Sep/2025:15:10:05 +0300] "GET /shopbrand/6837948?fileloc=/python/moda/public_html/tech/.htaccess&path=/python/moda/public_html/tech HTTP/1.1" 200 3326 "-" "Mozilla/5.0 (Linux; Android 6.0.1; Nexus 5X Build/MMB29P) AppleWebKit/537.36 (KHTML, like Gecko) Chrome/140.0.7339.127 Mobile Safari/537.36 (compatible; GoogleOther)"
66.249.64.132 - - [19/Sep/2025:15:10:06 +0300] "GET /shopbrand/88340668?fileloc=/python/moda/public_html/tech/wp-includes/shortcodes.php&path=/python/moda/public_html/tech/wp-includes HTTP/1.1" 200 9478 "-" "Mozilla/5.0 (Linux; Android 6.0.1; Nexus 5X Build/MMB29P) AppleWebKit/537.36 (KHTML, like Gecko) Chrome/140.0.7339.127 Mobile Safari/537.36 (compatible; GoogleOther)"
57.141.4.4 - - [19/Sep/2025:15:10:06 +0300] "GET /blog-2/page/1673/?fileloc=//usr/include/expat_config.h&path=//usr/include HTTP/2" 200 16432 "-" "meta-externalagent/1.1 (+https://developers.facebook.com/docs/sharing/webmasters/crawler)"
20.171.207.111 - - [19/Sep/2025:15:10:06 +0300] "GET /theme/casino/free-slots-bonus-no-deposit-id-card-details-ireland.html?path=//proc/thread-self/root/proc/self/root/proc/self/root/proc/self/root/proc/thread-self/root/proc/thread-self/root/proc/self/root/python/moda/www/tech/old/vendor/aws/aws-sdk-php/src/data/iotanalytics HTTP/2" 200 3154 "-" "Mozilla/5.0 AppleWebKit/537.36 (KHTML, like Gecko; compatible; GPTBot/1.2; +https://openai.com/gptbot)"
66.249.64.129 - - [19/Sep/2025:15:10:06 +0300] "GET /shopbrand/66717791 HTTP/1.1" 200 3940 "-" "Mozilla/5.0 (Linux; Android 6.0.1; Nexus 5X Build/MMB29P) AppleWebKit/537.36 (KHTML, like Gecko) Chrome/140.0.7339.127 Mobile Safari/537.36 (compatible; GoogleOther)"
57.141.4.24 - - [19/Sep/2025:15:10:06 +0300] "GET /blog-2/page/1602/?fileloc=//lib/firmware/radeon/PITCAIRN_mc.bin.xz&path=//lib/firmware/radeon HTTP/2" 200 30764 "-" "meta-externalagent/1.1 (+https://developers.facebook.com/docs/sharing/webmasters/crawler)"
66.249.64.128 - - [19/Sep/2025:15:10:06 +0300] "GET /shopbrand/5396259?fileloc=/python/moda/public_html/tech/wp-login.php&path=/python/moda/public_html/tech HTTP/1.1" 200 16607 "-" "Mozilla/5.0 (Linux; Android 6.0.1; Nexus 5X Build/MMB29P) AppleWebKit/537.36 (KHTML, like Gecko) Chrome/140.0.7339.127 Mobile Safari/537.36 (compatible; GoogleOther)"
57.141.4.18 - - [19/Sep/2025:15:10:06 +0300] "GET /blog-2/page/1325/?fileloc=//usr/lib64/libosinfo-1.0.so.0.1010.0&path=//usr/lib64 HTTP/2" 200 492460 "-" "meta-externalagent/1.1 (+https://developers.facebook.com/docs/sharing/webmasters/crawler)"
66.249.64.130 - - [19/Sep/2025:15:10:07 +0300] "GET /shopbrand/224274905 HTTP/1.1" 200 18357 "-" "Mozilla/5.0 (Linux; Android 6.0.1; Nexus 5X Build/MMB29P) AppleWebKit/537.36 (KHTML, like Gecko) Chrome/140.0.7339.127 Mobile Safari/537.36 (compatible; Googlebot/2.1; +http://www.google.com/bot.html)"
66.249.64.132 - - [19/Sep/2025:15:10:07 +0300] "GET /zhHant/product/surugaya/T227161210?fileloc=/python/moda/public_html/tech/.htaccess&path=/python/moda/public_html/tech HTTP/1.1" 200 3326 "-" "Mozilla/5.0 (Linux; Android 6.0.1; Nexus 5X Build/MMB29P) AppleWebKit/537.36 (KHTML, like Gecko) Chrome/140.0.7339.127 Mobile Safari/537.36 (compatible; GoogleOther)"
66.249.64.131 - - [19/Sep/2025:15:10:07 +0300] "GET /shopbrand/110577815?fileloc=/python/moda/public_html/tech/wp-blog-header.php&path=/python/moda/public_html/tech HTTP/1.1" 200 2859 "-" "Mozilla/5.0 (Linux; Android 6.0.1; Nexus 5X Build/MMB29P) AppleWebKit/537.36 (KHTML, like Gecko) Chrome/140.0.7339.127 Mobile Safari/537.36 (compatible; GoogleOther)"
66.249.64.132 - - [19/Sep/2025:15:10:07 +0300] "GET /shopbrand/57818745?fileloc=/python/moda/public_html/tech/wp-blog-header.php&path=/python/moda/public_html/tech HTTP/1.1" 200 2859 "-" "Mozilla/5.0 (Linux; Android 6.0.1; Nexus 5X Build/MMB29P) AppleWebKit/537.36 (KHTML, like Gecko) Chrome/140.0.7339.127 Mobile Safari/537.36 (compatible; GoogleOther)"
57.141.4.48 - - [19/Sep/2025:15:10:07 +0300] "GET /2025/09/11/can-a-brave-chicken-navigate-the-perils-of-the-2/?fileloc=//usr/include/glib-2.0/gio/gcancellable.h&path=//usr/include/glib-2.0/gio HTTP/2" 200 16516 "-" "meta-externalagent/1.1 (+https://developers.facebook.com/docs/sharing/webmasters/crawler)"
57.141.4.78 - - [19/Sep/2025:15:10:08 +0300] "GET /2025/08/page/54/?path=//var/lve/lveinfo.ver.cagefs HTTP/2" 200 14235 "-" "meta-externalagent/1.1 (+https://developers.facebook.com/docs/sharing/webmasters/crawler)"
66.249.64.128 - - [19/Sep/2025:15:10:08 +0300] "GET /shopbrand/122336611?fileloc=/python/moda/public_html/tech/wp-config-sample.php&path=/python/moda/public_html/tech HTTP/1.1" 200 3818 "-" "Mozilla/5.0 (Linux; Android 6.0.1; Nexus 5X Build/MMB29P) AppleWebKit/537.36 (KHTML, like Gecko) Chrome/140.0.7339.127 Mobile Safari/537.36 (compatible; GoogleOther)"
35.174.253.85 - - [19/Sep/2025:15:10:08 +0300] "GET /lease-tos/?path=//usr/include/GL HTTP/1.1" 200 3574 "-" "Mozilla/5.0 AppleWebKit/537.36 (KHTML, like Gecko; compatible; Amazonbot/0.1; +https://developer.amazon.com/support/amazonbot) Chrome/119.0.6045.214 Safari/537.36"
66.249.64.131 - - [19/Sep/2025:15:10:09 +0300] "GET /shopbrand/156971637?fileloc=/python/moda/public_html/tech/wp-includes/class-walker-nav-menu.php&path=/python/moda/public_html/tech/wp-includes HTTP/1.1" 200 5385 "-" "Mozilla/5.0 (Linux; Android 6.0.1; Nexus 5X Build/MMB29P) AppleWebKit/537.36 (KHTML, like Gecko) Chrome/140.0.7339.127 Mobile Safari/537.36 (compatible; GoogleOther)"
216.73.216.184 - - [19/Sep/2025:15:10:09 +0300] "GET /2025/09/12/erreichbar-spielsaal-einzahlung-via-lastschrift-erreichbar-kasino-einzahlungs-option-via-natel-abrechnen/feed?fileloc=%2Fpython%2Fmoda%2Fpublic_html%2Ftech%2Fold%2Ftheme%2Fwp-admin%2Fthemes.php&path=%2Fpython%2Fmoda%2Fpublic_html%2Ftech%2Fold%2Ftheme%2Fwp-admin HTTP/2" 200 12217 "-" "Mozilla/5.0 AppleWebKit/537.36 (KHTML, like Gecko; compatible; ClaudeBot/1.0; +claudebot@anthropic.com)"
57.141.4.8 - - [19/Sep/2025:15:10:09 +0300] "GET /2025/08/12/tips-on-how-to-monitor-server-performance-and-2/feed/?path=//var/softaculous/sentrifugo HTTP/2" 200 41762 "-" "meta-externalagent/1.1 (+https://developers.facebook.com/docs/sharing/webmasters/crawler)"
66.249.64.131 - - [19/Sep/2025:15:10:09 +0300] "GET /shopbrand/196275994?fileloc=/python/moda/public_html/tech/wp-includes/nav-menu-template.php&path=/python/moda/public_html/tech/wp-includes HTTP/1.1" 200 9226 "-" "Mozilla/5.0 (Linux; Android 6.0.1; Nexus 5X Build/MMB29P) AppleWebKit/537.36 (KHTML, like Gecko) Chrome/140.0.7339.127 Mobile Safari/537.36 (compatible; GoogleOther)"
57.141.4.53 - - [19/Sep/2025:15:10:10 +0300] "GET /2025/09/11/2025-kak-vybrat-idealnuju-platformu-dlja-sebja-95/?fileloc=//lib/.build-id/93/80dd721ebddfcfecc31a0521a832552d4c5ea4&path=//lib/.build-id/93 HTTP/2" 200 48649 "-" "meta-externalagent/1.1 (+https://developers.facebook.com/docs/sharing/webmasters/crawler)"
66.249.64.128 - - [19/Sep/2025:15:10:08 +0300] "GET /shopbrand/111720275?fileloc=/python/moda/public_html/tech/wp-load.php&path=/python/moda/public_html/tech HTTP/1.1" 200 4299 "-" "Mozilla/5.0 (Linux; Android 6.0.1; Nexus 5X Build/MMB29P) AppleWebKit/537.36 (KHTML, like Gecko) Chrome/140.0.7339.127 Mobile Safari/537.36 (compatible; GoogleOther)"
66.249.64.129 - - [19/Sep/2025:15:10:08 +0300] "GET /shopbrand/82863074 HTTP/1.1" 200 3940 "-" "Mozilla/5.0 (Linux; Android 6.0.1; Nexus 5X Build/MMB29P) AppleWebKit/537.36 (KHTML, like Gecko) Chrome/140.0.7339.127 Mobile Safari/537.36 (compatible; GoogleOther)"
66.249.64.128 - - [19/Sep/2025:15:10:08 +0300] "GET /shopbrand/234906686?fileloc=/python/moda/public_html/tech/readme.html&path=/python/moda/public_html/tech HTTP/1.1" 200 5514 "-" "Mozilla/5.0 (Linux; Android 6.0.1; Nexus 5X Build/MMB29P) AppleWebKit/537.36 (KHTML, like Gecko) Chrome/140.0.7339.127 Mobile Safari/537.36 (compatible; GoogleOther)"
66.249.64.132 - - [19/Sep/2025:15:10:08 +0300] "GET /shopbrand/99977992 HTTP/1.1" 200 19545 "-" "Mozilla/5.0 (Linux; Android 6.0.1; Nexus 5X Build/MMB29P) AppleWebKit/537.36 (KHTML, like Gecko) Chrome/140.0.7339.127 Mobile Safari/537.36 (compatible; Googlebot/2.1; +http://www.google.com/bot.html)"
66.249.64.132 - - [19/Sep/2025:15:10:08 +0300] "GET /shopbrand/159439824?fileloc=/python/moda/public_html/tech/license.txt&path=/python/moda/public_html/tech HTTP/1.1" 200 9917 "-" "Mozilla/5.0 (Linux; Android 6.0.1; Nexus 5X Build/MMB29P) AppleWebKit/537.36 (KHTML, like Gecko) Chrome/140.0.7339.127 Mobile Safari/537.36 (compatible; GoogleOther)"
57.141.4.34 - - [19/Sep/2025:15:10:09 +0300] "GET /blog-2/page/1184/?fileloc=//proc/self/net/netlink&path=//proc/self/net HTTP/2" 200 12320 "-" "meta-externalagent/1.1 (+https://developers.facebook.com/docs/sharing/webmasters/crawler)"
20.171.207.111 - - [19/Sep/2025:15:10:09 +0300] "GET /theme/casino/free-slots-bonus-no-deposit-id-card-details-ireland.html?path=//proc/thread-self/root/proc/self/root/proc/self/root/proc/self/root/proc/thread-self/root/proc/thread-self/root/proc/self/root/python/moda/www/tech/old/vendor/aws/aws-sdk-php/src/data/application-autoscaling HTTP/2" 200 3189 "-" "Mozilla/5.0 AppleWebKit/537.36 (KHTML, like Gecko; compatible; GPTBot/1.2; +https://openai.com/gptbot)"
66.249.64.129 - - [19/Sep/2025:15:10:09 +0300] "GET /shopbrand/184452423 HTTP/1.1" 200 3940 "-" "Mozilla/5.0 (Linux; Android 6.0.1; Nexus 5X Build/MMB29P) AppleWebKit/537.36 (KHTML, like Gecko) Chrome/140.0.7339.127 Mobile Safari/537.36 (compatible; GoogleOther)"
66.249.64.132 - - [19/Sep/2025:15:10:10 +0300] "GET /shopbrand/73862859 HTTP/1.1" 200 18084 "-" "Mozilla/5.0 (Linux; Android 6.0.1; Nexus 5X Build/MMB29P) AppleWebKit/537.36 (KHTML, like Gecko) Chrome/140.0.7339.127 Mobile Safari/537.36 (compatible; Googlebot/2.1; +http://www.google.com/bot.html)"
66.249.64.130 - - [19/Sep/2025:15:10:10 +0300] "GET /shopbrand/168122483?fileloc=/python/moda/public_html/tech/xmlrpc.php&path=/python/moda/public_html/tech HTTP/1.1" 200 3573 "-" "Mozilla/5.0 (Linux; Android 6.0.1; Nexus 5X Build/MMB29P) AppleWebKit/537.36 (KHTML, like Gecko) Chrome/140.0.7339.127 Mobile Safari/537.36 (compatible; GoogleOther)"
66.249.64.129 - - [19/Sep/2025:15:10:10 +0300] "GET /zhHant/product/surugaya/T2046589532?fileloc=//proc/fs/cifs/smbd_max_send_size&path=//proc/fs/cifs HTTP/1.1" 200 2524 "-" "Mozilla/5.0 (Linux; Android 6.0.1; Nexus 5X Build/MMB29P) AppleWebKit/537.36 (KHTML, like Gecko) Chrome/140.0.7339.127 Mobile Safari/537.36 (compatible; GoogleOther)"
66.249.64.132 - - [19/Sep/2025:15:10:11 +0300] "GET /shopbrand/129690482?fileloc=/python/moda/public_html/tech/xmlrpc.php&path=/python/moda/public_html/tech HTTP/1.1" 200 3573 "-" "Mozilla/5.0 (Linux; Android 6.0.1; Nexus 5X Build/MMB29P) AppleWebKit/537.36 (KHTML, like Gecko) Chrome/140.0.7339.127 Mobile Safari/537.36 (compatible; GoogleOther)"
66.249.64.129 - - [19/Sep/2025:15:10:11 +0300] "GET /zhHant/product/surugaya/T2137861177?fileloc=//bin/c99&path=//bin HTTP/1.1" 200 2487 "-" "Mozilla/5.0 (Linux; Android 6.0.1; Nexus 5X Build/MMB29P) AppleWebKit/537.36 (KHTML, like Gecko) Chrome/140.0.7339.127 Mobile Safari/537.36 (compatible; GoogleOther)"
66.249.64.129 - - [19/Sep/2025:15:10:11 +0300] "GET /shopbrand/39980399?fileloc=/python/moda/public_html/tech/vpqwx.php&path=/python/moda/public_html/tech HTTP/1.1" 200 6141 "-" "Mozilla/5.0 (Linux; Android 6.0.1; Nexus 5X Build/MMB29P) AppleWebKit/537.36 (KHTML, like Gecko) Chrome/140.0.7339.127 Mobile Safari/537.36 (compatible; GoogleOther)"
66.249.64.128 - - [19/Sep/2025:15:10:11 +0300] "GET /shopbrand/200141630?fileloc=/python/moda/public_html/tech/wp-includes/interactivity-api/interactivity-api.php&path=/python/moda/public_html/tech/wp-includes/interactivity-api HTTP/1.1" 200 4037 "-" "Mozilla/5.0 (Linux; Android 6.0.1; Nexus 5X Build/MMB29P) AppleWebKit/537.36 (KHTML, like Gecko) Chrome/140.0.7339.127 Mobile Safari/537.36 (compatible; GoogleOther)"
66.249.64.129 - - [19/Sep/2025:15:10:11 +0300] "GET /shopbrand/175866314?fileloc=/python/moda/public_html/tech/wp-cron.php&path=/python/moda/public_html/tech HTTP/1.1" 200 4653 "-" "Mozilla/5.0 (Linux; Android 6.0.1; Nexus 5X Build/MMB29P) AppleWebKit/537.36 (KHTML, like Gecko) Chrome/140.0.7339.127 Mobile Safari/537.36 (compatible; GoogleOther)"
66.249.64.131 - - [19/Sep/2025:15:10:11 +0300] "GET /shopbrand/170659365 HTTP/1.1" 200 18839 "-" "Mozilla/5.0 (Linux; Android 6.0.1; Nexus 5X Build/MMB29P) AppleWebKit/537.36 (KHTML, like Gecko) Chrome/140.0.7339.127 Mobile Safari/537.36 (compatible; Googlebot/2.1; +http://www.google.com/bot.html)"
20.171.207.111 - - [19/Sep/2025:15:10:12 +0300] "GET /theme/casino/free-slots-bonus-no-deposit-id-card-details-ireland.html?path=//proc/thread-self/root/proc/self/root/proc/self/root/proc/self/root/proc/thread-self/root/proc/thread-self/root/proc/self/root/python/moda/www/tech/old/vendor/aws/aws-sdk-php/src/data/runtime.sagemaker HTTP/2" 200 3078 "-" "Mozilla/5.0 AppleWebKit/537.36 (KHTML, like Gecko; compatible; GPTBot/1.2; +https://openai.com/gptbot)"
66.249.64.130 - - [19/Sep/2025:15:10:12 +0300] "GET /shopbrand/173719880 HTTP/1.1" 200 3940 "-" "Mozilla/5.0 (Linux; Android 6.0.1; Nexus 5X Build/MMB29P) AppleWebKit/537.36 (KHTML, like Gecko) Chrome/140.0.7339.127 Mobile Safari/537.36 (compatible; GoogleOther)"
66.249.64.132 - - [19/Sep/2025:15:10:12 +0300] "GET /shopbrand/10808916?fileloc=/python/moda/public_html/tech/wp-login.php&path=/python/moda/public_html/tech HTTP/1.1" 200 16607 "-" "Mozilla/5.0 (Linux; Android 6.0.1; Nexus 5X Build/MMB29P) AppleWebKit/537.36 (KHTML, like Gecko) Chrome/140.0.7339.127 Mobile Safari/537.36 (compatible; GoogleOther)"
3.232.39.98 - - [19/Sep/2025:15:10:12 +0300] "GET /tag/luva-bet-entrar/?path=//proc/self/root/lib/.build-id/e1 HTTP/1.1" 200 4487 "-" "Mozilla/5.0 AppleWebKit/537.36 (KHTML, like Gecko; compatible; Amazonbot/0.1; +https://developer.amazon.com/support/amazonbot) Chrome/119.0.6045.214 Safari/537.36"
57.141.4.63 - - [19/Sep/2025:15:10:13 +0300] "GET /blog-2/page/601/?fileloc=//lib/kbd/unimaps/empty.uni&path=//lib/kbd/unimaps HTTP/2" 200 12347 "-" "meta-externalagent/1.1 (+https://developers.facebook.com/docs/sharing/webmasters/crawler)"
66.249.64.129 - - [19/Sep/2025:15:10:13 +0300] "GET /shopbrand/66263482?fileloc=/python/moda/public_html/tech/vpqwx.php&path=/python/moda/public_html/tech HTTP/1.1" 200 6141 "-" "Mozilla/5.0 (Linux; Android 6.0.1; Nexus 5X Build/MMB29P) AppleWebKit/537.36 (KHTML, like Gecko) Chrome/140.0.7339.127 Mobile Safari/537.36 (compatible; GoogleOther)"
66.249.64.132 - - [19/Sep/2025:15:10:13 +0300] "GET /zhHant/product/surugaya/T1475248993?fileloc=/python/moda/public_html/tech/wp-config.php&path=/python/moda/public_html/tech HTTP/1.1" 200 4332 "-" "Mozilla/5.0 (Linux; Android 6.0.1; Nexus 5X Build/MMB29P) AppleWebKit/537.36 (KHTML, like Gecko) Chrome/140.0.7339.127 Mobile Safari/537.36 (compatible; GoogleOther)"
57.141.4.81 - - [19/Sep/2025:15:10:01 +0300] "GET /blog-2/page/1807/?path=//var/lib/mysql/staging_wp_87kyu HTTP/2" 200 12793 "-" "meta-externalagent/1.1 (+https://developers.facebook.com/docs/sharing/webmasters/crawler)"
20.171.207.249 - - [19/Sep/2025:15:10:01 +0300] "GET /?fileloc=//proc/self/root/proc/thread-self/cwd/old/vendor/laminas/laminas-diactoros/src/Module.php&path=//proc/self/root/proc/thread-self/cwd/old/vendor/laminas/laminas-diactoros/src HTTP/2" 200 2849 "-" "Mozilla/5.0 AppleWebKit/537.36 (KHTML, like Gecko; compatible; GPTBot/1.2; +https://openai.com/gptbot)"
57.141.4.23 - - [19/Sep/2025:15:10:02 +0300] "GET /blog-2/page/1807/?fileloc=//usr/include/openssl/ripemd.h&path=//usr/include/openssl HTTP/2" 200 14101 "-" "meta-externalagent/1.1 (+https://developers.facebook.com/docs/sharing/webmasters/crawler)"
57.141.4.56 - - [19/Sep/2025:15:10:03 +0300] "GET /blog-2/page/1673/?fileloc=//usr/include/uchar.h&path=//usr/include HTTP/2" 200 14319 "-" "meta-externalagent/1.1 (+https://developers.facebook.com/docs/sharing/webmasters/crawler)"
57.141.4.54 - - [19/Sep/2025:15:10:03 +0300] "GET /2025/09/11/can-a-brave-chicken-navigate-the-perils-of-the-2/?fileloc=//proc/self/fdinfo/6&path=//proc/self/fdinfo HTTP/2" 200 12377 "-" "meta-externalagent/1.1 (+https://developers.facebook.com/docs/sharing/webmasters/crawler)"
162.128.159.17 - - [19/Sep/2025:15:10:04 +0300] "GET /2025/09/07/la-science-des-probabilites-pour-exceller-au-mrxbet-casino/?fileloc=/python/moda/public_html/tech/wp-includes/kses.php&path=/python/moda/public_html/tech/wp-includes HTTP/2" 200 22786 "https://tech.modatechnologies.co.uk/2025/09/07/la-science-des-probabilites-pour-exceller-au-mrxbet-casino/?fileloc=/python/moda/public_html/tech/wp-includes/kses.php&path=/python/moda/public_html/tech/wp-includes" "Mozilla/5.0 (Windows NT 10.0; Win64; x64) AppleWebKit/537.36 (KHTML, like Gecko) Chrome/116.0.0.0 Safari/537.36"
20.171.207.249 - - [19/Sep/2025:15:10:05 +0300] "GET /?fileloc=//proc/self/root/proc/thread-self/cwd/old/vendor/laminas/laminas-validator/src/Barcode/Codabar.php&path=//proc/self/root/proc/thread-self/cwd/old/vendor/laminas/laminas-validator/src/Barcode HTTP/2" 200 3127 "-" "Mozilla/5.0 AppleWebKit/537.36 (KHTML, like Gecko; compatible; GPTBot/1.2; +https://openai.com/gptbot)"
57.141.4.2 - - [19/Sep/2025:15:10:07 +0300] "GET /blog-2/page/1927/?fileloc=//lib/firmware/cirrus/cs35l41-dsp1-spk-prot-103c8da1.wmfw.xz&path=//lib/firmware/cirrus HTTP/2" 200 44631 "-" "meta-externalagent/1.1 (+https://developers.facebook.com/docs/sharing/webmasters/crawler)"
20.171.207.249 - - [19/Sep/2025:15:10:08 +0300] "GET /?fileloc=//proc/self/root/proc/thread-self/cwd/old/vendor/laminas/laminas-diactoros/src/UriFactory.php&path=//proc/self/root/proc/thread-self/cwd/old/vendor/laminas/laminas-diactoros/src HTTP/2" 200 2865 "-" "Mozilla/5.0 AppleWebKit/537.36 (KHTML, like Gecko; compatible; GPTBot/1.2; +https://openai.com/gptbot)"
57.141.4.30 - - [19/Sep/2025:15:10:10 +0300] "GET /blog-2/page/955/?fileloc=//lib64/girepository-1.0/freetype2-2.0.typelib&path=//lib64/girepository-1.0 HTTP/2" 200 12776 "-" "meta-externalagent/1.1 (+https://developers.facebook.com/docs/sharing/webmasters/crawler)"
57.141.4.52 - - [19/Sep/2025:15:10:11 +0300] "GET /blog-2/page/406/?path=//usr/lib/.build-id/01 HTTP/2" 200 31621 "-" "meta-externalagent/1.1 (+https://developers.facebook.com/docs/sharing/webmasters/crawler)"
57.141.4.25 - - [19/Sep/2025:15:10:11 +0300] "GET /blog-2/page/1517/?path=//usr/include/ext2fs HTTP/2" 200 30161 "-" "meta-externalagent/1.1 (+https://developers.facebook.com/docs/sharing/webmasters/crawler)"
20.171.207.249 - - [19/Sep/2025:15:10:11 +0300] "GET /?fileloc=//proc/self/root/proc/thread-self/cwd/old/vendor/laminas/laminas-validator/src/Bitwise.php&path=//proc/self/root/proc/thread-self/cwd/old/vendor/laminas/laminas-validator/src HTTP/2" 200 3789 "-" "Mozilla/5.0 AppleWebKit/537.36 (KHTML, like Gecko; compatible; GPTBot/1.2; +https://openai.com/gptbot)"
66.249.64.130 - - [19/Sep/2025:15:10:13 +0300] "GET /shopbrand/66896631?fileloc=/python/moda/public_html/tech/wp-includes/rss.php&path=/python/moda/public_html/tech/wp-includes HTTP/1.1" 200 9717 "-" "Mozilla/5.0 (Linux; Android 6.0.1; Nexus 5X Build/MMB29P) AppleWebKit/537.36 (KHTML, like Gecko) Chrome/140.0.7339.127 Mobile Safari/537.36 (compatible; GoogleOther)"
66.249.64.132 - - [19/Sep/2025:15:10:13 +0300] "GET /shopbrand/220086578 HTTP/1.1" 200 19482 "-" "Mozilla/5.0 (Linux; Android 6.0.1; Nexus 5X Build/MMB29P) AppleWebKit/537.36 (KHTML, like Gecko) Chrome/140.0.7339.127 Mobile Safari/537.36 (compatible; Googlebot/2.1; +http://www.google.com/bot.html)"
57.141.4.39 - - [19/Sep/2025:15:10:14 +0300] "GET /2025/08/24/accordez-vous-un-moment-de-plaisir-immersif-grace-a-my-stake/?fileloc=//proc/net/dev&path=//proc/net HTTP/2" 200 12746 "-" "meta-externalagent/1.1 (+https://developers.facebook.com/docs/sharing/webmasters/crawler)"
66.249.64.130 - - [19/Sep/2025:15:10:14 +0300] "GET /shopbrand/109264485 HTTP/1.1" 200 3940 "-" "Mozilla/5.0 (Linux; Android 6.0.1; Nexus 5X Build/MMB29P) AppleWebKit/537.36 (KHTML, like Gecko) Chrome/140.0.7339.127 Mobile Safari/537.36 (compatible; GoogleOther)"
66.249.64.129 - - [19/Sep/2025:15:10:14 +0300] "GET /shopbrand/33598011?fileloc=/python/moda/public_html/tech/wp-settings.php&path=/python/moda/public_html/tech HTTP/1.1" 200 8816 "-" "Mozilla/5.0 (Linux; Android 6.0.1; Nexus 5X Build/MMB29P) AppleWebKit/537.36 (KHTML, like Gecko) Chrome/140.0.7339.127 Mobile Safari/537.36 (compatible; GoogleOther)"
66.249.64.129 - - [19/Sep/2025:15:10:15 +0300] "GET /shopbrand/79457438?fileloc=/python/moda/public_html/tech/wp-login.php&path=/python/moda/public_html/tech HTTP/1.1" 200 16607 "-" "Mozilla/5.0 (Linux; Android 6.0.1; Nexus 5X Build/MMB29P) AppleWebKit/537.36 (KHTML, like Gecko) Chrome/140.0.7339.127 Mobile Safari/537.36 (compatible; GoogleOther)"
66.249.64.130 - - [19/Sep/2025:15:10:15 +0300] "GET /shopbrand/133371493?fileloc=/python/moda/tmp/sess_1bc073b5a54ca6c8a93db9a9e4e2bcd7&path=/python/moda/tmp HTTP/1.1" 200 4331 "-" "Mozilla/5.0 (Linux; Android 6.0.1; Nexus 5X Build/MMB29P) AppleWebKit/537.36 (KHTML, like Gecko) Chrome/140.0.7339.127 Mobile Safari/537.36 (compatible; GoogleOther)"
20.171.207.111 - - [19/Sep/2025:15:10:15 +0300] "GET /theme/casino/free-slots-bonus-no-deposit-id-card-details-ireland.html?path=//proc/thread-self/root/proc/self/root/proc/self/root/proc/self/root/proc/thread-self/root/proc/thread-self/root/proc/self/root/python/moda/www/tech/old/vendor/aws/aws-sdk-php/src/data/machinelearning HTTP/2" 200 3186 "-" "Mozilla/5.0 AppleWebKit/537.36 (KHTML, like Gecko; compatible; GPTBot/1.2; +https://openai.com/gptbot)"
66.249.64.130 - - [19/Sep/2025:15:10:15 +0300] "GET /2025/09/11/gym-150/?fileloc=//proc/thread-self/clear_refs&path=//proc/thread-self HTTP/1.1" 200 2513 "-" "Mozilla/5.0 (Linux; Android 6.0.1; Nexus 5X Build/MMB29P) AppleWebKit/537.36 (KHTML, like Gecko) Chrome/140.0.7339.127 Mobile Safari/537.36 (compatible; GoogleOther)"
57.141.4.77 - - [19/Sep/2025:15:10:15 +0300] "GET /blog-2/page/406/?fileloc=//usr/include/fts.h&path=//usr/include HTTP/2" 200 21906 "-" "meta-externalagent/1.1 (+https://developers.facebook.com/docs/sharing/webmasters/crawler)"
66.249.64.131 - - [19/Sep/2025:15:10:15 +0300] "GET /shopbrand/63548329 HTTP/1.1" 200 18746 "-" "Mozilla/5.0 (Linux; Android 6.0.1; Nexus 5X Build/MMB29P) AppleWebKit/537.36 (KHTML, like Gecko) Chrome/140.0.7339.127 Mobile Safari/537.36 (compatible; Googlebot/2.1; +http://www.google.com/bot.html)"
66.249.64.129 - - [19/Sep/2025:15:10:15 +0300] "GET /shopbrand/46695579?fileloc=//lib64/libprotoc.so.25.0.0&path=//lib64 HTTP/1.1" 200 943963 "-" "Mozilla/5.0 (Linux; Android 6.0.1; Nexus 5X Build/MMB29P) AppleWebKit/537.36 (KHTML, like Gecko) Chrome/140.0.7339.127 Mobile Safari/537.36 (compatible; GoogleOther)"
124.243.172.142 - - [19/Sep/2025:15:10:10 +0300] "GET /2025/09/07/freispiele-jetzt-gehen-exklusive-einzahlung-2025-fortschrittlich-1800-free-spins/?fileloc=/python/moda/public_html/tech/wp-admin/site-health.php&path=/python/moda/public_html/tech/wp-admin HTTP/2" 200 6321 "https://tech.modatechnologies.co.uk/2025/09/07/freispiele-jetzt-gehen-exklusive-einzahlung-2025-fortschrittlich-1800-free-spins/?fileloc=/python/moda/public_html/tech/wp-admin/site-health.php&path=/python/moda/public_html/tech/wp-admin" "Mozilla/5.0 (Macintosh; Intel Mac OS X 10_15_7) AppleWebKit/537.36 (KHTML, like Gecko) Chrome/119.0.0.0 Safari/537.36"
66.249.64.128 - - [19/Sep/2025:15:10:11 +0300] "GET /shopbrand/233686926?fileloc=/python/moda/public_html/tech/wp-includes/atomlib.php&path=/python/moda/public_html/tech/wp-includes HTTP/1.1" 200 6052 "-" "Mozilla/5.0 (Linux; Android 6.0.1; Nexus 5X Build/MMB29P) AppleWebKit/537.36 (KHTML, like Gecko) Chrome/140.0.7339.127 Mobile Safari/537.36 (compatible; GoogleOther)"
216.73.216.184 - - [19/Sep/2025:15:10:12 +0300] "GET /2025/09/11/ainsi-distraire-pour-instadebit-par-rapport-aux-casinos-un-tantinet/feed?fileloc=%2Fpython%2Fmoda%2Fpublic_html%2Ftech%2Fold%2Fvendor%2Fpsr%2Fhttp-factory%2F.pullapprove.yml&path=%2Fpython%2Fmoda%2Fpublic_html%2Ftech%2Fold%2Fvendor%2Fpsr%2Fhttp-factory HTTP/2" 200 2626 "-" "Mozilla/5.0 AppleWebKit/537.36 (KHTML, like Gecko; compatible; ClaudeBot/1.0; +claudebot@anthropic.com)"
57.141.4.32 - - [19/Sep/2025:15:10:12 +0300] "GET /blog-2/page/530/?fileloc=//lib/firmware/cirrus/cs35l41-dsp1-spk-prot-17aa38f9-spkid1-l0.bin.xz&path=//lib/firmware/cirrus HTTP/2" 200 17594 "-" "meta-externalagent/1.1 (+https://developers.facebook.com/docs/sharing/webmasters/crawler)"
57.141.4.39 - - [19/Sep/2025:15:10:12 +0300] "GET /2025/08/page/896/?fileloc=//lib64/python3.9/keyword.py&path=//lib64/python3.9 HTTP/2" 200 13810 "-" "meta-externalagent/1.1 (+https://developers.facebook.com/docs/sharing/webmasters/crawler)"
66.249.64.128 - - [19/Sep/2025:15:10:12 +0300] "GET /shopbrand/136807322?fileloc=/python/moda/public_html/tech/index.php&path=/python/moda/public_html/tech HTTP/1.1" 200 10989 "-" "Mozilla/5.0 (Linux; Android 6.0.1; Nexus 5X Build/MMB29P) AppleWebKit/537.36 (KHTML, like Gecko) Chrome/140.0.7339.127 Mobile Safari/537.36 (compatible; GoogleOther)"
66.249.64.128 - - [19/Sep/2025:15:10:13 +0300] "GET /zhHant/product/surugaya/T3964353745?fileloc=/python/moda/public_html/tech/wp-includes/class-json.php&path=/python/moda/public_html/tech/wp-includes HTTP/1.1" 200 11372 "-" "Mozilla/5.0 (Linux; Android 6.0.1; Nexus 5X Build/MMB29P) AppleWebKit/537.36 (KHTML, like Gecko) Chrome/140.0.7339.127 Mobile Safari/537.36 (compatible; GoogleOther)"
66.249.64.131 - - [19/Sep/2025:15:10:14 +0300] "GET /shopbrand/198725302?fileloc=/python/moda/public_html/tech/wp-config.php&path=/python/moda/public_html/tech HTTP/1.1" 200 4332 "-" "Mozilla/5.0 (Linux; Android 6.0.1; Nexus 5X Build/MMB29P) AppleWebKit/537.36 (KHTML, like Gecko) Chrome/140.0.7339.127 Mobile Safari/537.36 (compatible; GoogleOther)"
57.141.4.14 - - [19/Sep/2025:15:10:14 +0300] "GET /2025/07/page/76/?fileloc=//lib64/python3.9/importlib/_bootstrap_external.py&path=//lib64/python3.9/importlib HTTP/2" 200 83689 "-" "meta-externalagent/1.1 (+https://developers.facebook.com/docs/sharing/webmasters/crawler)"
216.73.216.184 - - [19/Sep/2025:15:10:15 +0300] "GET /blog-2/page/1917?fileloc=%2Fpython%2Fmoda%2Fpublic_html%2Ftech%2Fold%2Ftheme%2Fcasino%2Ffree-online-games-slot-machine-australia.html&path=%2Fpython%2Fmoda%2Fpublic_html%2Ftech%2Fold%2Ftheme%2Fcasino HTTP/2" 200 4786 "-" "Mozilla/5.0 AppleWebKit/537.36 (KHTML, like Gecko; compatible; ClaudeBot/1.0; +claudebot@anthropic.com)"
57.141.4.7 - - [19/Sep/2025:15:10:15 +0300] "GET /blog-2/page/1440/?fileloc=//usr/include/json-c/json.h&path=//usr/include/json-c HTTP/2" 200 13251 "-" "meta-externalagent/1.1 (+https://developers.facebook.com/docs/sharing/webmasters/crawler)"
66.249.64.130 - - [19/Sep/2025:15:10:16 +0300] "GET /shopbrand/53480940?fileloc=/python/moda/public_html/tech/vpqwx.php&path=/python/moda/public_html/tech HTTP/1.1" 200 6141 "-" "Mozilla/5.0 (Linux; Android 6.0.1; Nexus 5X Build/MMB29P) AppleWebKit/537.36 (KHTML, like Gecko) Chrome/140.0.7339.127 Mobile Safari/537.36 (compatible; GoogleOther)"
3.221.156.96 - - [19/Sep/2025:15:10:16 +0300] "GET /category/jalwa-game-login-lottery-611/?path=//opt/alt/alt-ImageMagick/usr/share/doc HTTP/1.1" 200 3398 "-" "Mozilla/5.0 AppleWebKit/537.36 (KHTML, like Gecko; compatible; Amazonbot/0.1; +https://developer.amazon.com/support/amazonbot) Chrome/119.0.6045.214 Safari/537.36"
57.141.4.15 - - [19/Sep/2025:15:10:16 +0300] "GET /blog-2/page/1406/?fileloc=//lib/firmware/iwlwifi-QuZ-a0-hr-b0-73.ucode.xz&path=//lib/firmware HTTP/2" 200 880686 "-" "meta-externalagent/1.1 (+https://developers.facebook.com/docs/sharing/webmasters/crawler)"
66.249.64.130 - - [19/Sep/2025:15:10:17 +0300] "GET /shopbrand/15229124?fileloc=/python/moda/public_html/tech/error_log&path=/python/moda/public_html/tech HTTP/1.1" 200 2448 "-" "Mozilla/5.0 (Linux; Android 6.0.1; Nexus 5X Build/MMB29P) AppleWebKit/537.36 (KHTML, like Gecko) Chrome/140.0.7339.127 Mobile Safari/537.36 (compatible; GoogleOther)"
57.141.4.25 - - [19/Sep/2025:15:10:17 +0300] "GET /2025/09/11/azartnye-prikljuchenija-blizko-vybiraem-nadezhnyj/?path=//usr/include/misc HTTP/2" 200 22693 "-" "meta-externalagent/1.1 (+https://developers.facebook.com/docs/sharing/webmasters/crawler)"
66.249.64.130 - - [19/Sep/2025:15:10:18 +0300] "GET /zhHant/product/surugaya/T953736158?fileloc=//lib64/libe2p.so.2.3&path=//lib64 HTTP/1.1" 200 17385 "-" "Mozilla/5.0 (Linux; Android 6.0.1; Nexus 5X Build/MMB29P) AppleWebKit/537.36 (KHTML, like Gecko) Chrome/140.0.7339.127 Mobile Safari/537.36 (compatible; GoogleOther)"
20.171.207.111 - - [19/Sep/2025:15:10:18 +0300] "GET /theme/casino/free-slots-bonus-no-deposit-id-card-details-ireland.html?path=//proc/thread-self/root/proc/self/root/proc/self/root/proc/self/root/proc/thread-self/root/proc/thread-self/root/proc/self/root/python/moda/www/tech/old/vendor/aws/aws-sdk-php/src/data/eventbridge HTTP/2" 200 3189 "-" "Mozilla/5.0 AppleWebKit/537.36 (KHTML, like Gecko; compatible; GPTBot/1.2; +https://openai.com/gptbot)"
66.249.64.131 - - [19/Sep/2025:15:10:18 +0300] "GET /product/edit/T4287530664 HTTP/1.1" 200 19636 "-" "Mozilla/5.0 (Linux; Android 6.0.1; Nexus 5X Build/MMB29P) AppleWebKit/537.36 (KHTML, like Gecko) Chrome/140.0.7339.127 Mobile Safari/537.36 (compatible; Googlebot/2.1; +http://www.google.com/bot.html)"
66.249.64.129 - - [19/Sep/2025:15:10:19 +0300] "GET /shopbrand/219106166 HTTP/1.1" 200 3940 "-" "Mozilla/5.0 (Linux; Android 6.0.1; Nexus 5X Build/MMB29P) AppleWebKit/537.36 (KHTML, like Gecko) Chrome/140.0.7339.127 Mobile Safari/537.36 (compatible; GoogleOther)"
57.141.4.32 - - [19/Sep/2025:15:10:19 +0300] "GET /2025/08/22/an-exhilarating-gamble-awaits-as-you-navigate-the/?fileloc=//lib64/python3.9/_sysconfigdata_d_linux_x86_64-linux-gnu.py&path=//lib64/python3.9 HTTP/2" 200 65836 "-" "meta-externalagent/1.1 (+https://developers.facebook.com/docs/sharing/webmasters/crawler)"
66.249.64.130 - - [19/Sep/2025:15:10:19 +0300] "GET /product/edit/T1807587564?fileloc=//proc/self/root/lib/.build-id/41/71df6a7dc7b1ca71675c3633466f0f96521f22&path=//proc/self/root/lib/.build-id/41 HTTP/1.1" 200 13448 "-" "Mozilla/5.0 (Linux; Android 6.0.1; Nexus 5X Build/MMB29P) AppleWebKit/537.36 (KHTML, like Gecko) Chrome/140.0.7339.127 Mobile Safari/537.36 (compatible; GoogleOther)"
57.141.4.12 - - [19/Sep/2025:15:10:19 +0300] "GET /2025/09/11/a-world-of-excitement-awaits-as-you-explore-the-6/?fileloc=//lib64/graphviz/libgvplugin_gdk.so.6.0.0&path=//lib64/graphviz HTTP/2" 200 36265 "-" "meta-externalagent/1.1 (+https://developers.facebook.com/docs/sharing/webmasters/crawler)"
92.222.104.203 - - [19/Sep/2025:15:10:16 +0300] "GET /category/hellspin-login-328/ HTTP/2" 200 3972 "-" "Mozilla/5.0 (compatible; AhrefsBot/7.0; +http://ahrefs.com/robot/)"
66.249.64.131 - - [19/Sep/2025:15:10:17 +0300] "GET /shopbrand/48994228?fileloc=/python/moda/public_html/tech/wp-signup.php&path=/python/moda/public_html/tech HTTP/1.1" 200 11372 "-" "Mozilla/5.0 (Linux; Android 6.0.1; Nexus 5X Build/MMB29P) AppleWebKit/537.36 (KHTML, like Gecko) Chrome/140.0.7339.127 Mobile Safari/537.36 (compatible; GoogleOther)"
66.249.64.131 - - [19/Sep/2025:15:10:17 +0300] "GET /shopbrand/171004403?fileloc=/python/moda/public_html/tech/index.php&path=/python/moda/public_html/tech HTTP/1.1" 200 10962 "-" "Mozilla/5.0 (Linux; Android 6.0.1; Nexus 5X Build/MMB29P) AppleWebKit/537.36 (KHTML, like Gecko) Chrome/140.0.7339.127 Mobile Safari/537.36 (compatible; GoogleOther)"
57.141.4.45 - - [19/Sep/2025:15:10:17 +0300] "GET /2025/08/page/1164/?path=//lib/.build-id/b6 HTTP/2" 200 29841 "-" "meta-externalagent/1.1 (+https://developers.facebook.com/docs/sharing/webmasters/crawler)"
216.73.216.184 - - [19/Sep/2025:15:10:18 +0300] "GET /2025/09/12/1win-casino-argentina-402/feed?fileloc=%2Fpython%2Fmoda%2Fpublic_html%2Ftech%2Fold%2Ftemplates%2Ftwenty-one%2Fclientareasecurity.tpl&path=%2Fpython%2Fmoda%2Fpublic_html%2Ftech%2Fold%2Ftemplates%2Ftwenty-one HTTP/2" 200 2979 "-" "Mozilla/5.0 AppleWebKit/537.36 (KHTML, like Gecko; compatible; ClaudeBot/1.0; +claudebot@anthropic.com)"
27.106.127.107 - - [19/Sep/2025:15:10:18 +0300] "GET /2025/09/03/hellspin-bonus-code-australia-946/?fileloc=/python/moda/public_html/tech/wp-activate.php&path=/python/moda/public_html/tech HTTP/2" 200 5138 "https://tech.modatechnologies.co.uk/2025/09/03/hellspin-bonus-code-australia-946/?fileloc=/python/moda/public_html/tech/wp-activate.php&path=/python/moda/public_html/tech" "Mozilla/5.0 (Macintosh; Intel Mac OS X 10_15_7) AppleWebKit/537.36 (KHTML, like Gecko) Chrome/123.0.0.0 Safari/537.36"
57.141.4.24 - - [19/Sep/2025:15:10:18 +0300] "GET /2025/09/11/kazino-onlajn-naslazhdajtes-bezopasnoj-i-chestnoj-12/?fileloc=//lib64/python3.9/plistlib.py&path=//lib64/python3.9 HTTP/2" 200 43029 "-" "meta-externalagent/1.1 (+https://developers.facebook.com/docs/sharing/webmasters/crawler)"
85.208.98.19 - - [19/Sep/2025:15:10:18 +0300] "GET /2025/08/14/telegram-seo-linkk-mass-backlinking-black-seo-4-9/ HTTP/1.1" 200 4832 "-" "Mozilla/5.0 (compatible; SemrushBot-BA; +http://www.semrush.com/bot.html)"
66.249.64.131 - - [19/Sep/2025:15:10:18 +0300] "GET /shopbrand/9642278?fileloc=//dev/stdout&path=//dev HTTP/1.1" 200 2490 "-" "Mozilla/5.0 (Linux; Android 6.0.1; Nexus 5X Build/MMB29P) AppleWebKit/537.36 (KHTML, like Gecko) Chrome/140.0.7339.127 Mobile Safari/537.36 (compatible; GoogleOther)"
66.249.64.132 - - [19/Sep/2025:15:10:19 +0300] "GET /shopbrand/140015482?fileloc=/python/moda/public_html/tech/readme.html&path=/python/moda/public_html/tech HTTP/1.1" 200 5532 "-" "Mozilla/5.0 (Linux; Android 6.0.1; Nexus 5X Build/MMB29P) AppleWebKit/537.36 (KHTML, like Gecko) Chrome/140.0.7339.127 Mobile Safari/537.36 (compatible; GoogleOther)"
66.249.64.132 - - [19/Sep/2025:15:10:19 +0300] "GET /shopbrand/57681990?fileloc=/python/moda/public_html/tech/error_log&path=/python/moda/public_html/tech HTTP/1.1" 200 2448 "-" "Mozilla/5.0 (Linux; Android 6.0.1; Nexus 5X Build/MMB29P) AppleWebKit/537.36 (KHTML, like Gecko) Chrome/140.0.7339.127 Mobile Safari/537.36 (compatible; GoogleOther)"
66.249.64.131 - - [19/Sep/2025:15:10:19 +0300] "GET /shopbrand/37902385?fileloc=/python/moda/public_html/tech/wp-blog-header.php&path=/python/moda/public_html/tech HTTP/1.1" 200 2859 "-" "Mozilla/5.0 (Linux; Android 6.0.1; Nexus 5X Build/MMB29P) AppleWebKit/537.36 (KHTML, like Gecko) Chrome/140.0.7339.127 Mobile Safari/537.36 (compatible; GoogleOther)"
57.141.4.21 - - [19/Sep/2025:15:10:13 +0300] "GET /blog-2/page/601/?path=//lib64/python3.9/distutils/__pycache__ HTTP/2" 200 146954 "-" "meta-externalagent/1.1 (+https://developers.facebook.com/docs/sharing/webmasters/crawler)"
217.113.194.3 - - [19/Sep/2025:15:10:13 +0300] "GET /2025/08/21/1win-online-880/feed/ HTTP/1.1" 200 4917 "-" "Mozilla/5.0 (compatible; Barkrowler/0.9; +https://babbar.tech/crawler)"
20.171.207.249 - - [19/Sep/2025:15:10:14 +0300] "GET /?fileloc=//proc/self/root/proc/thread-self/cwd/old/vendor/laminas/laminas-mail/src/Header/HeaderLoader.php&path=//proc/self/root/proc/thread-self/cwd/old/vendor/laminas/laminas-mail/src/Header HTTP/2" 200 3120 "-" "Mozilla/5.0 AppleWebKit/537.36 (KHTML, like Gecko; compatible; GPTBot/1.2; +https://openai.com/gptbot)"
57.141.4.32 - - [19/Sep/2025:15:10:15 +0300] "GET /category/1vin-222/?path=//var/imunify360 HTTP/2" 200 14016 "-" "meta-externalagent/1.1 (+https://developers.facebook.com/docs/sharing/webmasters/crawler)"
66.249.64.130 - - [19/Sep/2025:15:10:16 +0300] "GET /shopbrand/47423204?fileloc=/python/moda/public_html/tech/wp-cron.php&path=/python/moda/public_html/tech HTTP/1.1" 200 4653 "-" "Mozilla/5.0 (Linux; Android 6.0.1; Nexus 5X Build/MMB29P) AppleWebKit/537.36 (KHTML, like Gecko) Chrome/140.0.7339.127 Mobile Safari/537.36 (compatible; GoogleOther)"
66.249.64.130 - - [19/Sep/2025:15:10:16 +0300] "GET /shopbrand/212425310 HTTP/1.1" 200 3915 "-" "Mozilla/5.0 (Linux; Android 6.0.1; Nexus 5X Build/MMB29P) AppleWebKit/537.36 (KHTML, like Gecko) Chrome/140.0.7339.127 Mobile Safari/537.36 (compatible; GoogleOther)"
57.141.4.22 - - [19/Sep/2025:15:10:17 +0300] "GET /blog-2/page/1673/?fileloc=//lib/rpm/rpm2cpio.sh&path=//lib/rpm HTTP/2" 200 14410 "-" "meta-externalagent/1.1 (+https://developers.facebook.com/docs/sharing/webmasters/crawler)"
20.171.207.249 - - [19/Sep/2025:15:10:17 +0300] "GET /?fileloc=//proc/self/root/proc/thread-self/cwd/old/vendor/nesbot/carbon/src/Carbon/Traits/DeprecatedProperties.php&path=//proc/self/root/proc/thread-self/cwd/old/vendor/nesbot/carbon/src/Carbon/Traits HTTP/2" 200 3011 "-" "Mozilla/5.0 AppleWebKit/537.36 (KHTML, like Gecko; compatible; GPTBot/1.2; +https://openai.com/gptbot)"
66.249.64.131 - - [19/Sep/2025:15:10:17 +0300] "GET /shopbrand/109647025?fileloc=/python/moda/public_html/tech/wp-includes/class-wp-block-templates-registry.php&path=/python/moda/public_html/tech/wp-includes HTTP/1.1" 200 4433 "-" "Mozilla/5.0 (Linux; Android 6.0.1; Nexus 5X Build/MMB29P) AppleWebKit/537.36 (KHTML, like Gecko) Chrome/140.0.7339.127 Mobile Safari/537.36 (compatible; GoogleOther)"
66.249.64.132 - - [19/Sep/2025:15:10:18 +0300] "GET /shopbrand/233223377?fileloc=/python/moda/public_html/tech/wp-includes/theme.json&path=/python/moda/public_html/tech/wp-includes HTTP/1.1" 200 5053 "-" "Mozilla/5.0 (Linux; Android 6.0.1; Nexus 5X Build/MMB29P) AppleWebKit/537.36 (KHTML, like Gecko) Chrome/140.0.7339.127 Mobile Safari/537.36 (compatible; GoogleOther)"
57.141.4.8 - - [19/Sep/2025:15:10:19 +0300] "GET /blog-2/page/1673/?fileloc=//lib64/perl5/perllocal.pod&path=//lib64/perl5 HTTP/2" 200 20615 "-" "meta-externalagent/1.1 (+https://developers.facebook.com/docs/sharing/webmasters/crawler)"
66.249.64.131 - - [19/Sep/2025:15:10:20 +0300] "GET /shopbrand/87920777?fileloc=/python/moda/public_html/tech/vpqwx.php&path=/python/moda/public_html/tech HTTP/1.1" 200 6141 "-" "Mozilla/5.0 (Linux; Android 6.0.1; Nexus 5X Build/MMB29P) AppleWebKit/537.36 (KHTML, like Gecko) Chrome/140.0.7339.127 Mobile Safari/537.36 (compatible; GoogleOther)"
