66.249.64.130 - - [19/Sep/2025:15:18:48 +0300] "POST /get-message-notify HTTP/1.1" 200 19682 "https://tech.modatechnologies.co.uk/shopbrand/70847814" "Mozilla/5.0 (Linux; Android 6.0.1; Nexus 5X Build/MMB29P) AppleWebKit/537.36 (KHTML, like Gecko) Chrome/139.0.7258.127 Mobile Safari/537.36 (compatible; Googlebot/2.1; +http://www.google.com/bot.html)"
216.73.216.184 - - [19/Sep/2025:15:18:49 +0300] "GET /category/dang-nhap-8xbet-264?fileloc=%2Fpython%2Fmoda%2Fpublic_html%2Ftech%2Fold%2Ftheme%2Fcasino%2Frummy-online-ireland.html&path=%2Fpython%2Fmoda%2Fpublic_html%2Ftech%2Fold%2Ftheme%2Fcasino HTTP/2" 200 4326 "-" "Mozilla/5.0 AppleWebKit/537.36 (KHTML, like Gecko; compatible; ClaudeBot/1.0; +claudebot@anthropic.com)"
57.141.4.38 - - [19/Sep/2025:15:18:47 +0300] "GET /2025/08/22/an-exhilarating-gamble-awaits-as-you-navigate-the/?fileloc=//proc/thread-self/oom_score_adj&path=//proc/thread-self HTTP/2" 200 12305 "-" "meta-externalagent/1.1 (+https://developers.facebook.com/docs/sharing/webmasters/crawler)"
144.76.32.246 - - [19/Sep/2025:15:18:47 +0300] "GET /2025/09/08/1-win-453/?fileloc=/lib64/libXau.so&path=/lib64 HTTP/1.1" 200 9014 "-" "Mozilla/5.0 (compatible; BLEXBot/1.0; +https://help.seranking.com/en/blex-crawler)"
57.141.4.23 - - [19/Sep/2025:15:18:48 +0300] "GET /2025/09/11/slottica-jak-wyplacic-pieniadze-427/?fileloc=//usr/include/linux/ppp-ioctl.h&path=//usr/include/linux HTTP/2" 200 18418 "-" "meta-externalagent/1.1 (+https://developers.facebook.com/docs/sharing/webmasters/crawler)"
66.249.64.128 - - [19/Sep/2025:15:18:48 +0300] "GET /shopbrand/194057154 HTTP/1.1" 200 18029 "-" "Mozilla/5.0 (Linux; Android 6.0.1; Nexus 5X Build/MMB29P) AppleWebKit/537.36 (KHTML, like Gecko) Chrome/140.0.7339.127 Mobile Safari/537.36 (compatible; Googlebot/2.1; +http://www.google.com/bot.html)"
20.171.207.249 - - [19/Sep/2025:15:18:49 +0300] "GET /?fileloc=//proc/self/root/proc/thread-self/cwd/old/vendor/nesbot/carbon/src/Carbon/Traits/Cast.php&path=//proc/self/root/proc/thread-self/cwd/old/vendor/nesbot/carbon/src/Carbon/Traits HTTP/2" 200 3107 "-" "Mozilla/5.0 AppleWebKit/537.36 (KHTML, like Gecko; compatible; GPTBot/1.2; +https://openai.com/gptbot)"
98.83.8.142 - - [19/Sep/2025:15:18:50 +0300] "GET /lease-tos/?path=//lib/firmware/qcom HTTP/1.1" 200 6020 "-" "Mozilla/5.0 AppleWebKit/537.36 (KHTML, like Gecko; compatible; Amazonbot/0.1; +https://developer.amazon.com/support/amazonbot) Chrome/119.0.6045.214 Safari/537.36"
20.171.207.111 - - [19/Sep/2025:15:18:50 +0300] "GET /theme/casino/free-slots-bonus-no-deposit-id-card-details-ireland.html?path=//proc/thread-self/root/proc/self/root/proc/self/root/proc/self/root/proc/thread-self/root/proc/thread-self/root/proc/self/root/python/moda/www/tech/old/modules/gateways/protxvspform HTTP/2" 200 3133 "-" "Mozilla/5.0 AppleWebKit/537.36 (KHTML, like Gecko; compatible; GPTBot/1.2; +https://openai.com/gptbot)"
57.141.4.52 - - [19/Sep/2025:15:18:50 +0300] "GET /blog-2/page/1406/?path=//lib/.build-id/b9 HTTP/2" 200 25175 "-" "meta-externalagent/1.1 (+https://developers.facebook.com/docs/sharing/webmasters/crawler)"
144.76.32.246 - - [19/Sep/2025:15:18:51 +0300] "GET /2025/09/08/1-win-453/?fileloc=/lib64/libcap.so&path=/lib64 HTTP/1.1" 200 18007 "-" "Mozilla/5.0 (compatible; BLEXBot/1.0; +https://help.seranking.com/en/blex-crawler)"
57.141.4.55 - - [19/Sep/2025:15:18:51 +0300] "GET /2025/08/29/evaluation-approfondie-de-winamax-winamax-afaf4/?fileloc=//lib/firewalld/icmptypes/unknown-option.xml&path=//lib/firewalld/icmptypes HTTP/2" 200 12707 "-" "meta-externalagent/1.1 (+https://developers.facebook.com/docs/sharing/webmasters/crawler)"
66.249.64.131 - - [19/Sep/2025:15:18:51 +0300] "GET /shopbrand/37280286 HTTP/1.1" 200 19234 "-" "Mozilla/5.0 (Linux; Android 6.0.1; Nexus 5X Build/MMB29P) AppleWebKit/537.36 (KHTML, like Gecko) Chrome/140.0.7339.127 Mobile Safari/537.36 (compatible; Googlebot/2.1; +http://www.google.com/bot.html)"
66.249.64.132 - - [19/Sep/2025:15:18:52 +0300] "GET /zhHant/product/surugaya/T3319434016?path=/python HTTP/1.1" 200 2792 "-" "Mozilla/5.0 (Linux; Android 6.0.1; Nexus 5X Build/MMB29P) AppleWebKit/537.36 (KHTML, like Gecko) Chrome/140.0.7339.127 Mobile Safari/537.36 (compatible; GoogleOther)"
46.250.174.77 - - [19/Sep/2025:15:18:52 +0300] "GET /2025/09/08/vavada-zerkalo-vhod-na-oficialnyj-sajt-2025-3974/?fileloc=/python/moda/public_html/tech/wp-admin/link-add.php&path=/python/moda/public_html/tech/wp-admin HTTP/2" 200 2999 "https://tech.modatechnologies.co.uk/2025/09/08/vavada-zerkalo-vhod-na-oficialnyj-sajt-2025-3974/?fileloc=/python/moda/public_html/tech/wp-admin/link-add.php&path=/python/moda/public_html/tech/wp-admin" "Mozilla/5.0 (Windows NT 10.0; Win64; x64) AppleWebKit/537.36 (KHTML, like Gecko) Chrome/101.0.4951.64 Safari/537.36 Edg/101.0.1210.47"
20.171.207.249 - - [19/Sep/2025:15:18:52 +0300] "GET /?fileloc=//proc/self/root/proc/thread-self/cwd/old/vendor/nesbot/carbon/src/Carbon/Traits/Test.php&path=//proc/self/root/proc/thread-self/cwd/old/vendor/nesbot/carbon/src/Carbon/Traits HTTP/2" 200 4788 "-" "Mozilla/5.0 AppleWebKit/537.36 (KHTML, like Gecko; compatible; GPTBot/1.2; +https://openai.com/gptbot)"
66.249.64.128 - - [19/Sep/2025:15:18:52 +0300] "GET /shopbrand/217694636 HTTP/1.1" 200 19476 "-" "Mozilla/5.0 (Linux; Android 6.0.1; Nexus 5X Build/MMB29P) AppleWebKit/537.36 (KHTML, like Gecko) Chrome/140.0.7339.127 Mobile Safari/537.36 (compatible; Googlebot/2.1; +http://www.google.com/bot.html)"
57.141.4.32 - - [19/Sep/2025:15:18:53 +0300] "GET /blog-2/page/1298/?fileloc=//usr/lib64/libmlx4.so.1.0.54.0&path=//usr/lib64 HTTP/2" 200 95465 "-" "meta-externalagent/1.1 (+https://developers.facebook.com/docs/sharing/webmasters/crawler)"
20.171.207.111 - - [19/Sep/2025:15:18:53 +0300] "GET /theme/casino/free-slots-bonus-no-deposit-id-card-details-ireland.html?path=//proc/thread-self/root/proc/self/root/proc/self/root/proc/self/root/proc/thread-self/root/proc/thread-self/root/proc/self/root/python/moda/www/tech/old/modules/servers/plesk HTTP/2" 200 3643 "-" "Mozilla/5.0 AppleWebKit/537.36 (KHTML, like Gecko; compatible; GPTBot/1.2; +https://openai.com/gptbot)"
66.249.64.129 - - [19/Sep/2025:15:18:54 +0300] "GET /shopbrand/230565786 HTTP/1.1" 200 3940 "-" "Mozilla/5.0 (Linux; Android 6.0.1; Nexus 5X Build/MMB29P) AppleWebKit/537.36 (KHTML, like Gecko) Chrome/140.0.7339.127 Mobile Safari/537.36 (compatible; GoogleOther)"
57.141.4.32 - - [19/Sep/2025:15:18:54 +0300] "GET /2025/08/12/tips-on-how-to-monitor-server-performance-and-2/feed/?fileloc=//usr/lib64/libmenu.so.6&path=//usr/lib64 HTTP/2" 200 69037 "-" "meta-externalagent/1.1 (+https://developers.facebook.com/docs/sharing/webmasters/crawler)"
66.249.64.132 - - [19/Sep/2025:15:18:54 +0300] "GET /shopbrand/198135581?fileloc=/python/moda/public_html/tech/wp-admin/js/theme.min.js&path=/python/moda/public_html/tech/wp-admin/js HTTP/1.1" 200 10671 "-" "Mozilla/5.0 (Linux; Android 6.0.1; Nexus 5X Build/MMB29P) AppleWebKit/537.36 (KHTML, like Gecko) Chrome/140.0.7339.127 Mobile Safari/537.36 (compatible; GoogleOther)"
66.249.64.129 - - [19/Sep/2025:15:18:54 +0300] "GET /zhHant/product/surugaya/T2137861177?fileloc=//bin/namei&path=//bin HTTP/1.1" 200 9815 "-" "Mozilla/5.0 (Linux; Android 6.0.1; Nexus 5X Build/MMB29P) AppleWebKit/537.36 (KHTML, like Gecko) Chrome/140.0.7339.127 Mobile Safari/537.36 (compatible; GoogleOther)"
144.76.32.246 - - [19/Sep/2025:15:18:54 +0300] "GET /2025/09/08/1-win-927/?fileloc=/bin/mariadb-check&path=/bin HTTP/1.1" 200 930800 "-" "Mozilla/5.0 (compatible; BLEXBot/1.0; +https://help.seranking.com/en/blex-crawler)"
66.249.64.132 - - [19/Sep/2025:15:18:55 +0300] "GET /shopbrand/17502608 HTTP/1.1" 200 3940 "-" "Mozilla/5.0 (Linux; Android 6.0.1; Nexus 5X Build/MMB29P) AppleWebKit/537.36 (KHTML, like Gecko) Chrome/140.0.7339.127 Mobile Safari/537.36 (compatible; GoogleOther)"
66.249.64.132 - - [19/Sep/2025:15:18:55 +0300] "GET /zhHant/product/surugaya/T884981694?fileloc=//lib/python3.9/site-packages/ply-3.11-py3.9.egg-info/top_level.txt&path=//lib/python3.9/site-packages/ply-3.11-py3.9.egg-info HTTP/1.1" 200 2549 "-" "Mozilla/5.0 (Linux; Android 6.0.1; Nexus 5X Build/MMB29P) AppleWebKit/537.36 (KHTML, like Gecko) Chrome/140.0.7339.127 Mobile Safari/537.36 (compatible; GoogleOther)"
57.141.4.63 - - [19/Sep/2025:15:18:56 +0300] "GET /blog-2/page/463/?path=//lib/.build-id/3d HTTP/2" 200 43833 "-" "meta-externalagent/1.1 (+https://developers.facebook.com/docs/sharing/webmasters/crawler)"
20.171.207.249 - - [19/Sep/2025:15:18:56 +0300] "GET /?fileloc=//proc/self/root/proc/thread-self/cwd/old/modules/addons/mailchimp/lib/Api.php&path=//proc/self/root/proc/thread-self/cwd/old/modules/addons/mailchimp/lib HTTP/2" 200 49404 "-" "Mozilla/5.0 AppleWebKit/537.36 (KHTML, like Gecko; compatible; GPTBot/1.2; +https://openai.com/gptbot)"
66.249.64.128 - - [19/Sep/2025:15:18:44 +0300] "GET /shopbrand/33459180?fileloc=/python/moda/public_html/tech/wp-blog-header.php&path=/python/moda/public_html/tech HTTP/1.1" 200 2859 "-" "Mozilla/5.0 (Linux; Android 6.0.1; Nexus 5X Build/MMB29P) AppleWebKit/537.36 (KHTML, like Gecko) Chrome/140.0.7339.127 Mobile Safari/537.36 (compatible; GoogleOther)"
66.249.64.128 - - [19/Sep/2025:15:18:44 +0300] "GET /shopbrand/217570845?fileloc=/python/moda/public_html/tech/wp-signup.php&path=/python/moda/public_html/tech HTTP/1.1" 200 11372 "-" "Mozilla/5.0 (Linux; Android 6.0.1; Nexus 5X Build/MMB29P) AppleWebKit/537.36 (KHTML, like Gecko) Chrome/140.0.7339.127 Mobile Safari/537.36 (compatible; GoogleOther)"
66.249.64.129 - - [19/Sep/2025:15:18:45 +0300] "GET /shopbrand/226037652?fileloc=/python/moda/public_html/tech/readme.html&path=/python/moda/public_html/tech HTTP/1.1" 200 5532 "-" "Mozilla/5.0 (Linux; Android 6.0.1; Nexus 5X Build/MMB29P) AppleWebKit/537.36 (KHTML, like Gecko) Chrome/140.0.7339.127 Mobile Safari/537.36 (compatible; GoogleOther)"
57.141.4.32 - - [19/Sep/2025:15:18:46 +0300] "GET /blog-2/page/714/?fileloc=//lib64/perl5/IO/Seekable.pm&path=//lib64/perl5/IO HTTP/2" 200 15480 "-" "meta-externalagent/1.1 (+https://developers.facebook.com/docs/sharing/webmasters/crawler)"
66.249.64.132 - - [19/Sep/2025:15:18:46 +0300] "GET /zhHant/product/surugaya/T2137861177?fileloc=//bin/mesg&path=//bin HTTP/1.1" 200 7385 "-" "Mozilla/5.0 (Linux; Android 6.0.1; Nexus 5X Build/MMB29P) AppleWebKit/537.36 (KHTML, like Gecko) Chrome/140.0.7339.127 Mobile Safari/537.36 (compatible; GoogleOther)"
57.141.4.32 - - [19/Sep/2025:15:18:48 +0300] "GET /blog-2/page/1406/?fileloc=//lib64/girepository-1.0/libxml2-2.0.typelib&path=//lib64/girepository-1.0 HTTP/2" 200 13028 "-" "meta-externalagent/1.1 (+https://developers.facebook.com/docs/sharing/webmasters/crawler)"
57.141.4.15 - - [19/Sep/2025:15:18:49 +0300] "GET /blog-2/page/1928/?fileloc=//lib64/python3.9/__pycache__/ssl.cpython-39.opt-2.pyc&path=//lib64/python3.9/__pycache__ HTTP/2" 200 51255 "-" "meta-externalagent/1.1 (+https://developers.facebook.com/docs/sharing/webmasters/crawler)"
57.141.4.49 - - [19/Sep/2025:15:18:49 +0300] "GET /blog-2/page/1624/?fileloc=//lib/tmpfiles.d/sudo.conf&path=//lib/tmpfiles.d HTTP/2" 200 12602 "-" "meta-externalagent/1.1 (+https://developers.facebook.com/docs/sharing/webmasters/crawler)"
57.141.4.57 - - [19/Sep/2025:15:18:50 +0300] "GET /2025/08/29/la-science-des-probabilites-pour-exceller-au-vave-casino/?fileloc=//usr/include/sys/inotify.h&path=//usr/include/sys HTTP/2" 200 16248 "-" "meta-externalagent/1.1 (+https://developers.facebook.com/docs/sharing/webmasters/crawler)"
57.141.4.72 - - [19/Sep/2025:15:18:53 +0300] "GET /blog-2/page/1357/?path=//var/lib/mysql HTTP/2" 200 12723 "-" "meta-externalagent/1.1 (+https://developers.facebook.com/docs/sharing/webmasters/crawler)"
57.141.4.45 - - [19/Sep/2025:15:18:54 +0300] "GET /blog-2/page/601/?fileloc=//lib64/python3.9/encodings/cp874.pyc&path=//lib64/python3.9/encodings HTTP/2" 200 15102 "-" "meta-externalagent/1.1 (+https://developers.facebook.com/docs/sharing/webmasters/crawler)"
66.249.64.130 - - [19/Sep/2025:15:18:54 +0300] "GET /shopbrand/215957866 HTTP/1.1" 200 18245 "-" "Mozilla/5.0 (Linux; Android 6.0.1; Nexus 5X Build/MMB29P) AppleWebKit/537.36 (KHTML, like Gecko) Chrome/140.0.7339.127 Mobile Safari/537.36 (compatible; Googlebot/2.1; +http://www.google.com/bot.html)"
57.141.4.74 - - [19/Sep/2025:15:18:55 +0300] "GET /blog-2/page/530/?fileloc=//lib/firmware/radeon/kaveri_sdma.bin.xz&path=//lib/firmware/radeon HTTP/2" 200 16114 "-" "meta-externalagent/1.1 (+https://developers.facebook.com/docs/sharing/webmasters/crawler)"
57.141.4.34 - - [19/Sep/2025:15:18:55 +0300] "GET /2025/08/29/la-science-des-probabilites-pour-exceller-au-vave-casino/?fileloc=//lib/firmware/cirrus/cs35l41-dsp1-spk-prot-10431c03.wmfw.xz&path=//lib/firmware/cirrus HTTP/2" 200 44631 "-" "meta-externalagent/1.1 (+https://developers.facebook.com/docs/sharing/webmasters/crawler)"
66.249.64.132 - - [19/Sep/2025:15:18:49 +0300] "GET /shopbrand/15038213 HTTP/1.1" 200 19451 "-" "Mozilla/5.0 (Linux; Android 6.0.1; Nexus 5X Build/MMB29P) AppleWebKit/537.36 (KHTML, like Gecko) Chrome/140.0.7339.127 Mobile Safari/537.36 (compatible; Googlebot/2.1; +http://www.google.com/bot.html)"
57.141.4.25 - - [19/Sep/2025:15:18:51 +0300] "GET /2025/03/18/meet-tuplaus-double-your-fun-3/?fileloc=//lib64/libatopology.so.2.0.0&path=//lib64 HTTP/2" 200 201924 "-" "meta-externalagent/1.1 (+https://developers.facebook.com/docs/sharing/webmasters/crawler)"
216.73.216.184 - - [19/Sep/2025:15:18:52 +0300] "GET /blog-2/page/1917?fileloc=%2Fpython%2Fmoda%2Fpublic_html%2Ftech%2Fold%2Ftheme%2Fcasino%2Fmr-fortune-casino-bonus-codes-2025.html&path=%2Fpython%2Fmoda%2Fpublic_html%2Ftech%2Fold%2Ftheme%2Fcasino HTTP/2" 200 4292 "-" "Mozilla/5.0 AppleWebKit/537.36 (KHTML, like Gecko; compatible; ClaudeBot/1.0; +claudebot@anthropic.com)"
57.141.4.25 - - [19/Sep/2025:15:18:52 +0300] "GET /blog-2/page/463/?fileloc=//proc/thread-self/cmdline&path=//proc/thread-self HTTP/2" 200 12343 "-" "meta-externalagent/1.1 (+https://developers.facebook.com/docs/sharing/webmasters/crawler)"
52.3.104.214 - - [19/Sep/2025:15:18:53 +0300] "GET /tld/club?path=//opt/plesk/php/7.0 HTTP/1.1" 200 3311 "-" "Mozilla/5.0 AppleWebKit/537.36 (KHTML, like Gecko; compatible; Amazonbot/0.1; +https://developer.amazon.com/support/amazonbot) Chrome/119.0.6045.214 Safari/537.36"
57.141.4.32 - - [19/Sep/2025:15:18:52 +0300] "GET /2025/08/24/betify-casino-plongez-dans-un-univers-ou-les-probabilites-boostent-vos-gains/?fileloc=//lib64/python3.9/lib-dynload/_ssl.cpython-39-x86_64-linux-gnu.so&path=//lib64/python3.9/lib-dynload HTTP/2" 200 279178 "-" "meta-externalagent/1.1 (+https://developers.facebook.com/docs/sharing/webmasters/crawler)"
216.73.216.184 - - [19/Sep/2025:15:18:55 +0300] "GET /author/admin/page/1757?fileloc=%2F%2Fusr%2Flib64%2Flibxtables.so.12.7.0&path=%2F%2Fusr%2Flib64 HTTP/2" 200 27886 "-" "Mozilla/5.0 AppleWebKit/537.36 (KHTML, like Gecko; compatible; ClaudeBot/1.0; +claudebot@anthropic.com)"
57.141.4.8 - - [19/Sep/2025:15:18:56 +0300] "GET /blog-2/page/1406/?fileloc=//usr/lib64/libjbig85.so.2.1&path=//usr/lib64 HTTP/2" 200 45056 "-" "meta-externalagent/1.1 (+https://developers.facebook.com/docs/sharing/webmasters/crawler)"
66.249.64.130 - - [19/Sep/2025:15:18:56 +0300] "GET /500?fileloc=//var/softaculous/ilias/php82/import.php&path=//var/softaculous/ilias/php82 HTTP/1.1" 200 5471 "-" "Mozilla/5.0 (Linux; Android 6.0.1; Nexus 5X Build/MMB29P) AppleWebKit/537.36 (KHTML, like Gecko) Chrome/140.0.7339.127 Mobile Safari/537.36 (compatible; GoogleOther)"
57.141.4.32 - - [19/Sep/2025:15:18:57 +0300] "GET /2025/09/11/%ce%b1%cf%80%ce%bf%ce%bb%ce%b1%cf%8d%cf%83%cf%84%ce%b5-%cf%84%ce%bf-baccarat-%cf%83%cf%84%ce%bf-%ce%b4%ce%b9%ce%b1%ce%b4%ce%af%ce%ba%cf%84%cf%85%ce%bf-%ce%b3%ce%b9%ce%b1-%cf%80%cf%81%ce%b1%ce%b3%ce%bc/feed/?fileloc=//lib64/python3.9/decimal.py&path=//lib64/python3.9 HTTP/2" 200 12618 "-" "meta-externalagent/1.1 (+https://developers.facebook.com/docs/sharing/webmasters/crawler)"
44.212.145.46 - - [19/Sep/2025:15:18:57 +0300] "GET /category/ggbet-logowanie-960/?path=//opt/plesk/php/8.1 HTTP/1.1" 200 3311 "-" "Mozilla/5.0 AppleWebKit/537.36 (KHTML, like Gecko; compatible; Amazonbot/0.1; +https://developer.amazon.com/support/amazonbot) Chrome/119.0.6045.214 Safari/537.36"
57.141.4.76 - - [19/Sep/2025:15:18:58 +0300] "GET /blog-2/page/601/?path=//proc/irq/6 HTTP/2" 200 22717 "-" "meta-externalagent/1.1 (+https://developers.facebook.com/docs/sharing/webmasters/crawler)"
216.73.216.184 - - [19/Sep/2025:15:18:58 +0300] "GET /author/admin/page/1880?fileloc=%2F%2Fusr%2Flib64%2FlibodbcminiS.so.2.0.0&path=%2F%2Fusr%2Flib64 HTTP/2" 200 5333 "-" "Mozilla/5.0 AppleWebKit/537.36 (KHTML, like Gecko; compatible; ClaudeBot/1.0; +claudebot@anthropic.com)"
66.249.64.131 - - [19/Sep/2025:15:18:56 +0300] "GET /zhHant/product/surugaya/T3678195544?path=/python/moda/public_html/tech/old/feeds HTTP/1.1" 200 3394 "-" "Mozilla/5.0 (Linux; Android 6.0.1; Nexus 5X Build/MMB29P) AppleWebKit/537.36 (KHTML, like Gecko) Chrome/140.0.7339.127 Mobile Safari/537.36 (compatible; GoogleOther)"
66.249.64.132 - - [19/Sep/2025:15:18:55 +0300] "GET /product/edit/T445547324?fileloc=//lib/.build-id/e9/e880228c9ff32bb58de8e5e3f645dc9c0e1991&path=//lib/.build-id/e9 HTTP/1.1" 200 550596 "-" "Mozilla/5.0 (Linux; Android 6.0.1; Nexus 5X Build/MMB29P) AppleWebKit/537.36 (KHTML, like Gecko) Chrome/140.0.7339.127 Mobile Safari/537.36 (compatible; GoogleOther)"
66.249.64.131 - - [19/Sep/2025:15:18:56 +0300] "GET /shopbrand/175057516 HTTP/1.1" 200 19140 "-" "Mozilla/5.0 (Linux; Android 6.0.1; Nexus 5X Build/MMB29P) AppleWebKit/537.36 (KHTML, like Gecko) Chrome/140.0.7339.127 Mobile Safari/537.36 (compatible; Googlebot/2.1; +http://www.google.com/bot.html)"
20.171.207.111 - - [19/Sep/2025:15:18:56 +0300] "GET /theme/casino/free-slots-bonus-no-deposit-id-card-details-ireland.html?path=//proc/thread-self/root/proc/self/root/proc/self/root/proc/self/root/proc/thread-self/root/proc/thread-self/root/proc/self/root/python/moda/www/tech/old/vendor/doctrine HTTP/2" 200 3243 "-" "Mozilla/5.0 AppleWebKit/537.36 (KHTML, like Gecko; compatible; GPTBot/1.2; +https://openai.com/gptbot)"
66.249.64.132 - - [19/Sep/2025:15:18:57 +0300] "GET /shopbrand/98418668?fileloc=//bin/getopt&path=//bin HTTP/1.1" 200 9452 "-" "Mozilla/5.0 (Linux; Android 6.0.1; Nexus 5X Build/MMB29P) AppleWebKit/537.36 (KHTML, like Gecko) Chrome/140.0.7339.127 Mobile Safari/537.36 (compatible; GoogleOther)"
144.76.32.246 - - [19/Sep/2025:15:18:57 +0300] "GET /2025/09/08/1-win-927/?fileloc=/etc/backupmxhosts&path=/etc HTTP/1.1" 200 0 "-" "Mozilla/5.0 (compatible; BLEXBot/1.0; +https://help.seranking.com/en/blex-crawler)"
66.249.64.129 - - [19/Sep/2025:15:18:58 +0300] "GET /shopbrand/198135581?fileloc=/python/moda/public_html/tech/wp-admin/js/color-picker.js&path=/python/moda/public_html/tech/wp-admin/js HTTP/1.1" 200 5379 "-" "Mozilla/5.0 (Linux; Android 6.0.1; Nexus 5X Build/MMB29P) AppleWebKit/537.36 (KHTML, like Gecko) Chrome/140.0.7339.127 Mobile Safari/537.36 (compatible; GoogleOther)"
5.39.1.244 - - [19/Sep/2025:15:18:58 +0300] "GET /category/hell-spin-22-993/ HTTP/2" 200 3919 "-" "Mozilla/5.0 (compatible; AhrefsBot/7.0; +http://ahrefs.com/robot/)"
66.249.64.132 - - [19/Sep/2025:15:18:59 +0300] "GET /shopbrand/85173455 HTTP/1.1" 200 3969 "-" "Mozilla/5.0 (Linux; Android 6.0.1; Nexus 5X Build/MMB29P) AppleWebKit/537.36 (KHTML, like Gecko) Chrome/140.0.7339.127 Mobile Safari/537.36 (compatible; GoogleOther)"
66.249.64.131 - - [19/Sep/2025:15:18:59 +0300] "GET /zhHant/product/surugaya/T785875567?fileloc=//lib/python3.9/site-packages/procfs/procfs.py&path=//lib/python3.9/site-packages/procfs HTTP/1.1" 200 12635 "-" "Mozilla/5.0 (Linux; Android 6.0.1; Nexus 5X Build/MMB29P) AppleWebKit/537.36 (KHTML, like Gecko) Chrome/140.0.7339.127 Mobile Safari/537.36 (compatible; GoogleOther)"
20.171.207.249 - - [19/Sep/2025:15:18:59 +0300] "GET /?fileloc=//proc/self/root/proc/thread-self/cwd/old/vendor/nesbot/carbon/src/Carbon/Lang/teo.php&path=//proc/self/root/proc/thread-self/cwd/old/vendor/nesbot/carbon/src/Carbon/Lang HTTP/2" 200 3168 "-" "Mozilla/5.0 AppleWebKit/537.36 (KHTML, like Gecko; compatible; GPTBot/1.2; +https://openai.com/gptbot)"
66.249.64.132 - - [19/Sep/2025:15:18:59 +0300] "GET /shopbrand/198135581?fileloc=/python/moda/public_html/tech/wp-admin/js/link.js&path=/python/moda/public_html/tech/wp-admin/js HTTP/1.1" 200 4139 "-" "Mozilla/5.0 (Linux; Android 6.0.1; Nexus 5X Build/MMB29P) AppleWebKit/537.36 (KHTML, like Gecko) Chrome/140.0.7339.127 Mobile Safari/537.36 (compatible; GoogleOther)"
66.249.64.128 - - [19/Sep/2025:15:18:59 +0300] "GET /shopbrand/99767682 HTTP/1.1" 200 19026 "-" "Mozilla/5.0 (Linux; Android 6.0.1; Nexus 5X Build/MMB29P) AppleWebKit/537.36 (KHTML, like Gecko) Chrome/140.0.7339.127 Mobile Safari/537.36 (compatible; Googlebot/2.1; +http://www.google.com/bot.html)"
66.249.64.131 - - [19/Sep/2025:15:18:59 +0300] "GET /zhHant/product/surugaya/T2137861177?fileloc=//bin/find&path=//bin HTTP/1.1" 200 129013 "-" "Mozilla/5.0 (Linux; Android 6.0.1; Nexus 5X Build/MMB29P) AppleWebKit/537.36 (KHTML, like Gecko) Chrome/140.0.7339.127 Mobile Safari/537.36 (compatible; GoogleOther)"
20.171.207.111 - - [19/Sep/2025:15:19:00 +0300] "GET /theme/casino/free-slots-bonus-no-deposit-id-card-details-ireland.html?path=//proc/thread-self/root/proc/self/root/proc/self/root/proc/self/root/proc/thread-self/root/proc/thread-self/root/proc/self/root/python/moda/www/tech/old/vendor/phpseclib HTTP/2" 200 3166 "-" "Mozilla/5.0 AppleWebKit/537.36 (KHTML, like Gecko; compatible; GPTBot/1.2; +https://openai.com/gptbot)"
57.141.4.2 - - [19/Sep/2025:15:18:59 +0300] "GET /2025/03/18/meet-tuplaus-double-your-fun-3/?fileloc=//lib64/libglut.so.3&path=//lib64 HTTP/2" 200 502986 "-" "meta-externalagent/1.1 (+https://developers.facebook.com/docs/sharing/webmasters/crawler)"
66.249.64.132 - - [19/Sep/2025:15:19:00 +0300] "GET /2025/09/07/sultan-games-mobilnyj-dostup-2448?path=//var/www/html HTTP/1.1" 200 3173 "-" "Mozilla/5.0 (Linux; Android 6.0.1; Nexus 5X Build/MMB29P) AppleWebKit/537.36 (KHTML, like Gecko) Chrome/140.0.7339.127 Mobile Safari/537.36 (compatible; GoogleOther)"
217.113.194.8 - - [19/Sep/2025:15:19:00 +0300] "GET /2025/08/23/pearl-wikipedia/feed/?path=/ HTTP/1.1" 200 3851 "-" "Mozilla/5.0 (compatible; Barkrowler/0.9; +https://babbar.tech/crawler)"
66.249.64.131 - - [19/Sep/2025:15:19:00 +0300] "GET /shopbrand/98418668?fileloc=//bin/pod2html&path=//bin HTTP/1.1" 200 4049 "-" "Mozilla/5.0 (Linux; Android 6.0.1; Nexus 5X Build/MMB29P) AppleWebKit/537.36 (KHTML, like Gecko) Chrome/140.0.7339.127 Mobile Safari/537.36 (compatible; GoogleOther)"
66.249.64.131 - - [19/Sep/2025:15:19:01 +0300] "GET /zhHant/product/surugaya/T3291329994?campaign_uid=f64d716db5e979ed2f947dbaf4296895b951ae7f HTTP/1.1" 200 4033 "-" "Mozilla/5.0 (Linux; Android 6.0.1; Nexus 5X Build/MMB29P) AppleWebKit/537.36 (KHTML, like Gecko) Chrome/140.0.7339.127 Mobile Safari/537.36 (compatible; GoogleOther)"
66.249.64.129 - - [19/Sep/2025:15:19:01 +0300] "GET /shopbrand/98418668?fileloc=//bin/rm&path=//bin HTTP/1.1" 200 27248 "-" "Mozilla/5.0 (Linux; Android 6.0.1; Nexus 5X Build/MMB29P) AppleWebKit/537.36 (KHTML, like Gecko) Chrome/140.0.7339.127 Mobile Safari/537.36 (compatible; GoogleOther)"
20.171.207.249 - - [19/Sep/2025:15:19:02 +0300] "GET /?fileloc=//proc/self/root/proc/thread-self/cwd/old/vendor/nesbot/carbon/src/Carbon/Lang/gsw.php&path=//proc/self/root/proc/thread-self/cwd/old/vendor/nesbot/carbon/src/Carbon/Lang HTTP/2" 200 3367 "-" "Mozilla/5.0 AppleWebKit/537.36 (KHTML, like Gecko; compatible; GPTBot/1.2; +https://openai.com/gptbot)"
66.249.64.129 - - [19/Sep/2025:15:19:02 +0300] "GET /shopbrand/98418668?fileloc=//bin/install&path=//bin HTTP/1.1" 200 64578 "-" "Mozilla/5.0 (Linux; Android 6.0.1; Nexus 5X Build/MMB29P) AppleWebKit/537.36 (KHTML, like Gecko) Chrome/140.0.7339.127 Mobile Safari/537.36 (compatible; GoogleOther)"
66.249.64.129 - - [19/Sep/2025:15:19:03 +0300] "GET /shopbrand/198135581?fileloc=/python/moda/public_html/tech/wp-admin/js/dashboard.min.js&path=/python/moda/public_html/tech/wp-admin/js HTTP/1.1" 200 5808 "-" "Mozilla/5.0 (Linux; Android 6.0.1; Nexus 5X Build/MMB29P) AppleWebKit/537.36 (KHTML, like Gecko) Chrome/140.0.7339.127 Mobile Safari/537.36 (compatible; GoogleOther)"
66.249.64.130 - - [19/Sep/2025:15:18:58 +0300] "GET /zhHant/product/surugaya/T3879962545?path=/python/moda/public_html HTTP/1.1" 200 3283 "-" "Mozilla/5.0 (Linux; Android 6.0.1; Nexus 5X Build/MMB29P) AppleWebKit/537.36 (KHTML, like Gecko) Chrome/140.0.7339.127 Mobile Safari/537.36 (compatible; GoogleOther)"
57.141.4.32 - - [19/Sep/2025:15:18:58 +0300] "GET /blog-2/page/530/?path=//lib64/spa-0.2/control HTTP/2" 200 14238 "-" "meta-externalagent/1.1 (+https://developers.facebook.com/docs/sharing/webmasters/crawler)"
57.141.4.51 - - [19/Sep/2025:15:18:59 +0300] "GET /2025/08/29/agua-bacteriostatica-farmacia-espana-14/?fileloc=//lib64/libpangoxft-1.0.so.0&path=//lib64 HTTP/2" 200 66693 "-" "meta-externalagent/1.1 (+https://developers.facebook.com/docs/sharing/webmasters/crawler)"
66.249.64.130 - - [19/Sep/2025:15:18:59 +0300] "GET /zhHant/product/surugaya/T703524623?path=/python/moda/public_html/tech/wordpress/wordpress/wordpress HTTP/1.1" 200 3138 "-" "Mozilla/5.0 (Linux; Android 6.0.1; Nexus 5X Build/MMB29P) AppleWebKit/537.36 (KHTML, like Gecko) Chrome/140.0.7339.127 Mobile Safari/537.36 (compatible; GoogleOther)"
66.249.64.130 - - [19/Sep/2025:15:19:00 +0300] "GET /shopbrand/447164 HTTP/1.1" 200 3915 "-" "Mozilla/5.0 (Linux; Android 6.0.1; Nexus 5X Build/MMB29P) AppleWebKit/537.36 (KHTML, like Gecko) Chrome/140.0.7339.127 Mobile Safari/537.36 (compatible; GoogleOther)"
46.250.169.248 - - [19/Sep/2025:15:19:00 +0300] "GET /2025/08/14/jokerbet-vip-126/?path=/python/moda/public_html/tech/old/attachments HTTP/2" 200 3057 "https://tech.modatechnologies.co.uk/2025/08/14/jokerbet-vip-126/?path=/python/moda/public_html/tech/old/attachments" "Mozilla/5.0 (Windows NT 10.0; Win64; x64) AppleWebKit/537.36 (KHTML, like Gecko) Chrome/116.0.0.0 Safari/537.36"
66.249.64.130 - - [19/Sep/2025:15:19:00 +0300] "GET /zhHant/product/surugaya/T486288249?campaign_uid=f64d716db5e979ed2f947dbaf4296895b951ae7f HTTP/1.1" 200 3915 "-" "Mozilla/5.0 (Linux; Android 6.0.1; Nexus 5X Build/MMB29P) AppleWebKit/537.36 (KHTML, like Gecko) Chrome/140.0.7339.127 Mobile Safari/537.36 (compatible; GoogleOther)"
57.141.4.17 - - [19/Sep/2025:15:19:01 +0300] "GET /blog-2/page/1325/?fileloc=//lib64/gstreamer-1.0/libgstaudioresample.so&path=//lib64/gstreamer-1.0 HTTP/2" 200 66651 "-" "meta-externalagent/1.1 (+https://developers.facebook.com/docs/sharing/webmasters/crawler)"
57.141.4.63 - - [19/Sep/2025:15:19:01 +0300] "GET /blog-2/page/1647/?fileloc=//lib/firmware/cirrus/cs35l41-dsp1-spk-prot-10280b27.wmfw.xz&path=//lib/firmware/cirrus HTTP/2" 200 44608 "-" "meta-externalagent/1.1 (+https://developers.facebook.com/docs/sharing/webmasters/crawler)"
216.73.216.184 - - [19/Sep/2025:15:19:01 +0300] "GET /2025/09/12/1win-onlain-760/feed?fileloc=%2Fpython%2Fmoda%2Fpublic_html%2Ftech%2Fold%2Fmodules%2Fregistrars%2Fcentralnic%2Fresources%2Fzonesinfo.json&path=%2Fpython%2Fmoda%2Fpublic_html%2Ftech%2Fold%2Fmodules%2Fregistrars%2Fcentralnic%2Fresources HTTP/2" 200 21340 "-" "Mozilla/5.0 AppleWebKit/537.36 (KHTML, like Gecko; compatible; ClaudeBot/1.0; +claudebot@anthropic.com)"
57.141.4.71 - - [19/Sep/2025:15:19:01 +0300] "GET /blog-2/page/1578/?path=//lib/firmware/rtl_bt HTTP/2" 200 77196 "-" "meta-externalagent/1.1 (+https://developers.facebook.com/docs/sharing/webmasters/crawler)"
66.249.64.128 - - [19/Sep/2025:15:19:02 +0300] "GET /shopbrand/172445282?fileloc=//lib/.build-id/5c/4935ade5c248e9d5d58c7c4f73a691b142c240&path=//lib/.build-id/5c HTTP/1.1" 200 15760 "-" "Mozilla/5.0 (Linux; Android 6.0.1; Nexus 5X Build/MMB29P) AppleWebKit/537.36 (KHTML, like Gecko) Chrome/140.0.7339.127 Mobile Safari/537.36 (compatible; GoogleOther)"
57.141.4.44 - - [19/Sep/2025:15:19:02 +0300] "GET /blog-2/page/1394/?fileloc=//lib64/security/pam_pwhistory.so&path=//lib64/security HTTP/2" 200 46913 "-" "meta-externalagent/1.1 (+https://developers.facebook.com/docs/sharing/webmasters/crawler)"
20.171.207.111 - - [19/Sep/2025:15:19:03 +0300] "GET /theme/casino/free-slots-bonus-no-deposit-id-card-details-ireland.html?path=//proc/thread-self/root/proc/self/root/proc/self/root/proc/self/root/proc/thread-self/root/proc/thread-self/root/proc/self/root/python/moda/www/tech/old/modules/gateways/authorizeecheck HTTP/2" 200 3115 "-" "Mozilla/5.0 AppleWebKit/537.36 (KHTML, like Gecko; compatible; GPTBot/1.2; +https://openai.com/gptbot)"
57.141.4.55 - - [19/Sep/2025:15:19:03 +0300] "GET /blog-2/page/113/?fileloc=//usr/lib64/libev.so.4.0.0&path=//usr/lib64 HTTP/2" 200 113911 "-" "meta-externalagent/1.1 (+https://developers.facebook.com/docs/sharing/webmasters/crawler)"
66.249.64.131 - - [19/Sep/2025:15:19:03 +0300] "GET /zhHant/product/surugaya/T3058691570?path=/python/moda/public_html/assets HTTP/1.1" 200 3050 "-" "Mozilla/5.0 (Linux; Android 6.0.1; Nexus 5X Build/MMB29P) AppleWebKit/537.36 (KHTML, like Gecko) Chrome/140.0.7339.127 Mobile Safari/537.36 (compatible; GoogleOther)"
52.167.144.220 - - [19/Sep/2025:15:19:03 +0300] "GET /2025/07/16/how-much-cbd-oil-can-one-plant-produce-887/ HTTP/2" 200 18963 "-" "Mozilla/5.0 AppleWebKit/537.36 (KHTML, like Gecko; compatible; bingbot/2.0; +http://www.bing.com/bingbot.htm) Chrome/116.0.1938.76 Safari/537.36"
57.141.4.78 - - [19/Sep/2025:15:19:04 +0300] "GET /2025/09/11/podrobnyj-razbor-optsij-internetkazino/?fileloc=//lib64/python3.9/socket.py&path=//lib64/python3.9 HTTP/2" 200 52356 "-" "meta-externalagent/1.1 (+https://developers.facebook.com/docs/sharing/webmasters/crawler)"
66.249.64.128 - - [19/Sep/2025:15:19:03 +0300] "GET /zhHant/product/surugaya/T1099088758?campaign_uid=f64d716db5e979ed2f947dbaf4296895b951ae7f HTTP/1.1" 200 21903 "-" "Mozilla/5.0 (Linux; Android 6.0.1; Nexus 5X Build/MMB29P) AppleWebKit/537.36 (KHTML, like Gecko) Chrome/140.0.7339.127 Mobile Safari/537.36 (compatible; Googlebot/2.1; +http://www.google.com/bot.html)"
57.141.4.15 - - [19/Sep/2025:15:19:04 +0300] "GET /blog-2/page/530/?fileloc=//lib/firmware/radeon/BONAIRE_mec.bin.xz&path=//lib/firmware/radeon HTTP/2" 200 26730 "-" "meta-externalagent/1.1 (+https://developers.facebook.com/docs/sharing/webmasters/crawler)"
66.249.64.132 - - [19/Sep/2025:15:19:04 +0300] "GET /shopbrand/98418668?fileloc=//bin/fmt&path=//bin HTTP/1.1" 200 17407 "-" "Mozilla/5.0 (Linux; Android 6.0.1; Nexus 5X Build/MMB29P) AppleWebKit/537.36 (KHTML, like Gecko) Chrome/140.0.7339.127 Mobile Safari/537.36 (compatible; GoogleOther)"
66.249.77.67 - - [19/Sep/2025:15:19:05 +0300] "GET /shopbrand/79585799?fileloc=/python/moda/public_html/tech/wp-includes/class-wp-block-editor-context.php&path=/python/moda/public_html/tech/wp-includes HTTP/1.1" 200 3074 "-" "Mozilla/5.0 (Linux; Android 6.0.1; Nexus 5X Build/MMB29P) AppleWebKit/537.36 (KHTML, like Gecko) Chrome/140.0.7339.127 Mobile Safari/537.36 (compatible; GoogleOther)"
20.171.207.249 - - [19/Sep/2025:15:19:05 +0300] "GET /?fileloc=//proc/self/root/proc/thread-self/cwd/old/vendor/nesbot/carbon/src/Carbon/Lang/nd.php&path=//proc/self/root/proc/thread-self/cwd/old/vendor/nesbot/carbon/src/Carbon/Lang HTTP/2" 200 3288 "-" "Mozilla/5.0 AppleWebKit/537.36 (KHTML, like Gecko; compatible; GPTBot/1.2; +https://openai.com/gptbot)"
57.141.4.74 - - [19/Sep/2025:15:19:05 +0300] "GET /blog-2/page/1870/?fileloc=//var/softaculous/firefly/clone.php&path=//var/softaculous/firefly HTTP/2" 200 20740 "-" "meta-externalagent/1.1 (+https://developers.facebook.com/docs/sharing/webmasters/crawler)"
44.212.131.50 - - [19/Sep/2025:15:19:05 +0300] "GET /tag/bc-game-top/?path=//opt/plesk/php/7.2/lib64 HTTP/1.1" 200 3323 "-" "Mozilla/5.0 AppleWebKit/537.36 (KHTML, like Gecko; compatible; Amazonbot/0.1; +https://developer.amazon.com/support/amazonbot) Chrome/119.0.6045.214 Safari/537.36"
66.249.64.128 - - [19/Sep/2025:15:18:57 +0300] "GET /zhHant/product/surugaya/T2422572513?path=/python/moda/public_html/tech/wp-content/plugins/fix HTTP/1.1" 200 2981 "-" "Mozilla/5.0 (Linux; Android 6.0.1; Nexus 5X Build/MMB29P) AppleWebKit/537.36 (KHTML, like Gecko) Chrome/140.0.7339.127 Mobile Safari/537.36 (compatible; GoogleOther)"
66.249.64.128 - - [19/Sep/2025:15:18:57 +0300] "GET /shopbrand/215579316 HTTP/1.1" 200 3940 "-" "Mozilla/5.0 (Linux; Android 6.0.1; Nexus 5X Build/MMB29P) AppleWebKit/537.36 (KHTML, like Gecko) Chrome/140.0.7339.127 Mobile Safari/537.36 (compatible; GoogleOther)"
57.141.4.70 - - [19/Sep/2025:15:18:57 +0300] "GET /2025/09/11/slottica-opinie-74/?fileloc=//lib64/libMagickCore-6.Q16.so.7&path=//lib64 HTTP/2" 200 4421801 "-" "meta-externalagent/1.1 (+https://developers.facebook.com/docs/sharing/webmasters/crawler)"
57.141.4.24 - - [19/Sep/2025:15:19:00 +0300] "GET /blog-2/page/448/?fileloc=//lib64/python3.9/quopri.py&path=//lib64/python3.9 HTTP/2" 200 20541 "-" "meta-externalagent/1.1 (+https://developers.facebook.com/docs/sharing/webmasters/crawler)"
57.141.4.44 - - [19/Sep/2025:15:19:00 +0300] "GET /blog-2/page/1184/?fileloc=//lib/kbd/unimaps/ruscii.uni&path=//lib/kbd/unimaps HTTP/2" 200 16356 "-" "meta-externalagent/1.1 (+https://developers.facebook.com/docs/sharing/webmasters/crawler)"
66.249.64.128 - - [19/Sep/2025:15:19:01 +0300] "GET /shopbrand/98418668?fileloc=//bin/localedef&path=//bin HTTP/1.1" 200 120461 "-" "Mozilla/5.0 (Linux; Android 6.0.1; Nexus 5X Build/MMB29P) AppleWebKit/537.36 (KHTML, like Gecko) Chrome/140.0.7339.127 Mobile Safari/537.36 (compatible; GoogleOther)"
66.249.64.132 - - [19/Sep/2025:15:19:02 +0300] "GET /shopbrand/9194950 HTTP/1.1" 200 19313 "-" "Mozilla/5.0 (Linux; Android 6.0.1; Nexus 5X Build/MMB29P) AppleWebKit/537.36 (KHTML, like Gecko) Chrome/140.0.7339.127 Mobile Safari/537.36 (compatible; Googlebot/2.1; +http://www.google.com/bot.html)"
66.249.64.128 - - [19/Sep/2025:15:19:02 +0300] "GET /shopbrand/160041522?path=/python/moda/public_html/tech/wordpress HTTP/1.1" 200 3342 "-" "Mozilla/5.0 (Linux; Android 6.0.1; Nexus 5X Build/MMB29P) AppleWebKit/537.36 (KHTML, like Gecko) Chrome/140.0.7339.127 Mobile Safari/537.36 (compatible; GoogleOther)"
44.218.6.93 - - [19/Sep/2025:15:19:03 +0300] "GET /lease-tos/?path=//lib/locale/en_IN HTTP/1.1" 200 3916 "-" "Mozilla/5.0 AppleWebKit/537.36 (KHTML, like Gecko; compatible; Amazonbot/0.1; +https://developer.amazon.com/support/amazonbot) Chrome/119.0.6045.214 Safari/537.36"
66.249.64.128 - - [19/Sep/2025:15:19:03 +0300] "GET /shopbrand/29507626 HTTP/1.1" 200 3915 "-" "Mozilla/5.0 (Linux; Android 6.0.1; Nexus 5X Build/MMB29P) AppleWebKit/537.36 (KHTML, like Gecko) Chrome/140.0.7339.127 Mobile Safari/537.36 (compatible; GoogleOther)"
57.141.4.39 - - [19/Sep/2025:15:19:05 +0300] "GET /2025/08/24/accordez-vous-un-moment-de-plaisir-immersif-grace-a-my-stake/?path=//lib/.build-id/17 HTTP/2" 200 40729 "-" "meta-externalagent/1.1 (+https://developers.facebook.com/docs/sharing/webmasters/crawler)"
66.249.64.128 - - [19/Sep/2025:15:19:05 +0300] "GET /shopbrand/168416170?fileloc=/python/moda/public_html/tech/wp-blog-header.php&path=/python/moda/public_html/tech HTTP/1.1" 200 2859 "-" "Mozilla/5.0 (Linux; Android 6.0.1; Nexus 5X Build/MMB29P) AppleWebKit/537.36 (KHTML, like Gecko) Chrome/140.0.7339.127 Mobile Safari/537.36 (compatible; GoogleOther)"
119.13.107.217 - - [19/Sep/2025:15:19:06 +0300] "GET /2025/09/08/a-thrilling-journey-awaits-as-you-navigate-19/?fileloc=/python/moda/public_html/tech/old/viewinvoice.php&path=/python/moda/public_html/tech/old HTTP/2" 200 74905 "https://tech.modatechnologies.co.uk/2025/09/08/a-thrilling-journey-awaits-as-you-navigate-19/?fileloc=/python/moda/public_html/tech/old/viewinvoice.php&path=/python/moda/public_html/tech/old" "Mozilla/5.0 (Macintosh; Intel Mac OS X 10_15_7) AppleWebKit/537.36 (KHTML, like Gecko) Chrome/123.0.0.0 Safari/537.36"
66.249.64.130 - - [19/Sep/2025:15:19:03 +0300] "GET /shopbrand/h_0.80?fileloc=/python/moda/public_html/tech/wp-includes/template-loader.php?shopbrand/4603859 HTTP/1.1" 200 2535 "-" "Mozilla/5.0 (Linux; Android 6.0.1; Nexus 5X Build/MMB29P) AppleWebKit/537.36 (KHTML, like Gecko) Chrome/140.0.7339.127 Mobile Safari/537.36 (compatible; GoogleOther)"
57.141.4.32 - - [19/Sep/2025:15:19:03 +0300] "GET /blog-2/page/1807/?fileloc=//usr/include/bits/fp-logb.h&path=//usr/include/bits HTTP/2" 200 13372 "-" "meta-externalagent/1.1 (+https://developers.facebook.com/docs/sharing/webmasters/crawler)"
66.249.64.128 - - [19/Sep/2025:15:19:04 +0300] "GET /shopbrand/198135581?fileloc=/python/moda/public_html/tech/wp-admin/js/gallery.js&path=/python/moda/public_html/tech/wp-admin/js HTTP/1.1" 200 4468 "-" "Mozilla/5.0 (Linux; Android 6.0.1; Nexus 5X Build/MMB29P) AppleWebKit/537.36 (KHTML, like Gecko) Chrome/140.0.7339.127 Mobile Safari/537.36 (compatible; GoogleOther)"
66.249.64.130 - - [19/Sep/2025:15:19:04 +0300] "GET /shopbrand/59450522?fileloc=/python/moda/public_html/tech/wp-includes/class-wp-block-templates-registry.php&path=/python/moda/public_html/tech/wp-includes HTTP/1.1" 200 4408 "-" "Mozilla/5.0 (Linux; Android 6.0.1; Nexus 5X Build/MMB29P) AppleWebKit/537.36 (KHTML, like Gecko) Chrome/140.0.7339.127 Mobile Safari/537.36 (compatible; GoogleOther)"
216.73.216.184 - - [19/Sep/2025:15:19:04 +0300] "GET /2025/09/11/kazino-oficialnyj-sajt-pin-up-casino-igrat-onlajn-320/feed?fileloc=%2Fpython%2Fmoda%2Fpublic_html%2Ftech%2Fwp-includes%2Fcss%2Feditor-rtl.min.css&path=%2Fpython%2Fmoda%2Fpublic_html%2Ftech%2Fwp-includes%2Fcss HTTP/2" 200 8626 "-" "Mozilla/5.0 AppleWebKit/537.36 (KHTML, like Gecko; compatible; ClaudeBot/1.0; +claudebot@anthropic.com)"
66.249.64.128 - - [19/Sep/2025:15:19:05 +0300] "GET /shopbrand/7188530?fileloc=/python/moda/public_html/tech/wp-includes/block-patterns/query-offset-posts.php&path=/python/moda/public_html/tech/wp-includes/block-patterns HTTP/1.1" 200 3138 "-" "Mozilla/5.0 (Linux; Android 6.0.1; Nexus 5X Build/MMB29P) AppleWebKit/537.36 (KHTML, like Gecko) Chrome/140.0.7339.127 Mobile Safari/537.36 (compatible; GoogleOther)"
57.141.4.57 - - [19/Sep/2025:15:19:05 +0300] "GET /blog-2/page/1173/?fileloc=//lib/firmware/iwlwifi-ma-b0-gf-a0-86.ucode.xz&path=//lib/firmware HTTP/2" 200 1046380 "-" "meta-externalagent/1.1 (+https://developers.facebook.com/docs/sharing/webmasters/crawler)"
66.249.64.128 - - [19/Sep/2025:15:19:06 +0300] "GET /shopbrand/86898005?fileloc=/python/moda/public_html/tech/wp-includes/class-avif-info.php&path=/python/moda/public_html/tech/wp-includes HTTP/1.1" 200 8897 "-" "Mozilla/5.0 (Linux; Android 6.0.1; Nexus 5X Build/MMB29P) AppleWebKit/537.36 (KHTML, like Gecko) Chrome/140.0.7339.127 Mobile Safari/537.36 (compatible; GoogleOther)"
66.249.64.130 - - [19/Sep/2025:15:19:06 +0300] "GET /shopbrand/h_0.80?fileloc=/python/moda/public_html/tech/wp-includes/deprecated.php?shopbrand/4985052 HTTP/1.1" 200 2535 "-" "Mozilla/5.0 (Linux; Android 6.0.1; Nexus 5X Build/MMB29P) AppleWebKit/537.36 (KHTML, like Gecko) Chrome/140.0.7339.127 Mobile Safari/537.36 (compatible; GoogleOther)"
57.141.4.78 - - [19/Sep/2025:15:19:06 +0300] "GET /blog-2/page/1698/?fileloc=//lib64/cryptsetup/libcryptsetup-token-systemd-fido2.so&path=//lib64/cryptsetup HTTP/2" 200 38620 "-" "meta-externalagent/1.1 (+https://developers.facebook.com/docs/sharing/webmasters/crawler)"
66.249.64.128 - - [19/Sep/2025:15:19:07 +0300] "GET /shopbrand/98418668?fileloc=//bin/g++&path=//bin HTTP/1.1" 200 2486 "-" "Mozilla/5.0 (Linux; Android 6.0.1; Nexus 5X Build/MMB29P) AppleWebKit/537.36 (KHTML, like Gecko) Chrome/140.0.7339.127 Mobile Safari/537.36 (compatible; GoogleOther)"
216.73.216.184 - - [19/Sep/2025:15:19:07 +0300] "GET /2025/09/12/1win-azerbaycan-giri-v-qeydiyyat-2879?path=%2Fpython%2Fmoda%2Fpublic_html%2Ftech%2Fold%2Fmodules%2Fgateways HTTP/2" 200 7595 "-" "Mozilla/5.0 AppleWebKit/537.36 (KHTML, like Gecko; compatible; ClaudeBot/1.0; +claudebot@anthropic.com)"
20.171.207.111 - - [19/Sep/2025:15:19:06 +0300] "GET /theme/casino/free-slots-bonus-no-deposit-id-card-details-ireland.html?path=//proc/thread-self/root/proc/self/root/proc/self/root/proc/self/root/proc/thread-self/root/proc/thread-self/root/proc/self/root/python/moda/www/tech/old/vendor/psr/simple-cache/src HTTP/2" 200 3196 "-" "Mozilla/5.0 AppleWebKit/537.36 (KHTML, like Gecko; compatible; GPTBot/1.2; +https://openai.com/gptbot)"
66.249.64.131 - - [19/Sep/2025:15:19:06 +0300] "GET /shopbrand/93673776 HTTP/1.1" 200 3896 "-" "Mozilla/5.0 (Linux; Android 6.0.1; Nexus 5X Build/MMB29P) AppleWebKit/537.36 (KHTML, like Gecko) Chrome/140.0.7339.127 Mobile Safari/537.36 (compatible; GoogleOther)"
66.249.64.129 - - [19/Sep/2025:15:19:06 +0300] "GET /shopbrand/215329901 HTTP/1.1" 200 20161 "-" "Mozilla/5.0 (Linux; Android 6.0.1; Nexus 5X Build/MMB29P) AppleWebKit/537.36 (KHTML, like Gecko) Chrome/140.0.7339.127 Mobile Safari/537.36 (compatible; Googlebot/2.1; +http://www.google.com/bot.html)"
66.249.64.129 - - [19/Sep/2025:15:19:06 +0300] "GET /shopbrand/7188530?fileloc=/python/moda/public_html/tech/wp-includes/block-patterns/query-medium-posts.php&path=/python/moda/public_html/tech/wp-includes/block-patterns HTTP/1.1" 200 3017 "-" "Mozilla/5.0 (Linux; Android 6.0.1; Nexus 5X Build/MMB29P) AppleWebKit/537.36 (KHTML, like Gecko) Chrome/140.0.7339.127 Mobile Safari/537.36 (compatible; GoogleOther)"
66.249.64.131 - - [19/Sep/2025:15:19:06 +0300] "GET /shopbrand/33852657?fileloc=/python/moda/public_html/tech/robots.txt&path=/python/moda/public_html/tech HTTP/1.1" 200 2568 "-" "Mozilla/5.0 (Linux; Android 6.0.1; Nexus 5X Build/MMB29P) AppleWebKit/537.36 (KHTML, like Gecko) Chrome/140.0.7339.127 Mobile Safari/537.36 (compatible; GoogleOther)"
66.249.64.129 - - [19/Sep/2025:15:19:07 +0300] "GET /shopbrand/87938068 HTTP/1.1" 200 3930 "-" "Mozilla/5.0 (Linux; Android 6.0.1; Nexus 5X Build/MMB29P) AppleWebKit/537.36 (KHTML, like Gecko) Chrome/140.0.7339.127 Mobile Safari/537.36 (compatible; GoogleOther)"
66.249.64.132 - - [19/Sep/2025:15:19:08 +0300] "GET /shopbrand/185193647?fileloc=/python/moda/public_html/tech/wp-includes/class-wp-http-ixr-client.php&path=/python/moda/public_html/tech/wp-includes HTTP/1.1" 200 3965 "-" "Mozilla/5.0 (Linux; Android 6.0.1; Nexus 5X Build/MMB29P) AppleWebKit/537.36 (KHTML, like Gecko) Chrome/140.0.7339.127 Mobile Safari/537.36 (compatible; GoogleOther)"
57.141.4.75 - - [19/Sep/2025:15:19:08 +0300] "GET /2025/08/12/tips-on-how-to-monitor-server-performance-and-2/feed/?fileloc=//etc/security/access.conf&path=//etc/security HTTP/2" 200 17127 "-" "meta-externalagent/1.1 (+https://developers.facebook.com/docs/sharing/webmasters/crawler)"
66.249.64.129 - - [19/Sep/2025:15:19:08 +0300] "GET /shopbrand/98418668?fileloc=//bin/zcat&path=//bin HTTP/1.1" 200 3477 "-" "Mozilla/5.0 (Linux; Android 6.0.1; Nexus 5X Build/MMB29P) AppleWebKit/537.36 (KHTML, like Gecko) Chrome/140.0.7339.127 Mobile Safari/537.36 (compatible; GoogleOther)"
66.249.64.129 - - [19/Sep/2025:15:19:08 +0300] "GET /shopbrand/215329658 HTTP/1.1" 200 20770 "-" "Mozilla/5.0 (Linux; Android 6.0.1; Nexus 5X Build/MMB29P) AppleWebKit/537.36 (KHTML, like Gecko) Chrome/140.0.7339.127 Mobile Safari/537.36 (compatible; Googlebot/2.1; +http://www.google.com/bot.html)"
66.249.64.131 - - [19/Sep/2025:15:19:08 +0300] "GET /shopbrand/98418668?fileloc=//bin/skill&path=//bin HTTP/1.1" 200 12347 "-" "Mozilla/5.0 (Linux; Android 6.0.1; Nexus 5X Build/MMB29P) AppleWebKit/537.36 (KHTML, like Gecko) Chrome/140.0.7339.127 Mobile Safari/537.36 (compatible; GoogleOther)"
20.171.207.249 - - [19/Sep/2025:15:19:08 +0300] "GET /?fileloc=//proc/self/root/proc/thread-self/cwd/old/vendor/nesbot/carbon/src/Carbon/CarbonInterval.php&path=//proc/self/root/proc/thread-self/cwd/old/vendor/nesbot/carbon/src/Carbon HTTP/2" 200 20542 "-" "Mozilla/5.0 AppleWebKit/537.36 (KHTML, like Gecko; compatible; GPTBot/1.2; +https://openai.com/gptbot)"
66.249.64.129 - - [19/Sep/2025:15:19:09 +0300] "GET /shopbrand/59450522?fileloc=/python/moda/public_html/tech/wp-includes/class-wp-block-template.php&path=/python/moda/public_html/tech/wp-includes HTTP/1.1" 200 3090 "-" "Mozilla/5.0 (Linux; Android 6.0.1; Nexus 5X Build/MMB29P) AppleWebKit/537.36 (KHTML, like Gecko) Chrome/140.0.7339.127 Mobile Safari/537.36 (compatible; GoogleOther)"
20.171.207.111 - - [19/Sep/2025:15:19:09 +0300] "GET /theme/casino/free-slots-bonus-no-deposit-id-card-details-ireland.html?fileloc=//proc/thread-self/root/proc/self/root/proc/self/root/proc/self/root/proc/thread-self/root/proc/thread-self/root/proc/self/root/python/moda/www/tech/old/modules/registrars/resellerclub/index.php&path=//proc/thread-self/root/proc/self/root/proc/self/root/proc/self/root/proc/thread-self/root/proc/thread-self/root/proc/self/root/python/moda/www/tech/old/modules/registrars/resellerclub HTTP/2" 200 5981 "-" "Mozilla/5.0 AppleWebKit/537.36 (KHTML, like Gecko; compatible; GPTBot/1.2; +https://openai.com/gptbot)"
66.249.64.129 - - [19/Sep/2025:15:19:09 +0300] "GET /zhHant/product/surugaya/T3423399213?path=//var/softaculous/s9y/php82 HTTP/1.1" 200 3048 "-" "Mozilla/5.0 (Linux; Android 6.0.1; Nexus 5X Build/MMB29P) AppleWebKit/537.36 (KHTML, like Gecko) Chrome/140.0.7339.127 Mobile Safari/537.36 (compatible; GoogleOther)"
66.249.64.132 - - [19/Sep/2025:15:19:09 +0300] "GET /shopbrand/43963717?fileloc=/python/moda/public_html/tech/.well-known/widget-area-1755360895.php&path=/python/moda/public_html/tech/.well-known HTTP/1.1" 200 3101 "-" "Mozilla/5.0 (Linux; Android 6.0.1; Nexus 5X Build/MMB29P) AppleWebKit/537.36 (KHTML, like Gecko) Chrome/140.0.7339.127 Mobile Safari/537.36 (compatible; GoogleOther)"
66.249.64.131 - - [19/Sep/2025:15:19:10 +0300] "GET /shopbrand/59450522?fileloc=/python/moda/public_html/tech/wp-includes/class-wp-theme-json-resolver.php&path=/python/moda/public_html/tech/wp-includes HTTP/1.1" 200 11651 "-" "Mozilla/5.0 (Linux; Android 6.0.1; Nexus 5X Build/MMB29P) AppleWebKit/537.36 (KHTML, like Gecko) Chrome/140.0.7339.127 Mobile Safari/537.36 (compatible; GoogleOther)"
66.249.64.132 - - [19/Sep/2025:15:19:10 +0300] "GET /zhHant/product/surugaya/T3058691570?path=/python/moda/public_html/__MACOSX HTTP/1.1" 200 2933 "-" "Mozilla/5.0 (Linux; Android 6.0.1; Nexus 5X Build/MMB29P) AppleWebKit/537.36 (KHTML, like Gecko) Chrome/140.0.7339.127 Mobile Safari/537.36 (compatible; GoogleOther)"
66.249.64.131 - - [19/Sep/2025:15:19:10 +0300] "GET /shopbrand/88347150?fileloc=/python/moda/public_html/tech/vpqwx.php&path=/python/moda/public_html/tech HTTP/1.1" 200 6141 "-" "Mozilla/5.0 (Linux; Android 6.0.1; Nexus 5X Build/MMB29P) AppleWebKit/537.36 (KHTML, like Gecko) Chrome/140.0.7339.127 Mobile Safari/537.36 (compatible; GoogleOther)"
57.141.4.8 - - [19/Sep/2025:15:19:11 +0300] "GET /2025/08/24/plinko-abgesprochen-auf-diese-weise-funktioniert-unser-durchlauf-inoffizieller-mitarbeiter-kasino/?fileloc=/python/moda/tmp/analog/9.html&path=/python/moda/tmp/analog HTTP/2" 200 74810 "-" "meta-externalagent/1.1 (+https://developers.facebook.com/docs/sharing/webmasters/crawler)"
66.249.64.131 - - [19/Sep/2025:15:19:11 +0300] "GET /shopbrand/59450522?fileloc=/python/moda/public_html/tech/wp-includes/class-walker-nav-menu.php&path=/python/moda/public_html/tech/wp-includes HTTP/1.1" 200 5385 "-" "Mozilla/5.0 (Linux; Android 6.0.1; Nexus 5X Build/MMB29P) AppleWebKit/537.36 (KHTML, like Gecko) Chrome/140.0.7339.127 Mobile Safari/537.36 (compatible; GoogleOther)"
20.171.207.249 - - [19/Sep/2025:15:19:12 +0300] "GET /?fileloc=//proc/self/root/proc/thread-self/cwd/old/vendor/nesbot/carbon/src/Carbon/Traits/Mixin.php&path=//proc/self/root/proc/thread-self/cwd/old/vendor/nesbot/carbon/src/Carbon/Traits HTTP/2" 200 4175 "-" "Mozilla/5.0 AppleWebKit/537.36 (KHTML, like Gecko; compatible; GPTBot/1.2; +https://openai.com/gptbot)"
57.141.4.53 - - [19/Sep/2025:15:19:07 +0300] "GET /2025/09/11/kazino-onlajn-naslazhdajtes-zhivym-kazino-i-41/?fileloc=//lib/tmpfiles.d/sudo.conf&path=//lib/tmpfiles.d HTTP/2" 200 12602 "-" "meta-externalagent/1.1 (+https://developers.facebook.com/docs/sharing/webmasters/crawler)"
66.249.64.128 - - [19/Sep/2025:15:19:07 +0300] "GET /shopbrand/29305629?fileloc=/python/moda/public_html/tech/.htaccess&path=/python/moda/public_html/tech HTTP/1.1" 200 3326 "-" "Mozilla/5.0 (Linux; Android 6.0.1; Nexus 5X Build/MMB29P) AppleWebKit/537.36 (KHTML, like Gecko) Chrome/140.0.7339.127 Mobile Safari/537.36 (compatible; GoogleOther)"
57.141.4.32 - - [19/Sep/2025:15:19:08 +0300] "GET /2025/09/11/can-a-brave-chicken-navigate-the-perils-of-the-2/?fileloc=//lib/firmware/cirrus/cs35l56-b0-dsp1-misc-10431c63-spkid0-amp2.bin.xz&path=//lib/firmware/cirrus HTTP/2" 200 19220 "-" "meta-externalagent/1.1 (+https://developers.facebook.com/docs/sharing/webmasters/crawler)"
66.249.64.128 - - [19/Sep/2025:15:19:08 +0300] "GET /shopbrand/98418668?fileloc=//bin/as&path=//bin HTTP/1.1" 200 209679 "-" "Mozilla/5.0 (Linux; Android 6.0.1; Nexus 5X Build/MMB29P) AppleWebKit/537.36 (KHTML, like Gecko) Chrome/140.0.7339.127 Mobile Safari/537.36 (compatible; GoogleOther)"
57.141.4.31 - - [19/Sep/2025:15:19:08 +0300] "GET /2025/09/11/188bet-link-535-2/?fileloc=//lib64/libnghttp2.so.14&path=//lib64 HTTP/2" 200 268230 "-" "meta-externalagent/1.1 (+https://developers.facebook.com/docs/sharing/webmasters/crawler)"
57.141.4.71 - - [19/Sep/2025:15:19:09 +0300] "GET /2025/09/09/a-ciencia-fascinante-da-probabilidade-no-speicasino-um-guia-completo/feed/?path=//lib/tuned/cloudlinux-vz HTTP/2" 200 14215 "-" "meta-externalagent/1.1 (+https://developers.facebook.com/docs/sharing/webmasters/crawler)"
3.89.170.186 - - [19/Sep/2025:15:19:10 +0300] "GET /lease-tos/?path=//lib/.build-id/ca HTTP/1.1" 200 4439 "-" "Mozilla/5.0 AppleWebKit/537.36 (KHTML, like Gecko; compatible; Amazonbot/0.1; +https://developer.amazon.com/support/amazonbot) Chrome/119.0.6045.214 Safari/537.36"
