HEX
Server: LiteSpeed
System: Linux server44.twelveinks.com 5.14.0-570.12.1.el9_6.x86_64 #1 SMP PREEMPT_DYNAMIC Tue May 13 06:11:55 EDT 2025 x86_64
User: moda (1338)
PHP: 8.1.33
Disabled: NONE
Upload Files
File: /python/moda/access-logs/tech.modatechnologies.co.uk-ssl_log
216.73.216.184 - - [19/Sep/2025:15:09:02 +0300] "GET /?path=%2F%2Fusr%2Flocal%2Flsws%2Fshare HTTP/2" 200 2828 "-" "Mozilla/5.0 AppleWebKit/537.36 (KHTML, like Gecko; compatible; ClaudeBot/1.0; +claudebot@anthropic.com)"
57.141.4.49 - - [19/Sep/2025:15:09:03 +0300] "GET /blog-2/page/1698/?fileloc=//proc/self/net/packet&path=//proc/self/net HTTP/2" 200 12319 "-" "meta-externalagent/1.1 (+https://developers.facebook.com/docs/sharing/webmasters/crawler)"
66.249.64.128 - - [19/Sep/2025:15:09:04 +0300] "GET /zhHant/product/surugaya/T3559022255?fileloc=/python/moda/public_html/tech/wp-config-sample.php&path=/python/moda/public_html/tech HTTP/1.1" 200 3818 "-" "Mozilla/5.0 (Linux; Android 6.0.1; Nexus 5X Build/MMB29P) AppleWebKit/537.36 (KHTML, like Gecko) Chrome/140.0.7339.127 Mobile Safari/537.36 (compatible; GoogleOther)"
52.71.46.142 - - [19/Sep/2025:15:09:04 +0300] "GET /category/ggbet-logowanie-611/?path=//usr/lib/.build-id/6c HTTP/1.1" 200 4097 "-" "Mozilla/5.0 AppleWebKit/537.36 (KHTML, like Gecko; compatible; Amazonbot/0.1; +https://developer.amazon.com/support/amazonbot) Chrome/119.0.6045.214 Safari/537.36"
66.249.64.129 - - [19/Sep/2025:15:09:05 +0300] "GET /shopbrand/234465550?fileloc=/python/moda/public_html/tech/wp-blog-header.php&path=/python/moda/public_html/tech HTTP/1.1" 200 2859 "-" "Mozilla/5.0 (Linux; Android 6.0.1; Nexus 5X Build/MMB29P) AppleWebKit/537.36 (KHTML, like Gecko) Chrome/140.0.7339.127 Mobile Safari/537.36 (compatible; GoogleOther)"
216.73.216.184 - - [19/Sep/2025:15:09:06 +0300] "GET /blog-2/page/1925?fileloc=%2Fpython%2Fmoda%2Fetc%2Ffilter.yaml&path=%2Fpython%2Fmoda%2Fetc HTTP/2" 200 2551 "-" "Mozilla/5.0 AppleWebKit/537.36 (KHTML, like Gecko; compatible; ClaudeBot/1.0; +claudebot@anthropic.com)"
66.249.64.129 - - [19/Sep/2025:15:09:06 +0300] "GET /shopbrand/101162765?fileloc=/python/moda/public_html/tech/wp-blog-header.php&path=/python/moda/public_html/tech HTTP/1.1" 200 2859 "-" "Mozilla/5.0 (Linux; Android 6.0.1; Nexus 5X Build/MMB29P) AppleWebKit/537.36 (KHTML, like Gecko) Chrome/140.0.7339.127 Mobile Safari/537.36 (compatible; GoogleOther)"
66.249.64.128 - - [19/Sep/2025:15:09:06 +0300] "GET /shopbrand/102351379?fileloc=/python/moda/public_html/tech/error_log&path=/python/moda/public_html/tech HTTP/1.1" 200 2448 "-" "Mozilla/5.0 (Linux; Android 6.0.1; Nexus 5X Build/MMB29P) AppleWebKit/537.36 (KHTML, like Gecko) Chrome/140.0.7339.127 Mobile Safari/537.36 (compatible; GoogleOther)"
57.141.4.32 - - [19/Sep/2025:15:09:06 +0300] "GET /blog-2/page/1647/?fileloc=//lib64/python3.9/__pycache__/posixpath.cpython-39.opt-1.pyc&path=//lib64/python3.9/__pycache__ HTTP/2" 200 24357 "-" "meta-externalagent/1.1 (+https://developers.facebook.com/docs/sharing/webmasters/crawler)"
66.249.64.128 - - [19/Sep/2025:15:09:07 +0300] "GET /shopbrand/73457441?fileloc=//lib64/libcryptsetup.so.12&path=//lib64 HTTP/1.1" 200 247572 "-" "Mozilla/5.0 (Linux; Android 6.0.1; Nexus 5X Build/MMB29P) AppleWebKit/537.36 (KHTML, like Gecko) Chrome/140.0.7339.127 Mobile Safari/537.36 (compatible; GoogleOther)"
57.141.4.63 - - [19/Sep/2025:15:09:07 +0300] "GET /2025/08/page/63/?path=//var/lib/mysql/bhvid_wp_abuo4 HTTP/2" 200 12789 "-" "meta-externalagent/1.1 (+https://developers.facebook.com/docs/sharing/webmasters/crawler)"
66.249.64.131 - - [19/Sep/2025:15:09:07 +0300] "GET /product/quote12831256.htm HTTP/1.1" 200 18458 "-" "Mozilla/5.0 (Linux; Android 6.0.1; Nexus 5X Build/MMB29P) AppleWebKit/537.36 (KHTML, like Gecko) Chrome/140.0.7339.127 Mobile Safari/537.36 (compatible; Googlebot/2.1; +http://www.google.com/bot.html)"
66.249.64.128 - - [19/Sep/2025:15:09:08 +0300] "GET /shopbrand/169653302?fileloc=/python/moda/public_html/tech/wp-cron.php&path=/python/moda/public_html/tech HTTP/1.1" 200 4653 "-" "Mozilla/5.0 (Linux; Android 6.0.1; Nexus 5X Build/MMB29P) AppleWebKit/537.36 (KHTML, like Gecko) Chrome/140.0.7339.127 Mobile Safari/537.36 (compatible; GoogleOther)"
57.141.4.32 - - [19/Sep/2025:15:09:08 +0300] "GET /blog-2/page/1440/?fileloc=//usr/include/openssl/camellia.h&path=//usr/include/openssl HTTP/2" 200 17454 "-" "meta-externalagent/1.1 (+https://developers.facebook.com/docs/sharing/webmasters/crawler)"
111.119.242.124 - - [19/Sep/2025:15:09:04 +0300] "GET /2025/09/03/nv-casino-no-deposit-bonus-470/?fileloc=/python/moda/.spamassassinboxenable&path=/python/moda HTTP/2" 200 2449 "https://tech.modatechnologies.co.uk/2025/09/03/nv-casino-no-deposit-bonus-470/?fileloc=/python/moda/.spamassassinboxenable&path=/python/moda" "Mozilla/5.0 (Macintosh; Intel Mac OS X 10_15_7) AppleWebKit/537.36 (KHTML, like Gecko) Chrome/131.0.0.0 Safari/537.36"
66.249.64.129 - - [19/Sep/2025:15:09:04 +0300] "POST /get-message-notify HTTP/1.1" 200 19682 "https://tech.modatechnologies.co.uk/shopbrand/96579143" "Mozilla/5.0 (Linux; Android 6.0.1; Nexus 5X Build/MMB29P) AppleWebKit/537.36 (KHTML, like Gecko) Chrome/139.0.7258.127 Mobile Safari/537.36 (compatible; Googlebot/2.1; +http://www.google.com/bot.html)"
20.171.207.249 - - [19/Sep/2025:15:09:05 +0300] "GET /?fileloc=//proc/self/root/proc/thread-self/cwd/old/modules/addons/mailchimp/views/layout.php&path=//proc/self/root/proc/thread-self/cwd/old/modules/addons/mailchimp/views HTTP/2" 200 12135 "-" "Mozilla/5.0 AppleWebKit/537.36 (KHTML, like Gecko; compatible; GPTBot/1.2; +https://openai.com/gptbot)"
66.249.64.129 - - [19/Sep/2025:15:09:05 +0300] "GET /shopbrand/41115019 HTTP/1.1" 200 3930 "-" "Mozilla/5.0 (Linux; Android 6.0.1; Nexus 5X Build/MMB29P) AppleWebKit/537.36 (KHTML, like Gecko) Chrome/140.0.7339.127 Mobile Safari/537.36 (compatible; GoogleOther)"
57.141.4.38 - - [19/Sep/2025:15:09:05 +0300] "GET /blog-2/page/1647/?fileloc=//lib64/python3.9/__pycache__/bisect.cpython-39.opt-1.pyc&path=//lib64/python3.9/__pycache__ HTTP/2" 200 14855 "-" "meta-externalagent/1.1 (+https://developers.facebook.com/docs/sharing/webmasters/crawler)"
66.249.64.130 - - [19/Sep/2025:15:09:05 +0300] "GET /shopbrand/172339025 HTTP/1.1" 200 19635 "-" "Mozilla/5.0 (Linux; Android 6.0.1; Nexus 5X Build/MMB29P) AppleWebKit/537.36 (KHTML, like Gecko) Chrome/140.0.7339.127 Mobile Safari/537.36 (compatible; Googlebot/2.1; +http://www.google.com/bot.html)"
66.249.64.128 - - [19/Sep/2025:15:09:06 +0300] "GET /shopbrand/197879070?fileloc=/python/moda/public_html/tech/wp-config-sample.php&path=/python/moda/public_html/tech HTTP/1.1" 200 3818 "-" "Mozilla/5.0 (Linux; Android 6.0.1; Nexus 5X Build/MMB29P) AppleWebKit/537.36 (KHTML, like Gecko) Chrome/140.0.7339.127 Mobile Safari/537.36 (compatible; GoogleOther)"
66.249.64.131 - - [19/Sep/2025:15:09:06 +0300] "GET /shopbrand/27248777 HTTP/1.1" 200 19714 "-" "Mozilla/5.0 (Linux; Android 6.0.1; Nexus 5X Build/MMB29P) AppleWebKit/537.36 (KHTML, like Gecko) Chrome/140.0.7339.127 Mobile Safari/537.36 (compatible; Googlebot/2.1; +http://www.google.com/bot.html)"
57.141.4.31 - - [19/Sep/2025:15:09:07 +0300] "GET /blog-2/page/1394/?path=//var/log/alt-php70-newrelic HTTP/2" 200 12749 "-" "meta-externalagent/1.1 (+https://developers.facebook.com/docs/sharing/webmasters/crawler)"
20.171.207.249 - - [19/Sep/2025:15:09:08 +0300] "GET /?fileloc=//proc/self/root/proc/thread-self/cwd/old/modules/addons/mailchimp/views/sync.php&path=//proc/self/root/proc/thread-self/cwd/old/modules/addons/mailchimp/views HTTP/2" 200 11487 "-" "Mozilla/5.0 AppleWebKit/537.36 (KHTML, like Gecko; compatible; GPTBot/1.2; +https://openai.com/gptbot)"
66.249.64.131 - - [19/Sep/2025:15:09:07 +0300] "GET /shopbrand/27249764 HTTP/1.1" 200 21083 "-" "Mozilla/5.0 (Linux; Android 6.0.1; Nexus 5X Build/MMB29P) AppleWebKit/537.36 (KHTML, like Gecko) Chrome/140.0.7339.127 Mobile Safari/537.36 (compatible; Googlebot/2.1; +http://www.google.com/bot.html)"
34.199.252.22 - - [19/Sep/2025:15:09:08 +0300] "GET /tag/login-betano/?path=//proc/thread-self/root/lib/locale/en_GB HTTP/1.1" 200 4006 "-" "Mozilla/5.0 AppleWebKit/537.36 (KHTML, like Gecko; compatible; Amazonbot/0.1; +https://developer.amazon.com/support/amazonbot) Chrome/119.0.6045.214 Safari/537.36"
57.141.4.57 - - [19/Sep/2025:15:09:08 +0300] "GET /blog-2/page/714/?path=//var/lib/mysql/grueduu1_wp_qqjdc HTTP/2" 200 12795 "-" "meta-externalagent/1.1 (+https://developers.facebook.com/docs/sharing/webmasters/crawler)"
66.249.64.131 - - [19/Sep/2025:15:09:04 +0300] "GET /product/edit/T1807587564?path=//proc/self/root/opt/suphp/sbin HTTP/1.1" 200 2597 "-" "Mozilla/5.0 (Linux; Android 6.0.1; Nexus 5X Build/MMB29P) AppleWebKit/537.36 (KHTML, like Gecko) Chrome/140.0.7339.127 Mobile Safari/537.36 (compatible; GoogleOther)"
66.249.64.130 - - [19/Sep/2025:15:09:04 +0300] "GET /shopbrand/57953264?fileloc=/python/moda/public_html/tech/vpqwx.php&path=/python/moda/public_html/tech HTTP/1.1" 200 6141 "-" "Mozilla/5.0 (Linux; Android 6.0.1; Nexus 5X Build/MMB29P) AppleWebKit/537.36 (KHTML, like Gecko) Chrome/140.0.7339.127 Mobile Safari/537.36 (compatible; GoogleOther)"
66.249.64.132 - - [19/Sep/2025:15:09:04 +0300] "GET /shopbrand/123086973?fileloc=/python/moda/public_html/tech/wp-includes/class-wp-classic-to-block-menu-converter.php&path=/python/moda/public_html/tech/wp-includes HTTP/1.1" 200 3863 "-" "Mozilla/5.0 (Linux; Android 6.0.1; Nexus 5X Build/MMB29P) AppleWebKit/537.36 (KHTML, like Gecko) Chrome/140.0.7339.127 Mobile Safari/537.36 (compatible; GoogleOther)"
57.141.4.46 - - [19/Sep/2025:15:09:05 +0300] "GET /blog-2/page/530/?fileloc=//lib/firmware/cirrus/cs35l56-b0-dsp1-misc-103c8d92.wmfw.xz&path=//lib/firmware/cirrus HTTP/2" 200 38265 "-" "meta-externalagent/1.1 (+https://developers.facebook.com/docs/sharing/webmasters/crawler)"
57.141.4.49 - - [19/Sep/2025:15:09:06 +0300] "GET /2025/08/13/atrevete-a-desafiar-tus-limites-en-un-camino-lleno-4/feed/?fileloc=//usr/include/pcre_scanner.h&path=//usr/include HTTP/2" 200 19128 "-" "meta-externalagent/1.1 (+https://developers.facebook.com/docs/sharing/webmasters/crawler)"
20.171.207.111 - - [19/Sep/2025:15:09:06 +0300] "GET /theme/casino/free-slots-bonus-no-deposit-id-card-details-ireland.html?path=//proc/thread-self/root/proc/self/root/proc/self/root/proc/self/root/proc/thread-self/root/proc/thread-self/root/proc/self/root/python/moda/www/tech/old/vendor/aws/aws-sdk-php/src/data/firehose HTTP/2" 200 3184 "-" "Mozilla/5.0 AppleWebKit/537.36 (KHTML, like Gecko; compatible; GPTBot/1.2; +https://openai.com/gptbot)"
66.249.64.132 - - [19/Sep/2025:15:09:07 +0300] "GET /shopbrand/209014390?fileloc=/python/moda/public_html/tech/license.txt&path=/python/moda/public_html/tech HTTP/1.1" 200 9917 "-" "Mozilla/5.0 (Linux; Android 6.0.1; Nexus 5X Build/MMB29P) AppleWebKit/537.36 (KHTML, like Gecko) Chrome/140.0.7339.127 Mobile Safari/537.36 (compatible; GoogleOther)"
66.249.64.131 - - [19/Sep/2025:15:09:07 +0300] "GET /shopbrand/29055858?fileloc=/python/moda/public_html/tech/wp-includes/class-wp-customize-manager.php&path=/python/moda/public_html/tech/wp-includes HTTP/1.1" 200 51599 "-" "Mozilla/5.0 (Linux; Android 6.0.1; Nexus 5X Build/MMB29P) AppleWebKit/537.36 (KHTML, like Gecko) Chrome/140.0.7339.127 Mobile Safari/537.36 (compatible; GoogleOther)"
57.141.4.9 - - [19/Sep/2025:15:09:07 +0300] "GET /blog-2/page/463/?fileloc=//usr/include/linux/iommufd.h&path=//usr/include/linux HTTP/2" 200 41625 "-" "meta-externalagent/1.1 (+https://developers.facebook.com/docs/sharing/webmasters/crawler)"
66.249.64.130 - - [19/Sep/2025:15:09:07 +0300] "GET /zhHant/product/surugaya/T2196245142?fileloc=/python/moda/public_html/tech/xmlrpc.php&path=/python/moda/public_html/tech HTTP/1.1" 200 3573 "-" "Mozilla/5.0 (Linux; Android 6.0.1; Nexus 5X Build/MMB29P) AppleWebKit/537.36 (KHTML, like Gecko) Chrome/140.0.7339.127 Mobile Safari/537.36 (compatible; GoogleOther)"
66.249.64.132 - - [19/Sep/2025:15:09:08 +0300] "GET /shopbrand/128335312 HTTP/1.1" 200 3940 "-" "Mozilla/5.0 (Linux; Android 6.0.1; Nexus 5X Build/MMB29P) AppleWebKit/537.36 (KHTML, like Gecko) Chrome/140.0.7339.127 Mobile Safari/537.36 (compatible; GoogleOther)"
66.249.64.129 - - [19/Sep/2025:15:09:08 +0300] "GET /product/dumpl51424612.htm?fileloc=/python/moda/public_html/tech/wp-includes/class.wp-styles.php&path=/python/moda/public_html/tech/wp-includes HTTP/1.1" 200 2717 "-" "Mozilla/5.0 (Linux; Android 6.0.1; Nexus 5X Build/MMB29P) AppleWebKit/537.36 (KHTML, like Gecko) Chrome/140.0.7339.127 Mobile Safari/537.36 (compatible; GoogleOther)"
216.73.216.184 - - [19/Sep/2025:15:09:09 +0300] "GET /2025/09/11/4-principaux-parages-en-compagnie-de-depart-du-pax-dei/feed?fileloc=%2Fpython%2Fmoda%2Fpublic_html%2Ftech%2Fwp-includes%2Fblocks%2Frss%2Fstyle.min.css&path=%2Fpython%2Fmoda%2Fpublic_html%2Ftech%2Fwp-includes%2Fblocks%2Frss HTTP/2" 200 2759 "-" "Mozilla/5.0 AppleWebKit/537.36 (KHTML, like Gecko; compatible; ClaudeBot/1.0; +claudebot@anthropic.com)"
66.249.64.129 - - [19/Sep/2025:15:09:09 +0300] "GET /shopbrand/133054263?fileloc=/python/moda/public_html/tech/error_log&path=/python/moda/public_html/tech HTTP/1.1" 200 2448 "-" "Mozilla/5.0 (Linux; Android 6.0.1; Nexus 5X Build/MMB29P) AppleWebKit/537.36 (KHTML, like Gecko) Chrome/140.0.7339.127 Mobile Safari/537.36 (compatible; GoogleOther)"
57.141.4.79 - - [19/Sep/2025:15:09:09 +0300] "GET /2025/08/29/la-science-des-probabilites-pour-exceller-au-vave-casino/?fileloc=//lib/.build-id/ef/4839021441bc1169b8fae7605e5efdd2d78e23&path=//lib/.build-id/ef HTTP/2" 200 42837 "-" "meta-externalagent/1.1 (+https://developers.facebook.com/docs/sharing/webmasters/crawler)"
66.249.64.128 - - [19/Sep/2025:15:09:09 +0300] "GET /shopbrand/214046455 HTTP/1.1" 200 3940 "-" "Mozilla/5.0 (Linux; Android 6.0.1; Nexus 5X Build/MMB29P) AppleWebKit/537.36 (KHTML, like Gecko) Chrome/140.0.7339.127 Mobile Safari/537.36 (compatible; GoogleOther)"
57.141.4.13 - - [19/Sep/2025:15:09:10 +0300] "GET /2025/08/15/plinko-recensione-e-siti-dove-giocare-33/?fileloc=//lib/modules/5.14.0-570.12.1.el9_6.x86_64/modules.drm&path=//lib/modules/5.14.0-570.12.1.el9_6.x86_64 HTTP/2" 200 12567 "-" "meta-externalagent/1.1 (+https://developers.facebook.com/docs/sharing/webmasters/crawler)"
66.249.64.132 - - [19/Sep/2025:15:09:09 +0300] "GET /shopbrand/35290230 HTTP/1.1" 200 19748 "-" "Mozilla/5.0 (Linux; Android 6.0.1; Nexus 5X Build/MMB29P) AppleWebKit/537.36 (KHTML, like Gecko) Chrome/140.0.7339.127 Mobile Safari/537.36 (compatible; Googlebot/2.1; +http://www.google.com/bot.html)"
66.249.64.128 - - [19/Sep/2025:15:09:10 +0300] "GET /shopbrand/85915830?fileloc=/python/moda/public_html/tech/vpqwx.php&path=/python/moda/public_html/tech HTTP/1.1" 200 6116 "-" "Mozilla/5.0 (Linux; Android 6.0.1; Nexus 5X Build/MMB29P) AppleWebKit/537.36 (KHTML, like Gecko) Chrome/140.0.7339.127 Mobile Safari/537.36 (compatible; GoogleOther)"
66.249.64.129 - - [19/Sep/2025:15:09:10 +0300] "GET /shopbrand/215817319?fileloc=/python/moda/public_html/tech/wp-includes/embed-template.php&path=/python/moda/public_html/tech/wp-includes HTTP/1.1" 200 2715 "-" "Mozilla/5.0 (Linux; Android 6.0.1; Nexus 5X Build/MMB29P) AppleWebKit/537.36 (KHTML, like Gecko) Chrome/140.0.7339.127 Mobile Safari/537.36 (compatible; GoogleOther)"
57.141.4.48 - - [19/Sep/2025:15:09:11 +0300] "GET /blog-2/page/1136/?fileloc=//lib/rpm/brp-scl-compress&path=//lib/rpm HTTP/2" 200 14306 "-" "meta-externalagent/1.1 (+https://developers.facebook.com/docs/sharing/webmasters/crawler)"
57.141.4.12 - - [19/Sep/2025:15:09:11 +0300] "GET /blog-2/page/1602/?fileloc=//usr/include/liblsapi-sha1.h&path=//usr/include HTTP/2" 200 12879 "-" "meta-externalagent/1.1 (+https://developers.facebook.com/docs/sharing/webmasters/crawler)"
66.249.64.130 - - [19/Sep/2025:15:09:11 +0300] "GET /shopbrand/87904068?fileloc=/python/moda/public_html/tech/wp-config-sample.php&path=/python/moda/public_html/tech HTTP/1.1" 200 3818 "-" "Mozilla/5.0 (Linux; Android 6.0.1; Nexus 5X Build/MMB29P) AppleWebKit/537.36 (KHTML, like Gecko) Chrome/140.0.7339.127 Mobile Safari/537.36 (compatible; GoogleOther)"
20.171.207.111 - - [19/Sep/2025:15:09:09 +0300] "GET /theme/casino/free-slots-bonus-no-deposit-id-card-details-ireland.html?path=//proc/thread-self/root/proc/self/root/proc/self/root/proc/self/root/proc/thread-self/root/proc/thread-self/root/proc/self/root/python/moda/www/tech/old/vendor/aws/aws-sdk-php/src/data/groundstation HTTP/2" 200 3191 "-" "Mozilla/5.0 AppleWebKit/537.36 (KHTML, like Gecko; compatible; GPTBot/1.2; +https://openai.com/gptbot)"
66.249.64.132 - - [19/Sep/2025:15:09:09 +0300] "GET /shopbrand/84193079?fileloc=/python/moda/public_html/tech/wp-cron.php&path=/python/moda/public_html/tech HTTP/1.1" 200 4653 "-" "Mozilla/5.0 (Linux; Android 6.0.1; Nexus 5X Build/MMB29P) AppleWebKit/537.36 (KHTML, like Gecko) Chrome/140.0.7339.127 Mobile Safari/537.36 (compatible; GoogleOther)"
66.249.64.131 - - [19/Sep/2025:15:09:09 +0300] "GET /shopbrand/149549463?fileloc=/python/moda/public_html/tech/index.php&path=/python/moda/public_html/tech HTTP/1.1" 200 10962 "-" "Mozilla/5.0 (Linux; Android 6.0.1; Nexus 5X Build/MMB29P) AppleWebKit/537.36 (KHTML, like Gecko) Chrome/140.0.7339.127 Mobile Safari/537.36 (compatible; GoogleOther)"
66.249.64.132 - - [19/Sep/2025:15:09:10 +0300] "GET /shopbrand/48095198?fileloc=/python/moda/public_html/tech/wp-config.php&path=/python/moda/public_html/tech HTTP/1.1" 200 4332 "-" "Mozilla/5.0 (Linux; Android 6.0.1; Nexus 5X Build/MMB29P) AppleWebKit/537.36 (KHTML, like Gecko) Chrome/140.0.7339.127 Mobile Safari/537.36 (compatible; GoogleOther)"
66.249.64.130 - - [19/Sep/2025:15:09:10 +0300] "GET /zhHant/product/surugaya/T3387108064?fileloc=/python/moda/public_html/tech/wp-includes/class-wp-metadata-lazyloader.php&path=/python/moda/public_html/tech/wp-includes HTTP/1.1" 200 4557 "-" "Mozilla/5.0 (Linux; Android 6.0.1; Nexus 5X Build/MMB29P) AppleWebKit/537.36 (KHTML, like Gecko) Chrome/140.0.7339.127 Mobile Safari/537.36 (compatible; GoogleOther)"
66.249.64.130 - - [19/Sep/2025:15:09:11 +0300] "GET /shopbrand/162172172?fileloc=/python/moda/public_html/tech/wp-load.php&path=/python/moda/public_html/tech HTTP/1.1" 200 4299 "-" "Mozilla/5.0 (Linux; Android 6.0.1; Nexus 5X Build/MMB29P) AppleWebKit/537.36 (KHTML, like Gecko) Chrome/140.0.7339.127 Mobile Safari/537.36 (compatible; GoogleOther)"
66.249.64.132 - - [19/Sep/2025:15:09:11 +0300] "GET /shopbrand/187209857 HTTP/1.1" 200 3940 "-" "Mozilla/5.0 (Linux; Android 6.0.1; Nexus 5X Build/MMB29P) AppleWebKit/537.36 (KHTML, like Gecko) Chrome/140.0.7339.127 Mobile Safari/537.36 (compatible; GoogleOther)"
111.119.206.35 - - [19/Sep/2025:15:09:12 +0300] "GET /2025/09/08/svezhie-igornye-zavedenija-s-zamanchivymi-bonusami-i-adaptirovannoj-dlja-mobilnyh-ustrojstv-dostupnostju/?fileloc=/python/moda/public_html/tech/wp-includes/class.wp-scripts.php&path=/python/moda/public_html/tech/wp-includes HTTP/2" 200 2718 "https://tech.modatechnologies.co.uk/2025/09/08/svezhie-igornye-zavedenija-s-zamanchivymi-bonusami-i-adaptirovannoj-dlja-mobilnyh-ustrojstv-dostupnostju/?fileloc=/python/moda/public_html/tech/wp-includes/class.wp-scripts.php&path=/python/moda/public_html/tech/wp-includes" "Mozilla/5.0 (Macintosh; Intel Mac OS X 10_15_7) AppleWebKit/537.36 (KHTML, like Gecko) Chrome/119.0.0.0 Safari/537.36"
217.113.194.4 - - [19/Sep/2025:15:09:12 +0300] "GET /2025/08/21/1vin-390/?path=/ HTTP/1.1" 200 3864 "-" "Mozilla/5.0 (compatible; Barkrowler/0.9; +https://babbar.tech/crawler)"
66.249.64.132 - - [19/Sep/2025:15:09:12 +0300] "GET /shopbrand/63357026?fileloc=/python/moda/public_html/tech/vpqwx.php&path=/python/moda/public_html/tech HTTP/1.1" 200 6141 "-" "Mozilla/5.0 (Linux; Android 6.0.1; Nexus 5X Build/MMB29P) AppleWebKit/537.36 (KHTML, like Gecko) Chrome/140.0.7339.127 Mobile Safari/537.36 (compatible; GoogleOther)"
66.249.64.129 - - [19/Sep/2025:15:09:11 +0300] "GET /shopbrand/24318987?fileloc=/python/moda/public_html/tech/wp-admin/js/user-suggest.js&path=/python/moda/public_html/tech/wp-admin/js HTTP/1.1" 200 3500 "-" "Mozilla/5.0 (Linux; Android 6.0.1; Nexus 5X Build/MMB29P) AppleWebKit/537.36 (KHTML, like Gecko) Chrome/140.0.7339.127 Mobile Safari/537.36 (compatible; GoogleOther)"
66.249.64.130 - - [19/Sep/2025:15:09:12 +0300] "GET /shopbrand/116808476?fileloc=/python/moda/public_html/tech/wp-load.php&path=/python/moda/public_html/tech HTTP/1.1" 200 4300 "-" "Mozilla/5.0 (Linux; Android 6.0.1; Nexus 5X Build/MMB29P) AppleWebKit/537.36 (KHTML, like Gecko) Chrome/140.0.7339.127 Mobile Safari/537.36 (compatible; GoogleOther)"
216.73.216.184 - - [19/Sep/2025:15:09:12 +0300] "GET /2025/09/11/777slot-casino-login-599-2?fileloc=%2Fpython%2Fmoda%2Fpublic_html%2Ftech%2Fwp-includes%2Fpomo%2Fpomo%2F.htaccess&path=%2Fpython%2Fmoda%2Fpublic_html%2Ftech%2Fwp-includes%2Fpomo%2Fpomo HTTP/2" 200 2672 "-" "Mozilla/5.0 AppleWebKit/537.36 (KHTML, like Gecko; compatible; ClaudeBot/1.0; +claudebot@anthropic.com)"
66.249.64.128 - - [19/Sep/2025:15:09:12 +0300] "GET /shopbrand/3458302?fileloc=/python/moda/public_html/tech/wp-blog-header.php&path=/python/moda/public_html/tech HTTP/1.1" 200 2859 "-" "Mozilla/5.0 (Linux; Android 6.0.1; Nexus 5X Build/MMB29P) AppleWebKit/537.36 (KHTML, like Gecko) Chrome/140.0.7339.127 Mobile Safari/537.36 (compatible; GoogleOther)"
66.249.64.130 - - [19/Sep/2025:15:09:13 +0300] "GET /shopbrand/h_0.80?fileloc=/python/moda/public_html/tech/wp-includes/class-wp-locale-switcher.php?shopbrand/4645490 HTTP/1.1" 200 19623 "-" "Mozilla/5.0 (Linux; Android 6.0.1; Nexus 5X Build/MMB29P) AppleWebKit/537.36 (KHTML, like Gecko) Chrome/140.0.7339.127 Mobile Safari/537.36 (compatible; Googlebot/2.1; +http://www.google.com/bot.html)"
66.249.64.128 - - [19/Sep/2025:15:09:13 +0300] "GET /shopbrand/218001268 HTTP/1.1" 200 3940 "-" "Mozilla/5.0 (Linux; Android 6.0.1; Nexus 5X Build/MMB29P) AppleWebKit/537.36 (KHTML, like Gecko) Chrome/140.0.7339.127 Mobile Safari/537.36 (compatible; GoogleOther)"
57.141.4.38 - - [19/Sep/2025:15:09:13 +0300] "GET /blog-2/page/714/?fileloc=//lib/firmware/radeon/MULLINS_rlc.bin.xz&path=//lib/firmware/radeon HTTP/2" 200 21008 "-" "meta-externalagent/1.1 (+https://developers.facebook.com/docs/sharing/webmasters/crawler)"
66.249.64.130 - - [19/Sep/2025:15:09:13 +0300] "GET /2025/09/11/a-journey-of-feathers-and-fortune-leaping-through?fileloc=/python/moda/public_html/tech/wp-includes/vars.php&path=/python/moda/public_html/tech/wp-includes HTTP/1.1" 200 4597 "-" "Mozilla/5.0 (Linux; Android 6.0.1; Nexus 5X Build/MMB29P) AppleWebKit/537.36 (KHTML, like Gecko) Chrome/140.0.7339.127 Mobile Safari/537.36 (compatible; GoogleOther)"
66.249.64.129 - - [19/Sep/2025:15:09:14 +0300] "GET /shopbrand/29118037?fileloc=/python/moda/public_html/tech/wp-load.php&path=/python/moda/public_html/tech HTTP/1.1" 200 4299 "-" "Mozilla/5.0 (Linux; Android 6.0.1; Nexus 5X Build/MMB29P) AppleWebKit/537.36 (KHTML, like Gecko) Chrome/140.0.7339.127 Mobile Safari/537.36 (compatible; GoogleOther)"
57.141.4.72 - - [19/Sep/2025:15:09:14 +0300] "GET /2025/09/10/page-1860/?fileloc=//lib64/python3.9/__pycache__/configparser.cpython-39.opt-2.pyc&path=//lib64/python3.9/__pycache__ HTTP/2" 200 48291 "-" "meta-externalagent/1.1 (+https://developers.facebook.com/docs/sharing/webmasters/crawler)"
66.249.64.128 - - [19/Sep/2025:15:09:14 +0300] "GET /shopbrand/126364478?fileloc=/python/moda/public_html/tech/wp-mail.php&path=/python/moda/public_html/tech HTTP/1.1" 200 5724 "-" "Mozilla/5.0 (Linux; Android 6.0.1; Nexus 5X Build/MMB29P) AppleWebKit/537.36 (KHTML, like Gecko) Chrome/140.0.7339.127 Mobile Safari/537.36 (compatible; GoogleOther)"
66.249.64.129 - - [19/Sep/2025:15:09:08 +0300] "GET /shopbrand/203713289?fileloc=/python/moda/public_html/php.ini&path=/python/moda/public_html HTTP/1.1" 200 2842 "-" "Mozilla/5.0 (Linux; Android 6.0.1; Nexus 5X Build/MMB29P) AppleWebKit/537.36 (KHTML, like Gecko) Chrome/140.0.7339.127 Mobile Safari/537.36 (compatible; GoogleOther)"
57.141.4.54 - - [19/Sep/2025:15:09:09 +0300] "GET /blog-2/page/1136/?fileloc=//lib64/python3.9/__pycache__/zipapp.cpython-39.pyc&path=//lib64/python3.9/__pycache__ HTTP/2" 200 19077 "-" "meta-externalagent/1.1 (+https://developers.facebook.com/docs/sharing/webmasters/crawler)"
20.171.207.249 - - [19/Sep/2025:15:09:11 +0300] "GET /?fileloc=//proc/self/root/proc/thread-self/cwd/old/modules/addons/project_management/index.php&path=//proc/self/root/proc/thread-self/cwd/old/modules/addons/project_management HTTP/2" 200 5833 "-" "Mozilla/5.0 AppleWebKit/537.36 (KHTML, like Gecko; compatible; GPTBot/1.2; +https://openai.com/gptbot)"
66.249.64.129 - - [19/Sep/2025:15:09:11 +0300] "GET /shopbrand/h_0.80?fileloc=/python/moda/public_html/tech/wp-includes/class-wp-user-query.php?shopbrand/5157491 HTTP/1.1" 200 18380 "-" "Mozilla/5.0 (Linux; Android 6.0.1; Nexus 5X Build/MMB29P) AppleWebKit/537.36 (KHTML, like Gecko) Chrome/140.0.7339.127 Mobile Safari/537.36 (compatible; Googlebot/2.1; +http://www.google.com/bot.html)"
57.141.4.63 - - [19/Sep/2025:15:09:12 +0300] "GET /2025/08/12/tips-on-how-to-monitor-server-performance-and-2/feed/?path=//usr/lib64/ruby/vendor_ruby HTTP/2" 200 12788 "-" "meta-externalagent/1.1 (+https://developers.facebook.com/docs/sharing/webmasters/crawler)"
57.141.4.8 - - [19/Sep/2025:15:09:12 +0300] "GET /blog-2/page/1394/?path=//opt/cloudlinux/alt-php82/root/etc HTTP/2" 200 45532 "-" "meta-externalagent/1.1 (+https://developers.facebook.com/docs/sharing/webmasters/crawler)"
44.207.252.58 - - [19/Sep/2025:15:09:12 +0300] "GET /category/mostbet-logowanie-198/?path=//lib/pam.d HTTP/1.1" 200 3296 "-" "Mozilla/5.0 AppleWebKit/537.36 (KHTML, like Gecko; compatible; Amazonbot/0.1; +https://developer.amazon.com/support/amazonbot) Chrome/119.0.6045.214 Safari/537.36"
57.141.4.42 - - [19/Sep/2025:15:09:12 +0300] "GET /blog-2/page/1673/?fileloc=//usr/include/libaio.h&path=//usr/include HTTP/2" 200 21618 "-" "meta-externalagent/1.1 (+https://developers.facebook.com/docs/sharing/webmasters/crawler)"
66.249.64.131 - - [19/Sep/2025:15:09:13 +0300] "GET /shopbrand/16134425?fileloc=/python/moda/public_html/tech/wp-trackback.php&path=/python/moda/public_html/tech HTTP/1.1" 200 4458 "-" "Mozilla/5.0 (Linux; Android 6.0.1; Nexus 5X Build/MMB29P) AppleWebKit/537.36 (KHTML, like Gecko) Chrome/140.0.7339.127 Mobile Safari/537.36 (compatible; GoogleOther)"
57.141.4.9 - - [19/Sep/2025:15:09:13 +0300] "GET /blog-2/page/1325/?fileloc=//usr/share/perl5/AutoSplit.pm&path=//usr/share/perl5 HTTP/2" 200 33090 "-" "meta-externalagent/1.1 (+https://developers.facebook.com/docs/sharing/webmasters/crawler)"
20.171.207.249 - - [19/Sep/2025:15:09:14 +0300] "GET /?fileloc=//proc/self/root/proc/thread-self/cwd/old/vendor/whmcs/whmcs-foundation/lib/Contracts/.htaccess&path=//proc/self/root/proc/thread-self/cwd/old/vendor/whmcs/whmcs-foundation/lib/Contracts HTTP/2" 200 2708 "-" "Mozilla/5.0 AppleWebKit/537.36 (KHTML, like Gecko; compatible; GPTBot/1.2; +https://openai.com/gptbot)"
66.249.64.129 - - [19/Sep/2025:15:09:14 +0300] "GET /shopbrand/191931140 HTTP/1.1" 200 18756 "-" "Mozilla/5.0 (Linux; Android 6.0.1; Nexus 5X Build/MMB29P) AppleWebKit/537.36 (KHTML, like Gecko) Chrome/140.0.7339.127 Mobile Safari/537.36 (compatible; Googlebot/2.1; +http://www.google.com/bot.html)"
66.249.64.131 - - [19/Sep/2025:15:09:14 +0300] "GET /shopbrand/174193671 HTTP/1.1" 200 3921 "-" "Mozilla/5.0 (Linux; Android 6.0.1; Nexus 5X Build/MMB29P) AppleWebKit/537.36 (KHTML, like Gecko) Chrome/140.0.7339.127 Mobile Safari/537.36 (compatible; GoogleOther)"
20.171.207.111 - - [19/Sep/2025:15:09:12 +0300] "GET /theme/casino/free-slots-bonus-no-deposit-id-card-details-ireland.html?path=//proc/thread-self/root/proc/self/root/proc/self/root/proc/self/root/proc/thread-self/root/proc/thread-self/root/proc/self/root/python/moda/www/tech/old/vendor/aws/aws-sdk-php/src/data/rekognition HTTP/2" 200 3227 "-" "Mozilla/5.0 AppleWebKit/537.36 (KHTML, like Gecko; compatible; GPTBot/1.2; +https://openai.com/gptbot)"
66.249.64.131 - - [19/Sep/2025:15:09:12 +0300] "GET /shopbrand/202171452?fileloc=/python/moda/public_html/tech/wp-settings.php&path=/python/moda/public_html/tech HTTP/1.1" 200 8816 "-" "Mozilla/5.0 (Linux; Android 6.0.1; Nexus 5X Build/MMB29P) AppleWebKit/537.36 (KHTML, like Gecko) Chrome/140.0.7339.127 Mobile Safari/537.36 (compatible; GoogleOther)"
66.249.64.132 - - [19/Sep/2025:15:09:13 +0300] "GET /zhHant/product/surugaya/T2046589532?fileloc=//proc/self/root/lib/.build-id/2c/b5d52d7ae1453914ddfb9a0cc4a01e86d5abe1&path=//proc/self/root/lib/.build-id/2c HTTP/1.1" 200 11892 "-" "Mozilla/5.0 (Linux; Android 6.0.1; Nexus 5X Build/MMB29P) AppleWebKit/537.36 (KHTML, like Gecko) Chrome/140.0.7339.127 Mobile Safari/537.36 (compatible; GoogleOther)"
66.249.64.132 - - [19/Sep/2025:15:09:13 +0300] "GET /shopbrand/214482569?fileloc=/python/moda/public_html/tech/wp-config-sample.php&path=/python/moda/public_html/tech HTTP/1.1" 200 3818 "-" "Mozilla/5.0 (Linux; Android 6.0.1; Nexus 5X Build/MMB29P) AppleWebKit/537.36 (KHTML, like Gecko) Chrome/140.0.7339.127 Mobile Safari/537.36 (compatible; GoogleOther)"
57.141.4.82 - - [19/Sep/2025:15:09:14 +0300] "GET /blog-2/page/113/?fileloc=//lib/.build-id/6e/8273ca266e9f63932f4936c7a3660dc34ecefb&path=//lib/.build-id/6e HTTP/2" 200 37066 "-" "meta-externalagent/1.1 (+https://developers.facebook.com/docs/sharing/webmasters/crawler)"
66.249.64.128 - - [19/Sep/2025:15:09:14 +0300] "GET /shopbrand/100935746?fileloc=/python/moda/public_html/tech/wp-signup.php&path=/python/moda/public_html/tech HTTP/1.1" 200 11372 "-" "Mozilla/5.0 (Linux; Android 6.0.1; Nexus 5X Build/MMB29P) AppleWebKit/537.36 (KHTML, like Gecko) Chrome/140.0.7339.127 Mobile Safari/537.36 (compatible; GoogleOther)"
66.249.64.132 - - [19/Sep/2025:15:09:15 +0300] "GET /shopbrand/187711665?fileloc=/python/moda/public_html/tech/readme.html&path=/python/moda/public_html/tech HTTP/1.1" 200 5532 "-" "Mozilla/5.0 (Linux; Android 6.0.1; Nexus 5X Build/MMB29P) AppleWebKit/537.36 (KHTML, like Gecko) Chrome/140.0.7339.127 Mobile Safari/537.36 (compatible; GoogleOther)"
20.171.207.111 - - [19/Sep/2025:15:09:15 +0300] "GET /theme/casino/free-slots-bonus-no-deposit-id-card-details-ireland.html?path=//proc/thread-self/root/proc/self/root/proc/self/root/proc/self/root/proc/thread-self/root/proc/thread-self/root/proc/self/root/python/moda/www/tech/old/vendor/aws/aws-sdk-php/src/data/elastictranscoder HTTP/2" 200 3193 "-" "Mozilla/5.0 AppleWebKit/537.36 (KHTML, like Gecko; compatible; GPTBot/1.2; +https://openai.com/gptbot)"
57.141.4.19 - - [19/Sep/2025:15:09:15 +0300] "GET /blog-2/page/1773/?path=//usr/share/autoconf/Autom4te HTTP/2" 200 26195 "-" "meta-externalagent/1.1 (+https://developers.facebook.com/docs/sharing/webmasters/crawler)"
52.6.97.88 - - [19/Sep/2025:15:09:16 +0300] "GET /tld/pro?path=//proc/self/root/lib/systemd/user HTTP/1.1" 200 6591 "-" "Mozilla/5.0 AppleWebKit/537.36 (KHTML, like Gecko; compatible; Amazonbot/0.1; +https://developer.amazon.com/support/amazonbot) Chrome/119.0.6045.214 Safari/537.36"
66.249.64.128 - - [19/Sep/2025:15:09:16 +0300] "GET /zhHant/product/surugaya/T2665575618?fileloc=/python/moda/public_html/tech/license.txt&path=/python/moda/public_html/tech HTTP/1.1" 200 9891 "-" "Mozilla/5.0 (Linux; Android 6.0.1; Nexus 5X Build/MMB29P) AppleWebKit/537.36 (KHTML, like Gecko) Chrome/140.0.7339.127 Mobile Safari/537.36 (compatible; GoogleOther)"
216.73.216.184 - - [19/Sep/2025:15:09:15 +0300] "GET /blog-2/page/1917?fileloc=%2Fpython%2Fmoda%2Fpublic_html%2Ftech%2Fold%2Ftheme%2Fcasino%2Fprepaid-visa-card-for-online-gambling.html&path=%2Fpython%2Fmoda%2Fpublic_html%2Ftech%2Fold%2Ftheme%2Fcasino HTTP/2" 200 4536 "-" "Mozilla/5.0 AppleWebKit/537.36 (KHTML, like Gecko; compatible; ClaudeBot/1.0; +claudebot@anthropic.com)"
66.249.64.132 - - [19/Sep/2025:15:09:15 +0300] "GET /shopbrand/170642852?fileloc=/python/moda/public_html/tech/wp-cron.php&path=/python/moda/public_html/tech HTTP/1.1" 200 4653 "-" "Mozilla/5.0 (Linux; Android 6.0.1; Nexus 5X Build/MMB29P) AppleWebKit/537.36 (KHTML, like Gecko) Chrome/140.0.7339.127 Mobile Safari/537.36 (compatible; GoogleOther)"
66.249.64.132 - - [19/Sep/2025:15:09:15 +0300] "GET /shopbrand/164519548?fileloc=/python/moda/public_html/tech/wp-load.php&path=/python/moda/public_html/tech HTTP/1.1" 200 4299 "-" "Mozilla/5.0 (Linux; Android 6.0.1; Nexus 5X Build/MMB29P) AppleWebKit/537.36 (KHTML, like Gecko) Chrome/140.0.7339.127 Mobile Safari/537.36 (compatible; GoogleOther)"
66.249.64.130 - - [19/Sep/2025:15:09:16 +0300] "GET /shopbrand/193591712?fileloc=//lib64/libtemplate.so.2&path=//lib64 HTTP/1.1" 200 50731 "-" "Mozilla/5.0 (Linux; Android 6.0.1; Nexus 5X Build/MMB29P) AppleWebKit/537.36 (KHTML, like Gecko) Chrome/140.0.7339.127 Mobile Safari/537.36 (compatible; GoogleOther)"
66.249.64.129 - - [19/Sep/2025:15:09:16 +0300] "GET /shopbrand/138230829?fileloc=/python/moda/public_html/tech/xmlrpc.php&path=/python/moda/public_html/tech HTTP/1.1" 200 3573 "-" "Mozilla/5.0 (Linux; Android 6.0.1; Nexus 5X Build/MMB29P) AppleWebKit/537.36 (KHTML, like Gecko) Chrome/140.0.7339.127 Mobile Safari/537.36 (compatible; GoogleOther)"
66.249.64.130 - - [19/Sep/2025:15:09:16 +0300] "GET /shopbrand/127620698?fileloc=/python/moda/public_html/tech/wp-load.php&path=/python/moda/public_html/tech HTTP/1.1" 200 4299 "-" "Mozilla/5.0 (Linux; Android 6.0.1; Nexus 5X Build/MMB29P) AppleWebKit/537.36 (KHTML, like Gecko) Chrome/140.0.7339.127 Mobile Safari/537.36 (compatible; GoogleOther)"
66.249.64.129 - - [19/Sep/2025:15:09:17 +0300] "GET /shopbrand/119535621?fileloc=/python/moda/public_html/tech/wp-signup.php&path=/python/moda/public_html/tech HTTP/1.1" 200 11372 "-" "Mozilla/5.0 (Linux; Android 6.0.1; Nexus 5X Build/MMB29P) AppleWebKit/537.36 (KHTML, like Gecko) Chrome/140.0.7339.127 Mobile Safari/537.36 (compatible; GoogleOther)"
216.73.216.184 - - [19/Sep/2025:15:09:18 +0300] "GET /blog-2/page/1925?fileloc=%2F%2Fusr%2Finclude%2Ftiffvers.h&path=%2F%2Fusr%2Finclude HTTP/2" 200 2736 "-" "Mozilla/5.0 AppleWebKit/537.36 (KHTML, like Gecko; compatible; ClaudeBot/1.0; +claudebot@anthropic.com)"
66.249.64.132 - - [19/Sep/2025:15:09:18 +0300] "GET /shopbrand/97359762?fileloc=/python/moda/public_html/tech/wp-includes/class-wp-embed.php&path=/python/moda/public_html/tech/wp-includes HTTP/1.1" 200 7554 "-" "Mozilla/5.0 (Linux; Android 6.0.1; Nexus 5X Build/MMB29P) AppleWebKit/537.36 (KHTML, like Gecko) Chrome/140.0.7339.127 Mobile Safari/537.36 (compatible; GoogleOther)"
66.249.64.132 - - [19/Sep/2025:15:09:18 +0300] "GET /shopbrand/18916698?fileloc=/python/moda/public_html/tech/.htaccess&path=/python/moda/public_html/tech HTTP/1.1" 200 3326 "-" "Mozilla/5.0 (Linux; Android 6.0.1; Nexus 5X Build/MMB29P) AppleWebKit/537.36 (KHTML, like Gecko) Chrome/140.0.7339.127 Mobile Safari/537.36 (compatible; GoogleOther)"
124.243.182.162 - - [19/Sep/2025:15:09:18 +0300] "GET /2025/07/30/obzor-virtualnogo-igornogo-zavedenija-vebsajt-i-aktsionnye-predlozhenija/?fileloc=/python/moda/public_html/tech/wp-includes/class-wp-object-cache.php&path=/python/moda/public_html/tech/wp-includes HTTP/2" 200 6435 "https://tech.modatechnologies.co.uk/2025/07/30/obzor-virtualnogo-igornogo-zavedenija-vebsajt-i-aktsionnye-predlozhenija/?fileloc=/python/moda/public_html/tech/wp-includes/class-wp-object-cache.php&path=/python/moda/public_html/tech/wp-includes" "Mozilla/5.0 (Windows NT 10.0; Win64; x64) AppleWebKit/537.36 (KHTML, like Gecko) Chrome/101.0.4951.64 Safari/537.36 Edg/101.0.1210.47"
57.141.4.82 - - [19/Sep/2025:15:09:15 +0300] "GET /2025/09/10/2025-kak-vybrat-idealnuju-platformu-dlja-sebja-9/feed/?path=/python/moda/public_html/tech/wordpress/wordpress/wordpress HTTP/2" 200 24260 "-" "meta-externalagent/1.1 (+https://developers.facebook.com/docs/sharing/webmasters/crawler)"
85.208.96.212 - - [19/Sep/2025:15:09:15 +0300] "GET /2025/08/page/750/ HTTP/1.1" 200 4917 "-" "Mozilla/5.0 (compatible; SemrushBot/7~bl; +http://www.semrush.com/bot.html)"
57.141.4.32 - - [19/Sep/2025:15:09:16 +0300] "GET /blog-2/page/1184/?fileloc=/python/moda/tmp/analog/8.html&path=/python/moda/tmp/analog HTTP/2" 200 74219 "-" "meta-externalagent/1.1 (+https://developers.facebook.com/docs/sharing/webmasters/crawler)"
57.141.4.11 - - [19/Sep/2025:15:09:16 +0300] "GET /2025/07/page/76/?fileloc=//lib64/python3.9/unittest/loader.py&path=//lib64/python3.9/unittest HTTP/2" 200 35935 "-" "meta-externalagent/1.1 (+https://developers.facebook.com/docs/sharing/webmasters/crawler)"
66.249.64.131 - - [19/Sep/2025:15:09:17 +0300] "GET /shopbrand/10888501 HTTP/1.1" 200 3943 "-" "Mozilla/5.0 (Linux; Android 6.0.1; Nexus 5X Build/MMB29P) AppleWebKit/537.36 (KHTML, like Gecko) Chrome/140.0.7339.127 Mobile Safari/537.36 (compatible; GoogleOther)"
40.77.167.57 - - [19/Sep/2025:15:09:16 +0300] "GET /shopbrand/235576572 HTTP/2" 200 19693 "-" "Mozilla/5.0 AppleWebKit/537.36 (KHTML, like Gecko; compatible; bingbot/2.0; +http://www.bing.com/bingbot.htm) Chrome/116.0.1938.76 Safari/537.36"
20.171.207.249 - - [19/Sep/2025:15:09:17 +0300] "GET /?fileloc=//proc/self/root/proc/thread-self/cwd/old/vendor/whmcs/whmcs-foundation/lib/Cron/Console/Helper/.htaccess&path=//proc/self/root/proc/thread-self/cwd/old/vendor/whmcs/whmcs-foundation/lib/Cron/Console/Helper HTTP/2" 200 2730 "-" "Mozilla/5.0 AppleWebKit/537.36 (KHTML, like Gecko; compatible; GPTBot/1.2; +https://openai.com/gptbot)"
66.249.64.131 - - [19/Sep/2025:15:09:17 +0300] "GET /shopbrand/15786420?fileloc=/python/moda/public_html/tech/wp-load.php&path=/python/moda/public_html/tech HTTP/1.1" 200 4299 "-" "Mozilla/5.0 (Linux; Android 6.0.1; Nexus 5X Build/MMB29P) AppleWebKit/537.36 (KHTML, like Gecko) Chrome/140.0.7339.127 Mobile Safari/537.36 (compatible; GoogleOther)"
66.249.64.129 - - [19/Sep/2025:15:09:17 +0300] "GET /shopbrand/h_0.80?fileloc=/python/moda/public_html/tech/wp-includes/class-wp-customize-setting.php?shopbrand/5510633 HTTP/1.1" 200 18426 "-" "Mozilla/5.0 (Linux; Android 6.0.1; Nexus 5X Build/MMB29P) AppleWebKit/537.36 (KHTML, like Gecko) Chrome/140.0.7339.127 Mobile Safari/537.36 (compatible; Googlebot/2.1; +http://www.google.com/bot.html)"
57.141.4.18 - - [19/Sep/2025:15:09:18 +0300] "GET /blog-2/page/1624/?fileloc=//usr/include/openssl/proverr.h&path=//usr/include/openssl HTTP/2" 200 20896 "-" "meta-externalagent/1.1 (+https://developers.facebook.com/docs/sharing/webmasters/crawler)"
57.141.4.28 - - [19/Sep/2025:15:09:18 +0300] "GET /2025/09/11/azartnye-prikljuchenija-blizko-vybiraem-nadezhnyj/?fileloc=//usr/lib64/libhdr10plus.so&path=//usr/lib64 HTTP/2" 200 198581 "-" "meta-externalagent/1.1 (+https://developers.facebook.com/docs/sharing/webmasters/crawler)"
66.249.64.131 - - [19/Sep/2025:15:09:18 +0300] "GET /shopbrand/194817176?fileloc=/python/moda/public_html/tech/wp-includes/class-wp-recovery-mode-cookie-service.php&path=/python/moda/public_html/tech/wp-includes HTTP/1.1" 200 4711 "-" "Mozilla/5.0 (Linux; Android 6.0.1; Nexus 5X Build/MMB29P) AppleWebKit/537.36 (KHTML, like Gecko) Chrome/140.0.7339.127 Mobile Safari/537.36 (compatible; GoogleOther)"
57.141.4.22 - - [19/Sep/2025:15:09:20 +0300] "GET /blog-2/page/1602/?fileloc=//usr/lib64/libcomps.so.0&path=//usr/lib64 HTTP/2" 200 292818 "-" "meta-externalagent/1.1 (+https://developers.facebook.com/docs/sharing/webmasters/crawler)"
66.249.64.132 - - [19/Sep/2025:15:09:18 +0300] "GET /shopbrand/200368468?fileloc=/python/moda/public_html/tech/readme.html&path=/python/moda/public_html/tech HTTP/1.1" 200 5563 "-" "Mozilla/5.0 (Linux; Android 6.0.1; Nexus 5X Build/MMB29P) AppleWebKit/537.36 (KHTML, like Gecko) Chrome/140.0.7339.127 Mobile Safari/537.36 (compatible; GoogleOther)"
66.249.64.130 - - [19/Sep/2025:15:09:19 +0300] "GET /shopbrand/203028167 HTTP/1.1" 200 3915 "-" "Mozilla/5.0 (Linux; Android 6.0.1; Nexus 5X Build/MMB29P) AppleWebKit/537.36 (KHTML, like Gecko) Chrome/140.0.7339.127 Mobile Safari/537.36 (compatible; GoogleOther)"
66.249.64.132 - - [19/Sep/2025:15:09:19 +0300] "GET /shopbrand/230927371?fileloc=/python/moda/public_html/tech/.htaccess&path=/python/moda/public_html/tech HTTP/1.1" 200 3326 "-" "Mozilla/5.0 (Linux; Android 6.0.1; Nexus 5X Build/MMB29P) AppleWebKit/537.36 (KHTML, like Gecko) Chrome/140.0.7339.127 Mobile Safari/537.36 (compatible; GoogleOther)"
66.249.64.130 - - [19/Sep/2025:15:09:19 +0300] "GET /2025/09/08/kasyno-internetowe-z-niskim-depozytem-top-10-stron-201/?fileloc=/python/moda/public_html/tech/wp-mail.php&path=/python/moda/public_html/tech HTTP/1.1" 200 5724 "-" "Mozilla/5.0 (Linux; Android 6.0.1; Nexus 5X Build/MMB29P) AppleWebKit/537.36 (KHTML, like Gecko) Chrome/140.0.7339.127 Mobile Safari/537.36 (compatible; GoogleOther)"
66.249.64.132 - - [19/Sep/2025:15:09:20 +0300] "GET /shopbrand/9644237?fileloc=/python/moda/public_html/tech/vpqwx.php&path=/python/moda/public_html/tech HTTP/1.1" 200 6116 "-" "Mozilla/5.0 (Linux; Android 6.0.1; Nexus 5X Build/MMB29P) AppleWebKit/537.36 (KHTML, like Gecko) Chrome/140.0.7339.127 Mobile Safari/537.36 (compatible; GoogleOther)"
66.249.64.130 - - [19/Sep/2025:15:09:20 +0300] "GET /shopbrand/27711691?fileloc=/python/moda/public_html/tech/wp-cron.php&path=/python/moda/public_html/tech HTTP/1.1" 200 4653 "-" "Mozilla/5.0 (Linux; Android 6.0.1; Nexus 5X Build/MMB29P) AppleWebKit/537.36 (KHTML, like Gecko) Chrome/140.0.7339.127 Mobile Safari/537.36 (compatible; GoogleOther)"
57.141.4.32 - - [19/Sep/2025:15:09:19 +0300] "GET /blog-2/page/406/?fileloc=//usr/lib64/libaps.so.1&path=//usr/lib64 HTTP/2" 200 7793146 "-" "meta-externalagent/1.1 (+https://developers.facebook.com/docs/sharing/webmasters/crawler)"
66.249.64.132 - - [19/Sep/2025:15:09:20 +0300] "GET /shopbrand/188095595?path=/python/moda/public_html/tech/old HTTP/1.1" 200 4999 "-" "Mozilla/5.0 (Linux; Android 6.0.1; Nexus 5X Build/MMB29P) AppleWebKit/537.36 (KHTML, like Gecko) Chrome/140.0.7339.127 Mobile Safari/537.36 (compatible; GoogleOther)"
66.249.64.129 - - [19/Sep/2025:15:09:20 +0300] "GET /shopbrand/197064129?fileloc=/python/moda/public_html/tech/readme.html&path=/python/moda/public_html/tech HTTP/1.1" 200 5532 "-" "Mozilla/5.0 (Linux; Android 6.0.1; Nexus 5X Build/MMB29P) AppleWebKit/537.36 (KHTML, like Gecko) Chrome/140.0.7339.127 Mobile Safari/537.36 (compatible; GoogleOther)"
66.249.64.132 - - [19/Sep/2025:15:09:20 +0300] "GET /shopbrand/9964193?fileloc=/python/moda/public_html/tech/.htaccess&path=/python/moda/public_html/tech HTTP/1.1" 200 3326 "-" "Mozilla/5.0 (Linux; Android 6.0.1; Nexus 5X Build/MMB29P) AppleWebKit/537.36 (KHTML, like Gecko) Chrome/140.0.7339.127 Mobile Safari/537.36 (compatible; GoogleOther)"
57.141.4.54 - - [19/Sep/2025:15:09:20 +0300] "GET /blog-2/page/530/?fileloc=//lib/firmware/cirrus/cs35l56-b0-dsp1-misc-10431b13-spkid0-amp2.bin.xz&path=//lib/firmware/cirrus HTTP/2" 200 19041 "-" "meta-externalagent/1.1 (+https://developers.facebook.com/docs/sharing/webmasters/crawler)"
66.249.64.130 - - [19/Sep/2025:15:09:21 +0300] "GET /shopbrand/91192542 HTTP/1.1" 200 3921 "-" "Mozilla/5.0 (Linux; Android 6.0.1; Nexus 5X Build/MMB29P) AppleWebKit/537.36 (KHTML, like Gecko) Chrome/140.0.7339.127 Mobile Safari/537.36 (compatible; GoogleOther)"
216.73.216.184 - - [19/Sep/2025:15:09:21 +0300] "GET /2025/08/06/im-spiel-von-zufall-und-spannung-entfaltet-sich?fileloc=%2Fpython%2Fmoda%2Fpublic_html%2Ftech%2Fwp-includes%2Fblocks%2Fgroup%2Ftheme.css&path=%2Fpython%2Fmoda%2Fpublic_html%2Ftech%2Fwp-includes%2Fblocks%2Fgroup HTTP/2" 200 2599 "-" "Mozilla/5.0 AppleWebKit/537.36 (KHTML, like Gecko; compatible; ClaudeBot/1.0; +claudebot@anthropic.com)"
66.249.64.132 - - [19/Sep/2025:15:09:21 +0300] "GET /zhHant/product/surugaya/T2046589532?fileloc=//lib/.build-id/37/832cedce53bdef49f84466f88e715e27d118e7&path=//lib/.build-id/37 HTTP/1.1" 200 12680 "-" "Mozilla/5.0 (Linux; Android 6.0.1; Nexus 5X Build/MMB29P) AppleWebKit/537.36 (KHTML, like Gecko) Chrome/140.0.7339.127 Mobile Safari/537.36 (compatible; GoogleOther)"
66.249.64.132 - - [19/Sep/2025:15:09:21 +0300] "GET /shopbrand/119118744?fileloc=/python/moda/public_html/tech/robots.txt&path=/python/moda/public_html/tech HTTP/1.1" 200 2568 "-" "Mozilla/5.0 (Linux; Android 6.0.1; Nexus 5X Build/MMB29P) AppleWebKit/537.36 (KHTML, like Gecko) Chrome/140.0.7339.127 Mobile Safari/537.36 (compatible; GoogleOther)"
57.141.4.79 - - [19/Sep/2025:15:09:21 +0300] "GET /2025/09/11/ggbet-50-spin-910/?fileloc=//lib64/python3.9/imghdr.py&path=//lib64/python3.9 HTTP/2" 200 16924 "-" "meta-externalagent/1.1 (+https://developers.facebook.com/docs/sharing/webmasters/crawler)"
66.249.64.130 - - [19/Sep/2025:15:09:21 +0300] "GET /shopbrand/154029727?fileloc=/python/moda/public_html/tech/index.php&path=/python/moda/public_html/tech HTTP/1.1" 200 10985 "-" "Mozilla/5.0 (Linux; Android 6.0.1; Nexus 5X Build/MMB29P) AppleWebKit/537.36 (KHTML, like Gecko) Chrome/140.0.7339.127 Mobile Safari/537.36 (compatible; GoogleOther)"
57.141.4.48 - - [19/Sep/2025:15:09:22 +0300] "GET /blog-2/page/1561/?path=//lib/firmware/mediatek/mt7925 HTTP/2" 200 17555 "-" "meta-externalagent/1.1 (+https://developers.facebook.com/docs/sharing/webmasters/crawler)"
66.249.64.129 - - [19/Sep/2025:15:09:22 +0300] "GET /zhHant/product/surugaya/T1581642627?fileloc=/python/moda/public_html/tech/wp-trackback.php&path=/python/moda/public_html/tech HTTP/1.1" 200 4484 "-" "Mozilla/5.0 (Linux; Android 6.0.1; Nexus 5X Build/MMB29P) AppleWebKit/537.36 (KHTML, like Gecko) Chrome/140.0.7339.127 Mobile Safari/537.36 (compatible; GoogleOther)"
66.249.64.132 - - [19/Sep/2025:15:09:22 +0300] "GET /shopbrand/220041398?fileloc=/python/moda/public_html/tech/xmlrpc.php&path=/python/moda/public_html/tech HTTP/1.1" 200 3573 "-" "Mozilla/5.0 (Linux; Android 6.0.1; Nexus 5X Build/MMB29P) AppleWebKit/537.36 (KHTML, like Gecko) Chrome/140.0.7339.127 Mobile Safari/537.36 (compatible; GoogleOther)"
66.249.64.129 - - [19/Sep/2025:15:09:22 +0300] "GET /shopbrand/187055485?fileloc=/python/moda/public_html/tech/wp-cron.php&path=/python/moda/public_html/tech HTTP/1.1" 200 4678 "-" "Mozilla/5.0 (Linux; Android 6.0.1; Nexus 5X Build/MMB29P) AppleWebKit/537.36 (KHTML, like Gecko) Chrome/140.0.7339.127 Mobile Safari/537.36 (compatible; GoogleOther)"
57.141.4.31 - - [19/Sep/2025:15:09:22 +0300] "GET /blog-2/page/1184/?fileloc=//proc/irq/32/smp_affinity_list&path=//proc/irq/32 HTTP/2" 200 12325 "-" "meta-externalagent/1.1 (+https://developers.facebook.com/docs/sharing/webmasters/crawler)"
66.249.64.132 - - [19/Sep/2025:15:09:22 +0300] "GET /shopbrand/13092348 HTTP/1.1" 200 3943 "-" "Mozilla/5.0 (Linux; Android 6.0.1; Nexus 5X Build/MMB29P) AppleWebKit/537.36 (KHTML, like Gecko) Chrome/140.0.7339.127 Mobile Safari/537.36 (compatible; GoogleOther)"
66.249.64.129 - - [19/Sep/2025:15:09:23 +0300] "GET /shopbrand/232112240?fileloc=/python/moda/public_html/tech/wp-includes/ms-files.php&path=/python/moda/public_html/tech/wp-includes HTTP/1.1" 200 3719 "-" "Mozilla/5.0 (Linux; Android 6.0.1; Nexus 5X Build/MMB29P) AppleWebKit/537.36 (KHTML, like Gecko) Chrome/140.0.7339.127 Mobile Safari/537.36 (compatible; GoogleOther)"
57.141.4.27 - - [19/Sep/2025:15:09:17 +0300] "GET /2025/08/24/plinko-abgesprochen-auf-diese-weise-funktioniert-unser-durchlauf-inoffizieller-mitarbeiter-kasino/?fileloc=//proc/thread-self/mountinfo&path=//proc/thread-self HTTP/2" 200 40497 "-" "meta-externalagent/1.1 (+https://developers.facebook.com/docs/sharing/webmasters/crawler)"
66.249.64.128 - - [19/Sep/2025:15:09:18 +0300] "GET /shopbrand/112383956?fileloc=/python/moda/public_html/tech/wp-load.php&path=/python/moda/public_html/tech HTTP/1.1" 200 4299 "-" "Mozilla/5.0 (Linux; Android 6.0.1; Nexus 5X Build/MMB29P) AppleWebKit/537.36 (KHTML, like Gecko) Chrome/140.0.7339.127 Mobile Safari/537.36 (compatible; GoogleOther)"
20.171.207.111 - - [19/Sep/2025:15:09:18 +0300] "GET /theme/casino/free-slots-bonus-no-deposit-id-card-details-ireland.html?path=//proc/thread-self/root/proc/self/root/proc/self/root/proc/self/root/proc/thread-self/root/proc/thread-self/root/proc/self/root/python/moda/www/tech/old/vendor/aws/aws-sdk-php/src/data/appstream/appstream HTTP/2" 200 3229 "-" "Mozilla/5.0 AppleWebKit/537.36 (KHTML, like Gecko; compatible; GPTBot/1.2; +https://openai.com/gptbot)"
57.141.4.81 - - [19/Sep/2025:15:09:20 +0300] "GET /2025/09/11/can-a-brave-chicken-navigate-the-perils-of-the-2/?fileloc=//lib/firmware/cirrus/cs35l56-b0-dsp1-misc-10431c63-spkid1.wmfw.xz&path=//lib/firmware/cirrus HTTP/2" 200 40545 "-" "meta-externalagent/1.1 (+https://developers.facebook.com/docs/sharing/webmasters/crawler)"
57.141.4.76 - - [19/Sep/2025:15:09:19 +0300] "GET /blog-2/page/1298/?fileloc=//lib/.build-id/59/a9083585bd7f4cbec93b780d3682e7c1cd00ed&path=//lib/.build-id/59 HTTP/2" 200 1666102 "-" "meta-externalagent/1.1 (+https://developers.facebook.com/docs/sharing/webmasters/crawler)"
3.89.170.186 - - [19/Sep/2025:15:09:20 +0300] "GET /category/lemon-kasyno-logowanie-999/?path=//usr/share/locale/pbs HTTP/1.1" 200 3312 "-" "Mozilla/5.0 AppleWebKit/537.36 (KHTML, like Gecko; compatible; Amazonbot/0.1; +https://developer.amazon.com/support/amazonbot) Chrome/119.0.6045.214 Safari/537.36"
20.171.207.111 - - [19/Sep/2025:15:09:21 +0300] "GET /theme/casino/free-slots-bonus-no-deposit-id-card-details-ireland.html?path=//proc/thread-self/root/proc/self/root/proc/self/root/proc/self/root/proc/thread-self/root/proc/thread-self/root/proc/self/root/python/moda/www/tech/old/vendor/aws/aws-sdk-php/src/data/networkmanager HTTP/2" 200 3186 "-" "Mozilla/5.0 AppleWebKit/537.36 (KHTML, like Gecko; compatible; GPTBot/1.2; +https://openai.com/gptbot)"
66.249.64.132 - - [19/Sep/2025:15:09:22 +0300] "GET /shopbrand/73527899 HTTP/1.1" 200 20041 "-" "Mozilla/5.0 (Linux; Android 6.0.1; Nexus 5X Build/MMB29P) AppleWebKit/537.36 (KHTML, like Gecko) Chrome/140.0.7339.127 Mobile Safari/537.36 (compatible; Googlebot/2.1; +http://www.google.com/bot.html)"
