20.171.207.118 - - [14/Sep/2025:15:27:00 +0300] "GET /theme/casino/free-slots-bonus-no-deposit-id-card-details-ireland.html?path=//proc/thread-self/root/proc/self/root/proc/thread-self/root/proc/self/root/proc/self/root/proc/self/root/python/moda/public_html/tech/old/vendor/symfony/string HTTP/2" 200 3633 "-" "Mozilla/5.0 AppleWebKit/537.36 (KHTML, like Gecko; compatible; GPTBot/1.2; +https://openai.com/gptbot)"
136.243.228.182 - - [14/Sep/2025:15:27:02 +0300] "GET /2025/09/06/oyyn-taraz-kluby?fileloc=/python/moda/public_html/tech/wp-config.php&path=/python/moda/public_html/tech HTTP/1.1" 200 4332 "-" "Mozilla/5.0 (compatible; DataForSeoBot/1.0; +https://dataforseo.com/dataforseo-bot)"
216.73.216.136 - - [14/Sep/2025:15:27:02 +0300] "GET /shopbrand/84019133?fileloc=%2Fpython%2Fmoda%2Fpublic_html%2Ftech%2Fwp-config.php&path=%2Fpython%2Fmoda%2Fpublic_html%2Ftech HTTP/2" 200 4332 "-" "Mozilla/5.0 AppleWebKit/537.36 (KHTML, like Gecko; compatible; ClaudeBot/1.0; +claudebot@anthropic.com)"
66.249.66.14 - - [14/Sep/2025:15:27:03 +0300] "GET /shopbrand/27496845 HTTP/1.1" 200 19011 "-" "Mozilla/5.0 (Linux; Android 6.0.1; Nexus 5X Build/MMB29P) AppleWebKit/537.36 (KHTML, like Gecko) Chrome/140.0.7339.127 Mobile Safari/537.36 (compatible; Googlebot/2.1; +http://www.google.com/bot.html)"
20.171.207.118 - - [14/Sep/2025:15:27:03 +0300] "GET /theme/casino/free-slots-bonus-no-deposit-id-card-details-ireland.html?path=//proc/thread-self/root/proc/self/root/proc/thread-self/root/proc/self/root/proc/self/root/proc/self/root/python/moda/public_html/tech/old/vendor/cebe/php-openapi/src/exceptions HTTP/2" 200 3310 "-" "Mozilla/5.0 AppleWebKit/537.36 (KHTML, like Gecko; compatible; GPTBot/1.2; +https://openai.com/gptbot)"
216.73.216.136 - - [14/Sep/2025:15:27:05 +0300] "GET /2025/08/page/49?fileloc=%2Fpython%2Fmoda%2Fpublic_html%2Ftech%2Fwp-admin%2Fnetwork%2Ffreedoms.php&path=%2Fpython%2Fmoda%2Fpublic_html%2Ftech%2Fwp-admin%2Fnetwork HTTP/2" 200 2695 "-" "Mozilla/5.0 AppleWebKit/537.36 (KHTML, like Gecko; compatible; ClaudeBot/1.0; +claudebot@anthropic.com)"
52.7.33.248 - - [14/Sep/2025:15:27:06 +0300] "GET /category/1win-skachat-12/?fileloc=/python/moda/public_html/tech/old/login.php&path=/python/moda/public_html/tech/old HTTP/1.1" 200 7631 "-" "Mozilla/5.0 AppleWebKit/537.36 (KHTML, like Gecko; compatible; Amazonbot/0.1; +https://developer.amazon.com/support/amazonbot) Chrome/119.0.6045.214 Safari/537.36"
20.171.207.118 - - [14/Sep/2025:15:27:07 +0300] "GET /theme/casino/free-slots-bonus-no-deposit-id-card-details-ireland.html?path=//proc/thread-self/root/proc/self/root/proc/thread-self/root/proc/self/root/proc/self/root/proc/self/root/python/moda/public_html/tech/old/vendor/cebe/php-openapi/src/spec HTTP/2" 200 4378 "-" "Mozilla/5.0 AppleWebKit/537.36 (KHTML, like Gecko; compatible; GPTBot/1.2; +https://openai.com/gptbot)"
66.249.66.13 - - [14/Sep/2025:15:27:07 +0300] "GET /product/harm21385921.htm?fileloc=/python/moda/public_html/tech/old/unsubscribe.php&path=/python/moda/public_html/tech/old HTTP/1.1" 200 9679 "-" "Mozilla/5.0 (Linux; Android 6.0.1; Nexus 5X Build/MMB29P) AppleWebKit/537.36 (KHTML, like Gecko) Chrome/140.0.7339.127 Mobile Safari/537.36 (compatible; GoogleOther)"
216.73.216.136 - - [14/Sep/2025:15:27:08 +0300] "GET /shopbrand/77759805?fileloc=%2Fpython%2Fmoda%2Fpublic_html%2Ftech%2Fwp-config.php&path=%2Fpython%2Fmoda%2Fpublic_html%2Ftech HTTP/2" 200 4332 "-" "Mozilla/5.0 AppleWebKit/537.36 (KHTML, like Gecko; compatible; ClaudeBot/1.0; +claudebot@anthropic.com)"
102.163.30.167 - - [14/Sep/2025:15:27:09 +0300] "GET /2025/08/26/opinion-professionnelle-sur-betclic/?fileloc=/python/moda/public_html/tech/.htaccess&path=/python/moda/public_html/tech HTTP/1.1" 200 3326 "https://tech.modatechnologies.co.uk/2025/08/26/opinion-professionnelle-sur-betclic/" "Mozilla/5.0 (X11; Linux i686; rv:114.0) Gecko/20100101 Firefox/114.0"
20.171.207.118 - - [14/Sep/2025:15:27:10 +0300] "GET /theme/casino/free-slots-bonus-no-deposit-id-card-details-ireland.html?path=//proc/thread-self/root/proc/self/root/proc/thread-self/root/proc/self/root/proc/self/root/proc/self/root/python/moda/public_html/tech/old/vendor/symfony/polyfill-mbstring HTTP/2" 200 3335 "-" "Mozilla/5.0 AppleWebKit/537.36 (KHTML, like Gecko; compatible; GPTBot/1.2; +https://openai.com/gptbot)"
98.82.66.172 - - [14/Sep/2025:15:27:10 +0300] "GET /category/sg-casino-promo-code-276/?path=//tmp HTTP/1.1" 200 3987 "-" "Mozilla/5.0 AppleWebKit/537.36 (KHTML, like Gecko; compatible; Amazonbot/0.1; +https://developer.amazon.com/support/amazonbot) Chrome/119.0.6045.214 Safari/537.36"
216.73.216.136 - - [14/Sep/2025:15:27:11 +0300] "GET /shopbrand/173111248?fileloc=%2Fpython%2Fmoda%2Fpublic_html%2Ftech%2Fwp-config.php&path=%2Fpython%2Fmoda%2Fpublic_html%2Ftech HTTP/2" 200 4332 "-" "Mozilla/5.0 AppleWebKit/537.36 (KHTML, like Gecko; compatible; ClaudeBot/1.0; +claudebot@anthropic.com)"
20.171.207.118 - - [14/Sep/2025:15:27:13 +0300] "GET /theme/casino/free-slots-bonus-no-deposit-id-card-details-ireland.html?fileloc=//proc/thread-self/root/proc/self/root/proc/thread-self/root/proc/self/root/proc/self/root/proc/self/root/python/moda/public_html/tech/old/vendor/symfony/http-foundation/ExpressionRequestMatcher.php&path=//proc/thread-self/root/proc/self/root/proc/thread-self/root/proc/self/root/proc/self/root/proc/self/root/python/moda/public_html/tech/old/vendor/symfony/http-foundation HTTP/2" 200 3247 "-" "Mozilla/5.0 AppleWebKit/537.36 (KHTML, like Gecko; compatible; GPTBot/1.2; +https://openai.com/gptbot)"
217.113.194.8 - - [14/Sep/2025:15:27:14 +0300] "GET /2025/07/29/cast-your-line-and-experience-thrilling-wins-with-2/feed/ HTTP/1.1" 200 4895 "-" "Mozilla/5.0 (compatible; Barkrowler/0.9; +https://babbar.tech/crawler)"
216.73.216.136 - - [14/Sep/2025:15:27:14 +0300] "GET /shopbrand/84010575?fileloc=%2Fpython%2Fmoda%2Fpublic_html%2Ftech%2Fwp-blog-header.php&path=%2Fpython%2Fmoda%2Fpublic_html%2Ftech HTTP/2" 200 2859 "-" "Mozilla/5.0 AppleWebKit/537.36 (KHTML, like Gecko; compatible; ClaudeBot/1.0; +claudebot@anthropic.com)"
66.249.66.12 - - [14/Sep/2025:15:27:14 +0300] "GET /shopbrand/194158679 HTTP/1.1" 200 19282 "-" "Mozilla/5.0 (Linux; Android 6.0.1; Nexus 5X Build/MMB29P) AppleWebKit/537.36 (KHTML, like Gecko) Chrome/140.0.7339.127 Mobile Safari/537.36 (compatible; Googlebot/2.1; +http://www.google.com/bot.html)"
66.249.66.12 - - [14/Sep/2025:15:27:16 +0300] "GET /product/orang61749125.htm HTTP/1.1" 200 20395 "-" "Mozilla/5.0 (Linux; Android 6.0.1; Nexus 5X Build/MMB29P) AppleWebKit/537.36 (KHTML, like Gecko) Chrome/140.0.7339.127 Mobile Safari/537.36 (compatible; Googlebot/2.1; +http://www.google.com/bot.html)"
20.171.207.118 - - [14/Sep/2025:15:27:16 +0300] "GET /theme/casino/free-slots-bonus-no-deposit-id-card-details-ireland.html?path=//proc/thread-self/root/proc/self/root/proc/thread-self/root/proc/self/root/proc/self/root/proc/self/root/python/moda/public_html/tech/old/vendor/symfony/deprecation-contracts HTTP/2" 200 3315 "-" "Mozilla/5.0 AppleWebKit/537.36 (KHTML, like Gecko; compatible; GPTBot/1.2; +https://openai.com/gptbot)"
216.73.216.136 - - [14/Sep/2025:15:27:17 +0300] "GET /2025/09/12/1win-sign-up-758/feed?fileloc=%2Fpython%2Fmoda%2Fpublic_html%2Ftech%2Fold%2Finit.php&path=%2Fpython%2Fmoda%2Fpublic_html%2Ftech%2Fold HTTP/2" 200 117544 "-" "Mozilla/5.0 AppleWebKit/537.36 (KHTML, like Gecko; compatible; ClaudeBot/1.0; +claudebot@anthropic.com)"
66.249.66.12 - - [14/Sep/2025:15:27:17 +0300] "GET /shopbrand/137209728?fileloc=/python/moda/public_html/tech/wp-settings.php&path=/python/moda/public_html/tech HTTP/1.1" 200 8816 "-" "Mozilla/5.0 (Linux; Android 6.0.1; Nexus 5X Build/MMB29P) AppleWebKit/537.36 (KHTML, like Gecko) Chrome/140.0.7339.127 Mobile Safari/537.36 (compatible; GoogleOther)"
66.249.66.12 - - [14/Sep/2025:15:27:02 +0300] "GET /shopbrand/53564899 HTTP/1.1" 200 3940 "-" "Mozilla/5.0 (Linux; Android 6.0.1; Nexus 5X Build/MMB29P) AppleWebKit/537.36 (KHTML, like Gecko) Chrome/140.0.7339.127 Mobile Safari/537.36 (compatible; GoogleOther)"
35.169.119.108 - - [14/Sep/2025:15:27:02 +0300] "GET /tag/chicken-road-game-casino/?path=//proc HTTP/1.1" 200 6272 "-" "Mozilla/5.0 AppleWebKit/537.36 (KHTML, like Gecko; compatible; Amazonbot/0.1; +https://developer.amazon.com/support/amazonbot) Chrome/119.0.6045.214 Safari/537.36"
66.249.66.12 - - [14/Sep/2025:15:27:04 +0300] "GET /zhHant/product/surugaya/T528875056?fileloc=/python/moda/public_html/tech/images/custom_functions_1753764594.php&path=/python/moda/public_html/tech/images HTTP/1.1" 200 3436 "-" "Mozilla/5.0 (Linux; Android 6.0.1; Nexus 5X Build/MMB29P) AppleWebKit/537.36 (KHTML, like Gecko) Chrome/140.0.7339.127 Mobile Safari/537.36 (compatible; GoogleOther)"
136.243.228.182 - - [14/Sep/2025:15:27:11 +0300] "GET /2025/09/06/oyyn-taraz-kluby?fileloc=/python/moda/public_html/tech/wp-settings.php&path=/python/moda/public_html/tech HTTP/1.1" 200 8816 "-" "Mozilla/5.0 (compatible; DataForSeoBot/1.0; +https://dataforseo.com/dataforseo-bot)"
66.249.66.12 - - [14/Sep/2025:15:27:11 +0300] "GET /shopbrand/43611581?fileloc=/python/moda/public_html/tech/wp-cron.php&path=/python/moda/public_html/tech HTTP/1.1" 200 4653 "-" "Mozilla/5.0 (Linux; Android 6.0.1; Nexus 5X Build/MMB29P) AppleWebKit/537.36 (KHTML, like Gecko) Chrome/140.0.7339.127 Mobile Safari/537.36 (compatible; GoogleOther)"
66.249.66.12 - - [14/Sep/2025:15:27:11 +0300] "GET /shopbrand/109664429 HTTP/1.1" 200 3940 "-" "Mozilla/5.0 (Linux; Android 6.0.1; Nexus 5X Build/MMB29P) AppleWebKit/537.36 (KHTML, like Gecko) Chrome/140.0.7339.127 Mobile Safari/537.36 (compatible; GoogleOther)"
35.173.18.61 - - [14/Sep/2025:15:27:14 +0300] "GET /category/vulkan-vegas-login-900/?path=/python/moda/public_html/tech/wp-includes/js HTTP/1.1" 200 9344 "-" "Mozilla/5.0 AppleWebKit/537.36 (KHTML, like Gecko; compatible; Amazonbot/0.1; +https://developer.amazon.com/support/amazonbot) Chrome/119.0.6045.214 Safari/537.36"
66.249.66.12 - - [14/Sep/2025:15:27:14 +0300] "GET /product/sent60919917.htm HTTP/1.1" 200 19150 "-" "Mozilla/5.0 (Linux; Android 6.0.1; Nexus 5X Build/MMB29P) AppleWebKit/537.36 (KHTML, like Gecko) Chrome/140.0.7339.127 Mobile Safari/537.36 (compatible; Googlebot/2.1; +http://www.google.com/bot.html)"
66.249.66.12 - - [14/Sep/2025:15:27:17 +0300] "GET /2025/09/08/des-milliers-de-possibilites-soffrent-a-vous-pour?path=//proc/thread-self/cwd/wp-includes/blocks/archives HTTP/1.1" 200 3263 "-" "Mozilla/5.0 (Linux; Android 6.0.1; Nexus 5X Build/MMB29P) AppleWebKit/537.36 (KHTML, like Gecko) Chrome/140.0.7339.127 Mobile Safari/537.36 (compatible; GoogleOther)"
66.249.66.12 - - [14/Sep/2025:15:27:20 +0300] "GET /shopbrand/196267598 HTTP/1.1" 200 3943 "-" "Mozilla/5.0 (Linux; Android 6.0.1; Nexus 5X Build/MMB29P) AppleWebKit/537.36 (KHTML, like Gecko) Chrome/140.0.7339.127 Mobile Safari/537.36 (compatible; GoogleOther)"
136.243.228.182 - - [14/Sep/2025:15:27:22 +0300] "GET /2025/09/06/oyyn-taraz-kluby?path=/ HTTP/1.1" 200 3117 "-" "Mozilla/5.0 (compatible; DataForSeoBot/1.0; +https://dataforseo.com/dataforseo-bot)"
66.249.66.12 - - [14/Sep/2025:15:27:22 +0300] "GET /product/name81093239.htm HTTP/1.1" 200 19123 "-" "Mozilla/5.0 (Linux; Android 6.0.1; Nexus 5X Build/MMB29P) AppleWebKit/537.36 (KHTML, like Gecko) Chrome/140.0.7339.127 Mobile Safari/537.36 (compatible; Googlebot/2.1; +http://www.google.com/bot.html)"
66.249.66.12 - - [14/Sep/2025:15:27:24 +0300] "GET /shopbrand/73374989?fileloc=/python/moda/public_html/tech/wp-activate.php&path=/python/moda/public_html/tech HTTP/1.1" 200 5138 "-" "Mozilla/5.0 (Linux; Android 6.0.1; Nexus 5X Build/MMB29P) AppleWebKit/537.36 (KHTML, like Gecko) Chrome/140.0.7339.127 Mobile Safari/537.36 (compatible; GoogleOther)"
66.249.66.12 - - [14/Sep/2025:15:27:04 +0300] "GET /product/sixty40373275.htm HTTP/1.1" 200 18411 "-" "Mozilla/5.0 (Linux; Android 6.0.1; Nexus 5X Build/MMB29P) AppleWebKit/537.36 (KHTML, like Gecko) Chrome/140.0.7339.127 Mobile Safari/537.36 (compatible; Googlebot/2.1; +http://www.google.com/bot.html)"
136.243.228.182 - - [14/Sep/2025:15:27:06 +0300] "GET /2025/09/06/oyyn-taraz-kluby?fileloc=/python/moda/public_html/tech/wp-activate.php&path=/python/moda/public_html/tech HTTP/1.1" 200 5167 "-" "Mozilla/5.0 (compatible; DataForSeoBot/1.0; +https://dataforseo.com/dataforseo-bot)"
20.171.207.47 - - [14/Sep/2025:15:27:06 +0300] "GET /?path=//lib/modules/5.14.0-503.23.2.el9_5.x86_64 HTTP/2" 200 2836 "-" "Mozilla/5.0 AppleWebKit/537.36 (KHTML, like Gecko; compatible; GPTBot/1.2; +https://openai.com/gptbot)"
66.249.66.13 - - [14/Sep/2025:15:27:06 +0300] "POST /get-message-notify HTTP/1.1" 200 19706 "https://tech.modatechnologies.co.uk/product/violi11168720.htm" "Mozilla/5.0 (Linux; Android 6.0.1; Nexus 5X Build/MMB29P) AppleWebKit/537.36 (KHTML, like Gecko) Chrome/139.0.7258.127 Mobile Safari/537.36 (compatible; Googlebot/2.1; +http://www.google.com/bot.html)"
66.249.66.12 - - [14/Sep/2025:15:27:08 +0300] "GET /shopbrand/194160964 HTTP/1.1" 200 18619 "-" "Mozilla/5.0 (Linux; Android 6.0.1; Nexus 5X Build/MMB29P) AppleWebKit/537.36 (KHTML, like Gecko) Chrome/140.0.7339.127 Mobile Safari/537.36 (compatible; Googlebot/2.1; +http://www.google.com/bot.html)"
66.249.66.13 - - [14/Sep/2025:15:27:09 +0300] "GET /product/slow20456137.htm HTTP/1.1" 200 18170 "-" "Mozilla/5.0 (Linux; Android 6.0.1; Nexus 5X Build/MMB29P) AppleWebKit/537.36 (KHTML, like Gecko) Chrome/140.0.7339.127 Mobile Safari/537.36 (compatible; Googlebot/2.1; +http://www.google.com/bot.html)"
20.171.207.47 - - [14/Sep/2025:15:27:09 +0300] "GET /?path=//usr/lib64/c%20%20-plesk-12.2.0 HTTP/2" 200 2573 "-" "Mozilla/5.0 AppleWebKit/537.36 (KHTML, like Gecko; compatible; GPTBot/1.2; +https://openai.com/gptbot)"
20.171.207.47 - - [14/Sep/2025:15:27:13 +0300] "GET /?fileloc=//usr/sbin/saslpasswd2&path=//usr/sbin HTTP/2" 200 7871 "-" "Mozilla/5.0 AppleWebKit/537.36 (KHTML, like Gecko; compatible; GPTBot/1.2; +https://openai.com/gptbot)"
136.243.228.182 - - [14/Sep/2025:15:27:14 +0300] "GET /2025/09/06/oyyn-taraz-kluby?path=/python/moda/public_html/tech/.well-known HTTP/1.1" 200 3171 "-" "Mozilla/5.0 (compatible; DataForSeoBot/1.0; +https://dataforseo.com/dataforseo-bot)"
20.171.207.47 - - [14/Sep/2025:15:27:16 +0300] "GET /?fileloc=//lib/dracut/ossl-files&path=//lib/dracut HTTP/2" 200 7337 "-" "Mozilla/5.0 AppleWebKit/537.36 (KHTML, like Gecko; compatible; GPTBot/1.2; +https://openai.com/gptbot)"
54.152.163.42 - - [14/Sep/2025:15:27:18 +0300] "GET /2025/08/08/5-dragons-ports-opinion-and-you-can-real-money-casino-postings/?path=//bin HTTP/1.1" 200 27189 "-" "Mozilla/5.0 AppleWebKit/537.36 (KHTML, like Gecko; compatible; Amazonbot/0.1; +https://developer.amazon.com/support/amazonbot) Chrome/119.0.6045.214 Safari/537.36"
20.171.207.47 - - [14/Sep/2025:15:27:19 +0300] "GET /?fileloc=//usr/sbin/snmptrapd&path=//usr/sbin HTTP/2" 200 12346 "-" "Mozilla/5.0 AppleWebKit/537.36 (KHTML, like Gecko; compatible; GPTBot/1.2; +https://openai.com/gptbot)"
20.171.207.47 - - [14/Sep/2025:15:27:22 +0300] "GET /?fileloc=//usr/sbin/sendmail&path=//usr/sbin HTTP/2" 200 3052 "-" "Mozilla/5.0 AppleWebKit/537.36 (KHTML, like Gecko; compatible; GPTBot/1.2; +https://openai.com/gptbot)"
20.171.207.47 - - [14/Sep/2025:15:27:25 +0300] "GET /?fileloc=//usr/sbin/ldconfig&path=//usr/sbin HTTP/2" 200 437546 "-" "Mozilla/5.0 AppleWebKit/537.36 (KHTML, like Gecko; compatible; GPTBot/1.2; +https://openai.com/gptbot)"
52.7.33.248 - - [14/Sep/2025:15:27:26 +0300] "GET /category/ice-kasyno-logowanie-739/?path=/python/moda/public_html/tech/wp-includes/PHPMailer HTTP/1.1" 200 3734 "-" "Mozilla/5.0 AppleWebKit/537.36 (KHTML, like Gecko; compatible; Amazonbot/0.1; +https://developer.amazon.com/support/amazonbot) Chrome/119.0.6045.214 Safari/537.36"
136.243.228.182 - - [14/Sep/2025:15:27:18 +0300] "GET /2025/09/06/oyyn-taraz-kluby?path=/python/moda/public_html/tech/wp-includes HTTP/1.1" 200 13178 "-" "Mozilla/5.0 (compatible; DataForSeoBot/1.0; +https://dataforseo.com/dataforseo-bot)"
66.249.66.12 - - [14/Sep/2025:15:27:19 +0300] "GET /shopbrand/193956844 HTTP/1.1" 200 19334 "-" "Mozilla/5.0 (Linux; Android 6.0.1; Nexus 5X Build/MMB29P) AppleWebKit/537.36 (KHTML, like Gecko) Chrome/140.0.7339.127 Mobile Safari/537.36 (compatible; Googlebot/2.1; +http://www.google.com/bot.html)"
20.171.207.118 - - [14/Sep/2025:15:27:19 +0300] "GET /theme/casino/free-slots-bonus-no-deposit-id-card-details-ireland.html?path=//proc/thread-self/root/proc/self/root/proc/thread-self/root/proc/self/root/proc/self/root/proc/self/root/python/moda/public_html/tech/old/vendor/symfony/filesystem HTTP/2" 200 3310 "-" "Mozilla/5.0 AppleWebKit/537.36 (KHTML, like Gecko; compatible; GPTBot/1.2; +https://openai.com/gptbot)"
216.73.216.136 - - [14/Sep/2025:15:27:20 +0300] "GET /2025/09/12/nv-kasyno-pl-269/feed?fileloc=%2Fpython%2Fmoda%2Fpublic_html%2Ftech%2Fwp-admin%2Fplugin-editor.php&path=%2Fpython%2Fmoda%2Fpublic_html%2Ftech%2Fwp-admin HTTP/2" 200 7632 "-" "Mozilla/5.0 AppleWebKit/537.36 (KHTML, like Gecko; compatible; ClaudeBot/1.0; +claudebot@anthropic.com)"
66.249.66.12 - - [14/Sep/2025:15:27:21 +0300] "GET /shopbrand/27496359 HTTP/1.1" 200 21043 "-" "Mozilla/5.0 (Linux; Android 6.0.1; Nexus 5X Build/MMB29P) AppleWebKit/537.36 (KHTML, like Gecko) Chrome/140.0.7339.127 Mobile Safari/537.36 (compatible; Googlebot/2.1; +http://www.google.com/bot.html)"
54.84.93.8 - - [14/Sep/2025:15:27:22 +0300] "GET /tag/codigo-betano/?path=/python/moda/.subaccounts HTTP/1.1" 200 3309 "-" "Mozilla/5.0 AppleWebKit/537.36 (KHTML, like Gecko; compatible; Amazonbot/0.1; +https://developer.amazon.com/support/amazonbot) Chrome/119.0.6045.214 Safari/537.36"
20.171.207.118 - - [14/Sep/2025:15:27:23 +0300] "GET /theme/casino/free-slots-bonus-no-deposit-id-card-details-ireland.html?path=//proc/thread-self/root/proc/self/root/proc/thread-self/root/proc/self/root/proc/self/root/proc/self/root/python/moda/public_html/tech/old/vendor/http-interop/http-factory/src HTTP/2" 200 3324 "-" "Mozilla/5.0 AppleWebKit/537.36 (KHTML, like Gecko; compatible; GPTBot/1.2; +https://openai.com/gptbot)"
216.73.216.136 - - [14/Sep/2025:15:27:23 +0300] "GET /shopbrand/173105252?fileloc=%2Fpython%2Fmoda%2Fpublic_html%2Ftech%2Findex.php&path=%2Fpython%2Fmoda%2Fpublic_html%2Ftech HTTP/2" 200 10985 "-" "Mozilla/5.0 AppleWebKit/537.36 (KHTML, like Gecko; compatible; ClaudeBot/1.0; +claudebot@anthropic.com)"
20.171.207.118 - - [14/Sep/2025:15:27:26 +0300] "GET /theme/casino/free-slots-bonus-no-deposit-id-card-details-ireland.html?path=//proc/thread-self/root/proc/self/root/proc/thread-self/root/proc/self/root/proc/self/root/proc/self/root/python/moda/public_html/tech/old/vendor/tecnickcom/tcpdf/include/barcodes HTTP/2" 200 3213 "-" "Mozilla/5.0 AppleWebKit/537.36 (KHTML, like Gecko; compatible; GPTBot/1.2; +https://openai.com/gptbot)"
216.73.216.136 - - [14/Sep/2025:15:27:26 +0300] "GET /shopbrand/173115364?fileloc=%2Fpython%2Fmoda%2Fpublic_html%2Ftech%2Fwp-cron.php&path=%2Fpython%2Fmoda%2Fpublic_html%2Ftech HTTP/2" 200 4678 "-" "Mozilla/5.0 AppleWebKit/537.36 (KHTML, like Gecko; compatible; ClaudeBot/1.0; +claudebot@anthropic.com)"
66.249.66.13 - - [14/Sep/2025:15:27:27 +0300] "GET /shopbrand/15010972?fileloc=/python/moda/public_html/tech/wp-comments-post.php&path=/python/moda/public_html/tech HTTP/1.1" 200 3608 "-" "Mozilla/5.0 (Linux; Android 6.0.1; Nexus 5X Build/MMB29P) AppleWebKit/537.36 (KHTML, like Gecko) Chrome/140.0.7339.127 Mobile Safari/537.36 (compatible; GoogleOther)"
66.249.66.13 - - [14/Sep/2025:15:27:28 +0300] "GET /shopbrand/205360038?fileloc=//bin/pdf2dsc&path=//bin HTTP/1.1" 200 2956 "-" "Mozilla/5.0 (Linux; Android 6.0.1; Nexus 5X Build/MMB29P) AppleWebKit/537.36 (KHTML, like Gecko) Chrome/140.0.7339.127 Mobile Safari/537.36 (compatible; GoogleOther)"
20.171.207.118 - - [14/Sep/2025:15:27:29 +0300] "GET /theme/casino/free-slots-bonus-no-deposit-id-card-details-ireland.html?path=//proc/thread-self/root/proc/self/root/proc/thread-self/root/proc/self/root/proc/self/root/proc/self/root/python/moda/public_html/tech/old/vendor/bshaffer HTTP/2" 200 3165 "-" "Mozilla/5.0 AppleWebKit/537.36 (KHTML, like Gecko; compatible; GPTBot/1.2; +https://openai.com/gptbot)"
216.73.216.136 - - [14/Sep/2025:15:27:29 +0300] "GET /shopbrand/115702071?fileloc=%2Fpython%2Fmoda%2Fpublic_html%2Ftech%2Fwp-config.php&path=%2Fpython%2Fmoda%2Fpublic_html%2Ftech HTTP/2" 200 4332 "-" "Mozilla/5.0 AppleWebKit/537.36 (KHTML, like Gecko; compatible; ClaudeBot/1.0; +claudebot@anthropic.com)"
66.249.66.13 - - [14/Sep/2025:15:27:30 +0300] "GET /shopbrand/217701896 HTTP/1.1" 200 3998 "-" "Mozilla/5.0 (Linux; Android 6.0.1; Nexus 5X Build/MMB29P) AppleWebKit/537.36 (KHTML, like Gecko) Chrome/140.0.7339.127 Mobile Safari/537.36 (compatible; GoogleOther)"
52.45.15.233 - - [14/Sep/2025:15:27:30 +0300] "GET /2025/08/10/siti-sicuri-electronic-affidabili-2025/?fileloc=/python/moda/public_html/tech/wp-admin/media.php&path=/python/moda/public_html/tech/wp-admin HTTP/1.1" 200 3386 "-" "Mozilla/5.0 AppleWebKit/537.36 (KHTML, like Gecko; compatible; Amazonbot/0.1; +https://developer.amazon.com/support/amazonbot) Chrome/119.0.6045.214 Safari/537.36"
66.249.66.13 - - [14/Sep/2025:15:27:30 +0300] "GET /shopbrand/73677910?fileloc=/python/moda/public_html/tech/wp-blog-header.php&path=/python/moda/public_html/tech HTTP/1.1" 200 2859 "-" "Mozilla/5.0 (Linux; Android 6.0.1; Nexus 5X Build/MMB29P) AppleWebKit/537.36 (KHTML, like Gecko) Chrome/140.0.7339.127 Mobile Safari/537.36 (compatible; GoogleOther)"
20.171.207.118 - - [14/Sep/2025:15:27:32 +0300] "GET /theme/casino/free-slots-bonus-no-deposit-id-card-details-ireland.html?path=//proc/thread-self/root/proc/self/root/proc/thread-self/root/proc/self/root/proc/self/root/proc/self/root/python/moda/public_html/tech/old/vendor/symfony/translation-contracts HTTP/2" 200 3455 "-" "Mozilla/5.0 AppleWebKit/537.36 (KHTML, like Gecko; compatible; GPTBot/1.2; +https://openai.com/gptbot)"
216.73.216.136 - - [14/Sep/2025:15:27:32 +0300] "GET /shopbrand/84008420?fileloc=%2Fpython%2Fmoda%2Fpublic_html%2Ftech%2Fwp-settings.php&path=%2Fpython%2Fmoda%2Fpublic_html%2Ftech HTTP/2" 200 8816 "-" "Mozilla/5.0 AppleWebKit/537.36 (KHTML, like Gecko; compatible; ClaudeBot/1.0; +claudebot@anthropic.com)"
54.198.33.233 - - [14/Sep/2025:15:27:34 +0300] "GET /2025/09/11/1xslots-casino-online-con-giros-gratis-para-150/?path=//sbin HTTP/1.1" 200 5199 "-" "Mozilla/5.0 AppleWebKit/537.36 (KHTML, like Gecko; compatible; Amazonbot/0.1; +https://developer.amazon.com/support/amazonbot) Chrome/119.0.6045.214 Safari/537.36"
20.171.207.118 - - [14/Sep/2025:15:27:35 +0300] "GET /theme/casino/free-slots-bonus-no-deposit-id-card-details-ireland.html?path=//proc/thread-self/root/proc/self/root/proc/thread-self/root/proc/self/root/proc/self/root/proc/self/root/python/moda/public_html/tech/old/vendor/nikic HTTP/2" 200 3119 "-" "Mozilla/5.0 AppleWebKit/537.36 (KHTML, like Gecko; compatible; GPTBot/1.2; +https://openai.com/gptbot)"
216.73.216.136 - - [14/Sep/2025:15:27:35 +0300] "GET /2025/09/12/gamdom-bonus-code-509/feed?fileloc=%2Fpython%2Fmoda%2Fpublic_html%2Ftech%2Fwp-admin%2Frevision.php&path=%2Fpython%2Fmoda%2Fpublic_html%2Ftech%2Fwp-admin HTTP/2" 200 4667 "-" "Mozilla/5.0 AppleWebKit/537.36 (KHTML, like Gecko; compatible; ClaudeBot/1.0; +claudebot@anthropic.com)"
20.171.207.118 - - [14/Sep/2025:15:27:38 +0300] "GET /theme/casino/free-slots-bonus-no-deposit-id-card-details-ireland.html?path=//proc/thread-self/root/proc/self/root/proc/thread-self/root/proc/self/root/proc/self/root/proc/self/root/python/moda/public_html/tech/old/vendor/tecnickcom/tcpdf/fonts HTTP/2" 200 4205 "-" "Mozilla/5.0 AppleWebKit/537.36 (KHTML, like Gecko; compatible; GPTBot/1.2; +https://openai.com/gptbot)"
136.243.228.182 - - [14/Sep/2025:15:27:26 +0300] "GET /2025/09/06/oyyn-taraz-kluby?fileloc=/python/moda/public_html/tech/readme.html&path=/python/moda/public_html/tech HTTP/1.1" 200 5563 "-" "Mozilla/5.0 (compatible; DataForSeoBot/1.0; +https://dataforseo.com/dataforseo-bot)"
66.249.66.12 - - [14/Sep/2025:15:27:26 +0300] "GET /shopbrand/194156185 HTTP/1.1" 200 19182 "-" "Mozilla/5.0 (Linux; Android 6.0.1; Nexus 5X Build/MMB29P) AppleWebKit/537.36 (KHTML, like Gecko) Chrome/140.0.7339.127 Mobile Safari/537.36 (compatible; Googlebot/2.1; +http://www.google.com/bot.html)"
66.249.66.12 - - [14/Sep/2025:15:27:29 +0300] "GET /product/dying51274732.htm HTTP/1.1" 200 19825 "-" "Mozilla/5.0 (Linux; Android 6.0.1; Nexus 5X Build/MMB29P) AppleWebKit/537.36 (KHTML, like Gecko) Chrome/140.0.7339.127 Mobile Safari/537.36 (compatible; Googlebot/2.1; +http://www.google.com/bot.html)"
136.243.228.182 - - [14/Sep/2025:15:27:30 +0300] "GET /2025/09/06/oyyn-taraz-kluby?path=/python/moda/public_html/tech/wp-content HTTP/1.1" 200 3404 "-" "Mozilla/5.0 (compatible; DataForSeoBot/1.0; +https://dataforseo.com/dataforseo-bot)"
136.243.228.182 - - [14/Sep/2025:15:27:34 +0300] "GET /2025/09/06/oyyn-taraz-kluby?fileloc=/python/moda/public_html/tech/google5f05fd44d861159b.html&path=/python/moda/public_html/tech HTTP/1.1" 200 2543 "-" "Mozilla/5.0 (compatible; DataForSeoBot/1.0; +https://dataforseo.com/dataforseo-bot)"
66.249.66.12 - - [14/Sep/2025:15:27:35 +0300] "GET /product/beard70937526.htm HTTP/1.1" 200 19049 "-" "Mozilla/5.0 (Linux; Android 6.0.1; Nexus 5X Build/MMB29P) AppleWebKit/537.36 (KHTML, like Gecko) Chrome/140.0.7339.127 Mobile Safari/537.36 (compatible; Googlebot/2.1; +http://www.google.com/bot.html)"
66.249.66.13 - - [14/Sep/2025:15:27:37 +0300] "GET /shopbrand/1605975?fileloc=/python/moda/public_html/tech/wp-config.php&path=/python/moda/public_html/tech HTTP/1.1" 200 4332 "-" "Mozilla/5.0 (Linux; Android 6.0.1; Nexus 5X Build/MMB29P) AppleWebKit/537.36 (KHTML, like Gecko) Chrome/140.0.7339.127 Mobile Safari/537.36 (compatible; GoogleOther)"
66.249.66.12 - - [14/Sep/2025:15:27:37 +0300] "POST /get-message-notify HTTP/1.1" 200 19706 "https://tech.modatechnologies.co.uk/shopbrand/193956844" "Mozilla/5.0 (Linux; Android 6.0.1; Nexus 5X Build/MMB29P) AppleWebKit/537.36 (KHTML, like Gecko) Chrome/139.0.7258.127 Mobile Safari/537.36 (compatible; Googlebot/2.1; +http://www.google.com/bot.html)"
52.203.68.145 - - [14/Sep/2025:15:27:38 +0300] "GET /2025/09/11/slot-tadhana-863/?path=//var HTTP/1.1" 200 3745 "-" "Mozilla/5.0 AppleWebKit/537.36 (KHTML, like Gecko; compatible; Amazonbot/0.1; +https://developer.amazon.com/support/amazonbot) Chrome/119.0.6045.214 Safari/537.36"
66.249.66.13 - - [14/Sep/2025:15:27:39 +0300] "GET /shopbrand/77586718 HTTP/1.1" 200 3899 "-" "Mozilla/5.0 (Linux; Android 6.0.1; Nexus 5X Build/MMB29P) AppleWebKit/537.36 (KHTML, like Gecko) Chrome/140.0.7339.127 Mobile Safari/537.36 (compatible; GoogleOther)"
136.243.228.182 - - [14/Sep/2025:15:27:42 +0300] "GET /2025/09/06/oyyn-taraz-kluby?fileloc=/python/moda/public_html/tech/.htaccess&path=/python/moda/public_html/tech HTTP/1.1" 200 3326 "-" "Mozilla/5.0 (compatible; DataForSeoBot/1.0; +https://dataforseo.com/dataforseo-bot)"
66.249.66.13 - - [14/Sep/2025:15:27:43 +0300] "GET /zhHant/product/surugaya/T532164446?fileloc=/python/moda/public_html/tech/wp-includes/ms-default-filters.php&path=/python/moda/public_html/tech/wp-includes HTTP/1.1" 200 4401 "-" "Mozilla/5.0 (Linux; Android 6.0.1; Nexus 5X Build/MMB29P) AppleWebKit/537.36 (KHTML, like Gecko) Chrome/140.0.7339.127 Mobile Safari/537.36 (compatible; GoogleOther)"
66.249.66.12 - - [14/Sep/2025:15:27:45 +0300] "GET /shopbrand/198807948 HTTP/1.1" 200 18296 "-" "Mozilla/5.0 (Linux; Android 6.0.1; Nexus 5X Build/MMB29P) AppleWebKit/537.36 (KHTML, like Gecko) Chrome/140.0.7339.127 Mobile Safari/537.36 (compatible; Googlebot/2.1; +http://www.google.com/bot.html)"
20.171.207.47 - - [14/Sep/2025:15:27:28 +0300] "GET /?fileloc=//usr/include/entities.h&path=//usr/include HTTP/2" 200 4355 "-" "Mozilla/5.0 AppleWebKit/537.36 (KHTML, like Gecko; compatible; GPTBot/1.2; +https://openai.com/gptbot)"
66.249.66.13 - - [14/Sep/2025:15:27:29 +0300] "GET /shopbrand/10969 HTTP/1.1" 200 19216 "-" "Mozilla/5.0 (Linux; Android 6.0.1; Nexus 5X Build/MMB29P) AppleWebKit/537.36 (KHTML, like Gecko) Chrome/140.0.7339.127 Mobile Safari/537.36 (compatible; Googlebot/2.1; +http://www.google.com/bot.html)"
66.249.66.13 - - [14/Sep/2025:15:27:34 +0300] "GET /shopbrand/27497670 HTTP/1.1" 200 18237 "-" "Mozilla/5.0 (Linux; Android 6.0.1; Nexus 5X Build/MMB29P) AppleWebKit/537.36 (KHTML, like Gecko) Chrome/140.0.7339.127 Mobile Safari/537.36 (compatible; Googlebot/2.1; +http://www.google.com/bot.html)"
66.249.66.12 - - [14/Sep/2025:15:27:37 +0300] "GET /shopbrand/1344037?fileloc=/python/moda/public_html/tech/error_log&path=/python/moda/public_html/tech HTTP/1.1" 200 2448 "-" "Mozilla/5.0 (Linux; Android 6.0.1; Nexus 5X Build/MMB29P) AppleWebKit/537.36 (KHTML, like Gecko) Chrome/140.0.7339.127 Mobile Safari/537.36 (compatible; GoogleOther)"
217.113.194.8 - - [14/Sep/2025:15:27:38 +0300] "GET /2025/07/23/mit-klarem-verstand-und-den-besten-strategien/ HTTP/1.1" 200 4917 "-" "Mozilla/5.0 (compatible; Barkrowler/0.9; +https://babbar.tech/crawler)"
20.171.207.47 - - [14/Sep/2025:15:27:31 +0300] "GET /?fileloc=//usr/lib64/libmariadbd.so&path=//usr/lib64 HTTP/2" 200 6616518 "-" "Mozilla/5.0 AppleWebKit/537.36 (KHTML, like Gecko; compatible; GPTBot/1.2; +https://openai.com/gptbot)"
20.171.207.47 - - [14/Sep/2025:15:27:39 +0300] "GET /?fileloc=//usr/lib64/libncursesw.so&path=//usr/lib64 HTTP/2" 200 2530 "-" "Mozilla/5.0 AppleWebKit/537.36 (KHTML, like Gecko; compatible; GPTBot/1.2; +https://openai.com/gptbot)"
66.249.66.13 - - [14/Sep/2025:15:27:41 +0300] "POST /get-message-notify HTTP/1.1" 200 19706 "https://tech.modatechnologies.co.uk/shopbrand/27497670" "Mozilla/5.0 (Linux; Android 6.0.1; Nexus 5X Build/MMB29P) AppleWebKit/537.36 (KHTML, like Gecko) Chrome/139.0.7258.127 Mobile Safari/537.36 (compatible; Googlebot/2.1; +http://www.google.com/bot.html)"
20.171.207.47 - - [14/Sep/2025:15:27:42 +0300] "GET /?fileloc=//usr/lib64/libmemusage.so&path=//usr/lib64 HTTP/2" 200 9424 "-" "Mozilla/5.0 AppleWebKit/537.36 (KHTML, like Gecko; compatible; GPTBot/1.2; +https://openai.com/gptbot)"
20.171.207.47 - - [14/Sep/2025:15:27:46 +0300] "GET /?fileloc=//usr/include/jpegint.h&path=//usr/include HTTP/2" 200 6774 "-" "Mozilla/5.0 AppleWebKit/537.36 (KHTML, like Gecko; compatible; GPTBot/1.2; +https://openai.com/gptbot)"
136.243.228.182 - - [14/Sep/2025:15:27:46 +0300] "GET /2025/09/06/oyyn-taraz-kluby?fileloc=/python/moda/public_html/tech/wp-config-sample.php&path=/python/moda/public_html/tech HTTP/1.1" 200 3818 "-" "Mozilla/5.0 (compatible; DataForSeoBot/1.0; +https://dataforseo.com/dataforseo-bot)"
66.249.66.13 - - [14/Sep/2025:15:27:49 +0300] "GET /shopbrand/55127318 HTTP/1.1" 200 3915 "-" "Mozilla/5.0 (Linux; Android 6.0.1; Nexus 5X Build/MMB29P) AppleWebKit/537.36 (KHTML, like Gecko) Chrome/140.0.7339.127 Mobile Safari/537.36 (compatible; GoogleOther)"
20.171.207.47 - - [14/Sep/2025:15:27:49 +0300] "GET /?fileloc=//usr/include/wctype.h&path=//usr/include HTTP/2" 200 4095 "-" "Mozilla/5.0 AppleWebKit/537.36 (KHTML, like Gecko; compatible; GPTBot/1.2; +https://openai.com/gptbot)"
66.249.66.13 - - [14/Sep/2025:15:27:50 +0300] "GET /2025/09/11/experience-the-thrill-of-winning-while-exploring?fileloc=/python/moda/public_html/tech/wp-admin/ms-upgrade-network.php&path=/python/moda/public_html/tech/wp-admin HTTP/1.1" 200 2677 "-" "Mozilla/5.0 (Linux; Android 6.0.1; Nexus 5X Build/MMB29P) AppleWebKit/537.36 (KHTML, like Gecko) Chrome/140.0.7339.127 Mobile Safari/537.36 (compatible; GoogleOther)"
136.243.228.182 - - [14/Sep/2025:15:27:38 +0300] "GET /2025/09/06/oyyn-taraz-kluby?path=/python/moda/public_html HTTP/1.1" 200 3337 "-" "Mozilla/5.0 (compatible; DataForSeoBot/1.0; +https://dataforseo.com/dataforseo-bot)"
216.73.216.136 - - [14/Sep/2025:15:27:38 +0300] "GET /2025/09/12/1win-sign-up-758/feed?fileloc=%2Fpython%2Fmoda%2Fpublic_html%2Ftech%2Fold%2Fincludes%2Fdomainfunctions.php&path=%2Fpython%2Fmoda%2Fpublic_html%2Ftech%2Fold%2Fincludes HTTP/2" 200 43742 "-" "Mozilla/5.0 AppleWebKit/537.36 (KHTML, like Gecko; compatible; ClaudeBot/1.0; +claudebot@anthropic.com)"
216.73.216.136 - - [14/Sep/2025:15:27:41 +0300] "GET /shopbrand/77768295?fileloc=%2Fpython%2Fmoda%2Fpublic_html%2Ftech%2Fwp-config.php&path=%2Fpython%2Fmoda%2Fpublic_html%2Ftech HTTP/2" 200 4332 "-" "Mozilla/5.0 AppleWebKit/537.36 (KHTML, like Gecko; compatible; ClaudeBot/1.0; +claudebot@anthropic.com)"
20.171.207.118 - - [14/Sep/2025:15:27:41 +0300] "GET /theme/casino/free-slots-bonus-no-deposit-id-card-details-ireland.html?path=//proc/thread-self/root/proc/self/root/proc/thread-self/root/proc/self/root/proc/self/root/proc/self/root/python/moda/public_html/tech/old/vendor/ezyang HTTP/2" 200 3123 "-" "Mozilla/5.0 AppleWebKit/537.36 (KHTML, like Gecko; compatible; GPTBot/1.2; +https://openai.com/gptbot)"
54.235.172.108 - - [14/Sep/2025:15:27:42 +0300] "GET /2025/08/10/777-slot-vip-993/?path=//bin HTTP/1.1" 200 26997 "-" "Mozilla/5.0 AppleWebKit/537.36 (KHTML, like Gecko; compatible; Amazonbot/0.1; +https://developer.amazon.com/support/amazonbot) Chrome/119.0.6045.214 Safari/537.36"
216.73.216.136 - - [14/Sep/2025:15:27:44 +0300] "GET /2025/09/12/nv-kasyno-pl-269/feed?fileloc=%2Fpython%2Fmoda%2Fpublic_html%2Ftech%2Fwp-admin%2Fplugins.php&path=%2Fpython%2Fmoda%2Fpublic_html%2Ftech%2Fwp-admin HTTP/2" 200 10688 "-" "Mozilla/5.0 AppleWebKit/537.36 (KHTML, like Gecko; compatible; ClaudeBot/1.0; +claudebot@anthropic.com)"
20.171.207.118 - - [14/Sep/2025:15:27:44 +0300] "GET /theme/casino/free-slots-bonus-no-deposit-id-card-details-ireland.html?path=//proc/thread-self/root/proc/self/root/proc/thread-self/root/proc/self/root/proc/self/root/proc/self/root/python/moda/public_html/tech/old/vendor/knplabs HTTP/2" 200 3126 "-" "Mozilla/5.0 AppleWebKit/537.36 (KHTML, like Gecko; compatible; GPTBot/1.2; +https://openai.com/gptbot)"
52.0.218.219 - - [14/Sep/2025:15:27:46 +0300] "GET /2025/08/10/uptown-pokies-login-783/?path=//run HTTP/1.1" 200 3964 "-" "Mozilla/5.0 AppleWebKit/537.36 (KHTML, like Gecko; compatible; Amazonbot/0.1; +https://developer.amazon.com/support/amazonbot) Chrome/119.0.6045.214 Safari/537.36"
66.249.66.12 - - [14/Sep/2025:15:27:47 +0300] "GET /shopbrand/73983555?fileloc=/python/moda/public_html/tech/wp-config-sample.php&path=/python/moda/public_html/tech HTTP/1.1" 200 3818 "-" "Mozilla/5.0 (Linux; Android 6.0.1; Nexus 5X Build/MMB29P) AppleWebKit/537.36 (KHTML, like Gecko) Chrome/140.0.7339.127 Mobile Safari/537.36 (compatible; GoogleOther)"
216.73.216.136 - - [14/Sep/2025:15:27:47 +0300] "GET /blog-2/page/1928?path=%2Fpython%2Fmoda%2Fpublic_html%2Ftech%2Fwp-includes%2Fblocks%2Fverse HTTP/2" 200 3079 "-" "Mozilla/5.0 AppleWebKit/537.36 (KHTML, like Gecko; compatible; ClaudeBot/1.0; +claudebot@anthropic.com)"
20.171.207.118 - - [14/Sep/2025:15:27:48 +0300] "GET /theme/casino/free-slots-bonus-no-deposit-id-card-details-ireland.html?path=//proc/thread-self/root/proc/self/root/proc/thread-self/root/proc/self/root/proc/self/root/proc/self/root/python/moda/public_html/tech/old/vendor/phpmailer/phpmailer HTTP/2" 200 3616 "-" "Mozilla/5.0 AppleWebKit/537.36 (KHTML, like Gecko; compatible; GPTBot/1.2; +https://openai.com/gptbot)"
216.73.216.136 - - [14/Sep/2025:15:27:50 +0300] "GET /shopbrand/84017268?fileloc=%2Fpython%2Fmoda%2Fpublic_html%2Ftech%2Fwp-config.php&path=%2Fpython%2Fmoda%2Fpublic_html%2Ftech HTTP/2" 200 4332 "-" "Mozilla/5.0 AppleWebKit/537.36 (KHTML, like Gecko; compatible; ClaudeBot/1.0; +claudebot@anthropic.com)"
20.171.207.118 - - [14/Sep/2025:15:27:51 +0300] "GET /theme/casino/free-slots-bonus-no-deposit-id-card-details-ireland.html?fileloc=//proc/thread-self/root/proc/self/root/proc/thread-self/root/proc/self/root/proc/self/root/proc/self/root/python/moda/public_html/tech/old/vendor/symfony/translation-contracts/TranslatorTrait.php&path=//proc/thread-self/root/proc/self/root/proc/thread-self/root/proc/self/root/proc/self/root/proc/self/root/python/moda/public_html/tech/old/vendor/symfony/translation-contracts HTTP/2" 200 4983 "-" "Mozilla/5.0 AppleWebKit/537.36 (KHTML, like Gecko; compatible; GPTBot/1.2; +https://openai.com/gptbot)"
216.73.216.136 - - [14/Sep/2025:15:27:53 +0300] "GET /author/admin/page/1585?fileloc=%2Fpython%2Fmoda%2Fpublic_html%2Ftech%2Fwp-includes%2Fcustom.file.5.1751268922.php&path=%2Fpython%2Fmoda%2Fpublic_html%2Ftech%2Fwp-includes HTTP/2" 200 11973 "-" "Mozilla/5.0 AppleWebKit/537.36 (KHTML, like Gecko; compatible; ClaudeBot/1.0; +claudebot@anthropic.com)"
20.171.207.118 - - [14/Sep/2025:15:27:54 +0300] "GET /theme/casino/free-slots-bonus-no-deposit-id-card-details-ireland.html?path=//proc/thread-self/root/proc/self/root/proc/thread-self/root/proc/self/root/proc/self/root/proc/self/root/python/moda/public_html/tech/old/vendor/symfony/finder HTTP/2" 200 3524 "-" "Mozilla/5.0 AppleWebKit/537.36 (KHTML, like Gecko; compatible; GPTBot/1.2; +https://openai.com/gptbot)"
216.73.216.136 - - [14/Sep/2025:15:27:56 +0300] "GET /2025/08/page/1238?fileloc=%2Fpython%2Fmoda%2Fpublic_html%2Ftech%2Fwp-admin%2Fincludes%2Fclass-theme-upgrader.php&path=%2Fpython%2Fmoda%2Fpublic_html%2Ftech%2Fwp-admin%2Fincludes HTTP/2" 200 8815 "-" "Mozilla/5.0 AppleWebKit/537.36 (KHTML, like Gecko; compatible; ClaudeBot/1.0; +claudebot@anthropic.com)"
66.249.66.13 - - [14/Sep/2025:15:27:57 +0300] "GET /zhHant/product/surugaya/T3518201295?fileloc=/python/moda/tmp/webalizer/hourly_usage_202502.png&path=/python/moda/tmp/webalizer HTTP/1.1" 200 4510 "-" "Mozilla/5.0 (Linux; Android 6.0.1; Nexus 5X Build/MMB29P) AppleWebKit/537.36 (KHTML, like Gecko) Chrome/140.0.7339.127 Mobile Safari/537.36 (compatible; GoogleOther)"
20.171.207.118 - - [14/Sep/2025:15:27:57 +0300] "GET /theme/casino/free-slots-bonus-no-deposit-id-card-details-ireland.html?path=//proc/thread-self/root/proc/self/root/proc/thread-self/root/proc/self/root/proc/self/root/proc/self/root/python/moda/public_html/tech/old/vendor/voku HTTP/2" 200 3123 "-" "Mozilla/5.0 AppleWebKit/537.36 (KHTML, like Gecko; compatible; GPTBot/1.2; +https://openai.com/gptbot)"
66.249.66.13 - - [14/Sep/2025:15:27:57 +0300] "GET /shopbrand/155838268 HTTP/1.1" 200 19998 "-" "Mozilla/5.0 (Linux; Android 6.0.1; Nexus 5X Build/MMB29P) AppleWebKit/537.36 (KHTML, like Gecko) Chrome/140.0.7339.127 Mobile Safari/537.36 (compatible; Googlebot/2.1; +http://www.google.com/bot.html)"
66.249.66.13 - - [14/Sep/2025:15:27:58 +0300] "GET /shopbrand/132144473 HTTP/1.1" 200 3940 "-" "Mozilla/5.0 (Linux; Android 6.0.1; Nexus 5X Build/MMB29P) AppleWebKit/537.36 (KHTML, like Gecko) Chrome/140.0.7339.127 Mobile Safari/537.36 (compatible; GoogleOther)"
136.243.228.182 - - [14/Sep/2025:15:27:58 +0300] "GET /2025/09/06/oyyn-taraz-kluby?path=/python HTTP/1.1" 200 2792 "-" "Mozilla/5.0 (compatible; DataForSeoBot/1.0; +https://dataforseo.com/dataforseo-bot)"
54.243.63.52 - - [14/Sep/2025:15:27:58 +0300] "GET /2025/08/10/siti-sicuri-electronic-affidabili-2025/?fileloc=/python/moda/public_html/tech/wp-includes/ms-functions.php&path=/python/moda/public_html/tech/wp-includes HTTP/1.1" 200 28646 "-" "Mozilla/5.0 AppleWebKit/537.36 (KHTML, like Gecko; compatible; Amazonbot/0.1; +https://developer.amazon.com/support/amazonbot) Chrome/119.0.6045.214 Safari/537.36"
216.73.216.136 - - [14/Sep/2025:15:27:59 +0300] "GET /shopbrand/77810738?fileloc=%2Fpython%2Fmoda%2Fpublic_html%2Ftech%2Fwp-links-opml.php&path=%2Fpython%2Fmoda%2Fpublic_html%2Ftech HTTP/2" 200 3691 "-" "Mozilla/5.0 AppleWebKit/537.36 (KHTML, like Gecko; compatible; ClaudeBot/1.0; +claudebot@anthropic.com)"
20.171.207.118 - - [14/Sep/2025:15:28:00 +0300] "GET /theme/casino/free-slots-bonus-no-deposit-id-card-details-ireland.html?path=//proc/thread-self/root/proc/self/root/proc/thread-self/root/proc/self/root/proc/self/root/proc/self/root/python/moda/public_html/tech/old/vendor/tecnickcom/tcpdf/config HTTP/2" 200 3112 "-" "Mozilla/5.0 AppleWebKit/537.36 (KHTML, like Gecko; compatible; GPTBot/1.2; +https://openai.com/gptbot)"
66.249.66.12 - - [14/Sep/2025:15:28:01 +0300] "GET /product/victi40491667.htm HTTP/1.1" 200 19386 "-" "Mozilla/5.0 (Linux; Android 6.0.1; Nexus 5X Build/MMB29P) AppleWebKit/537.36 (KHTML, like Gecko) Chrome/140.0.7339.127 Mobile Safari/537.36 (compatible; Googlebot/2.1; +http://www.google.com/bot.html)"
136.243.228.182 - - [14/Sep/2025:15:28:02 +0300] "GET /2025/09/06/oyyn-taraz-kluby?path=/python/moda/public_html/tech/wordpress HTTP/1.1" 200 3300 "-" "Mozilla/5.0 (compatible; DataForSeoBot/1.0; +https://dataforseo.com/dataforseo-bot)"
54.89.90.224 - - [14/Sep/2025:15:28:02 +0300] "GET /2025/09/10/kostenlos-spielen-fire-book-of-dead-spiel-zum-spas-stellvertretersymbol-freispiele-abzuglich-einzahlung/?fileloc=/python/moda/public_html/tech/.well-known/widget-area-1755360895.php&path=/python/moda/public_html/tech/.well-known HTTP/1.1" 200 3553 "-" "Mozilla/5.0 AppleWebKit/537.36 (KHTML, like Gecko; compatible; Amazonbot/0.1; +https://developer.amazon.com/support/amazonbot) Chrome/119.0.6045.214 Safari/537.36"
216.73.216.136 - - [14/Sep/2025:15:28:02 +0300] "GET /shopbrand/173108754?fileloc=%2Fpython%2Fmoda%2Fpublic_html%2Ftech%2Fwp-settings.php&path=%2Fpython%2Fmoda%2Fpublic_html%2Ftech HTTP/2" 200 8816 "-" "Mozilla/5.0 AppleWebKit/537.36 (KHTML, like Gecko; compatible; ClaudeBot/1.0; +claudebot@anthropic.com)"
20.171.207.118 - - [14/Sep/2025:15:28:03 +0300] "GET /theme/casino/free-slots-bonus-no-deposit-id-card-details-ireland.html?path=//proc/thread-self/root/proc/self/root/proc/thread-self/root/proc/self/root/proc/self/root/proc/self/root/python/moda/public_html/tech/old/vendor/symfony/console HTTP/2" 200 4197 "-" "Mozilla/5.0 AppleWebKit/537.36 (KHTML, like Gecko; compatible; GPTBot/1.2; +https://openai.com/gptbot)"
216.73.216.136 - - [14/Sep/2025:15:28:05 +0300] "GET /shopbrand/84048252?fileloc=%2Fpython%2Fmoda%2Fpublic_html%2Ftech%2Fwp-settings.php&path=%2Fpython%2Fmoda%2Fpublic_html%2Ftech HTTP/2" 200 8783 "-" "Mozilla/5.0 AppleWebKit/537.36 (KHTML, like Gecko; compatible; ClaudeBot/1.0; +claudebot@anthropic.com)"
3.216.13.10 - - [14/Sep/2025:15:28:06 +0300] "GET /2025/07/21/meilleur-casino-en-ligne-2025-top-10-des-casinos-327/?path=//run HTTP/1.1" 200 3959 "-" "Mozilla/5.0 AppleWebKit/537.36 (KHTML, like Gecko; compatible; Amazonbot/0.1; +https://developer.amazon.com/support/amazonbot) Chrome/119.0.6045.214 Safari/537.36"
20.171.207.118 - - [14/Sep/2025:15:28:07 +0300] "GET /theme/casino/free-slots-bonus-no-deposit-id-card-details-ireland.html?path=//proc/thread-self/root/proc/self/root/proc/thread-self/root/proc/self/root/proc/self/root/proc/self/root/python/moda/public_html/tech/old/vendor/phpmailer/phpmailer/.phan HTTP/2" 200 3099 "-" "Mozilla/5.0 AppleWebKit/537.36 (KHTML, like Gecko; compatible; GPTBot/1.2; +https://openai.com/gptbot)"
216.73.216.136 - - [14/Sep/2025:15:28:08 +0300] "GET /2025/09/12/energycasino-pl-197/feed?fileloc=%2Fpython%2Fmoda%2Fpublic_html%2Ftech%2Fwp-includes%2Fjs%2Fmasonry.min.js&path=%2Fpython%2Fmoda%2Fpublic_html%2Ftech%2Fwp-includes%2Fjs HTTP/2" 200 10499 "-" "Mozilla/5.0 AppleWebKit/537.36 (KHTML, like Gecko; compatible; ClaudeBot/1.0; +claudebot@anthropic.com)"
120.236.65.69 - - [14/Sep/2025:15:28:08 +0300] "GET /2025/08/25/etude-approfondie-de-allyspin-pour-joueurs-francophones/ HTTP/1.1" 200 56981 "-" "Mozilla/5.0 (Windows NT 10.0; Win64; x64)"
52.203.68.145 - - [14/Sep/2025:15:27:50 +0300] "GET /2025/08/11/1win-app-392/?path=//lib HTTP/1.1" 200 5004 "-" "Mozilla/5.0 AppleWebKit/537.36 (KHTML, like Gecko; compatible; Amazonbot/0.1; +https://developer.amazon.com/support/amazonbot) Chrome/119.0.6045.214 Safari/537.36"
20.171.207.47 - - [14/Sep/2025:15:27:52 +0300] "GET /?fileloc=//usr/include/wordexp.h&path=//usr/include HTTP/2" 200 3693 "-" "Mozilla/5.0 AppleWebKit/537.36 (KHTML, like Gecko; compatible; GPTBot/1.2; +https://openai.com/gptbot)"
66.249.66.14 - - [14/Sep/2025:15:27:53 +0300] "GET /product/slit72086878.htm HTTP/1.1" 200 19404 "-" "Mozilla/5.0 (Linux; Android 6.0.1; Nexus 5X Build/MMB29P) AppleWebKit/537.36 (KHTML, like Gecko) Chrome/140.0.7339.127 Mobile Safari/537.36 (compatible; Googlebot/2.1; +http://www.google.com/bot.html)"
136.243.228.182 - - [14/Sep/2025:15:27:54 +0300] "GET /2025/09/06/oyyn-taraz-kluby?fileloc=/python/moda/public_html/tech/wp-cron.php&path=/python/moda/public_html/tech HTTP/1.1" 200 4653 "-" "Mozilla/5.0 (compatible; DataForSeoBot/1.0; +https://dataforseo.com/dataforseo-bot)"
20.171.207.47 - - [14/Sep/2025:15:27:55 +0300] "GET /?fileloc=//usr/include/complex.h&path=//usr/include HTTP/2" 200 4600 "-" "Mozilla/5.0 AppleWebKit/537.36 (KHTML, like Gecko; compatible; GPTBot/1.2; +https://openai.com/gptbot)"
20.171.207.47 - - [14/Sep/2025:15:27:58 +0300] "GET /?fileloc=//usr/include/termcap.h&path=//usr/include HTTP/2" 200 3794 "-" "Mozilla/5.0 AppleWebKit/537.36 (KHTML, like Gecko; compatible; GPTBot/1.2; +https://openai.com/gptbot)"
66.249.66.12 - - [14/Sep/2025:15:28:01 +0300] "GET /shopbrand/194158389 HTTP/1.1" 200 20061 "-" "Mozilla/5.0 (Linux; Android 6.0.1; Nexus 5X Build/MMB29P) AppleWebKit/537.36 (KHTML, like Gecko) Chrome/140.0.7339.127 Mobile Safari/537.36 (compatible; Googlebot/2.1; +http://www.google.com/bot.html)"
20.171.207.47 - - [14/Sep/2025:15:28:01 +0300] "GET /?fileloc=//usr/include/regexp.h&path=//usr/include HTTP/2" 200 3244 "-" "Mozilla/5.0 AppleWebKit/537.36 (KHTML, like Gecko; compatible; GPTBot/1.2; +https://openai.com/gptbot)"
66.249.66.12 - - [14/Sep/2025:15:28:03 +0300] "GET /shopbrand/49252860?fileloc=/python/moda/public_html/tech/wp-blog-header.php&path=/python/moda/public_html/tech HTTP/1.1" 200 2859 "-" "Mozilla/5.0 (Linux; Android 6.0.1; Nexus 5X Build/MMB29P) AppleWebKit/537.36 (KHTML, like Gecko) Chrome/140.0.7339.127 Mobile Safari/537.36 (compatible; GoogleOther)"
20.171.207.47 - - [14/Sep/2025:15:28:05 +0300] "GET /?fileloc=//usr/include/memory.h&path=//usr/include HTTP/2" 200 2990 "-" "Mozilla/5.0 AppleWebKit/537.36 (KHTML, like Gecko; compatible; GPTBot/1.2; +https://openai.com/gptbot)"
66.249.66.12 - - [14/Sep/2025:15:28:07 +0300] "GET /shopbrand/45005658?fileloc=/python/moda/public_html/tech/wp-includes/class-wp-post-type.php&path=/python/moda/public_html/tech/wp-includes HTTP/1.1" 200 9673 "-" "Mozilla/5.0 (Linux; Android 6.0.1; Nexus 5X Build/MMB29P) AppleWebKit/537.36 (KHTML, like Gecko) Chrome/140.0.7339.127 Mobile Safari/537.36 (compatible; GoogleOther)"
66.249.66.12 - - [14/Sep/2025:15:28:07 +0300] "GET /shopbrand/6404816 HTTP/1.1" 200 3921 "-" "Mozilla/5.0 (Linux; Android 6.0.1; Nexus 5X Build/MMB29P) AppleWebKit/537.36 (KHTML, like Gecko) Chrome/140.0.7339.127 Mobile Safari/537.36 (compatible; GoogleOther)"
20.171.207.47 - - [14/Sep/2025:15:28:08 +0300] "GET /?fileloc=//usr/include/getopt.h&path=//usr/include HTTP/2" 200 3224 "-" "Mozilla/5.0 AppleWebKit/537.36 (KHTML, like Gecko; compatible; GPTBot/1.2; +https://openai.com/gptbot)"
66.249.66.12 - - [14/Sep/2025:15:28:09 +0300] "GET /shopbrand/35099366?path=/python/moda/public_html/tech/wordpress HTTP/1.1" 200 3300 "-" "Mozilla/5.0 (Linux; Android 6.0.1; Nexus 5X Build/MMB29P) AppleWebKit/537.36 (KHTML, like Gecko) Chrome/140.0.7339.127 Mobile Safari/537.36 (compatible; GoogleOther)"
66.249.66.12 - - [14/Sep/2025:15:27:45 +0300] "GET /product/than70796638.htm HTTP/1.1" 200 19530 "-" "Mozilla/5.0 (Linux; Android 6.0.1; Nexus 5X Build/MMB29P) AppleWebKit/537.36 (KHTML, like Gecko) Chrome/140.0.7339.127 Mobile Safari/537.36 (compatible; Googlebot/2.1; +http://www.google.com/bot.html)"
136.243.228.182 - - [14/Sep/2025:15:27:50 +0300] "GET /2025/09/06/oyyn-taraz-kluby?fileloc=/python/moda/public_html/tech/xmlrpc.php&path=/python/moda/public_html/tech HTTP/1.1" 200 3573 "-" "Mozilla/5.0 (compatible; DataForSeoBot/1.0; +https://dataforseo.com/dataforseo-bot)"
66.249.66.12 - - [14/Sep/2025:15:27:52 +0300] "GET /shopbrand/224484567 HTTP/1.1" 200 19648 "-" "Mozilla/5.0 (Linux; Android 6.0.1; Nexus 5X Build/MMB29P) AppleWebKit/537.36 (KHTML, like Gecko) Chrome/140.0.7339.127 Mobile Safari/537.36 (compatible; Googlebot/2.1; +http://www.google.com/bot.html)"
3.212.205.90 - - [14/Sep/2025:15:27:54 +0300] "GET /tag/skycrown-online/?path=/python/moda/public_html/tech/old/modules HTTP/1.1" 200 4077 "-" "Mozilla/5.0 AppleWebKit/537.36 (KHTML, like Gecko; compatible; Amazonbot/0.1; +https://developer.amazon.com/support/amazonbot) Chrome/119.0.6045.214 Safari/537.36"
66.249.66.14 - - [14/Sep/2025:15:27:57 +0300] "GET /shopbrand/34718205?fileloc=/python/moda/public_html/tech/wp-config-sample.php&path=/python/moda/public_html/tech HTTP/1.1" 200 3818 "-" "Mozilla/5.0 (Linux; Android 6.0.1; Nexus 5X Build/MMB29P) AppleWebKit/537.36 (KHTML, like Gecko) Chrome/140.0.7339.127 Mobile Safari/537.36 (compatible; GoogleOther)"
66.249.66.14 - - [14/Sep/2025:15:27:59 +0300] "POST /get-message-notify HTTP/1.1" 200 19706 "https://tech.modatechnologies.co.uk/product/than70796638.htm" "Mozilla/5.0 (Linux; Android 6.0.1; Nexus 5X Build/MMB29P) AppleWebKit/537.36 (KHTML, like Gecko) Chrome/139.0.7258.127 Mobile Safari/537.36 (compatible; Googlebot/2.1; +http://www.google.com/bot.html)"
46.250.173.126 - - [14/Sep/2025:15:28:00 +0300] "GET /2025/09/05/virtualnoe-kazino-s-fokusom-na-sloty-i-avtomatizirovannye-premii/ HTTP/2" 200 3875 "https://tech.modatechnologies.co.uk/2025/09/05/virtualnoe-kazino-s-fokusom-na-sloty-i-avtomatizirovannye-premii/" "Mozilla/5.0 (Macintosh; Intel Mac OS X 10_15_7) AppleWebKit/537.36 (KHTML, like Gecko) Chrome/131.0.0.0 Safari/537.36"
217.113.194.202 - - [14/Sep/2025:15:28:01 +0300] "GET /2025/07/23/exceptional-thrills-and-generous-rewards-await/ HTTP/1.1" 200 4917 "-" "Mozilla/5.0 (compatible; Barkrowler/0.9; +https://babbar.tech/crawler)"
136.243.228.182 - - [14/Sep/2025:15:28:07 +0300] "GET /2025/09/06/oyyn-taraz-kluby?path=/python/moda/public_html/tech HTTP/1.1" 200 3940 "-" "Mozilla/5.0 (compatible; DataForSeoBot/1.0; +https://dataforseo.com/dataforseo-bot)"
