66.249.66.75 - - [14/Sep/2025:15:34:41 +0300] "GET /shopbrand/61813066?fileloc=/python/moda/public_html/tech/wp-mail.php&path=/python/moda/public_html/tech HTTP/1.1" 200 5682 "-" "Mozilla/5.0 (Linux; Android 6.0.1; Nexus 5X Build/MMB29P) AppleWebKit/537.36 (KHTML, like Gecko) Chrome/140.0.7339.127 Mobile Safari/537.36 (compatible; GoogleOther)"
20.171.207.118 - - [14/Sep/2025:15:34:42 +0300] "GET /theme/casino/free-slots-bonus-no-deposit-id-card-details-ireland.html?path=//proc/thread-self/root/proc/self/root/proc/thread-self/root/proc/self/root/proc/self/root/proc/self/root/python/moda/public_html/tech/old/vendor/stevenmaguire HTTP/2" 200 3134 "-" "Mozilla/5.0 AppleWebKit/537.36 (KHTML, like Gecko; compatible; GPTBot/1.2; +https://openai.com/gptbot)"
66.249.66.14 - - [14/Sep/2025:15:34:43 +0300] "POST /get-message-notify HTTP/1.1" 200 19706 "https://tech.modatechnologies.co.uk/product/find82657487.htm" "Mozilla/5.0 (Linux; Android 6.0.1; Nexus 5X Build/MMB29P) AppleWebKit/537.36 (KHTML, like Gecko) Chrome/139.0.7258.127 Mobile Safari/537.36 (compatible; Googlebot/2.1; +http://www.google.com/bot.html)"
66.249.66.162 - - [14/Sep/2025:15:34:37 +0300] "GET /product/find82657487.htm HTTP/1.1" 200 20236 "-" "Mozilla/5.0 (Linux; Android 6.0.1; Nexus 5X Build/MMB29P) AppleWebKit/537.36 (KHTML, like Gecko) Chrome/140.0.7339.127 Mobile Safari/537.36 (compatible; Googlebot/2.1; +http://www.google.com/bot.html)"
20.171.207.47 - - [14/Sep/2025:15:34:38 +0300] "GET /?path=//lib/modules/5.14.0-570.12.1.el9_6.x86_64/kernel/fs/xfs HTTP/2" 200 2868 "-" "Mozilla/5.0 AppleWebKit/537.36 (KHTML, like Gecko; compatible; GPTBot/1.2; +https://openai.com/gptbot)"
216.73.216.136 - - [14/Sep/2025:15:34:39 +0300] "GET /2025/09/12/chicken-cross-gambling-game-573?path=%2Fpython%2Fmoda%2Fpublic_html%2Ftech%2Fwp-content HTTP/2" 200 3377 "-" "Mozilla/5.0 AppleWebKit/537.36 (KHTML, like Gecko; compatible; ClaudeBot/1.0; +claudebot@anthropic.com)"
23.23.103.31 - - [14/Sep/2025:15:34:39 +0300] "GET /2025/09/11/bitcoin-%CE%B5%CF%80%CE%B9%CF%80%CE%BB%CE%AD%CE%BF%CE%BD-%CE%B1%CF%80%CF%8C%CF%83%CF%85%CF%81%CF%83%CE%B7-%CE%BC%CE%AF%CE%B1-%CE%B3%CE%B9%CE%B1-%CF%84%CE%B7-%CE%B8%CE%B5%CF%81%CE%B1%CF%80%CE%B5%CE%AF/?fileloc=/python/moda/public_html/tech/old/upgrade.php&path=/python/moda/public_html/tech/old HTTP/1.1" 200 163291 "-" "Mozilla/5.0 AppleWebKit/537.36 (KHTML, like Gecko; compatible; Amazonbot/0.1; +https://developer.amazon.com/support/amazonbot) Chrome/119.0.6045.214 Safari/537.36"
20.171.207.47 - - [14/Sep/2025:15:34:42 +0300] "GET /?fileloc=//lib/modules/5.14.0-570.37.1.el9_6.x86_64/kernel/fs/nls/nls_cp775.ko.xz&path=//lib/modules/5.14.0-570.37.1.el9_6.x86_64/kernel/fs/nls HTTP/2" 200 5608 "-" "Mozilla/5.0 AppleWebKit/537.36 (KHTML, like Gecko; compatible; GPTBot/1.2; +https://openai.com/gptbot)"
216.73.216.136 - - [14/Sep/2025:15:34:42 +0300] "GET /shopbrand/236418560?fileloc=%2Fpython%2Fmoda%2Fpublic_html%2Ftech%2F.htaccess&path=%2Fpython%2Fmoda%2Fpublic_html%2Ftech HTTP/2" 200 3326 "-" "Mozilla/5.0 AppleWebKit/537.36 (KHTML, like Gecko; compatible; ClaudeBot/1.0; +claudebot@anthropic.com)"
136.243.228.182 - - [14/Sep/2025:15:34:42 +0300] "GET /2025/09/06/oyyn-taraz-kluby?fileloc=/python/moda/public_html/tech/wp-admin/edit-form-advanced.php&path=/python/moda/public_html/tech/wp-admin HTTP/1.1" 200 11965 "-" "Mozilla/5.0 (compatible; DataForSeoBot/1.0; +https://dataforseo.com/dataforseo-bot)"
66.249.66.12 - - [14/Sep/2025:15:34:42 +0300] "GET /shopbrand/194158436 HTTP/1.1" 200 19182 "-" "Mozilla/5.0 (Linux; Android 6.0.1; Nexus 5X Build/MMB29P) AppleWebKit/537.36 (KHTML, like Gecko) Chrome/140.0.7339.127 Mobile Safari/537.36 (compatible; Googlebot/2.1; +http://www.google.com/bot.html)"
52.202.233.37 - - [14/Sep/2025:15:34:43 +0300] "GET /tag/lemon-casino-aplikacja/?path=//var HTTP/1.1" 200 3745 "-" "Mozilla/5.0 AppleWebKit/537.36 (KHTML, like Gecko; compatible; Amazonbot/0.1; +https://developer.amazon.com/support/amazonbot) Chrome/119.0.6045.214 Safari/537.36"
66.249.66.199 - - [14/Sep/2025:15:34:43 +0300] "GET /shopbrand/14503865?fileloc=/python/moda/public_html/tech/old/dist.loghandler.php&path=/python/moda/public_html/tech/old HTTP/1.1" 200 3253 "-" "Mozilla/5.0 (Linux; Android 6.0.1; Nexus 5X Build/MMB29P) AppleWebKit/537.36 (KHTML, like Gecko) Chrome/140.0.7339.127 Mobile Safari/537.36 (compatible; GoogleOther)"
20.171.207.47 - - [14/Sep/2025:15:34:45 +0300] "GET /?fileloc=//lib/modules/5.14.0-570.37.1.el9_6.x86_64/kernel/fs/nls/nls_iso8859-5.ko.xz&path=//lib/modules/5.14.0-570.37.1.el9_6.x86_64/kernel/fs/nls HTTP/2" 200 5397 "-" "Mozilla/5.0 AppleWebKit/537.36 (KHTML, like Gecko; compatible; GPTBot/1.2; +https://openai.com/gptbot)"
216.73.216.136 - - [14/Sep/2025:15:34:45 +0300] "GET /2025/09/11/hell-spin-no-deposit-bonus-148/feed?fileloc=%2Fpython%2Fmoda%2Fpublic_html%2Ftech%2Fwp-includes%2Foption.php&path=%2Fpython%2Fmoda%2Fpublic_html%2Ftech%2Fwp-includes HTTP/2" 200 22322 "-" "Mozilla/5.0 AppleWebKit/537.36 (KHTML, like Gecko; compatible; ClaudeBot/1.0; +claudebot@anthropic.com)"
136.243.228.182 - - [14/Sep/2025:15:34:23 +0300] "GET /2025/09/06/oyyn-taraz-kluby?path=/python/moda/public_html/tech/old/includes HTTP/1.1" 200 3960 "-" "Mozilla/5.0 (compatible; DataForSeoBot/1.0; +https://dataforseo.com/dataforseo-bot)"
66.249.66.75 - - [14/Sep/2025:15:34:24 +0300] "GET /shopbrand/194160105 HTTP/1.1" 200 19148 "-" "Mozilla/5.0 (Linux; Android 6.0.1; Nexus 5X Build/MMB29P) AppleWebKit/537.36 (KHTML, like Gecko) Chrome/140.0.7339.127 Mobile Safari/537.36 (compatible; Googlebot/2.1; +http://www.google.com/bot.html)"
57.141.0.68 - - [14/Sep/2025:15:34:25 +0300] "GET /2025/08/22/onlajn-kazino-oficialnyj-sajt-v-rossii-i-stranah-366/?path=/python/moda HTTP/2" 200 59088 "-" "meta-externalagent/1.1 (+https://developers.facebook.com/docs/sharing/webmasters/crawler)"
54.156.248.117 - - [14/Sep/2025:15:34:27 +0300] "GET /tag/crickex-login-bd/?path=/python/moda/.subaccounts HTTP/1.1" 200 3309 "-" "Mozilla/5.0 AppleWebKit/537.36 (KHTML, like Gecko; compatible; Amazonbot/0.1; +https://developer.amazon.com/support/amazonbot) Chrome/119.0.6045.214 Safari/537.36"
66.249.66.76 - - [14/Sep/2025:15:34:28 +0300] "GET /shopbrand/102265960 HTTP/1.1" 200 3943 "-" "Mozilla/5.0 (Linux; Android 6.0.1; Nexus 5X Build/MMB29P) AppleWebKit/537.36 (KHTML, like Gecko) Chrome/140.0.7339.127 Mobile Safari/537.36 (compatible; GoogleOther)"
66.249.66.75 - - [14/Sep/2025:15:34:28 +0300] "GET /shopbrand/176857047 HTTP/1.1" 200 19482 "-" "Mozilla/5.0 (Linux; Android 6.0.1; Nexus 5X Build/MMB29P) AppleWebKit/537.36 (KHTML, like Gecko) Chrome/140.0.7339.127 Mobile Safari/537.36 (compatible; Googlebot/2.1; +http://www.google.com/bot.html)"
34.230.124.21 - - [14/Sep/2025:15:34:35 +0300] "GET /2025/09/11/bitcoin-%CE%B5%CF%80%CE%B9%CF%80%CE%BB%CE%AD%CE%BF%CE%BD-%CE%B1%CF%80%CF%8C%CF%83%CF%85%CF%81%CF%83%CE%B7-%CE%BC%CE%AF%CE%B1-%CE%B3%CE%B9%CE%B1-%CF%84%CE%B7-%CE%B8%CE%B5%CF%81%CE%B1%CF%80%CE%B5%CE%AF/?fileloc=/python/moda/public_html/tech/wp-includes/feed-atom-comments.php&path=/python/moda/public_html/tech/wp-includes HTTP/1.1" 200 4980 "-" "Mozilla/5.0 AppleWebKit/537.36 (KHTML, like Gecko; compatible; Amazonbot/0.1; +https://developer.amazon.com/support/amazonbot) Chrome/119.0.6045.214 Safari/537.36"
66.249.66.33 - - [14/Sep/2025:15:34:36 +0300] "GET /shopbrand/224483789 HTTP/1.1" 200 19440 "-" "Mozilla/5.0 (Linux; Android 6.0.1; Nexus 5X Build/MMB29P) AppleWebKit/537.36 (KHTML, like Gecko) Chrome/140.0.7339.127 Mobile Safari/537.36 (compatible; Googlebot/2.1; +http://www.google.com/bot.html)"
66.249.66.162 - - [14/Sep/2025:15:34:46 +0300] "GET /shopbrand/194158470 HTTP/1.1" 200 18265 "-" "Mozilla/5.0 (Linux; Android 6.0.1; Nexus 5X Build/MMB29P) AppleWebKit/537.36 (KHTML, like Gecko) Chrome/140.0.7339.127 Mobile Safari/537.36 (compatible; Googlebot/2.1; +http://www.google.com/bot.html)"
34.227.234.246 - - [14/Sep/2025:15:34:47 +0300] "GET /category/ggbet-logowanie-446/?path=/python/moda/public_html/assets HTTP/1.1" 200 3657 "-" "Mozilla/5.0 AppleWebKit/537.36 (KHTML, like Gecko; compatible; Amazonbot/0.1; +https://developer.amazon.com/support/amazonbot) Chrome/119.0.6045.214 Safari/537.36"
98.83.94.113 - - [14/Sep/2025:15:34:50 +0300] "GET /category/188bet-%E0%B8%97%E0%B8%B2%E0%B8%87%E0%B9%80%E0%B8%82%E0%B9%89%E0%B8%B2%E0%B8%AA%E0%B9%8D%E0%B8%B2%E0%B8%A3%E0%B8%AD%E0%B8%87-64/?fileloc=/python/moda/public_html/tech/wp-admin/setup-config.php&path=/python/moda/public_html/tech/wp-admin HTTP/1.1" 200 9800 "-" "Mozilla/5.0 AppleWebKit/537.36 (KHTML, like Gecko; compatible; Amazonbot/0.1; +https://developer.amazon.com/support/amazonbot) Chrome/119.0.6045.214 Safari/537.36"
66.249.66.164 - - [14/Sep/2025:15:34:51 +0300] "GET /product/pollu82889319.htm HTTP/1.1" 200 20298 "-" "Mozilla/5.0 (Linux; Android 6.0.1; Nexus 5X Build/MMB29P) AppleWebKit/537.36 (KHTML, like Gecko) Chrome/140.0.7339.127 Mobile Safari/537.36 (compatible; Googlebot/2.1; +http://www.google.com/bot.html)"
154.54.249.193 - - [14/Sep/2025:15:34:46 +0300] "GET /2025/09/09/een-explosie-van-kansen-wacht-op-jou-met-de/ HTTP/1.1" 200 4917 "-" "Mozilla/5.0 (compatible; Barkrowler/0.9; +https://babbar.tech/crawler)"
66.249.66.199 - - [14/Sep/2025:15:34:46 +0300] "GET /shopbrand/23917197 HTTP/1.1" 200 3875 "-" "Mozilla/5.0 (Linux; Android 6.0.1; Nexus 5X Build/MMB29P) AppleWebKit/537.36 (KHTML, like Gecko) Chrome/140.0.7339.127 Mobile Safari/537.36 (compatible; GoogleOther)"
66.249.66.163 - - [14/Sep/2025:15:34:47 +0300] "GET /product/glory10843640.htm HTTP/1.1" 200 17778 "-" "Mozilla/5.0 (Linux; Android 6.0.1; Nexus 5X Build/MMB29P) AppleWebKit/537.36 (KHTML, like Gecko) Chrome/140.0.7339.127 Mobile Safari/537.36 (compatible; Googlebot/2.1; +http://www.google.com/bot.html)"
20.171.207.47 - - [14/Sep/2025:15:34:48 +0300] "GET /?path=//lib/modules/5.14.0-570.12.1.el9_6.x86_64/kernel/fs/afs HTTP/2" 200 2596 "-" "Mozilla/5.0 AppleWebKit/537.36 (KHTML, like Gecko; compatible; GPTBot/1.2; +https://openai.com/gptbot)"
216.73.216.136 - - [14/Sep/2025:15:34:48 +0300] "GET /shopbrand/236416727?fileloc=%2Fpython%2Fmoda%2Fpublic_html%2Ftech%2F.htaccess&path=%2Fpython%2Fmoda%2Fpublic_html%2Ftech HTTP/2" 200 3326 "-" "Mozilla/5.0 AppleWebKit/537.36 (KHTML, like Gecko; compatible; ClaudeBot/1.0; +claudebot@anthropic.com)"
66.249.66.200 - - [14/Sep/2025:15:34:50 +0300] "GET /shopbrand/194160510 HTTP/1.1" 200 18036 "-" "Mozilla/5.0 (Linux; Android 6.0.1; Nexus 5X Build/MMB29P) AppleWebKit/537.36 (KHTML, like Gecko) Chrome/140.0.7339.127 Mobile Safari/537.36 (compatible; Googlebot/2.1; +http://www.google.com/bot.html)"
136.243.228.182 - - [14/Sep/2025:15:34:50 +0300] "GET /2025/09/06/oyyn-taraz-kluby?fileloc=/python/moda/public_html/tech/wp-admin/options-media.php&path=/python/moda/public_html/tech/wp-admin HTTP/1.1" 200 4612 "-" "Mozilla/5.0 (compatible; DataForSeoBot/1.0; +https://dataforseo.com/dataforseo-bot)"
216.73.216.136 - - [14/Sep/2025:15:34:51 +0300] "GET /2025/09/11/nn777-slot-jili-54/feed?fileloc=%2Fpython%2Fmoda%2Fpublic_html%2Ftech%2Fwp-includes%2Ftheme.php&path=%2Fpython%2Fmoda%2Fpublic_html%2Ftech%2Fwp-includes HTTP/2" 200 35343 "-" "Mozilla/5.0 AppleWebKit/537.36 (KHTML, like Gecko; compatible; ClaudeBot/1.0; +claudebot@anthropic.com)"
20.171.207.47 - - [14/Sep/2025:15:34:51 +0300] "GET /?path=//lib/modules/5.14.0-503.29.1.el9_5.x86_64/kernel/fs/xfs HTTP/2" 200 2879 "-" "Mozilla/5.0 AppleWebKit/537.36 (KHTML, like Gecko; compatible; GPTBot/1.2; +https://openai.com/gptbot)"
66.249.66.200 - - [14/Sep/2025:15:34:53 +0300] "GET /shopbrand/79777846 HTTP/1.1" 200 20516 "-" "Mozilla/5.0 (Linux; Android 6.0.1; Nexus 5X Build/MMB29P) AppleWebKit/537.36 (KHTML, like Gecko) Chrome/140.0.7339.127 Mobile Safari/537.36 (compatible; Googlebot/2.1; +http://www.google.com/bot.html)"
216.73.216.136 - - [14/Sep/2025:15:34:54 +0300] "GET /shopbrand/236442657?fileloc=%2Fpython%2Fmoda%2Fpublic_html%2Ftech%2Fwp-comments-post.php&path=%2Fpython%2Fmoda%2Fpublic_html%2Ftech HTTP/2" 200 3580 "-" "Mozilla/5.0 AppleWebKit/537.36 (KHTML, like Gecko; compatible; ClaudeBot/1.0; +claudebot@anthropic.com)"
66.249.66.198 - - [14/Sep/2025:15:34:54 +0300] "GET /product/pract52600924.htm HTTP/1.1" 200 18229 "-" "Mozilla/5.0 (Linux; Android 6.0.1; Nexus 5X Build/MMB29P) AppleWebKit/537.36 (KHTML, like Gecko) Chrome/140.0.7339.127 Mobile Safari/537.36 (compatible; Googlebot/2.1; +http://www.google.com/bot.html)"
20.171.207.47 - - [14/Sep/2025:15:34:54 +0300] "GET /?path=//lib/modules/5.14.0-503.29.1.el9_5.x86_64/kernel/fs/smb HTTP/2" 200 2883 "-" "Mozilla/5.0 AppleWebKit/537.36 (KHTML, like Gecko; compatible; GPTBot/1.2; +https://openai.com/gptbot)"
66.249.66.76 - - [14/Sep/2025:15:34:43 +0300] "GET /product/camp12244352.htm HTTP/1.1" 200 19233 "-" "Mozilla/5.0 (Linux; Android 6.0.1; Nexus 5X Build/MMB29P) AppleWebKit/537.36 (KHTML, like Gecko) Chrome/140.0.7339.127 Mobile Safari/537.36 (compatible; Googlebot/2.1; +http://www.google.com/bot.html)"
20.171.207.118 - - [14/Sep/2025:15:34:45 +0300] "GET /theme/casino/free-slots-bonus-no-deposit-id-card-details-ireland.html?path=//proc/thread-self/root/proc/self/root/proc/thread-self/root/proc/self/root/proc/self/root/proc/self/root/python/moda/public_html/tech/old/assets HTTP/2" 200 3418 "-" "Mozilla/5.0 AppleWebKit/537.36 (KHTML, like Gecko; compatible; GPTBot/1.2; +https://openai.com/gptbot)"
136.243.228.182 - - [14/Sep/2025:15:34:47 +0300] "GET /2025/09/06/oyyn-taraz-kluby?fileloc=/python/moda/public_html/tech/wp-admin/admin-post.php&path=/python/moda/public_html/tech/wp-admin HTTP/1.1" 200 3246 "-" "Mozilla/5.0 (compatible; DataForSeoBot/1.0; +https://dataforseo.com/dataforseo-bot)"
66.249.66.34 - - [14/Sep/2025:15:34:47 +0300] "GET /shopbrand/64749419?fileloc=/python/moda/public_html/tech/readme.html&path=/python/moda/public_html/tech HTTP/1.1" 200 5532 "-" "Mozilla/5.0 (Linux; Android 6.0.1; Nexus 5X Build/MMB29P) AppleWebKit/537.36 (KHTML, like Gecko) Chrome/140.0.7339.127 Mobile Safari/537.36 (compatible; GoogleOther)"
20.171.207.118 - - [14/Sep/2025:15:34:48 +0300] "GET /theme/casino/free-slots-bonus-no-deposit-id-card-details-ireland.html?path=//proc/thread-self/root/proc/self/root/proc/thread-self/root/proc/self/root/proc/self/root/proc/self/root/python/moda/public_html/tech/old/templates/hostx/store/ssl/shared HTTP/2" 200 3311 "-" "Mozilla/5.0 AppleWebKit/537.36 (KHTML, like Gecko; compatible; GPTBot/1.2; +https://openai.com/gptbot)"
20.171.207.118 - - [14/Sep/2025:15:34:51 +0300] "GET /theme/casino/free-slots-bonus-no-deposit-id-card-details-ireland.html?path=//proc/thread-self/root/proc/self/root/proc/thread-self/root/proc/self/root/proc/self/root/proc/self/root/python/moda/public_html/tech/old/vendor/ramsey HTTP/2" 200 3157 "-" "Mozilla/5.0 AppleWebKit/537.36 (KHTML, like Gecko; compatible; GPTBot/1.2; +https://openai.com/gptbot)"
66.249.66.198 - - [14/Sep/2025:15:34:54 +0300] "GET /shopbrand/76045544 HTTP/1.1" 200 20007 "-" "Mozilla/5.0 (Linux; Android 6.0.1; Nexus 5X Build/MMB29P) AppleWebKit/537.36 (KHTML, like Gecko) Chrome/140.0.7339.127 Mobile Safari/537.36 (compatible; Googlebot/2.1; +http://www.google.com/bot.html)"
136.243.228.182 - - [14/Sep/2025:15:34:54 +0300] "GET /2025/09/06/oyyn-taraz-kluby?path=/python/moda/public_html/tech/wp-admin/css HTTP/1.1" 200 5743 "-" "Mozilla/5.0 (compatible; DataForSeoBot/1.0; +https://dataforseo.com/dataforseo-bot)"
20.171.207.118 - - [14/Sep/2025:15:34:54 +0300] "GET /theme/casino/free-slots-bonus-no-deposit-id-card-details-ireland.html?fileloc=//proc/thread-self/root/proc/self/root/proc/thread-self/root/proc/self/root/proc/self/root/proc/self/root/python/moda/public_html/tech/old/vendor/symfony/yaml/.htaccess&path=//proc/thread-self/root/proc/self/root/proc/thread-self/root/proc/self/root/proc/self/root/proc/self/root/python/moda/public_html/tech/old/vendor/symfony/yaml HTTP/2" 200 2787 "-" "Mozilla/5.0 AppleWebKit/537.36 (KHTML, like Gecko; compatible; GPTBot/1.2; +https://openai.com/gptbot)"
66.249.66.76 - - [14/Sep/2025:15:34:57 +0300] "GET /shopbrand/211690150 HTTP/1.1" 200 19188 "-" "Mozilla/5.0 (Linux; Android 6.0.1; Nexus 5X Build/MMB29P) AppleWebKit/537.36 (KHTML, like Gecko) Chrome/140.0.7339.127 Mobile Safari/537.36 (compatible; Googlebot/2.1; +http://www.google.com/bot.html)"
20.171.207.118 - - [14/Sep/2025:15:34:58 +0300] "GET /theme/casino/free-slots-bonus-no-deposit-id-card-details-ireland.html?path=//proc/thread-self/root/proc/self/root/proc/thread-self/root/proc/self/root/proc/self/root/proc/self/root/python/moda/public_html/tech/old/vendor/paragonie/random_compat/lib HTTP/2" 200 3109 "-" "Mozilla/5.0 AppleWebKit/537.36 (KHTML, like Gecko; compatible; GPTBot/1.2; +https://openai.com/gptbot)"
50.19.79.213 - - [14/Sep/2025:15:34:55 +0300] "GET /category/188bet-%E0%B8%97%E0%B8%B2%E0%B8%87%E0%B9%80%E0%B8%82%E0%B9%89%E0%B8%B2%E0%B8%AA%E0%B9%8D%E0%B8%B2%E0%B8%A3%E0%B8%AD%E0%B8%87-64/?fileloc=/python/moda/public_html/tech/wp-admin/site-health-info.php&path=/python/moda/public_html/tech/wp-admin HTTP/1.1" 200 4769 "-" "Mozilla/5.0 AppleWebKit/537.36 (KHTML, like Gecko; compatible; Amazonbot/0.1; +https://developer.amazon.com/support/amazonbot) Chrome/119.0.6045.214 Safari/537.36"
216.73.216.136 - - [14/Sep/2025:15:34:57 +0300] "GET /shopbrand/115700110?fileloc=%2Fpython%2Fmoda%2Fpublic_html%2Ftech%2Freadme.html&path=%2Fpython%2Fmoda%2Fpublic_html%2Ftech HTTP/2" 200 5532 "-" "Mozilla/5.0 AppleWebKit/537.36 (KHTML, like Gecko; compatible; ClaudeBot/1.0; +claudebot@anthropic.com)"
20.171.207.47 - - [14/Sep/2025:15:34:57 +0300] "GET /?fileloc=//lib/modules/5.14.0-570.37.1.el9_6.x86_64/kernel/fs/nls/nls_iso8859-13.ko.xz&path=//lib/modules/5.14.0-570.37.1.el9_6.x86_64/kernel/fs/nls HTTP/2" 200 5551 "-" "Mozilla/5.0 AppleWebKit/537.36 (KHTML, like Gecko; compatible; GPTBot/1.2; +https://openai.com/gptbot)"
66.249.66.77 - - [14/Sep/2025:15:34:57 +0300] "GET /product/overt72118310.htm HTTP/1.1" 200 19148 "-" "Mozilla/5.0 (Linux; Android 6.0.1; Nexus 5X Build/MMB29P) AppleWebKit/537.36 (KHTML, like Gecko) Chrome/140.0.7339.127 Mobile Safari/537.36 (compatible; Googlebot/2.1; +http://www.google.com/bot.html)"
136.243.228.182 - - [14/Sep/2025:15:34:58 +0300] "GET /2025/09/06/oyyn-taraz-kluby?fileloc=/python/moda/public_html/tech/wp-admin/post.php&path=/python/moda/public_html/tech/wp-admin HTTP/1.1" 200 5740 "-" "Mozilla/5.0 (compatible; DataForSeoBot/1.0; +https://dataforseo.com/dataforseo-bot)"
216.73.216.136 - - [14/Sep/2025:15:35:00 +0300] "GET /shopbrand/119359729?fileloc=%2Fpython%2Fmoda%2Fpublic_html%2Ftech%2Fwp-comments-post.php&path=%2Fpython%2Fmoda%2Fpublic_html%2Ftech HTTP/2" 200 3608 "-" "Mozilla/5.0 AppleWebKit/537.36 (KHTML, like Gecko; compatible; ClaudeBot/1.0; +claudebot@anthropic.com)"
20.171.207.47 - - [14/Sep/2025:15:35:01 +0300] "GET /?path=//lib/modules/5.14.0-570.12.1.el9_6.x86_64/kernel/fs/nfs HTTP/2" 200 3114 "-" "Mozilla/5.0 AppleWebKit/537.36 (KHTML, like Gecko; compatible; GPTBot/1.2; +https://openai.com/gptbot)"
216.73.216.136 - - [14/Sep/2025:15:35:03 +0300] "GET /shopbrand/119349487?fileloc=%2Fpython%2Fmoda%2Fpublic_html%2Ftech%2Fwp-comments-post.php&path=%2Fpython%2Fmoda%2Fpublic_html%2Ftech HTTP/2" 200 3580 "-" "Mozilla/5.0 AppleWebKit/537.36 (KHTML, like Gecko; compatible; ClaudeBot/1.0; +claudebot@anthropic.com)"
66.249.66.78 - - [14/Sep/2025:15:35:03 +0300] "POST /get-message-notify HTTP/1.1" 200 19706 "https://tech.modatechnologies.co.uk/product/overt72118310.htm" "Mozilla/5.0 (Linux; Android 6.0.1; Nexus 5X Build/MMB29P) AppleWebKit/537.36 (KHTML, like Gecko) Chrome/139.0.7258.127 Mobile Safari/537.36 (compatible; Googlebot/2.1; +http://www.google.com/bot.html)"
20.171.207.47 - - [14/Sep/2025:15:35:04 +0300] "GET /?path=//lib/modules/5.14.0-570.37.1.el9_6.x86_64/kernel/fs/nfs HTTP/2" 200 3113 "-" "Mozilla/5.0 AppleWebKit/537.36 (KHTML, like Gecko; compatible; GPTBot/1.2; +https://openai.com/gptbot)"
66.249.66.75 - - [14/Sep/2025:15:35:05 +0300] "GET /shopbrand/102258943 HTTP/1.1" 200 3969 "-" "Mozilla/5.0 (Linux; Android 6.0.1; Nexus 5X Build/MMB29P) AppleWebKit/537.36 (KHTML, like Gecko) Chrome/140.0.7339.127 Mobile Safari/537.36 (compatible; GoogleOther)"
216.73.216.136 - - [14/Sep/2025:15:35:06 +0300] "GET /shopbrand/19534099?fileloc=%2Fpython%2Fmoda%2Fpublic_html%2Ftech%2Fwp-comments-post.php&path=%2Fpython%2Fmoda%2Fpublic_html%2Ftech HTTP/2" 200 3608 "-" "Mozilla/5.0 AppleWebKit/537.36 (KHTML, like Gecko; compatible; ClaudeBot/1.0; +claudebot@anthropic.com)"
136.243.228.182 - - [14/Sep/2025:15:35:06 +0300] "GET /2025/09/06/oyyn-taraz-kluby?fileloc=/python/moda/public_html/tech/wp-admin/plugins.php&path=/python/moda/public_html/tech/wp-admin HTTP/1.1" 200 10688 "-" "Mozilla/5.0 (compatible; DataForSeoBot/1.0; +https://dataforseo.com/dataforseo-bot)"
66.249.66.199 - - [14/Sep/2025:15:34:53 +0300] "GET /shopbrand/228899510?fileloc=/python/moda/public_html/tech/wordpress/page-template-1753758933.php&path=/python/moda/public_html/tech/wordpress HTTP/1.1" 200 3451 "-" "Mozilla/5.0 (Linux; Android 6.0.1; Nexus 5X Build/MMB29P) AppleWebKit/537.36 (KHTML, like Gecko) Chrome/140.0.7339.127 Mobile Safari/537.36 (compatible; GoogleOther)"
66.249.66.76 - - [14/Sep/2025:15:34:55 +0300] "GET /shopbrand/236164170?fileloc=/python/moda/public_html/tech/readme.html&path=/python/moda/public_html/tech HTTP/1.1" 200 5532 "-" "Mozilla/5.0 (Linux; Android 6.0.1; Nexus 5X Build/MMB29P) AppleWebKit/537.36 (KHTML, like Gecko) Chrome/140.0.7339.127 Mobile Safari/537.36 (compatible; GoogleOther)"
66.249.66.15 - - [14/Sep/2025:15:34:56 +0300] "GET /shopbrand/6174105 HTTP/1.1" 200 3930 "-" "Mozilla/5.0 (Linux; Android 6.0.1; Nexus 5X Build/MMB29P) AppleWebKit/537.36 (KHTML, like Gecko) Chrome/140.0.7339.127 Mobile Safari/537.36 (compatible; GoogleOther)"
66.249.66.162 - - [14/Sep/2025:15:34:59 +0300] "GET /product/nest70046486.htm HTTP/1.1" 200 20629 "-" "Mozilla/5.0 (Linux; Android 6.0.1; Nexus 5X Build/MMB29P) AppleWebKit/537.36 (KHTML, like Gecko) Chrome/140.0.7339.127 Mobile Safari/537.36 (compatible; Googlebot/2.1; +http://www.google.com/bot.html)"
66.249.66.33 - - [14/Sep/2025:15:35:00 +0300] "GET /shopbrand/212994193 HTTP/1.1" 200 19300 "-" "Mozilla/5.0 (Linux; Android 6.0.1; Nexus 5X Build/MMB29P) AppleWebKit/537.36 (KHTML, like Gecko) Chrome/140.0.7339.127 Mobile Safari/537.36 (compatible; Googlebot/2.1; +http://www.google.com/bot.html)"
66.249.66.162 - - [14/Sep/2025:15:35:00 +0300] "GET /product/seal21825737.htm HTTP/1.1" 200 18074 "-" "Mozilla/5.0 (Linux; Android 6.0.1; Nexus 5X Build/MMB29P) AppleWebKit/537.36 (KHTML, like Gecko) Chrome/140.0.7339.127 Mobile Safari/537.36 (compatible; Googlebot/2.1; +http://www.google.com/bot.html)"
136.243.228.182 - - [14/Sep/2025:15:35:02 +0300] "GET /2025/09/06/oyyn-taraz-kluby?fileloc=/python/moda/public_html/tech/wp-admin/export.php&path=/python/moda/public_html/tech/wp-admin HTTP/1.1" 200 5957 "-" "Mozilla/5.0 (compatible; DataForSeoBot/1.0; +https://dataforseo.com/dataforseo-bot)"
66.249.66.162 - - [14/Sep/2025:15:35:02 +0300] "POST /get-message-notify HTTP/1.1" 200 19706 "https://tech.modatechnologies.co.uk/product/glory10843640.htm" "Mozilla/5.0 (Linux; Android 6.0.1; Nexus 5X Build/MMB29P) AppleWebKit/537.36 (KHTML, like Gecko) Chrome/139.0.7258.127 Mobile Safari/537.36 (compatible; Googlebot/2.1; +http://www.google.com/bot.html)"
66.249.66.164 - - [14/Sep/2025:15:35:03 +0300] "GET /shopbrand/198808321 HTTP/1.1" 200 19474 "-" "Mozilla/5.0 (Linux; Android 6.0.1; Nexus 5X Build/MMB29P) AppleWebKit/537.36 (KHTML, like Gecko) Chrome/140.0.7339.127 Mobile Safari/537.36 (compatible; Googlebot/2.1; +http://www.google.com/bot.html)"
52.200.251.20 - - [14/Sep/2025:15:35:03 +0300] "GET /category/1win-skachat-12/?path=/python/moda/public_html/tech/old/resources HTTP/1.1" 200 3758 "-" "Mozilla/5.0 AppleWebKit/537.36 (KHTML, like Gecko; compatible; Amazonbot/0.1; +https://developer.amazon.com/support/amazonbot) Chrome/119.0.6045.214 Safari/537.36"
66.249.66.33 - - [14/Sep/2025:15:35:06 +0300] "GET /product/dilig12618360.htm HTTP/1.1" 200 19072 "-" "Mozilla/5.0 (Linux; Android 6.0.1; Nexus 5X Build/MMB29P) AppleWebKit/537.36 (KHTML, like Gecko) Chrome/140.0.7339.127 Mobile Safari/537.36 (compatible; Googlebot/2.1; +http://www.google.com/bot.html)"
66.249.66.33 - - [14/Sep/2025:15:35:07 +0300] "GET /shopbrand/121494578?fileloc=/python/moda/public_html/tech/readme.html&path=/python/moda/public_html/tech HTTP/1.1" 200 5532 "-" "Mozilla/5.0 (Linux; Android 6.0.1; Nexus 5X Build/MMB29P) AppleWebKit/537.36 (KHTML, like Gecko) Chrome/140.0.7339.127 Mobile Safari/537.36 (compatible; GoogleOther)"
44.221.180.179 - - [14/Sep/2025:15:34:58 +0300] "GET /2025/08/10/casino-mostbet-573/?path=//home HTTP/1.1" 200 2987 "-" "Mozilla/5.0 AppleWebKit/537.36 (KHTML, like Gecko; compatible; Amazonbot/0.1; +https://developer.amazon.com/support/amazonbot) Chrome/119.0.6045.214 Safari/537.36"
66.249.66.45 - - [14/Sep/2025:15:35:01 +0300] "GET /shopbrand/9904947?fileloc=//lib64/libgraphite2.so.3.2.1&path=//lib64 HTTP/1.1" 200 60183 "-" "Mozilla/5.0 (Linux; Android 6.0.1; Nexus 5X Build/MMB29P) AppleWebKit/537.36 (KHTML, like Gecko) Chrome/140.0.7339.127 Mobile Safari/537.36 (compatible; GoogleOther)"
20.171.207.118 - - [14/Sep/2025:15:35:01 +0300] "GET /theme/casino/free-slots-bonus-no-deposit-id-card-details-ireland.html?path=//proc/thread-self/root/proc/self/root/proc/thread-self/root/proc/self/root/proc/self/root/proc/self/root/python/moda/public_html/tech/old/templates/orderforms/supreme_comparison HTTP/2" 200 3254 "-" "Mozilla/5.0 AppleWebKit/537.36 (KHTML, like Gecko; compatible; GPTBot/1.2; +https://openai.com/gptbot)"
66.249.66.199 - - [14/Sep/2025:15:35:03 +0300] "GET /shopbrand/17412457?path=/python/moda/public_html HTTP/1.1" 200 3337 "-" "Mozilla/5.0 (Linux; Android 6.0.1; Nexus 5X Build/MMB29P) AppleWebKit/537.36 (KHTML, like Gecko) Chrome/140.0.7339.127 Mobile Safari/537.36 (compatible; GoogleOther)"
66.249.66.77 - - [14/Sep/2025:15:35:03 +0300] "GET /product/thera81614135.htm HTTP/1.1" 200 19256 "-" "Mozilla/5.0 (Linux; Android 6.0.1; Nexus 5X Build/MMB29P) AppleWebKit/537.36 (KHTML, like Gecko) Chrome/140.0.7339.127 Mobile Safari/537.36 (compatible; Googlebot/2.1; +http://www.google.com/bot.html)"
20.171.207.118 - - [14/Sep/2025:15:35:04 +0300] "GET /theme/casino/free-slots-bonus-no-deposit-id-card-details-ireland.html?path=//proc/thread-self/root/proc/self/root/proc/thread-self/root/proc/self/root/proc/self/root/proc/self/root/python/moda/public_html/tech/old/assets/js HTTP/2" 200 5065 "-" "Mozilla/5.0 AppleWebKit/537.36 (KHTML, like Gecko; compatible; GPTBot/1.2; +https://openai.com/gptbot)"
66.249.66.161 - - [14/Sep/2025:15:35:05 +0300] "GET /shopbrand/211690197 HTTP/1.1" 200 18284 "-" "Mozilla/5.0 (Linux; Android 6.0.1; Nexus 5X Build/MMB29P) AppleWebKit/537.36 (KHTML, like Gecko) Chrome/140.0.7339.127 Mobile Safari/537.36 (compatible; Googlebot/2.1; +http://www.google.com/bot.html)"
20.171.207.118 - - [14/Sep/2025:15:35:07 +0300] "GET /theme/casino/free-slots-bonus-no-deposit-id-card-details-ireland.html?path=//proc/thread-self/root/proc/self/root/proc/thread-self/root/proc/self/root/proc/self/root/proc/self/root/python/moda/public_html/tech/old/vendor/ramsey/collection HTTP/2" 200 3258 "-" "Mozilla/5.0 AppleWebKit/537.36 (KHTML, like Gecko; compatible; GPTBot/1.2; +https://openai.com/gptbot)"
20.171.207.118 - - [14/Sep/2025:15:35:10 +0300] "GET /theme/casino/free-slots-bonus-no-deposit-id-card-details-ireland.html?path=//proc/thread-self/root/proc/self/root/proc/thread-self/root/proc/self/root/proc/self/root/proc/self/root/python/moda/public_html/tech/old/vendor/ramsey/uuid HTTP/2" 200 3315 "-" "Mozilla/5.0 AppleWebKit/537.36 (KHTML, like Gecko; compatible; GPTBot/1.2; +https://openai.com/gptbot)"
66.249.66.161 - - [14/Sep/2025:15:35:13 +0300] "GET /zhHant/product/surugaya/T544603200?fileloc=/python/moda/public_html/tech/wp-admin/options-head.php&path=/python/moda/public_html/tech/wp-admin HTTP/1.1" 200 2897 "-" "Mozilla/5.0 (Linux; Android 6.0.1; Nexus 5X Build/MMB29P) AppleWebKit/537.36 (KHTML, like Gecko) Chrome/140.0.7339.127 Mobile Safari/537.36 (compatible; GoogleOther)"
20.171.207.118 - - [14/Sep/2025:15:35:13 +0300] "GET /theme/casino/free-slots-bonus-no-deposit-id-card-details-ireland.html?path=//proc/thread-self/root/proc/self/root/proc/thread-self/root/proc/self/root/proc/self/root/proc/self/root/python/moda/public_html/tech/old/assets/fonts HTTP/2" 200 3490 "-" "Mozilla/5.0 AppleWebKit/537.36 (KHTML, like Gecko; compatible; GPTBot/1.2; +https://openai.com/gptbot)"
3.213.46.222 - - [14/Sep/2025:15:35:06 +0300] "GET /category/ggbet-logowanie-446/?path=/python/moda/public_html/tech/wp-includes/fonts HTTP/1.1" 200 4071 "-" "Mozilla/5.0 AppleWebKit/537.36 (KHTML, like Gecko; compatible; Amazonbot/0.1; +https://developer.amazon.com/support/amazonbot) Chrome/119.0.6045.214 Safari/537.36"
20.171.207.47 - - [14/Sep/2025:15:35:07 +0300] "GET /?path=//lib/modules/5.14.0-570.37.1.el9_6.x86_64/kernel/fs/smb HTTP/2" 200 2878 "-" "Mozilla/5.0 AppleWebKit/537.36 (KHTML, like Gecko; compatible; GPTBot/1.2; +https://openai.com/gptbot)"
216.73.216.136 - - [14/Sep/2025:15:35:09 +0300] "GET /shopbrand/119393972?fileloc=%2Fpython%2Fmoda%2Fpublic_html%2Ftech%2Freadme.html&path=%2Fpython%2Fmoda%2Fpublic_html%2Ftech HTTP/2" 200 5563 "-" "Mozilla/5.0 AppleWebKit/537.36 (KHTML, like Gecko; compatible; ClaudeBot/1.0; +claudebot@anthropic.com)"
217.113.194.202 - - [14/Sep/2025:15:35:09 +0300] "GET /2025/09/09/decrypter-les-probabilites-pour-performer-au-spinsy-casino/ HTTP/1.1" 200 4868 "-" "Mozilla/5.0 (compatible; Barkrowler/0.9; +https://babbar.tech/crawler)"
66.249.66.45 - - [14/Sep/2025:15:35:09 +0300] "GET /shopbrand/79782286 HTTP/1.1" 200 18144 "-" "Mozilla/5.0 (Linux; Android 6.0.1; Nexus 5X Build/MMB29P) AppleWebKit/537.36 (KHTML, like Gecko) Chrome/140.0.7339.127 Mobile Safari/537.36 (compatible; Googlebot/2.1; +http://www.google.com/bot.html)"
20.171.207.47 - - [14/Sep/2025:15:35:10 +0300] "GET /?path=//lib/modules/5.14.0-570.37.1.el9_6.x86_64/kernel/fs/udf HTTP/2" 200 2872 "-" "Mozilla/5.0 AppleWebKit/537.36 (KHTML, like Gecko; compatible; GPTBot/1.2; +https://openai.com/gptbot)"
216.73.216.136 - - [14/Sep/2025:15:35:12 +0300] "GET /2025/09/12/winspark-5-euro-gratis-531?fileloc=%2Fpython%2Fmoda%2Fpublic_html%2Ftech%2Fwp-admin%2Fedit.php&path=%2Fpython%2Fmoda%2Fpublic_html%2Ftech%2Fwp-admin HTTP/2" 200 8518 "-" "Mozilla/5.0 AppleWebKit/537.36 (KHTML, like Gecko; compatible; ClaudeBot/1.0; +claudebot@anthropic.com)"
66.249.66.45 - - [14/Sep/2025:15:35:12 +0300] "GET /shopbrand/194156394 HTTP/1.1" 200 19106 "-" "Mozilla/5.0 (Linux; Android 6.0.1; Nexus 5X Build/MMB29P) AppleWebKit/537.36 (KHTML, like Gecko) Chrome/140.0.7339.127 Mobile Safari/537.36 (compatible; Googlebot/2.1; +http://www.google.com/bot.html)"
20.171.207.47 - - [14/Sep/2025:15:35:13 +0300] "GET /?path=//lib/modules/5.14.0-570.37.1.el9_6.x86_64/kernel/fs/dlm HTTP/2" 200 2874 "-" "Mozilla/5.0 AppleWebKit/537.36 (KHTML, like Gecko; compatible; GPTBot/1.2; +https://openai.com/gptbot)"
66.249.66.197 - - [14/Sep/2025:15:35:13 +0300] "GET /product/itali31278922.htm HTTP/1.1" 200 19180 "-" "Mozilla/5.0 (Linux; Android 6.0.1; Nexus 5X Build/MMB29P) AppleWebKit/537.36 (KHTML, like Gecko) Chrome/140.0.7339.127 Mobile Safari/537.36 (compatible; Googlebot/2.1; +http://www.google.com/bot.html)"
54.84.161.62 - - [14/Sep/2025:15:35:14 +0300] "GET /category/vulkan-vegas-logowanie-35/?fileloc=/python/moda/public_html/tech/old/link.php&path=/python/moda/public_html/tech/old HTTP/1.1" 200 12848 "-" "Mozilla/5.0 AppleWebKit/537.36 (KHTML, like Gecko; compatible; Amazonbot/0.1; +https://developer.amazon.com/support/amazonbot) Chrome/119.0.6045.214 Safari/537.36"
136.243.228.182 - - [14/Sep/2025:15:35:15 +0300] "GET /2025/09/06/oyyn-taraz-kluby?fileloc=/python/moda/public_html/tech/wp-admin/options-privacy.php&path=/python/moda/public_html/tech/wp-admin HTTP/1.1" 200 6012 "-" "Mozilla/5.0 (compatible; DataForSeoBot/1.0; +https://dataforseo.com/dataforseo-bot)"
216.73.216.136 - - [14/Sep/2025:15:35:15 +0300] "GET /shopbrand/236456480?path=%2Fpython%2Fmoda%2Fpublic_html%2Ftech%2Fwordpress HTTP/2" 200 3342 "-" "Mozilla/5.0 AppleWebKit/537.36 (KHTML, like Gecko; compatible; ClaudeBot/1.0; +claudebot@anthropic.com)"
66.249.66.32 - - [14/Sep/2025:15:35:16 +0300] "GET /shopbrand/194155211 HTTP/1.1" 200 19337 "-" "Mozilla/5.0 (Linux; Android 6.0.1; Nexus 5X Build/MMB29P) AppleWebKit/537.36 (KHTML, like Gecko) Chrome/140.0.7339.127 Mobile Safari/537.36 (compatible; Googlebot/2.1; +http://www.google.com/bot.html)"
20.171.207.47 - - [14/Sep/2025:15:35:16 +0300] "GET /?path=//lib/modules/5.14.0-503.29.1.el9_5.x86_64/kernel/fs/nls HTTP/2" 200 4213 "-" "Mozilla/5.0 AppleWebKit/537.36 (KHTML, like Gecko; compatible; GPTBot/1.2; +https://openai.com/gptbot)"
216.73.216.136 - - [14/Sep/2025:15:35:18 +0300] "GET /author/admin/page/1903?fileloc=%2Fpython%2Fmoda%2Fpublic_html%2Ftech%2Fold%2Flang%2Fportuguese-br.php&path=%2Fpython%2Fmoda%2Fpublic_html%2Ftech%2Fold%2Flang HTTP/2" 200 110717 "-" "Mozilla/5.0 AppleWebKit/537.36 (KHTML, like Gecko; compatible; ClaudeBot/1.0; +claudebot@anthropic.com)"
23.23.213.182 - - [14/Sep/2025:15:35:19 +0300] "GET /category/plinko-official-com/?path=/python/moda/.cpanel HTTP/1.1" 200 3831 "-" "Mozilla/5.0 AppleWebKit/537.36 (KHTML, like Gecko; compatible; Amazonbot/0.1; +https://developer.amazon.com/support/amazonbot) Chrome/119.0.6045.214 Safari/537.36"
20.171.207.47 - - [14/Sep/2025:15:35:20 +0300] "GET /?path=//usr/lib64/spa-0.2 HTTP/2" 200 3126 "-" "Mozilla/5.0 AppleWebKit/537.36 (KHTML, like Gecko; compatible; GPTBot/1.2; +https://openai.com/gptbot)"
66.249.66.75 - - [14/Sep/2025:15:35:20 +0300] "GET /shopbrand/127291491?fileloc=/python/moda/public_html/tech/xmlrpc.php&path=/python/moda/public_html/tech HTTP/1.1" 200 3573 "-" "Mozilla/5.0 (Linux; Android 6.0.1; Nexus 5X Build/MMB29P) AppleWebKit/537.36 (KHTML, like Gecko) Chrome/140.0.7339.127 Mobile Safari/537.36 (compatible; GoogleOther)"
216.73.216.136 - - [14/Sep/2025:15:35:21 +0300] "GET /shopbrand/115705247?path=%2Fpython%2Fmoda%2Fpublic_html%2Ftech%2Fwordpress HTTP/2" 200 3342 "-" "Mozilla/5.0 AppleWebKit/537.36 (KHTML, like Gecko; compatible; ClaudeBot/1.0; +claudebot@anthropic.com)"
66.249.66.162 - - [14/Sep/2025:15:35:22 +0300] "GET /shopbrand/155838688 HTTP/1.1" 200 19812 "-" "Mozilla/5.0 (Linux; Android 6.0.1; Nexus 5X Build/MMB29P) AppleWebKit/537.36 (KHTML, like Gecko) Chrome/140.0.7339.127 Mobile Safari/537.36 (compatible; Googlebot/2.1; +http://www.google.com/bot.html)"
136.243.228.182 - - [14/Sep/2025:15:35:23 +0300] "GET /2025/09/06/oyyn-taraz-kluby?fileloc=/python/moda/public_html/tech/wp-admin/menu.php&path=/python/moda/public_html/tech/wp-admin HTTP/1.1" 200 7526 "-" "Mozilla/5.0 (compatible; DataForSeoBot/1.0; +https://dataforseo.com/dataforseo-bot)"
20.171.207.47 - - [14/Sep/2025:15:35:23 +0300] "GET /?path=//lib/modules/5.14.0-570.12.1.el9_6.x86_64/kernel/fs/nls HTTP/2" 200 4235 "-" "Mozilla/5.0 AppleWebKit/537.36 (KHTML, like Gecko; compatible; GPTBot/1.2; +https://openai.com/gptbot)"
66.249.66.45 - - [14/Sep/2025:15:35:24 +0300] "GET /shopbrand/166313490 HTTP/1.1" 200 3915 "-" "Mozilla/5.0 (Linux; Android 6.0.1; Nexus 5X Build/MMB29P) AppleWebKit/537.36 (KHTML, like Gecko) Chrome/140.0.7339.127 Mobile Safari/537.36 (compatible; GoogleOther)"
66.249.66.162 - - [14/Sep/2025:15:35:23 +0300] "GET /2025/09/10/the-fresh-real-time-local-casino-section-is-particularly-enticing-featuring-online-game-particularly-live-black-jack-live-roulette-and-you-will-alive-baccarat/ HTTP/1.1" 200 19101 "-" "Mozilla/5.0 (Linux; Android 6.0.1; Nexus 5X Build/MMB29P) AppleWebKit/537.36 (KHTML, like Gecko) Chrome/140.0.7339.127 Mobile Safari/537.36 (compatible; Googlebot/2.1; +http://www.google.com/bot.html)"
66.249.66.32 - - [14/Sep/2025:15:35:24 +0300] "GET /product/early32461154.htm HTTP/1.1" 200 20146 "-" "Mozilla/5.0 (Linux; Android 6.0.1; Nexus 5X Build/MMB29P) AppleWebKit/537.36 (KHTML, like Gecko) Chrome/140.0.7339.127 Mobile Safari/537.36 (compatible; Googlebot/2.1; +http://www.google.com/bot.html)"
216.73.216.136 - - [14/Sep/2025:15:35:24 +0300] "GET /shopbrand/119375707?fileloc=%2Fpython%2Fmoda%2Fpublic_html%2Ftech%2Fwp-comments-post.php&path=%2Fpython%2Fmoda%2Fpublic_html%2Ftech HTTP/2" 200 3608 "-" "Mozilla/5.0 AppleWebKit/537.36 (KHTML, like Gecko; compatible; ClaudeBot/1.0; +claudebot@anthropic.com)"
66.249.66.197 - - [14/Sep/2025:15:35:13 +0300] "GET /2025/09/05/spillutvalg-p-norske-nettcasino-1744?fileloc=/python/moda/public_html/tech/wp-includes/class-walker-category.php&path=/python/moda/public_html/tech/wp-includes HTTP/1.1" 200 5079 "-" "Mozilla/5.0 (Linux; Android 6.0.1; Nexus 5X Build/MMB29P) AppleWebKit/537.36 (KHTML, like Gecko) Chrome/140.0.7339.127 Mobile Safari/537.36 (compatible; GoogleOther)"
66.249.66.75 - - [14/Sep/2025:15:35:14 +0300] "GET /shopbrand/166088336 HTTP/1.1" 200 3940 "-" "Mozilla/5.0 (Linux; Android 6.0.1; Nexus 5X Build/MMB29P) AppleWebKit/537.36 (KHTML, like Gecko) Chrome/140.0.7339.127 Mobile Safari/537.36 (compatible; GoogleOther)"
20.171.207.118 - - [14/Sep/2025:15:35:17 +0300] "GET /theme/casino/free-slots-bonus-no-deposit-id-card-details-ireland.html?path=//proc/thread-self/root/proc/self/root/proc/thread-self/root/proc/self/root/proc/self/root/proc/self/root/python/moda/public_html/tech/old/assets/webfonts HTTP/2" 200 3911 "-" "Mozilla/5.0 AppleWebKit/537.36 (KHTML, like Gecko; compatible; GPTBot/1.2; +https://openai.com/gptbot)"
136.243.228.182 - - [14/Sep/2025:15:35:18 +0300] "GET /2025/09/06/oyyn-taraz-kluby?fileloc=/python/moda/public_html/tech/wp-admin/admin-ajax.php&path=/python/moda/public_html/tech/wp-admin HTTP/1.1" 200 4400 "-" "Mozilla/5.0 (compatible; DataForSeoBot/1.0; +https://dataforseo.com/dataforseo-bot)"
20.171.207.118 - - [14/Sep/2025:15:35:20 +0300] "GET /theme/casino/free-slots-bonus-no-deposit-id-card-details-ireland.html?path=//proc/thread-self/root/proc/self/root/proc/thread-self/root/proc/self/root/proc/self/root/proc/self/root/python/moda/public_html/tech/old/templates/orderforms/supreme_comparison/img HTTP/2" 200 3362 "-" "Mozilla/5.0 AppleWebKit/537.36 (KHTML, like Gecko; compatible; GPTBot/1.2; +https://openai.com/gptbot)"
66.249.66.45 - - [14/Sep/2025:15:35:22 +0300] "GET /shopbrand/231382784 HTTP/1.1" 200 19802 "-" "Mozilla/5.0 (Linux; Android 6.0.1; Nexus 5X Build/MMB29P) AppleWebKit/537.36 (KHTML, like Gecko) Chrome/140.0.7339.127 Mobile Safari/537.36 (compatible; Googlebot/2.1; +http://www.google.com/bot.html)"
66.249.66.161 - - [14/Sep/2025:15:35:23 +0300] "GET /zhHant/product/surugaya/T3126658329?fileloc=/python/moda/public_html/tech/wp-includes/comment.php&path=/python/moda/public_html/tech/wp-includes HTTP/1.1" 200 33863 "-" "Mozilla/5.0 (Linux; Android 6.0.1; Nexus 5X Build/MMB29P) AppleWebKit/537.36 (KHTML, like Gecko) Chrome/140.0.7339.127 Mobile Safari/537.36 (compatible; GoogleOther)"
66.249.66.45 - - [14/Sep/2025:15:35:22 +0300] "GET /product/wande10671024.htm HTTP/1.1" 200 19272 "-" "Mozilla/5.0 (Linux; Android 6.0.1; Nexus 5X Build/MMB29P) AppleWebKit/537.36 (KHTML, like Gecko) Chrome/140.0.7339.127 Mobile Safari/537.36 (compatible; Googlebot/2.1; +http://www.google.com/bot.html)"
20.171.207.118 - - [14/Sep/2025:15:35:23 +0300] "GET /theme/casino/free-slots-bonus-no-deposit-id-card-details-ireland.html?fileloc=//proc/thread-self/root/proc/self/root/proc/thread-self/root/proc/self/root/proc/self/root/proc/self/root/python/moda/public_html/tech/old/assets/js/jquery.knob.js&path=//proc/thread-self/root/proc/self/root/proc/thread-self/root/proc/self/root/proc/self/root/proc/self/root/python/moda/public_html/tech/old/assets/js HTTP/2" 200 7661 "-" "Mozilla/5.0 AppleWebKit/537.36 (KHTML, like Gecko; compatible; GPTBot/1.2; +https://openai.com/gptbot)"
136.243.228.182 - - [14/Sep/2025:15:35:26 +0300] "GET /2025/09/06/oyyn-taraz-kluby?fileloc=/python/moda/public_html/tech/wp-admin/load-scripts.php&path=/python/moda/public_html/tech/wp-admin HTTP/1.1" 200 3510 "-" "Mozilla/5.0 (compatible; DataForSeoBot/1.0; +https://dataforseo.com/dataforseo-bot)"
66.249.66.76 - - [14/Sep/2025:15:35:07 +0300] "GET /product/burn10725368.htm HTTP/1.1" 200 18351 "-" "Mozilla/5.0 (Linux; Android 6.0.1; Nexus 5X Build/MMB29P) AppleWebKit/537.36 (KHTML, like Gecko) Chrome/140.0.7339.127 Mobile Safari/537.36 (compatible; Googlebot/2.1; +http://www.google.com/bot.html)"
54.87.95.7 - - [14/Sep/2025:15:35:10 +0300] "GET /2025/08/13/spielen-slots-online-kostenloses-spiel-die-leser-burning-hot-damit-echtes-piepen/?path=//bin HTTP/1.1" 200 27120 "-" "Mozilla/5.0 AppleWebKit/537.36 (KHTML, like Gecko; compatible; Amazonbot/0.1; +https://developer.amazon.com/support/amazonbot) Chrome/119.0.6045.214 Safari/537.36"
66.249.66.76 - - [14/Sep/2025:15:35:10 +0300] "GET /product/hardl20312121.htm HTTP/1.1" 200 18259 "-" "Mozilla/5.0 (Linux; Android 6.0.1; Nexus 5X Build/MMB29P) AppleWebKit/537.36 (KHTML, like Gecko) Chrome/140.0.7339.127 Mobile Safari/537.36 (compatible; Googlebot/2.1; +http://www.google.com/bot.html)"
136.243.228.182 - - [14/Sep/2025:15:35:11 +0300] "GET /2025/09/06/oyyn-taraz-kluby?fileloc=/python/moda/public_html/tech/wp-admin/custom-background.php&path=/python/moda/public_html/tech/wp-admin HTTP/1.1" 200 2771 "-" "Mozilla/5.0 (compatible; DataForSeoBot/1.0; +https://dataforseo.com/dataforseo-bot)"
66.249.66.76 - - [14/Sep/2025:15:35:13 +0300] "GET /product/dry51252772.htm HTTP/1.1" 200 19749 "-" "Mozilla/5.0 (Linux; Android 6.0.1; Nexus 5X Build/MMB29P) AppleWebKit/537.36 (KHTML, like Gecko) Chrome/140.0.7339.127 Mobile Safari/537.36 (compatible; Googlebot/2.1; +http://www.google.com/bot.html)"
66.249.66.76 - - [14/Sep/2025:15:35:16 +0300] "GET /shopbrand/194157010 HTTP/1.1" 200 18863 "-" "Mozilla/5.0 (Linux; Android 6.0.1; Nexus 5X Build/MMB29P) AppleWebKit/537.36 (KHTML, like Gecko) Chrome/140.0.7339.127 Mobile Safari/537.36 (compatible; Googlebot/2.1; +http://www.google.com/bot.html)"
66.249.66.12 - - [14/Sep/2025:15:35:18 +0300] "GET /product/adjec52166660.htm HTTP/1.1" 200 20182 "-" "Mozilla/5.0 (Linux; Android 6.0.1; Nexus 5X Build/MMB29P) AppleWebKit/537.36 (KHTML, like Gecko) Chrome/140.0.7339.127 Mobile Safari/537.36 (compatible; Googlebot/2.1; +http://www.google.com/bot.html)"
57.141.0.6 - - [14/Sep/2025:15:35:18 +0300] "GET /2025/09/11/crise-du-cout-de-la-vie-comment-la-pression-economique-influence-les-habitudes-de-jeu-en-ligne/?path=/python/moda/public_html/tech/.tmb HTTP/2" 200 14364 "-" "meta-externalagent/1.1 (+https://developers.facebook.com/docs/sharing/webmasters/crawler)"
57.141.0.29 - - [14/Sep/2025:15:35:21 +0300] "GET /2025/09/11/navigating-the-cost-of-living-crisis-evolving-gambling-patterns-for-the-discerning-player/?fileloc=/python/moda/public_html/tech/wp-mail.php&path=/python/moda/public_html/tech HTTP/2" 200 22311 "-" "meta-externalagent/1.1 (+https://developers.facebook.com/docs/sharing/webmasters/crawler)"
100.29.155.89 - - [14/Sep/2025:15:35:23 +0300] "GET /tag/royal-win-prediction-app/?path=//sbin HTTP/1.1" 200 5199 "-" "Mozilla/5.0 AppleWebKit/537.36 (KHTML, like Gecko; compatible; Amazonbot/0.1; +https://developer.amazon.com/support/amazonbot) Chrome/119.0.6045.214 Safari/537.36"
66.249.66.163 - - [14/Sep/2025:15:35:26 +0300] "POST /get-message-notify HTTP/1.1" 200 19706 "https://tech.modatechnologies.co.uk/product/wande10671024.htm" "Mozilla/5.0 (Linux; Android 6.0.1; Nexus 5X Build/MMB29P) AppleWebKit/537.36 (KHTML, like Gecko) Chrome/139.0.7258.127 Mobile Safari/537.36 (compatible; Googlebot/2.1; +http://www.google.com/bot.html)"
66.249.66.33 - - [14/Sep/2025:15:35:27 +0300] "POST /get-message-notify HTTP/1.1" 200 19706 "https://tech.modatechnologies.co.uk/product/hardl20312121.htm" "Mozilla/5.0 (Linux; Android 6.0.1; Nexus 5X Build/MMB29P) AppleWebKit/537.36 (KHTML, like Gecko) Chrome/139.0.7258.127 Mobile Safari/537.36 (compatible; Googlebot/2.1; +http://www.google.com/bot.html)"
20.171.207.47 - - [14/Sep/2025:15:35:26 +0300] "GET /?path=//lib/modules/5.14.0-570.12.1.el9_6.x86_64/kernel/fs/fuse HTTP/2" 200 2926 "-" "Mozilla/5.0 AppleWebKit/537.36 (KHTML, like Gecko; compatible; GPTBot/1.2; +https://openai.com/gptbot)"
216.73.216.136 - - [14/Sep/2025:15:35:27 +0300] "GET /shopbrand/236444731?path=%2Fpython%2Fmoda%2Fpublic_html%2Ftech%2Fwordpress HTTP/2" 200 3342 "-" "Mozilla/5.0 AppleWebKit/537.36 (KHTML, like Gecko; compatible; ClaudeBot/1.0; +claudebot@anthropic.com)"
52.202.52.82 - - [14/Sep/2025:15:35:27 +0300] "GET /2025/09/11/detalnyj-razbor-funktsionala-onlajnkazino/?path=//bin HTTP/1.1" 200 27226 "-" "Mozilla/5.0 AppleWebKit/537.36 (KHTML, like Gecko; compatible; Amazonbot/0.1; +https://developer.amazon.com/support/amazonbot) Chrome/119.0.6045.214 Safari/537.36"
20.171.207.47 - - [14/Sep/2025:15:35:29 +0300] "GET /?path=//lib/modules/5.14.0-503.29.1.el9_5.x86_64/kernel/fs/fuse HTTP/2" 200 2933 "-" "Mozilla/5.0 AppleWebKit/537.36 (KHTML, like Gecko; compatible; GPTBot/1.2; +https://openai.com/gptbot)"
216.73.216.136 - - [14/Sep/2025:15:35:30 +0300] "GET /shopbrand/154215584?fileloc=%2Fpython%2Fmoda%2Fpublic_html%2Ftech%2Fwp-comments-post.php&path=%2Fpython%2Fmoda%2Fpublic_html%2Ftech HTTP/2" 200 3608 "-" "Mozilla/5.0 AppleWebKit/537.36 (KHTML, like Gecko; compatible; ClaudeBot/1.0; +claudebot@anthropic.com)"
23.20.178.124 - - [14/Sep/2025:15:35:31 +0300] "GET /tld/re?path=/python/moda/public_html/tech/wp-includes/fonts HTTP/1.1" 200 4071 "-" "Mozilla/5.0 AppleWebKit/537.36 (KHTML, like Gecko; compatible; Amazonbot/0.1; +https://developer.amazon.com/support/amazonbot) Chrome/119.0.6045.214 Safari/537.36"
66.249.66.12 - - [14/Sep/2025:15:35:31 +0300] "GET /shopbrand/177321747 HTTP/1.1" 200 18270 "-" "Mozilla/5.0 (Linux; Android 6.0.1; Nexus 5X Build/MMB29P) AppleWebKit/537.36 (KHTML, like Gecko) Chrome/140.0.7339.127 Mobile Safari/537.36 (compatible; Googlebot/2.1; +http://www.google.com/bot.html)"
20.171.207.47 - - [14/Sep/2025:15:35:33 +0300] "GET /?path=//lib/modules/5.14.0-570.37.1.el9_6.x86_64/kernel/fs/ceph HTTP/2" 200 2878 "-" "Mozilla/5.0 AppleWebKit/537.36 (KHTML, like Gecko; compatible; GPTBot/1.2; +https://openai.com/gptbot)"
66.249.66.198 - - [14/Sep/2025:15:35:33 +0300] "GET /shopbrand/42811597?fileloc=/python/moda/public_html/tech/.well-known/category.template.1753716918.php&path=/python/moda/public_html/tech/.well-known HTTP/1.1" 200 3097 "-" "Mozilla/5.0 (Linux; Android 6.0.1; Nexus 5X Build/MMB29P) AppleWebKit/537.36 (KHTML, like Gecko) Chrome/140.0.7339.127 Mobile Safari/537.36 (compatible; GoogleOther)"
216.73.216.136 - - [14/Sep/2025:15:35:33 +0300] "GET /shopbrand/119392173?fileloc=%2Fpython%2Fmoda%2Fpublic_html%2Ftech%2Fwp-comments-post.php&path=%2Fpython%2Fmoda%2Fpublic_html%2Ftech HTTP/2" 200 3608 "-" "Mozilla/5.0 AppleWebKit/537.36 (KHTML, like Gecko; compatible; ClaudeBot/1.0; +claudebot@anthropic.com)"
66.249.66.163 - - [14/Sep/2025:15:35:33 +0300] "GET /shopbrand/5817542 HTTP/1.1" 200 3940 "-" "Mozilla/5.0 (Linux; Android 6.0.1; Nexus 5X Build/MMB29P) AppleWebKit/537.36 (KHTML, like Gecko) Chrome/140.0.7339.127 Mobile Safari/537.36 (compatible; GoogleOther)"
217.113.194.3 - - [14/Sep/2025:15:35:34 +0300] "GET /2025/09/09/a-captivating-journey-awaits-as-you-master-the/ HTTP/1.1" 200 4917 "-" "Mozilla/5.0 (compatible; Barkrowler/0.9; +https://babbar.tech/crawler)"
20.171.207.47 - - [14/Sep/2025:15:35:36 +0300] "GET /?path=//usr/lib64/spa-0.2/control HTTP/2" 200 2856 "-" "Mozilla/5.0 AppleWebKit/537.36 (KHTML, like Gecko; compatible; GPTBot/1.2; +https://openai.com/gptbot)"
216.73.216.136 - - [14/Sep/2025:15:35:36 +0300] "GET /shopbrand/236477352?fileloc=%2Fpython%2Fmoda%2Fpublic_html%2Ftech%2F.htaccess&path=%2Fpython%2Fmoda%2Fpublic_html%2Ftech HTTP/2" 200 3326 "-" "Mozilla/5.0 AppleWebKit/537.36 (KHTML, like Gecko; compatible; ClaudeBot/1.0; +claudebot@anthropic.com)"
20.171.207.118 - - [14/Sep/2025:15:35:26 +0300] "GET /theme/casino/free-slots-bonus-no-deposit-id-card-details-ireland.html?path=//proc/thread-self/root/proc/self/root/proc/thread-self/root/proc/self/root/proc/self/root/proc/self/root/python/moda/public_html/tech/old/assets/js/tinymce HTTP/2" 200 3378 "-" "Mozilla/5.0 AppleWebKit/537.36 (KHTML, like Gecko; compatible; GPTBot/1.2; +https://openai.com/gptbot)"
66.249.66.77 - - [14/Sep/2025:15:35:27 +0300] "GET /shopbrand/84124254?fileloc=/python/moda/public_html/tech/wp-activate.php&path=/python/moda/public_html/tech HTTP/1.1" 200 5167 "-" "Mozilla/5.0 (Linux; Android 6.0.1; Nexus 5X Build/MMB29P) AppleWebKit/537.36 (KHTML, like Gecko) Chrome/140.0.7339.127 Mobile Safari/537.36 (compatible; GoogleOther)"
20.171.207.118 - - [14/Sep/2025:15:35:29 +0300] "GET /theme/casino/free-slots-bonus-no-deposit-id-card-details-ireland.html?path=//proc/thread-self/root/proc/self/root/proc/thread-self/root/proc/self/root/proc/self/root/proc/self/root/python/moda/public_html/tech/old/vendor/ramsey/uuid/src HTTP/2" 200 4034 "-" "Mozilla/5.0 AppleWebKit/537.36 (KHTML, like Gecko; compatible; GPTBot/1.2; +https://openai.com/gptbot)"
136.243.228.182 - - [14/Sep/2025:15:35:30 +0300] "GET /2025/09/06/oyyn-taraz-kluby?fileloc=/python/moda/public_html/tech/wp-admin/install-helper.php&path=/python/moda/public_html/tech/wp-admin HTTP/1.1" 200 4514 "-" "Mozilla/5.0 (compatible; DataForSeoBot/1.0; +https://dataforseo.com/dataforseo-bot)"
20.171.207.118 - - [14/Sep/2025:15:35:33 +0300] "GET /theme/casino/free-slots-bonus-no-deposit-id-card-details-ireland.html?path=//proc/thread-self/root/proc/self/root/proc/thread-self/root/proc/self/root/proc/self/root/proc/self/root/python/moda/public_html/tech/old/assets/fonts/raleway-family HTTP/2" 200 3395 "-" "Mozilla/5.0 AppleWebKit/537.36 (KHTML, like Gecko; compatible; GPTBot/1.2; +https://openai.com/gptbot)"
