57.141.0.2 - - [14/Sep/2025:15:12:00 +0300] "GET /wp-json/oembed/1.0/embed?url=https%3A%2F%2Ftech.modatechnologies.co.uk%2F2025%2F08%2F11%2Fkasyno-lemon-291%2F HTTP/2" 200 56981 "-" "meta-externalagent/1.1 (+https://developers.facebook.com/docs/sharing/webmasters/crawler)"
66.249.66.15 - - [14/Sep/2025:15:12:00 +0300] "GET /shopbrand/195805624 HTTP/1.1" 200 18416 "-" "Mozilla/5.0 (Linux; Android 6.0.1; Nexus 5X Build/MMB29P) AppleWebKit/537.36 (KHTML, like Gecko) Chrome/140.0.7339.127 Mobile Safari/537.36 (compatible; Googlebot/2.1; +http://www.google.com/bot.html)"
66.249.66.13 - - [14/Sep/2025:15:12:02 +0300] "GET /shopbrand/14262731 HTTP/1.1" 200 3899 "-" "Mozilla/5.0 (Linux; Android 6.0.1; Nexus 5X Build/MMB29P) AppleWebKit/537.36 (KHTML, like Gecko) Chrome/140.0.7339.127 Mobile Safari/537.36 (compatible; GoogleOther)"
66.249.66.15 - - [14/Sep/2025:15:12:02 +0300] "POST /get-message-notify HTTP/1.1" 200 19706 "https://tech.modatechnologies.co.uk/shopbrand/121277136" "Mozilla/5.0 (Linux; Android 6.0.1; Nexus 5X Build/MMB29P) AppleWebKit/537.36 (KHTML, like Gecko) Chrome/139.0.7258.127 Mobile Safari/537.36 (compatible; Googlebot/2.1; +http://www.google.com/bot.html)"
66.249.66.12 - - [14/Sep/2025:15:12:02 +0300] "GET /shopbrand/1628032 HTTP/1.1" 200 19282 "-" "Mozilla/5.0 (Linux; Android 6.0.1; Nexus 5X Build/MMB29P) AppleWebKit/537.36 (KHTML, like Gecko) Chrome/140.0.7339.127 Mobile Safari/537.36 (compatible; Googlebot/2.1; +http://www.google.com/bot.html)"
20.171.207.47 - - [14/Sep/2025:15:12:03 +0300] "GET /?fileloc=//usr/include/net/if.h&path=//usr/include/net HTTP/2" 200 5277 "-" "Mozilla/5.0 AppleWebKit/537.36 (KHTML, like Gecko; compatible; GPTBot/1.2; +https://openai.com/gptbot)"
23.21.148.226 - - [14/Sep/2025:15:12:03 +0300] "GET /category/777slot-vip-login-440/?fileloc=/python/moda/public_html/tech/wp-includes/template-canvas.php&path=/python/moda/public_html/tech/wp-includes HTTP/1.1" 200 3287 "-" "Mozilla/5.0 AppleWebKit/537.36 (KHTML, like Gecko; compatible; Amazonbot/0.1; +https://developer.amazon.com/support/amazonbot) Chrome/119.0.6045.214 Safari/537.36"
66.249.66.12 - - [14/Sep/2025:15:12:03 +0300] "GET /shopbrand/1625956 HTTP/1.1" 200 18388 "-" "Mozilla/5.0 (Linux; Android 6.0.1; Nexus 5X Build/MMB29P) AppleWebKit/537.36 (KHTML, like Gecko) Chrome/140.0.7339.127 Mobile Safari/537.36 (compatible; Googlebot/2.1; +http://www.google.com/bot.html)"
66.249.66.14 - - [14/Sep/2025:15:12:05 +0300] "GET /shopbrand/14739016?fileloc=/python/moda/public_html/tech/wp-load.php&path=/python/moda/public_html/tech HTTP/1.1" 200 4299 "-" "Mozilla/5.0 (Linux; Android 6.0.1; Nexus 5X Build/MMB29P) AppleWebKit/537.36 (KHTML, like Gecko) Chrome/140.0.7339.127 Mobile Safari/537.36 (compatible; GoogleOther)"
66.249.66.14 - - [14/Sep/2025:15:11:48 +0300] "GET /shopbrand/99084960 HTTP/1.1" 200 18149 "-" "Mozilla/5.0 (Linux; Android 6.0.1; Nexus 5X Build/MMB29P) AppleWebKit/537.36 (KHTML, like Gecko) Chrome/140.0.7339.127 Mobile Safari/537.36 (compatible; Googlebot/2.1; +http://www.google.com/bot.html)"
66.249.66.12 - - [14/Sep/2025:15:11:49 +0300] "POST /get-message-notify HTTP/1.1" 200 19706 "https://tech.modatechnologies.co.uk/shopbrand/183027767" "Mozilla/5.0 (Linux; Android 6.0.1; Nexus 5X Build/MMB29P) AppleWebKit/537.36 (KHTML, like Gecko) Chrome/139.0.7258.127 Mobile Safari/537.36 (compatible; Googlebot/2.1; +http://www.google.com/bot.html)"
66.249.66.161 - - [14/Sep/2025:15:11:50 +0300] "GET /shopbrand/60194613 HTTP/1.1" 200 20528 "-" "Mozilla/5.0 (Linux; Android 6.0.1; Nexus 5X Build/MMB29P) AppleWebKit/537.36 (KHTML, like Gecko) Chrome/140.0.7339.127 Mobile Safari/537.36 (compatible; Googlebot/2.1; +http://www.google.com/bot.html)"
217.113.194.7 - - [14/Sep/2025:15:11:54 +0300] "GET /2025/07/26/embrace-the-thrill-of-risky-jumps-and-fiery-3/ HTTP/1.1" 200 4917 "-" "Mozilla/5.0 (compatible; Barkrowler/0.9; +https://babbar.tech/crawler)"
23.23.214.190 - - [14/Sep/2025:15:11:55 +0300] "GET /tag/bdm-bet-codigo-promocional/?path=//run HTTP/1.1" 200 3959 "-" "Mozilla/5.0 AppleWebKit/537.36 (KHTML, like Gecko; compatible; Amazonbot/0.1; +https://developer.amazon.com/support/amazonbot) Chrome/119.0.6045.214 Safari/537.36"
3.90.73.206 - - [14/Sep/2025:15:11:56 +0300] "GET /tag/netwin-login/?path=/python/moda/public_html/__MACOSX HTTP/1.1" 200 3421 "-" "Mozilla/5.0 AppleWebKit/537.36 (KHTML, like Gecko; compatible; Amazonbot/0.1; +https://developer.amazon.com/support/amazonbot) Chrome/119.0.6045.214 Safari/537.36"
44.207.69.106 - - [14/Sep/2025:15:11:57 +0300] "GET /category/1win-onlain-936/?path=//dev HTTP/1.1" 200 3513 "-" "Mozilla/5.0 AppleWebKit/537.36 (KHTML, like Gecko; compatible; Amazonbot/0.1; +https://developer.amazon.com/support/amazonbot) Chrome/119.0.6045.214 Safari/537.36"
216.73.216.136 - - [14/Sep/2025:15:12:09 +0300] "GET /2025/09/11/icecasino-977/feed?path=%2Fpython%2Fmoda%2Fpublic_html%2Ftech%2Fwp-includes%2Fjs%2Fmediaelement HTTP/2" 200 3569 "-" "Mozilla/5.0 AppleWebKit/537.36 (KHTML, like Gecko; compatible; ClaudeBot/1.0; +claudebot@anthropic.com)"
66.249.66.12 - - [14/Sep/2025:15:12:11 +0300] "GET /shopbrand/100905120?fileloc=/python/moda/public_html/tech/wp-comments-post.php&path=/python/moda/public_html/tech HTTP/1.1" 200 3608 "-" "Mozilla/5.0 (Linux; Android 6.0.1; Nexus 5X Build/MMB29P) AppleWebKit/537.36 (KHTML, like Gecko) Chrome/140.0.7339.127 Mobile Safari/537.36 (compatible; GoogleOther)"
216.73.216.136 - - [14/Sep/2025:15:12:12 +0300] "GET /shopbrand/173158259?path=%2Fpython%2Fmoda%2Fpublic_html%2Ftech%2Fwordpress HTTP/2" 200 3342 "-" "Mozilla/5.0 AppleWebKit/537.36 (KHTML, like Gecko; compatible; ClaudeBot/1.0; +claudebot@anthropic.com)"
66.249.66.12 - - [14/Sep/2025:15:12:12 +0300] "GET /shopbrand/1629247 HTTP/1.1" 200 22493 "-" "Mozilla/5.0 (Linux; Android 6.0.1; Nexus 5X Build/MMB29P) AppleWebKit/537.36 (KHTML, like Gecko) Chrome/140.0.7339.127 Mobile Safari/537.36 (compatible; Googlebot/2.1; +http://www.google.com/bot.html)"
66.249.66.12 - - [14/Sep/2025:15:12:14 +0300] "GET /shopbrand/195802934 HTTP/1.1" 200 19319 "-" "Mozilla/5.0 (Linux; Android 6.0.1; Nexus 5X Build/MMB29P) AppleWebKit/537.36 (KHTML, like Gecko) Chrome/140.0.7339.127 Mobile Safari/537.36 (compatible; Googlebot/2.1; +http://www.google.com/bot.html)"
52.204.89.12 - - [14/Sep/2025:15:12:15 +0300] "GET /category/188bet-%E0%B8%97%E0%B8%B2%E0%B8%87%E0%B9%80%E0%B8%82%E0%B9%89%E0%B8%B2%E0%B8%AA%E0%B9%8D%E0%B8%B2%E0%B8%A3%E0%B8%AD%E0%B8%87-64/?fileloc=/python/moda/public_html/tech/wp-admin/upgrade.php&path=/python/moda/public_html/tech/wp-admin HTTP/1.1" 200 5319 "-" "Mozilla/5.0 AppleWebKit/537.36 (KHTML, like Gecko; compatible; Amazonbot/0.1; +https://developer.amazon.com/support/amazonbot) Chrome/119.0.6045.214 Safari/537.36"
20.171.207.118 - - [14/Sep/2025:15:12:01 +0300] "GET /theme/casino/free-slots-bonus-no-deposit-id-card-details-ireland.html?path=//proc/thread-self/root/proc/self/root/proc/thread-self/root/proc/self/root/proc/self/root/proc/thread-self/root/var/softaculous/moodle HTTP/2" 200 3804 "-" "Mozilla/5.0 AppleWebKit/537.36 (KHTML, like Gecko; compatible; GPTBot/1.2; +https://openai.com/gptbot)"
20.171.207.118 - - [14/Sep/2025:15:12:05 +0300] "GET /theme/casino/free-slots-bonus-no-deposit-id-card-details-ireland.html?path=//proc/thread-self/root/proc/self/root/proc/thread-self/root/proc/self/root/proc/self/root/proc/thread-self/root/var/softaculous/piwigo/images HTTP/2" 200 3054 "-" "Mozilla/5.0 AppleWebKit/537.36 (KHTML, like Gecko; compatible; GPTBot/1.2; +https://openai.com/gptbot)"
66.249.66.33 - - [14/Sep/2025:15:12:06 +0300] "GET /product/new30500018.htm?fileloc=/python/moda/public_html/tech/wp-admin/my-sites.php&path=/python/moda/public_html/tech/wp-admin HTTP/1.1" 200 4584 "-" "Mozilla/5.0 (Linux; Android 6.0.1; Nexus 5X Build/MMB29P) AppleWebKit/537.36 (KHTML, like Gecko) Chrome/140.0.7339.127 Mobile Safari/537.36 (compatible; GoogleOther)"
18.211.148.239 - - [14/Sep/2025:15:12:07 +0300] "GET /category/jalwa-game-login-lottery-611/?path=/python/moda/.koality HTTP/1.1" 200 3002 "-" "Mozilla/5.0 AppleWebKit/537.36 (KHTML, like Gecko; compatible; Amazonbot/0.1; +https://developer.amazon.com/support/amazonbot) Chrome/119.0.6045.214 Safari/537.36"
20.171.207.118 - - [14/Sep/2025:15:12:08 +0300] "GET /theme/casino/free-slots-bonus-no-deposit-id-card-details-ireland.html?path=//proc/thread-self/root/proc/self/root/proc/thread-self/root/proc/self/root/proc/self/root/proc/thread-self/root/var/softaculous/atutor/images HTTP/2" 200 3058 "-" "Mozilla/5.0 AppleWebKit/537.36 (KHTML, like Gecko; compatible; GPTBot/1.2; +https://openai.com/gptbot)"
20.171.207.118 - - [14/Sep/2025:15:12:11 +0300] "GET /theme/casino/free-slots-bonus-no-deposit-id-card-details-ireland.html?path=//proc/thread-self/root/proc/self/root/proc/thread-self/root/proc/self/root/proc/self/root/proc/thread-self/root/var/softaculous/prototype HTTP/2" 200 3328 "-" "Mozilla/5.0 AppleWebKit/537.36 (KHTML, like Gecko; compatible; GPTBot/1.2; +https://openai.com/gptbot)"
66.249.66.13 - - [14/Sep/2025:15:12:11 +0300] "GET /shopbrand/27054899 HTTP/1.1" 200 3930 "-" "Mozilla/5.0 (Linux; Android 6.0.1; Nexus 5X Build/MMB29P) AppleWebKit/537.36 (KHTML, like Gecko) Chrome/140.0.7339.127 Mobile Safari/537.36 (compatible; GoogleOther)"
104.194.132.199 - - [14/Sep/2025:15:12:12 +0300] "GET /2025/08/26/revue-experte-du-casino-betclic/ HTTP/1.1" 200 3940 "-" "Mozilla/5.0 (Windows NT 10.0; Win64; x64) AppleWebKit/537.36 (KHTML, like Gecko) Chrome/114.0.0.0 Safari/537.36"
20.171.207.118 - - [14/Sep/2025:15:12:14 +0300] "GET /theme/casino/free-slots-bonus-no-deposit-id-card-details-ireland.html?path=//proc/thread-self/root/proc/self/root/proc/thread-self/root/proc/self/root/proc/self/root/proc/thread-self/root/var/softaculous/blab HTTP/2" 200 3630 "-" "Mozilla/5.0 AppleWebKit/537.36 (KHTML, like Gecko; compatible; GPTBot/1.2; +https://openai.com/gptbot)"
66.249.66.12 - - [14/Sep/2025:15:12:16 +0300] "GET /shopbrand/127246311?fileloc=/python/moda/public_html/tech/wp-mail.php&path=/python/moda/public_html/tech HTTP/1.1" 200 5705 "-" "Mozilla/5.0 (Linux; Android 6.0.1; Nexus 5X Build/MMB29P) AppleWebKit/537.36 (KHTML, like Gecko) Chrome/140.0.7339.127 Mobile Safari/537.36 (compatible; GoogleOther)"
66.249.66.12 - - [14/Sep/2025:15:12:16 +0300] "GET /shopbrand/195803663 HTTP/1.1" 200 19137 "-" "Mozilla/5.0 (Linux; Android 6.0.1; Nexus 5X Build/MMB29P) AppleWebKit/537.36 (KHTML, like Gecko) Chrome/140.0.7339.127 Mobile Safari/537.36 (compatible; Googlebot/2.1; +http://www.google.com/bot.html)"
20.171.207.47 - - [14/Sep/2025:15:12:06 +0300] "GET /?fileloc=//lib/systemd/systemd-user-runtime-dir&path=//lib/systemd HTTP/2" 200 9115 "-" "Mozilla/5.0 AppleWebKit/537.36 (KHTML, like Gecko; compatible; GPTBot/1.2; +https://openai.com/gptbot)"
66.249.66.14 - - [14/Sep/2025:15:12:06 +0300] "POST /get-message-notify HTTP/1.1" 200 19706 "https://tech.modatechnologies.co.uk/shopbrand/60194613" "Mozilla/5.0 (Linux; Android 6.0.1; Nexus 5X Build/MMB29P) AppleWebKit/537.36 (KHTML, like Gecko) Chrome/139.0.7258.127 Mobile Safari/537.36 (compatible; Googlebot/2.1; +http://www.google.com/bot.html)"
66.249.66.12 - - [14/Sep/2025:15:12:06 +0300] "GET /shopbrand/195805055 HTTP/1.1" 200 18352 "-" "Mozilla/5.0 (Linux; Android 6.0.1; Nexus 5X Build/MMB29P) AppleWebKit/537.36 (KHTML, like Gecko) Chrome/140.0.7339.127 Mobile Safari/537.36 (compatible; Googlebot/2.1; +http://www.google.com/bot.html)"
66.249.66.13 - - [14/Sep/2025:15:12:09 +0300] "GET /shopbrand/195804650 HTTP/1.1" 200 19636 "-" "Mozilla/5.0 (Linux; Android 6.0.1; Nexus 5X Build/MMB29P) AppleWebKit/537.36 (KHTML, like Gecko) Chrome/140.0.7339.127 Mobile Safari/537.36 (compatible; Googlebot/2.1; +http://www.google.com/bot.html)"
20.171.207.47 - - [14/Sep/2025:15:12:09 +0300] "GET /?fileloc=//lib/systemd/systemd-localed&path=//lib/systemd HTTP/2" 200 19739 "-" "Mozilla/5.0 AppleWebKit/537.36 (KHTML, like Gecko; compatible; GPTBot/1.2; +https://openai.com/gptbot)"
184.73.167.217 - - [14/Sep/2025:15:12:11 +0300] "GET /category/188bet-%E0%B8%97%E0%B8%B2%E0%B8%87%E0%B9%80%E0%B8%82%E0%B9%89%E0%B8%B2%E0%B8%AA%E0%B9%8D%E0%B8%B2%E0%B8%A3%E0%B8%AD%E0%B8%87-64/?fileloc=/python/moda/public_html/tech/wp-includes/pluggable.php&path=/python/moda/public_html/tech/wp-includes HTTP/1.1" 200 37760 "-" "Mozilla/5.0 AppleWebKit/537.36 (KHTML, like Gecko; compatible; Amazonbot/0.1; +https://developer.amazon.com/support/amazonbot) Chrome/119.0.6045.214 Safari/537.36"
104.194.132.199 - - [14/Sep/2025:15:12:12 +0300] "GET /2025/08/26/revue-experte-du-casino-betclic/?fileloc=/python/moda/public_html/tech/.htaccess&path=/python/moda/public_html/tech HTTP/1.1" 200 3326 "https://tech.modatechnologies.co.uk/2025/08/26/revue-experte-du-casino-betclic/" "Mozilla/5.0 (Windows NT 10.0; Win64; x64) AppleWebKit/537.36 (KHTML, like Gecko) Chrome/114.0.0.0 Safari/537.36"
66.249.66.13 - - [14/Sep/2025:15:12:12 +0300] "GET /shopbrand/192266876 HTTP/1.1" 200 18334 "-" "Mozilla/5.0 (Linux; Android 6.0.1; Nexus 5X Build/MMB29P) AppleWebKit/537.36 (KHTML, like Gecko) Chrome/140.0.7339.127 Mobile Safari/537.36 (compatible; Googlebot/2.1; +http://www.google.com/bot.html)"
20.171.207.47 - - [14/Sep/2025:15:12:12 +0300] "GET /?fileloc=//lib/systemd/systemd-user-sessions&path=//lib/systemd HTTP/2" 200 6191 "-" "Mozilla/5.0 AppleWebKit/537.36 (KHTML, like Gecko; compatible; GPTBot/1.2; +https://openai.com/gptbot)"
20.171.207.47 - - [14/Sep/2025:15:12:15 +0300] "GET /?fileloc=//usr/lib64/python3.9/asynchat.py&path=//usr/lib64/python3.9 HTTP/2" 200 6339 "-" "Mozilla/5.0 AppleWebKit/537.36 (KHTML, like Gecko; compatible; GPTBot/1.2; +https://openai.com/gptbot)"
20.171.207.47 - - [14/Sep/2025:15:12:19 +0300] "GET /?fileloc=//usr/lib64/python3.9/pickletools.py&path=//usr/lib64/python3.9 HTTP/2" 200 25613 "-" "Mozilla/5.0 AppleWebKit/537.36 (KHTML, like Gecko; compatible; GPTBot/1.2; +https://openai.com/gptbot)"
66.249.66.13 - - [14/Sep/2025:15:12:20 +0300] "GET /shopbrand/184145271 HTTP/1.1" 200 3915 "-" "Mozilla/5.0 (Linux; Android 6.0.1; Nexus 5X Build/MMB29P) AppleWebKit/537.36 (KHTML, like Gecko) Chrome/140.0.7339.127 Mobile Safari/537.36 (compatible; GoogleOther)"
66.249.66.12 - - [14/Sep/2025:15:12:21 +0300] "POST /get-message-notify HTTP/1.1" 200 19706 "https://tech.modatechnologies.co.uk/shopbrand/195802934" "Mozilla/5.0 (Linux; Android 6.0.1; Nexus 5X Build/MMB29P) AppleWebKit/537.36 (KHTML, like Gecko) Chrome/139.0.7258.127 Mobile Safari/537.36 (compatible; Googlebot/2.1; +http://www.google.com/bot.html)"
20.171.207.118 - - [14/Sep/2025:15:12:17 +0300] "GET /theme/casino/free-slots-bonus-no-deposit-id-card-details-ireland.html?path=//proc/thread-self/root/proc/self/root/proc/thread-self/root/proc/self/root/proc/self/root/proc/thread-self/root/var/softaculous/moodle/languages HTTP/2" 200 2705 "-" "Mozilla/5.0 AppleWebKit/537.36 (KHTML, like Gecko; compatible; GPTBot/1.2; +https://openai.com/gptbot)"
66.249.66.12 - - [14/Sep/2025:15:12:18 +0300] "GET /shopbrand/195803015 HTTP/1.1" 200 17638 "-" "Mozilla/5.0 (Linux; Android 6.0.1; Nexus 5X Build/MMB29P) AppleWebKit/537.36 (KHTML, like Gecko) Chrome/140.0.7339.127 Mobile Safari/537.36 (compatible; Googlebot/2.1; +http://www.google.com/bot.html)"
54.225.181.161 - - [14/Sep/2025:15:12:18 +0300] "GET /category/188bet-%E0%B8%97%E0%B8%B2%E0%B8%87%E0%B9%80%E0%B8%82%E0%B9%89%E0%B8%B2%E0%B8%AA%E0%B9%8D%E0%B8%B2%E0%B8%A3%E0%B8%AD%E0%B8%87-64/?fileloc=/python/moda/public_html/tech/wp-admin/customize.php&path=/python/moda/public_html/tech/wp-admin HTTP/1.1" 200 7275 "-" "Mozilla/5.0 AppleWebKit/537.36 (KHTML, like Gecko; compatible; Amazonbot/0.1; +https://developer.amazon.com/support/amazonbot) Chrome/119.0.6045.214 Safari/537.36"
20.171.207.118 - - [14/Sep/2025:15:12:20 +0300] "GET /theme/casino/free-slots-bonus-no-deposit-id-card-details-ireland.html?path=//proc/thread-self/root/proc/self/root/proc/thread-self/root/proc/self/root/proc/self/root/proc/thread-self/root/var/softaculous/moodle/images HTTP/2" 200 3036 "-" "Mozilla/5.0 AppleWebKit/537.36 (KHTML, like Gecko; compatible; GPTBot/1.2; +https://openai.com/gptbot)"
66.249.66.12 - - [14/Sep/2025:15:12:20 +0300] "GET /shopbrand/195803467 HTTP/1.1" 200 19309 "-" "Mozilla/5.0 (Linux; Android 6.0.1; Nexus 5X Build/MMB29P) AppleWebKit/537.36 (KHTML, like Gecko) Chrome/140.0.7339.127 Mobile Safari/537.36 (compatible; Googlebot/2.1; +http://www.google.com/bot.html)"
20.171.207.118 - - [14/Sep/2025:15:12:23 +0300] "GET /theme/casino/free-slots-bonus-no-deposit-id-card-details-ireland.html?path=//proc/thread-self/root/proc/self/root/proc/thread-self/root/proc/self/root/proc/self/root/proc/thread-self/root/var/softaculous/uvdesk HTTP/2" 200 3828 "-" "Mozilla/5.0 AppleWebKit/537.36 (KHTML, like Gecko; compatible; GPTBot/1.2; +https://openai.com/gptbot)"
57.141.0.29 - - [14/Sep/2025:15:12:25 +0300] "GET /2025/09/11/navigating-the-cost-of-living-crisis-evolving-gambling-patterns-for-the-discerning-player/?fileloc=/python/moda/public_html/tech/wp-activate.php&path=/python/moda/public_html/tech HTTP/2" 200 21442 "-" "meta-externalagent/1.1 (+https://developers.facebook.com/docs/sharing/webmasters/crawler)"
20.171.207.118 - - [14/Sep/2025:15:12:27 +0300] "GET /theme/casino/free-slots-bonus-no-deposit-id-card-details-ireland.html?path=//proc/thread-self/root/proc/self/root/proc/thread-self/root/proc/self/root/proc/self/root/proc/thread-self/root/var/softaculous/blab/images HTTP/2" 200 3047 "-" "Mozilla/5.0 AppleWebKit/537.36 (KHTML, like Gecko; compatible; GPTBot/1.2; +https://openai.com/gptbot)"
34.205.170.13 - - [14/Sep/2025:15:12:27 +0300] "GET /category/188bet-%E0%B8%97%E0%B8%B2%E0%B8%87%E0%B9%80%E0%B8%82%E0%B9%89%E0%B8%B2%E0%B8%AA%E0%B9%8D%E0%B8%B2%E0%B8%A3%E0%B8%AD%E0%B8%87-64/?fileloc=/python/moda/public_html/tech/old/configuration.sample.php&path=/python/moda/public_html/tech/old HTTP/1.1" 200 3519 "-" "Mozilla/5.0 AppleWebKit/537.36 (KHTML, like Gecko; compatible; Amazonbot/0.1; +https://developer.amazon.com/support/amazonbot) Chrome/119.0.6045.214 Safari/537.36"
20.171.207.118 - - [14/Sep/2025:15:12:30 +0300] "GET /theme/casino/free-slots-bonus-no-deposit-id-card-details-ireland.html?fileloc=//proc/thread-self/root/proc/self/root/proc/thread-self/root/proc/self/root/proc/self/root/proc/thread-self/root/var/softaculous/prototype/info.xml&path=//proc/thread-self/root/proc/self/root/proc/thread-self/root/proc/self/root/proc/self/root/proc/thread-self/root/var/softaculous/prototype HTTP/2" 200 3572 "-" "Mozilla/5.0 AppleWebKit/537.36 (KHTML, like Gecko; compatible; GPTBot/1.2; +https://openai.com/gptbot)"
20.171.207.47 - - [14/Sep/2025:15:12:22 +0300] "GET /?fileloc=//usr/lib64/python3.9/antigravity.py&path=//usr/lib64/python3.9 HTTP/2" 200 2838 "-" "Mozilla/5.0 AppleWebKit/537.36 (KHTML, like Gecko; compatible; GPTBot/1.2; +https://openai.com/gptbot)"
66.249.66.13 - - [14/Sep/2025:15:12:22 +0300] "GET /shopbrand/195804893 HTTP/1.1" 200 20369 "-" "Mozilla/5.0 (Linux; Android 6.0.1; Nexus 5X Build/MMB29P) AppleWebKit/537.36 (KHTML, like Gecko) Chrome/140.0.7339.127 Mobile Safari/537.36 (compatible; Googlebot/2.1; +http://www.google.com/bot.html)"
52.54.95.127 - - [14/Sep/2025:15:12:22 +0300] "GET /category/188bet-%E0%B8%97%E0%B8%B2%E0%B8%87%E0%B9%80%E0%B8%82%E0%B9%89%E0%B8%B2%E0%B8%AA%E0%B9%8D%E0%B8%B2%E0%B8%A3%E0%B8%AD%E0%B8%87-64/?path=//python HTTP/1.1" 200 3266 "-" "Mozilla/5.0 AppleWebKit/537.36 (KHTML, like Gecko; compatible; Amazonbot/0.1; +https://developer.amazon.com/support/amazonbot) Chrome/119.0.6045.214 Safari/537.36"
57.141.0.28 - - [14/Sep/2025:15:12:23 +0300] "GET /wp-json/wp/v2/posts/28110 HTTP/2" 200 56981 "-" "meta-externalagent/1.1 (+https://developers.facebook.com/docs/sharing/webmasters/crawler)"
66.249.66.12 - - [14/Sep/2025:15:12:23 +0300] "GET /shopbrand/195808152 HTTP/1.1" 200 19827 "-" "Mozilla/5.0 (Linux; Android 6.0.1; Nexus 5X Build/MMB29P) AppleWebKit/537.36 (KHTML, like Gecko) Chrome/140.0.7339.127 Mobile Safari/537.36 (compatible; Googlebot/2.1; +http://www.google.com/bot.html)"
66.249.66.13 - - [14/Sep/2025:15:12:24 +0300] "GET /shopbrand/47929243?fileloc=/python/moda/public_html/tech/vpqwx.php&path=/python/moda/public_html/tech HTTP/1.1" 200 6141 "-" "Mozilla/5.0 (Linux; Android 6.0.1; Nexus 5X Build/MMB29P) AppleWebKit/537.36 (KHTML, like Gecko) Chrome/140.0.7339.127 Mobile Safari/537.36 (compatible; GoogleOther)"
20.171.207.47 - - [14/Sep/2025:15:12:25 +0300] "GET /?path=//usr/lib64/python3.9/lib2to3 HTTP/2" 200 3551 "-" "Mozilla/5.0 AppleWebKit/537.36 (KHTML, like Gecko; compatible; GPTBot/1.2; +https://openai.com/gptbot)"
66.249.66.12 - - [14/Sep/2025:15:12:25 +0300] "GET /shopbrand/195803629 HTTP/1.1" 200 18330 "-" "Mozilla/5.0 (Linux; Android 6.0.1; Nexus 5X Build/MMB29P) AppleWebKit/537.36 (KHTML, like Gecko) Chrome/140.0.7339.127 Mobile Safari/537.36 (compatible; Googlebot/2.1; +http://www.google.com/bot.html)"
66.249.66.13 - - [14/Sep/2025:15:12:25 +0300] "GET /shopbrand/234703683?path=/python/moda/public_html/assets/css HTTP/1.1" 200 2898 "-" "Mozilla/5.0 (Linux; Android 6.0.1; Nexus 5X Build/MMB29P) AppleWebKit/537.36 (KHTML, like Gecko) Chrome/140.0.7339.127 Mobile Safari/537.36 (compatible; GoogleOther)"
66.249.66.12 - - [14/Sep/2025:15:12:26 +0300] "GET /shopbrand/195806530 HTTP/1.1" 200 20599 "-" "Mozilla/5.0 (Linux; Android 6.0.1; Nexus 5X Build/MMB29P) AppleWebKit/537.36 (KHTML, like Gecko) Chrome/140.0.7339.127 Mobile Safari/537.36 (compatible; Googlebot/2.1; +http://www.google.com/bot.html)"
66.249.66.13 - - [14/Sep/2025:15:12:27 +0300] "GET /zhHant/product/surugaya/T2171675888?campaign_uid=f64d716db5e979ed2f947dbaf4296895b951ae7f HTTP/1.1" 200 3940 "-" "Mozilla/5.0 (Linux; Android 6.0.1; Nexus 5X Build/MMB29P) AppleWebKit/537.36 (KHTML, like Gecko) Chrome/140.0.7339.127 Mobile Safari/537.36 (compatible; GoogleOther)"
20.171.207.47 - - [14/Sep/2025:15:12:28 +0300] "GET /?path=//lib/systemd/system-generators HTTP/2" 200 3549 "-" "Mozilla/5.0 AppleWebKit/537.36 (KHTML, like Gecko; compatible; GPTBot/1.2; +https://openai.com/gptbot)"
66.249.66.12 - - [14/Sep/2025:15:12:29 +0300] "GET /shopbrand/224261813 HTTP/1.1" 200 3943 "-" "Mozilla/5.0 (Linux; Android 6.0.1; Nexus 5X Build/MMB29P) AppleWebKit/537.36 (KHTML, like Gecko) Chrome/140.0.7339.127 Mobile Safari/537.36 (compatible; GoogleOther)"
66.249.66.12 - - [14/Sep/2025:15:12:30 +0300] "GET /shopbrand/173749114?fileloc=/python/moda/public_html/tech/xmlrpc.php&path=/python/moda/public_html/tech HTTP/1.1" 200 3573 "-" "Mozilla/5.0 (Linux; Android 6.0.1; Nexus 5X Build/MMB29P) AppleWebKit/537.36 (KHTML, like Gecko) Chrome/140.0.7339.127 Mobile Safari/537.36 (compatible; GoogleOther)"
216.73.216.136 - - [14/Sep/2025:15:12:15 +0300] "GET /shopbrand/173155603?fileloc=%2Fpython%2Fmoda%2Fpublic_html%2Ftech%2Frobots.txt&path=%2Fpython%2Fmoda%2Fpublic_html%2Ftech HTTP/2" 200 2568 "-" "Mozilla/5.0 AppleWebKit/537.36 (KHTML, like Gecko; compatible; ClaudeBot/1.0; +claudebot@anthropic.com)"
66.249.66.12 - - [14/Sep/2025:15:12:15 +0300] "GET /shopbrand/1626199 HTTP/1.1" 200 18345 "-" "Mozilla/5.0 (Linux; Android 6.0.1; Nexus 5X Build/MMB29P) AppleWebKit/537.36 (KHTML, like Gecko) Chrome/140.0.7339.127 Mobile Safari/537.36 (compatible; Googlebot/2.1; +http://www.google.com/bot.html)"
66.249.66.45 - - [14/Sep/2025:15:12:18 +0300] "GET /shopbrand/184252178?fileloc=/python/moda/public_html/tech/wp-trackback.php&path=/python/moda/public_html/tech HTTP/1.1" 200 4458 "-" "Mozilla/5.0 (Linux; Android 6.0.1; Nexus 5X Build/MMB29P) AppleWebKit/537.36 (KHTML, like Gecko) Chrome/140.0.7339.127 Mobile Safari/537.36 (compatible; GoogleOther)"
216.73.216.136 - - [14/Sep/2025:15:12:18 +0300] "GET /shopbrand/236422642?fileloc=%2Fpython%2Fmoda%2Fpublic_html%2Ftech%2F.htaccess&path=%2Fpython%2Fmoda%2Fpublic_html%2Ftech HTTP/2" 200 3326 "-" "Mozilla/5.0 AppleWebKit/537.36 (KHTML, like Gecko; compatible; ClaudeBot/1.0; +claudebot@anthropic.com)"
217.113.194.9 - - [14/Sep/2025:15:12:18 +0300] "GET /2025/07/26/embrace-the-thrill-of-risky-leaps-in-the-fiery/ HTTP/1.1" 200 4917 "-" "Mozilla/5.0 (compatible; Barkrowler/0.9; +https://babbar.tech/crawler)"
216.73.216.136 - - [14/Sep/2025:15:12:21 +0300] "GET /shopbrand/236427651?fileloc=%2Fpython%2Fmoda%2Fpublic_html%2Ftech%2Fvpqwx.php&path=%2Fpython%2Fmoda%2Fpublic_html%2Ftech HTTP/2" 200 6141 "-" "Mozilla/5.0 AppleWebKit/537.36 (KHTML, like Gecko; compatible; ClaudeBot/1.0; +claudebot@anthropic.com)"
216.73.216.136 - - [14/Sep/2025:15:12:24 +0300] "GET /shopbrand/236477109?fileloc=%2Fpython%2Fmoda%2Fpublic_html%2Ftech%2F.htaccess&path=%2Fpython%2Fmoda%2Fpublic_html%2Ftech HTTP/2" 200 3326 "-" "Mozilla/5.0 AppleWebKit/537.36 (KHTML, like Gecko; compatible; ClaudeBot/1.0; +claudebot@anthropic.com)"
216.73.216.136 - - [14/Sep/2025:15:12:27 +0300] "GET /category/777slot-vip-841/feed?fileloc=%2Fpython%2Fmoda%2Fpublic_html%2Ftech%2Fold%2Fdist.loghandler.php&path=%2Fpython%2Fmoda%2Fpublic_html%2Ftech%2Fold HTTP/2" 200 3253 "-" "Mozilla/5.0 AppleWebKit/537.36 (KHTML, like Gecko; compatible; ClaudeBot/1.0; +claudebot@anthropic.com)"
216.73.216.136 - - [14/Sep/2025:15:12:30 +0300] "GET /shopbrand/236447468?fileloc=%2Fpython%2Fmoda%2Fpublic_html%2Ftech%2Frobots.txt&path=%2Fpython%2Fmoda%2Fpublic_html%2Ftech HTTP/2" 200 2568 "-" "Mozilla/5.0 AppleWebKit/537.36 (KHTML, like Gecko; compatible; ClaudeBot/1.0; +claudebot@anthropic.com)"
66.249.66.13 - - [14/Sep/2025:15:12:32 +0300] "GET /shopbrand/195806157 HTTP/1.1" 200 19159 "-" "Mozilla/5.0 (Linux; Android 6.0.1; Nexus 5X Build/MMB29P) AppleWebKit/537.36 (KHTML, like Gecko) Chrome/140.0.7339.127 Mobile Safari/537.36 (compatible; Googlebot/2.1; +http://www.google.com/bot.html)"
216.73.216.136 - - [14/Sep/2025:15:12:33 +0300] "GET /shopbrand/236434504?fileloc=%2Fpython%2Fmoda%2Fpublic_html%2Ftech%2F.htaccess&path=%2Fpython%2Fmoda%2Fpublic_html%2Ftech HTTP/2" 200 3326 "-" "Mozilla/5.0 AppleWebKit/537.36 (KHTML, like Gecko; compatible; ClaudeBot/1.0; +claudebot@anthropic.com)"
216.73.216.136 - - [14/Sep/2025:15:12:36 +0300] "GET /shopbrand/173155650?fileloc=%2Fpython%2Fmoda%2Fpublic_html%2Ftech%2Freadme.html&path=%2Fpython%2Fmoda%2Fpublic_html%2Ftech HTTP/2" 200 5532 "-" "Mozilla/5.0 AppleWebKit/537.36 (KHTML, like Gecko; compatible; ClaudeBot/1.0; +claudebot@anthropic.com)"
66.249.66.12 - - [14/Sep/2025:15:12:37 +0300] "GET /shopbrand/23319860?path=/python HTTP/1.1" 200 2792 "-" "Mozilla/5.0 (Linux; Android 6.0.1; Nexus 5X Build/MMB29P) AppleWebKit/537.36 (KHTML, like Gecko) Chrome/140.0.7339.127 Mobile Safari/537.36 (compatible; GoogleOther)"
66.249.66.13 - - [14/Sep/2025:15:12:30 +0300] "GET /shopbrand/83988878 HTTP/1.1" 200 19843 "-" "Mozilla/5.0 (Linux; Android 6.0.1; Nexus 5X Build/MMB29P) AppleWebKit/537.36 (KHTML, like Gecko) Chrome/140.0.7339.127 Mobile Safari/537.36 (compatible; Googlebot/2.1; +http://www.google.com/bot.html)"
34.196.6.199 - - [14/Sep/2025:15:12:30 +0300] "GET /category/vulkanvegas-209/?path=//bin HTTP/1.1" 200 27191 "-" "Mozilla/5.0 AppleWebKit/537.36 (KHTML, like Gecko; compatible; Amazonbot/0.1; +https://developer.amazon.com/support/amazonbot) Chrome/119.0.6045.214 Safari/537.36"
66.249.66.13 - - [14/Sep/2025:15:12:31 +0300] "POST /get-message-notify HTTP/1.1" 200 19706 "https://tech.modatechnologies.co.uk/shopbrand/183026793" "Mozilla/5.0 (Linux; Android 6.0.1; Nexus 5X Build/MMB29P) AppleWebKit/537.36 (KHTML, like Gecko) Chrome/139.0.7258.127 Mobile Safari/537.36 (compatible; Googlebot/2.1; +http://www.google.com/bot.html)"
66.249.66.13 - - [14/Sep/2025:15:12:32 +0300] "POST /get-message-notify HTTP/1.1" 200 19706 "https://tech.modatechnologies.co.uk/shopbrand/161312861" "Mozilla/5.0 (Linux; Android 6.0.1; Nexus 5X Build/MMB29P) AppleWebKit/537.36 (KHTML, like Gecko) Chrome/139.0.7258.127 Mobile Safari/537.36 (compatible; Googlebot/2.1; +http://www.google.com/bot.html)"
20.171.207.118 - - [14/Sep/2025:15:12:33 +0300] "GET /theme/casino/free-slots-bonus-no-deposit-id-card-details-ireland.html?path=//proc/thread-self/root/proc/self/root/proc/thread-self/root/proc/self/root/proc/self/root/proc/thread-self/root/var/softaculous/prototype/images HTTP/2" 200 3091 "-" "Mozilla/5.0 AppleWebKit/537.36 (KHTML, like Gecko; compatible; GPTBot/1.2; +https://openai.com/gptbot)"
34.231.77.232 - - [14/Sep/2025:15:12:34 +0300] "GET /tag/cresus-online-casino/?path=//etc HTTP/1.1" 200 6824 "-" "Mozilla/5.0 AppleWebKit/537.36 (KHTML, like Gecko; compatible; Amazonbot/0.1; +https://developer.amazon.com/support/amazonbot) Chrome/119.0.6045.214 Safari/537.36"
66.249.66.13 - - [14/Sep/2025:15:12:36 +0300] "GET /product/unles50813220.htm?fileloc=/python/moda/public_html/tech/.htaccess&path=/python/moda/public_html/tech HTTP/1.1" 200 3326 "-" "Mozilla/5.0 (Linux; Android 6.0.1; Nexus 5X Build/MMB29P) AppleWebKit/537.36 (KHTML, like Gecko) Chrome/140.0.7339.127 Mobile Safari/537.36 (compatible; GoogleOther)"
20.171.207.118 - - [14/Sep/2025:15:12:36 +0300] "GET /theme/casino/free-slots-bonus-no-deposit-id-card-details-ireland.html?path=//proc/thread-self/root/proc/self/root/proc/thread-self/root/proc/self/root/proc/self/root/proc/thread-self/root/var/softaculous/tangobb/images HTTP/2" 200 3053 "-" "Mozilla/5.0 AppleWebKit/537.36 (KHTML, like Gecko; compatible; GPTBot/1.2; +https://openai.com/gptbot)"
66.249.66.13 - - [14/Sep/2025:15:12:38 +0300] "GET /shopbrand/83938284 HTTP/1.1" 200 3875 "-" "Mozilla/5.0 (Linux; Android 6.0.1; Nexus 5X Build/MMB29P) AppleWebKit/537.36 (KHTML, like Gecko) Chrome/140.0.7339.127 Mobile Safari/537.36 (compatible; GoogleOther)"
50.17.193.48 - - [14/Sep/2025:15:12:39 +0300] "GET /2025/08/10/uptown-pokies-casino-login-90/?path=//usr HTTP/1.1" 200 3675 "-" "Mozilla/5.0 AppleWebKit/537.36 (KHTML, like Gecko; compatible; Amazonbot/0.1; +https://developer.amazon.com/support/amazonbot) Chrome/119.0.6045.214 Safari/537.36"
20.171.207.118 - - [14/Sep/2025:15:12:39 +0300] "GET /theme/casino/free-slots-bonus-no-deposit-id-card-details-ireland.html?path=//proc/thread-self/root/proc/self/root/proc/thread-self/root/proc/self/root/proc/self/root/proc/thread-self/root/var/softaculous/uvdesk/images HTTP/2" 200 3056 "-" "Mozilla/5.0 AppleWebKit/537.36 (KHTML, like Gecko; compatible; GPTBot/1.2; +https://openai.com/gptbot)"
20.171.207.118 - - [14/Sep/2025:15:12:42 +0300] "GET /theme/casino/free-slots-bonus-no-deposit-id-card-details-ireland.html?path=//proc/thread-self/root/proc/self/root/proc/thread-self/root/proc/self/root/proc/self/root/proc/thread-self/root/var/softaculous/orange HTTP/2" 200 3866 "-" "Mozilla/5.0 AppleWebKit/537.36 (KHTML, like Gecko; compatible; GPTBot/1.2; +https://openai.com/gptbot)"
20.171.207.47 - - [14/Sep/2025:15:12:31 +0300] "GET /?path=//run/systemd HTTP/2" 200 2802 "-" "Mozilla/5.0 AppleWebKit/537.36 (KHTML, like Gecko; compatible; GPTBot/1.2; +https://openai.com/gptbot)"
20.171.207.47 - - [14/Sep/2025:15:12:34 +0300] "GET /?path=//run/console HTTP/2" 200 2556 "-" "Mozilla/5.0 AppleWebKit/537.36 (KHTML, like Gecko; compatible; GPTBot/1.2; +https://openai.com/gptbot)"
66.249.66.12 - - [14/Sep/2025:15:12:35 +0300] "GET /shopbrand/195804245 HTTP/1.1" 200 19411 "-" "Mozilla/5.0 (Linux; Android 6.0.1; Nexus 5X Build/MMB29P) AppleWebKit/537.36 (KHTML, like Gecko) Chrome/140.0.7339.127 Mobile Safari/537.36 (compatible; Googlebot/2.1; +http://www.google.com/bot.html)"
20.171.207.47 - - [14/Sep/2025:15:12:37 +0300] "GET /?path=//opt/alt/python39/lib64/python3.9/zoneinfo/__pycache__ HTTP/2" 200 3213 "-" "Mozilla/5.0 AppleWebKit/537.36 (KHTML, like Gecko; compatible; GPTBot/1.2; +https://openai.com/gptbot)"
20.171.207.47 - - [14/Sep/2025:15:12:40 +0300] "GET /?path=//usr/lib64/glib-2.0/include HTTP/2" 200 2855 "-" "Mozilla/5.0 AppleWebKit/537.36 (KHTML, like Gecko; compatible; GPTBot/1.2; +https://openai.com/gptbot)"
52.0.63.151 - - [14/Sep/2025:15:12:42 +0300] "GET /2022/10/21/alcohol-brain-fog-symptoms-causes-how-to-heal/?path=//python HTTP/1.1" 200 3241 "-" "Mozilla/5.0 AppleWebKit/537.36 (KHTML, like Gecko; compatible; Amazonbot/0.1; +https://developer.amazon.com/support/amazonbot) Chrome/119.0.6045.214 Safari/537.36"
66.249.66.12 - - [14/Sep/2025:15:12:43 +0300] "POST /get-message-notify HTTP/1.1" 200 19706 "https://tech.modatechnologies.co.uk/shopbrand/183026550" "Mozilla/5.0 (Linux; Android 6.0.1; Nexus 5X Build/MMB29P) AppleWebKit/537.36 (KHTML, like Gecko) Chrome/139.0.7258.127 Mobile Safari/537.36 (compatible; Googlebot/2.1; +http://www.google.com/bot.html)"
20.171.207.47 - - [14/Sep/2025:15:12:44 +0300] "GET /?fileloc=//usr/lib64/python3.9/lib2to3/PatternGrammar3.9.21.final.0.pickle&path=//usr/lib64/python3.9/lib2to3 HTTP/2" 200 3212 "-" "Mozilla/5.0 AppleWebKit/537.36 (KHTML, like Gecko; compatible; GPTBot/1.2; +https://openai.com/gptbot)"
66.249.66.12 - - [14/Sep/2025:15:12:45 +0300] "GET /shopbrand/195804198 HTTP/1.1" 200 17880 "-" "Mozilla/5.0 (Linux; Android 6.0.1; Nexus 5X Build/MMB29P) AppleWebKit/537.36 (KHTML, like Gecko) Chrome/140.0.7339.127 Mobile Safari/537.36 (compatible; Googlebot/2.1; +http://www.google.com/bot.html)"
52.205.222.214 - - [14/Sep/2025:15:12:47 +0300] "GET /tag/1win-register-login/?path=/python/moda/public_html/tech/old/templates_c HTTP/1.1" 200 3649 "-" "Mozilla/5.0 AppleWebKit/537.36 (KHTML, like Gecko; compatible; Amazonbot/0.1; +https://developer.amazon.com/support/amazonbot) Chrome/119.0.6045.214 Safari/537.36"
20.171.207.47 - - [14/Sep/2025:15:12:47 +0300] "GET /?fileloc=//lib/systemd/system-generators/systemd-system-update-generator&path=//lib/systemd/system-generators HTTP/2" 200 7405 "-" "Mozilla/5.0 AppleWebKit/537.36 (KHTML, like Gecko; compatible; GPTBot/1.2; +https://openai.com/gptbot)"
198.244.242.156 - - [14/Sep/2025:15:12:47 +0300] "GET /2025/08/16/leonbet-casino-passe-au-crible/ HTTP/2" 200 3919 "-" "Mozilla/5.0 (compatible; AhrefsBot/7.0; +http://ahrefs.com/robot/)"
66.249.66.12 - - [14/Sep/2025:15:12:48 +0300] "GET /shopbrand/195803955 HTTP/1.1" 200 18439 "-" "Mozilla/5.0 (Linux; Android 6.0.1; Nexus 5X Build/MMB29P) AppleWebKit/537.36 (KHTML, like Gecko) Chrome/140.0.7339.127 Mobile Safari/537.36 (compatible; Googlebot/2.1; +http://www.google.com/bot.html)"
20.171.207.47 - - [14/Sep/2025:15:12:50 +0300] "GET /?fileloc=//lib/systemd/system-generators/systemd-fstab-generator&path=//lib/systemd/system-generators HTTP/2" 200 22143 "-" "Mozilla/5.0 AppleWebKit/537.36 (KHTML, like Gecko; compatible; GPTBot/1.2; +https://openai.com/gptbot)"
216.73.216.136 - - [14/Sep/2025:15:12:39 +0300] "GET /shopbrand/94945488?path=%2Fpython%2Fmoda%2Fpublic_html%2Ftech%2Fwordpress HTTP/2" 200 3300 "-" "Mozilla/5.0 AppleWebKit/537.36 (KHTML, like Gecko; compatible; ClaudeBot/1.0; +claudebot@anthropic.com)"
66.249.66.13 - - [14/Sep/2025:15:12:39 +0300] "GET /shopbrand/1628194 HTTP/1.1" 200 17986 "-" "Mozilla/5.0 (Linux; Android 6.0.1; Nexus 5X Build/MMB29P) AppleWebKit/537.36 (KHTML, like Gecko) Chrome/140.0.7339.127 Mobile Safari/537.36 (compatible; Googlebot/2.1; +http://www.google.com/bot.html)"
154.54.249.193 - - [14/Sep/2025:15:12:40 +0300] "GET /2025/07/26/can-a-daring-chicken-conquer-fiery-challenges-on/ HTTP/1.1" 200 4886 "-" "Mozilla/5.0 (compatible; Barkrowler/0.9; +https://babbar.tech/crawler)"
66.249.66.13 - - [14/Sep/2025:15:12:40 +0300] "GET /shopbrand/195805428 HTTP/1.1" 200 20981 "-" "Mozilla/5.0 (Linux; Android 6.0.1; Nexus 5X Build/MMB29P) AppleWebKit/537.36 (KHTML, like Gecko) Chrome/140.0.7339.127 Mobile Safari/537.36 (compatible; Googlebot/2.1; +http://www.google.com/bot.html)"
216.73.216.136 - - [14/Sep/2025:15:12:42 +0300] "GET /shopbrand/236426353?fileloc=%2Fpython%2Fmoda%2Fpublic_html%2Ftech%2F.htaccess&path=%2Fpython%2Fmoda%2Fpublic_html%2Ftech HTTP/2" 200 3326 "-" "Mozilla/5.0 AppleWebKit/537.36 (KHTML, like Gecko; compatible; ClaudeBot/1.0; +claudebot@anthropic.com)"
66.249.66.14 - - [14/Sep/2025:15:12:44 +0300] "GET /shopbrand/195803793 HTTP/1.1" 200 20060 "-" "Mozilla/5.0 (Linux; Android 6.0.1; Nexus 5X Build/MMB29P) AppleWebKit/537.36 (KHTML, like Gecko) Chrome/140.0.7339.127 Mobile Safari/537.36 (compatible; Googlebot/2.1; +http://www.google.com/bot.html)"
216.73.216.136 - - [14/Sep/2025:15:12:45 +0300] "GET /2025/09/12/1win-onlain-760/feed?path=%2Fpython%2Fmoda%2Fpublic_html%2Ftech%2Fwp-includes%2Fpomo HTTP/2" 200 3320 "-" "Mozilla/5.0 AppleWebKit/537.36 (KHTML, like Gecko; compatible; ClaudeBot/1.0; +claudebot@anthropic.com)"
66.249.66.14 - - [14/Sep/2025:15:12:45 +0300] "GET /shopbrand/100466463?fileloc=/python/moda/public_html/tech/error_log&path=/python/moda/public_html/tech HTTP/1.1" 200 2448 "-" "Mozilla/5.0 (Linux; Android 6.0.1; Nexus 5X Build/MMB29P) AppleWebKit/537.36 (KHTML, like Gecko) Chrome/140.0.7339.127 Mobile Safari/537.36 (compatible; GoogleOther)"
66.249.66.14 - - [14/Sep/2025:15:12:48 +0300] "GET /shopbrand/230721177 HTTP/1.1" 200 3969 "-" "Mozilla/5.0 (Linux; Android 6.0.1; Nexus 5X Build/MMB29P) AppleWebKit/537.36 (KHTML, like Gecko) Chrome/140.0.7339.127 Mobile Safari/537.36 (compatible; GoogleOther)"
216.73.216.136 - - [14/Sep/2025:15:12:48 +0300] "GET /shopbrand/236431976?fileloc=%2Fpython%2Fmoda%2Fpublic_html%2Ftech%2Fvpqwx.php&path=%2Fpython%2Fmoda%2Fpublic_html%2Ftech HTTP/2" 200 6141 "-" "Mozilla/5.0 AppleWebKit/537.36 (KHTML, like Gecko; compatible; ClaudeBot/1.0; +claudebot@anthropic.com)"
66.249.66.14 - - [14/Sep/2025:15:12:50 +0300] "GET /2025/09/05/kasyno-internetowe-jak-sprawdzi-licencj-operatora-37/?fileloc=//usr/lib/firmware/cirrus/cs35l41-dsp1-spk-prot-103c8cde-spkid0.bin.xz&path=//usr/lib/firmware/cirrus HTTP/1.1" 200 4678 "-" "Mozilla/5.0 (Linux; Android 6.0.1; Nexus 5X Build/MMB29P) AppleWebKit/537.36 (KHTML, like Gecko) Chrome/140.0.7339.127 Mobile Safari/537.36 (compatible; GoogleOther)"
54.89.90.224 - - [14/Sep/2025:15:12:50 +0300] "GET /2025/07/30/ofitsialnyi-sait-mostbet-mostbet-vkhod-i-lichnyi-kabinet/?path=//root HTTP/1.1" 200 2987 "-" "Mozilla/5.0 AppleWebKit/537.36 (KHTML, like Gecko; compatible; Amazonbot/0.1; +https://developer.amazon.com/support/amazonbot) Chrome/119.0.6045.214 Safari/537.36"
216.73.216.136 - - [14/Sep/2025:15:12:51 +0300] "GET /2025/09/11/tadhana-slot-download-161/feed?fileloc=%2Fpython%2Fmoda%2Fpublic_html%2Ftech%2Fold%2Foauth%2Fuserinfo.php&path=%2Fpython%2Fmoda%2Fpublic_html%2Ftech%2Fold%2Foauth HTTP/2" 200 12787 "-" "Mozilla/5.0 AppleWebKit/537.36 (KHTML, like Gecko; compatible; ClaudeBot/1.0; +claudebot@anthropic.com)"
66.249.66.13 - - [14/Sep/2025:15:12:44 +0300] "GET /shopbrand/84124254?fileloc=/python/moda/public_html/tech/index.php&path=/python/moda/public_html/tech HTTP/1.1" 200 10985 "-" "Mozilla/5.0 (Linux; Android 6.0.1; Nexus 5X Build/MMB29P) AppleWebKit/537.36 (KHTML, like Gecko) Chrome/140.0.7339.127 Mobile Safari/537.36 (compatible; GoogleOther)"
20.171.207.118 - - [14/Sep/2025:15:12:46 +0300] "GET /theme/casino/free-slots-bonus-no-deposit-id-card-details-ireland.html?path=//proc/thread-self/root/proc/self/root/proc/thread-self/root/proc/self/root/proc/self/root/proc/thread-self/root/var/softaculous/zeus HTTP/2" 200 3639 "-" "Mozilla/5.0 AppleWebKit/537.36 (KHTML, like Gecko; compatible; GPTBot/1.2; +https://openai.com/gptbot)"
20.171.207.118 - - [14/Sep/2025:15:12:49 +0300] "GET /theme/casino/free-slots-bonus-no-deposit-id-card-details-ireland.html?path=//proc/thread-self/root/proc/self/root/proc/thread-self/root/proc/self/root/proc/self/root/proc/thread-self/root/var/softaculous/newsletter/images HTTP/2" 200 3051 "-" "Mozilla/5.0 AppleWebKit/537.36 (KHTML, like Gecko; compatible; GPTBot/1.2; +https://openai.com/gptbot)"
66.249.66.13 - - [14/Sep/2025:15:12:51 +0300] "GET /shopbrand/83987128 HTTP/1.1" 200 17969 "-" "Mozilla/5.0 (Linux; Android 6.0.1; Nexus 5X Build/MMB29P) AppleWebKit/537.36 (KHTML, like Gecko) Chrome/140.0.7339.127 Mobile Safari/537.36 (compatible; Googlebot/2.1; +http://www.google.com/bot.html)"
20.171.207.118 - - [14/Sep/2025:15:12:52 +0300] "GET /theme/casino/free-slots-bonus-no-deposit-id-card-details-ireland.html?path=//proc/thread-self/root/proc/self/root/proc/thread-self/root/proc/self/root/proc/self/root/proc/thread-self/root/var/softaculous/etano HTTP/2" 200 3661 "-" "Mozilla/5.0 AppleWebKit/537.36 (KHTML, like Gecko; compatible; GPTBot/1.2; +https://openai.com/gptbot)"
20.171.207.118 - - [14/Sep/2025:15:12:55 +0300] "GET /theme/casino/free-slots-bonus-no-deposit-id-card-details-ireland.html?path=//proc/thread-self/root/proc/self/root/proc/thread-self/root/proc/self/root/proc/self/root/proc/thread-self/root/var/softaculous/cake HTTP/2" 200 3518 "-" "Mozilla/5.0 AppleWebKit/537.36 (KHTML, like Gecko; compatible; GPTBot/1.2; +https://openai.com/gptbot)"
66.249.66.14 - - [14/Sep/2025:15:12:57 +0300] "GET /shopbrand/110379495 HTTP/1.1" 200 3943 "-" "Mozilla/5.0 (Linux; Android 6.0.1; Nexus 5X Build/MMB29P) AppleWebKit/537.36 (KHTML, like Gecko) Chrome/140.0.7339.127 Mobile Safari/537.36 (compatible; GoogleOther)"
20.171.207.118 - - [14/Sep/2025:15:12:58 +0300] "GET /theme/casino/free-slots-bonus-no-deposit-id-card-details-ireland.html?path=//proc/thread-self/root/proc/self/root/proc/thread-self/root/proc/self/root/proc/self/root/proc/thread-self/root/var/softaculous/orange/images HTTP/2" 200 3060 "-" "Mozilla/5.0 AppleWebKit/537.36 (KHTML, like Gecko; compatible; GPTBot/1.2; +https://openai.com/gptbot)"
20.171.207.118 - - [14/Sep/2025:15:13:01 +0300] "GET /theme/casino/free-slots-bonus-no-deposit-id-card-details-ireland.html?fileloc=//proc/thread-self/root/proc/self/root/proc/thread-self/root/proc/self/root/proc/self/root/proc/thread-self/root/var/softaculous/zeus/install.php&path=//proc/thread-self/root/proc/self/root/proc/thread-self/root/proc/self/root/proc/self/root/proc/thread-self/root/var/softaculous/zeus HTTP/2" 200 7199 "-" "Mozilla/5.0 AppleWebKit/537.36 (KHTML, like Gecko; compatible; GPTBot/1.2; +https://openai.com/gptbot)"
66.249.66.12 - - [14/Sep/2025:15:13:01 +0300] "GET /shopbrand/83989622 HTTP/1.1" 200 17763 "-" "Mozilla/5.0 (Linux; Android 6.0.1; Nexus 5X Build/MMB29P) AppleWebKit/537.36 (KHTML, like Gecko) Chrome/140.0.7339.127 Mobile Safari/537.36 (compatible; Googlebot/2.1; +http://www.google.com/bot.html)"
98.82.107.102 - - [14/Sep/2025:15:13:01 +0300] "GET /category/ice-kasyno-logowanie-194/?path=/python/moda/public_html/tech/wp-includes/rest-api HTTP/1.1" 200 3816 "-" "Mozilla/5.0 AppleWebKit/537.36 (KHTML, like Gecko; compatible; Amazonbot/0.1; +https://developer.amazon.com/support/amazonbot) Chrome/119.0.6045.214 Safari/537.36"
66.249.66.12 - - [14/Sep/2025:15:13:02 +0300] "POST /get-message-notify HTTP/1.1" 200 19706 "https://tech.modatechnologies.co.uk/shopbrand/174615847" "Mozilla/5.0 (Linux; Android 6.0.1; Nexus 5X Build/MMB29P) AppleWebKit/537.36 (KHTML, like Gecko) Chrome/139.0.7258.127 Mobile Safari/537.36 (compatible; Googlebot/2.1; +http://www.google.com/bot.html)"
66.249.66.13 - - [14/Sep/2025:15:13:02 +0300] "GET /shopbrand/230271321 HTTP/1.1" 200 19769 "-" "Mozilla/5.0 (Linux; Android 6.0.1; Nexus 5X Build/MMB29P) AppleWebKit/537.36 (KHTML, like Gecko) Chrome/140.0.7339.127 Mobile Safari/537.36 (compatible; Googlebot/2.1; +http://www.google.com/bot.html)"
66.249.66.13 - - [14/Sep/2025:15:13:03 +0300] "GET /2025/09/10/delivery-service-655?fileloc=/python/moda/www/tech/wp-includes/widgets/class-wp-widget-media-image.php&path=/python/moda/www/tech/wp-includes/widgets HTTP/1.1" 200 6240 "-" "Mozilla/5.0 (Linux; Android 6.0.1; Nexus 5X Build/MMB29P) AppleWebKit/537.36 (KHTML, like Gecko) Chrome/140.0.7339.127 Mobile Safari/537.36 (compatible; GoogleOther)"
217.113.194.5 - - [14/Sep/2025:15:13:03 +0300] "GET /2025/06/29/plinko-casino-gioco-gioca-per-soldi-272/feed/ HTTP/1.1" 200 4917 "-" "Mozilla/5.0 (compatible; Barkrowler/0.9; +https://babbar.tech/crawler)"
20.171.207.118 - - [14/Sep/2025:15:13:04 +0300] "GET /theme/casino/free-slots-bonus-no-deposit-id-card-details-ireland.html?path=//proc/thread-self/root/proc/self/root/proc/thread-self/root/proc/self/root/proc/self/root/proc/thread-self/root/var/softaculous/zeus/images HTTP/2" 200 3044 "-" "Mozilla/5.0 AppleWebKit/537.36 (KHTML, like Gecko; compatible; GPTBot/1.2; +https://openai.com/gptbot)"
66.249.66.14 - - [14/Sep/2025:15:13:04 +0300] "GET /shopbrand/24529054 HTTP/1.1" 200 18017 "-" "Mozilla/5.0 (Linux; Android 6.0.1; Nexus 5X Build/MMB29P) AppleWebKit/537.36 (KHTML, like Gecko) Chrome/140.0.7339.127 Mobile Safari/537.36 (compatible; Googlebot/2.1; +http://www.google.com/bot.html)"
66.249.66.13 - - [14/Sep/2025:15:13:05 +0300] "GET /shopbrand/197006795?fileloc=/python/moda/public_html/tech/.well-known/post-1755361041.php&path=/python/moda/public_html/tech/.well-known HTTP/1.1" 200 3099 "-" "Mozilla/5.0 (Linux; Android 6.0.1; Nexus 5X Build/MMB29P) AppleWebKit/537.36 (KHTML, like Gecko) Chrome/140.0.7339.127 Mobile Safari/537.36 (compatible; GoogleOther)"
66.249.66.13 - - [14/Sep/2025:15:13:06 +0300] "GET /shopbrand/131471863 HTTP/1.1" 200 18224 "-" "Mozilla/5.0 (Linux; Android 6.0.1; Nexus 5X Build/MMB29P) AppleWebKit/537.36 (KHTML, like Gecko) Chrome/140.0.7339.127 Mobile Safari/537.36 (compatible; Googlebot/2.1; +http://www.google.com/bot.html)"
66.249.66.13 - - [14/Sep/2025:15:13:06 +0300] "GET /shopbrand/108120761 HTTP/1.1" 200 3875 "-" "Mozilla/5.0 (Linux; Android 6.0.1; Nexus 5X Build/MMB29P) AppleWebKit/537.36 (KHTML, like Gecko) Chrome/140.0.7339.127 Mobile Safari/537.36 (compatible; GoogleOther)"
20.171.207.118 - - [14/Sep/2025:15:13:07 +0300] "GET /theme/casino/free-slots-bonus-no-deposit-id-card-details-ireland.html?path=//proc/thread-self/root/proc/self/root/proc/thread-self/root/proc/self/root/proc/self/root/proc/thread-self/root/var/softaculous/qdpm HTTP/2" 200 3804 "-" "Mozilla/5.0 AppleWebKit/537.36 (KHTML, like Gecko; compatible; GPTBot/1.2; +https://openai.com/gptbot)"
66.249.66.12 - - [14/Sep/2025:15:13:09 +0300] "GET /shopbrand/131470228 HTTP/1.1" 200 19884 "-" "Mozilla/5.0 (Linux; Android 6.0.1; Nexus 5X Build/MMB29P) AppleWebKit/537.36 (KHTML, like Gecko) Chrome/140.0.7339.127 Mobile Safari/537.36 (compatible; Googlebot/2.1; +http://www.google.com/bot.html)"
20.171.207.118 - - [14/Sep/2025:15:13:10 +0300] "GET /theme/casino/free-slots-bonus-no-deposit-id-card-details-ireland.html?path=//proc/thread-self/root/proc/self/root/proc/thread-self/root/proc/self/root/proc/self/root/proc/thread-self/root/var/softaculous/etano/images HTTP/2" 200 3045 "-" "Mozilla/5.0 AppleWebKit/537.36 (KHTML, like Gecko; compatible; GPTBot/1.2; +https://openai.com/gptbot)"
66.249.66.15 - - [14/Sep/2025:15:12:52 +0300] "GET /shopbrand/83985344 HTTP/1.1" 200 17948 "-" "Mozilla/5.0 (Linux; Android 6.0.1; Nexus 5X Build/MMB29P) AppleWebKit/537.36 (KHTML, like Gecko) Chrome/140.0.7339.127 Mobile Safari/537.36 (compatible; Googlebot/2.1; +http://www.google.com/bot.html)"
66.249.66.15 - - [14/Sep/2025:15:12:53 +0300] "GET /shopbrand/169029907 HTTP/1.1" 200 20375 "-" "Mozilla/5.0 (Linux; Android 6.0.1; Nexus 5X Build/MMB29P) AppleWebKit/537.36 (KHTML, like Gecko) Chrome/140.0.7339.127 Mobile Safari/537.36 (compatible; Googlebot/2.1; +http://www.google.com/bot.html)"
216.73.216.136 - - [14/Sep/2025:15:12:54 +0300] "GET /2025/09/12/20bet-login-473?fileloc=%2Fpython%2Fmoda%2Fpublic_html%2Ftech%2Fold%2Fannouncementsrss.php&path=%2Fpython%2Fmoda%2Fpublic_html%2Ftech%2Fold HTTP/2" 200 8384 "-" "Mozilla/5.0 AppleWebKit/537.36 (KHTML, like Gecko; compatible; ClaudeBot/1.0; +claudebot@anthropic.com)"
66.249.66.12 - - [14/Sep/2025:15:12:54 +0300] "GET /shopbrand/83988601 HTTP/1.1" 200 21103 "-" "Mozilla/5.0 (Linux; Android 6.0.1; Nexus 5X Build/MMB29P) AppleWebKit/537.36 (KHTML, like Gecko) Chrome/140.0.7339.127 Mobile Safari/537.36 (compatible; Googlebot/2.1; +http://www.google.com/bot.html)"
66.249.66.12 - - [14/Sep/2025:15:12:55 +0300] "GET /shopbrand/77808581?path=/python/moda/public_html/tech/wp-includes HTTP/1.1" 200 12950 "-" "Mozilla/5.0 (Linux; Android 6.0.1; Nexus 5X Build/MMB29P) AppleWebKit/537.36 (KHTML, like Gecko) Chrome/140.0.7339.127 Mobile Safari/537.36 (compatible; GoogleOther)"
66.249.66.14 - - [14/Sep/2025:15:12:55 +0300] "POST /get-message-notify HTTP/1.1" 200 19706 "https://tech.modatechnologies.co.uk/shopbrand/84251304" "Mozilla/5.0 (Linux; Android 6.0.1; Nexus 5X Build/MMB29P) AppleWebKit/537.36 (KHTML, like Gecko) Chrome/139.0.7258.127 Mobile Safari/537.36 (compatible; Googlebot/2.1; +http://www.google.com/bot.html)"
66.249.66.12 - - [14/Sep/2025:15:12:56 +0300] "GET /shopbrand/58663455?fileloc=/python/moda/public_html/tech/xmlrpc.php&path=/python/moda/public_html/tech HTTP/1.1" 200 3573 "-" "Mozilla/5.0 (Linux; Android 6.0.1; Nexus 5X Build/MMB29P) AppleWebKit/537.36 (KHTML, like Gecko) Chrome/140.0.7339.127 Mobile Safari/537.36 (compatible; GoogleOther)"
216.73.216.136 - - [14/Sep/2025:15:12:57 +0300] "GET /category/betriot-bonus-425?fileloc=%2Fpython%2Fmoda%2Fpublic_html%2Ftech%2Fwp-admin%2Fsite-health.php&path=%2Fpython%2Fmoda%2Fpublic_html%2Ftech%2Fwp-admin HTTP/2" 200 6321 "-" "Mozilla/5.0 AppleWebKit/537.36 (KHTML, like Gecko; compatible; ClaudeBot/1.0; +claudebot@anthropic.com)"
66.249.66.15 - - [14/Sep/2025:15:12:59 +0300] "GET /shopbrand/25721669 HTTP/1.1" 200 18939 "-" "Mozilla/5.0 (Linux; Android 6.0.1; Nexus 5X Build/MMB29P) AppleWebKit/537.36 (KHTML, like Gecko) Chrome/140.0.7339.127 Mobile Safari/537.36 (compatible; Googlebot/2.1; +http://www.google.com/bot.html)"
216.73.216.136 - - [14/Sep/2025:15:13:00 +0300] "GET /category/777slot-vip-841/feed?fileloc=%2Fpython%2Fmoda%2Fpublic_html%2Ftech%2Fvpqwx.php&path=%2Fpython%2Fmoda%2Fpublic_html%2Ftech HTTP/2" 200 6141 "-" "Mozilla/5.0 AppleWebKit/537.36 (KHTML, like Gecko; compatible; ClaudeBot/1.0; +claudebot@anthropic.com)"
34.224.132.215 - - [14/Sep/2025:15:13:02 +0300] "GET /tag/skycrown-app/?path=//var HTTP/1.1" 200 3740 "-" "Mozilla/5.0 AppleWebKit/537.36 (KHTML, like Gecko; compatible; Amazonbot/0.1; +https://developer.amazon.com/support/amazonbot) Chrome/119.0.6045.214 Safari/537.36"
