66.249.66.12 - - [14/Sep/2025:15:04:50 +0300] "GET /zhHant/product/surugaya/T2222906503?fileloc=/python/moda/public_html/tech/wp-includes/comment.php&path=/python/moda/public_html/tech/wp-includes HTTP/1.1" 200 33863 "-" "Mozilla/5.0 (Linux; Android 6.0.1; Nexus 5X Build/MMB29P) AppleWebKit/537.36 (KHTML, like Gecko) Chrome/140.0.7339.127 Mobile Safari/537.36 (compatible; GoogleOther)"
66.249.66.12 - - [14/Sep/2025:15:04:50 +0300] "POST /get-message-notify HTTP/1.1" 200 19706 "https://tech.modatechnologies.co.uk/shopbrand/174835459" "Mozilla/5.0 (Linux; Android 6.0.1; Nexus 5X Build/MMB29P) AppleWebKit/537.36 (KHTML, like Gecko) Chrome/139.0.7258.127 Mobile Safari/537.36 (compatible; Googlebot/2.1; +http://www.google.com/bot.html)"
66.249.66.12 - - [14/Sep/2025:15:04:51 +0300] "GET /shopbrand/174842881 HTTP/1.1" 200 19078 "-" "Mozilla/5.0 (Linux; Android 6.0.1; Nexus 5X Build/MMB29P) AppleWebKit/537.36 (KHTML, like Gecko) Chrome/140.0.7339.127 Mobile Safari/537.36 (compatible; Googlebot/2.1; +http://www.google.com/bot.html)"
66.249.66.12 - - [14/Sep/2025:15:04:52 +0300] "GET /shopbrand/202535565 HTTP/1.1" 200 20008 "-" "Mozilla/5.0 (Linux; Android 6.0.1; Nexus 5X Build/MMB29P) AppleWebKit/537.36 (KHTML, like Gecko) Chrome/140.0.7339.127 Mobile Safari/537.36 (compatible; Googlebot/2.1; +http://www.google.com/bot.html)"
216.73.216.136 - - [14/Sep/2025:15:04:53 +0300] "GET /blog-2/page/1881?fileloc=%2F%2Flib64%2Flibsndfile.so.1&path=%2F%2Flib64 HTTP/2" 200 177673 "-" "Mozilla/5.0 AppleWebKit/537.36 (KHTML, like Gecko; compatible; ClaudeBot/1.0; +claudebot@anthropic.com)"
66.249.66.12 - - [14/Sep/2025:15:04:54 +0300] "GET /shopbrand/174840596 HTTP/1.1" 200 18095 "-" "Mozilla/5.0 (Linux; Android 6.0.1; Nexus 5X Build/MMB29P) AppleWebKit/537.36 (KHTML, like Gecko) Chrome/140.0.7339.127 Mobile Safari/537.36 (compatible; Googlebot/2.1; +http://www.google.com/bot.html)"
216.73.216.136 - - [14/Sep/2025:15:04:56 +0300] "GET /blog-2/page/1881?fileloc=%2F%2Flib64%2Flibncurses++w.so&path=%2F%2Flib64 HTTP/2" 200 2502 "-" "Mozilla/5.0 AppleWebKit/537.36 (KHTML, like Gecko; compatible; ClaudeBot/1.0; +claudebot@anthropic.com)"
66.249.66.13 - - [14/Sep/2025:15:04:57 +0300] "GET /shopbrand/174845407 HTTP/1.1" 200 19106 "-" "Mozilla/5.0 (Linux; Android 6.0.1; Nexus 5X Build/MMB29P) AppleWebKit/537.36 (KHTML, like Gecko) Chrome/140.0.7339.127 Mobile Safari/537.36 (compatible; Googlebot/2.1; +http://www.google.com/bot.html)"
66.249.66.14 - - [14/Sep/2025:15:04:57 +0300] "POST /get-message-notify HTTP/1.1" 200 19706 "https://tech.modatechnologies.co.uk/shopbrand/174840596" "Mozilla/5.0 (Linux; Android 6.0.1; Nexus 5X Build/MMB29P) AppleWebKit/537.36 (KHTML, like Gecko) Chrome/139.0.7258.127 Mobile Safari/537.36 (compatible; Googlebot/2.1; +http://www.google.com/bot.html)"
216.73.216.136 - - [14/Sep/2025:15:04:59 +0300] "GET /2025/09/12/1win-onlain-760/feed?fileloc=%2F%2Fsbin%2Fpam_timestamp_check&path=%2F%2Fsbin HTTP/2" 200 6948 "-" "Mozilla/5.0 AppleWebKit/537.36 (KHTML, like Gecko; compatible; ClaudeBot/1.0; +claudebot@anthropic.com)"
66.249.66.12 - - [14/Sep/2025:15:05:00 +0300] "GET /zhHant/product/surugaya/T2066957052?fileloc=/python/moda/public_html/.htaccess&path=/python/moda/public_html HTTP/1.1" 200 3020 "-" "Mozilla/5.0 (Linux; Android 6.0.1; Nexus 5X Build/MMB29P) AppleWebKit/537.36 (KHTML, like Gecko) Chrome/140.0.7339.127 Mobile Safari/537.36 (compatible; GoogleOther)"
216.73.216.136 - - [14/Sep/2025:15:05:02 +0300] "GET /blog-2/page/1929?path=%2F%2Fetc%2Fenvironment-modules HTTP/2" 200 2890 "-" "Mozilla/5.0 AppleWebKit/537.36 (KHTML, like Gecko; compatible; ClaudeBot/1.0; +claudebot@anthropic.com)"
66.249.66.14 - - [14/Sep/2025:15:04:45 +0300] "GET /shopbrand/174836107 HTTP/1.1" 200 18281 "-" "Mozilla/5.0 (Linux; Android 6.0.1; Nexus 5X Build/MMB29P) AppleWebKit/537.36 (KHTML, like Gecko) Chrome/140.0.7339.127 Mobile Safari/537.36 (compatible; Googlebot/2.1; +http://www.google.com/bot.html)"
20.171.207.47 - - [14/Sep/2025:15:04:47 +0300] "GET /?path=/python/moda/tmp/pma_template_compiles_moda/twig/dc HTTP/2" 200 2896 "-" "Mozilla/5.0 AppleWebKit/537.36 (KHTML, like Gecko; compatible; GPTBot/1.2; +https://openai.com/gptbot)"
217.113.194.6 - - [14/Sep/2025:15:04:50 +0300] "GET /2025/08/30/une-aventure-captivante-aux-jeux-envoutants-vous/feed/ HTTP/1.1" 200 4895 "-" "Mozilla/5.0 (compatible; Barkrowler/0.9; +https://babbar.tech/crawler)"
20.171.207.47 - - [14/Sep/2025:15:04:50 +0300] "GET /?path=/python/moda/tmp/pma_template_compiles_moda/twig/ce HTTP/2" 200 2895 "-" "Mozilla/5.0 AppleWebKit/537.36 (KHTML, like Gecko; compatible; GPTBot/1.2; +https://openai.com/gptbot)"
66.249.66.14 - - [14/Sep/2025:15:04:50 +0300] "GET /shopbrand/174840805 HTTP/1.1" 200 18568 "-" "Mozilla/5.0 (Linux; Android 6.0.1; Nexus 5X Build/MMB29P) AppleWebKit/537.36 (KHTML, like Gecko) Chrome/140.0.7339.127 Mobile Safari/537.36 (compatible; Googlebot/2.1; +http://www.google.com/bot.html)"
3.209.174.110 - - [14/Sep/2025:15:04:51 +0300] "GET /tag/royal-win-app-login/?path=//dev HTTP/1.1" 200 3513 "-" "Mozilla/5.0 AppleWebKit/537.36 (KHTML, like Gecko; compatible; Amazonbot/0.1; +https://developer.amazon.com/support/amazonbot) Chrome/119.0.6045.214 Safari/537.36"
20.171.207.47 - - [14/Sep/2025:15:04:53 +0300] "GET /?path=/python/moda/tmp/pma_template_compiles_moda/twig/ed HTTP/2" 200 2897 "-" "Mozilla/5.0 AppleWebKit/537.36 (KHTML, like Gecko; compatible; GPTBot/1.2; +https://openai.com/gptbot)"
66.249.66.13 - - [14/Sep/2025:15:04:54 +0300] "GET /shopbrand/23965440 HTTP/1.1" 200 3940 "-" "Mozilla/5.0 (Linux; Android 6.0.1; Nexus 5X Build/MMB29P) AppleWebKit/537.36 (KHTML, like Gecko) Chrome/140.0.7339.127 Mobile Safari/537.36 (compatible; GoogleOther)"
107.20.25.33 - - [14/Sep/2025:15:04:54 +0300] "GET /tag/aviator-betting-game/?path=//bin HTTP/1.1" 200 27077 "-" "Mozilla/5.0 AppleWebKit/537.36 (KHTML, like Gecko; compatible; Amazonbot/0.1; +https://developer.amazon.com/support/amazonbot) Chrome/119.0.6045.214 Safari/537.36"
20.171.207.47 - - [14/Sep/2025:15:04:56 +0300] "GET /?path=/python/moda/tmp/pma_template_compiles_moda/twig/fd HTTP/2" 200 2897 "-" "Mozilla/5.0 AppleWebKit/537.36 (KHTML, like Gecko; compatible; GPTBot/1.2; +https://openai.com/gptbot)"
20.171.207.47 - - [14/Sep/2025:15:04:59 +0300] "GET /?path=//opt/alt/python310/lib64/python3.10/multiprocessing/dummy HTTP/2" 200 3003 "-" "Mozilla/5.0 AppleWebKit/537.36 (KHTML, like Gecko; compatible; GPTBot/1.2; +https://openai.com/gptbot)"
66.249.66.15 - - [14/Sep/2025:15:05:01 +0300] "GET /shopbrand/174844516 HTTP/1.1" 200 18294 "-" "Mozilla/5.0 (Linux; Android 6.0.1; Nexus 5X Build/MMB29P) AppleWebKit/537.36 (KHTML, like Gecko) Chrome/140.0.7339.127 Mobile Safari/537.36 (compatible; Googlebot/2.1; +http://www.google.com/bot.html)"
20.171.207.47 - - [14/Sep/2025:15:05:02 +0300] "GET /?fileloc=//python/moda/www/index.html&path=//python/moda/www HTTP/2" 200 3412 "-" "Mozilla/5.0 AppleWebKit/537.36 (KHTML, like Gecko; compatible; GPTBot/1.2; +https://openai.com/gptbot)"
66.249.66.14 - - [14/Sep/2025:15:05:04 +0300] "GET /shopbrand/194521690 HTTP/1.1" 200 3940 "-" "Mozilla/5.0 (Linux; Android 6.0.1; Nexus 5X Build/MMB29P) AppleWebKit/537.36 (KHTML, like Gecko) Chrome/140.0.7339.127 Mobile Safari/537.36 (compatible; GoogleOther)"
66.249.66.14 - - [14/Sep/2025:15:05:04 +0300] "GET /shopbrand/174843286 HTTP/1.1" 200 18766 "-" "Mozilla/5.0 (Linux; Android 6.0.1; Nexus 5X Build/MMB29P) AppleWebKit/537.36 (KHTML, like Gecko) Chrome/140.0.7339.127 Mobile Safari/537.36 (compatible; Googlebot/2.1; +http://www.google.com/bot.html)"
18.205.127.11 - - [14/Sep/2025:15:05:02 +0300] "GET /category/totalcasino-134/?path=//var HTTP/1.1" 200 3768 "-" "Mozilla/5.0 AppleWebKit/537.36 (KHTML, like Gecko; compatible; Amazonbot/0.1; +https://developer.amazon.com/support/amazonbot) Chrome/119.0.6045.214 Safari/537.36"
216.73.216.136 - - [14/Sep/2025:15:05:05 +0300] "GET /?fileloc=%2F%2Flib64%2Flibpwquality.so.1.0.2&path=%2F%2Flib64 HTTP/2" 200 12685 "-" "Mozilla/5.0 AppleWebKit/537.36 (KHTML, like Gecko; compatible; ClaudeBot/1.0; +claudebot@anthropic.com)"
66.249.66.13 - - [14/Sep/2025:15:05:07 +0300] "GET /shopbrand/174843043 HTTP/1.1" 200 22543 "-" "Mozilla/5.0 (Linux; Android 6.0.1; Nexus 5X Build/MMB29P) AppleWebKit/537.36 (KHTML, like Gecko) Chrome/140.0.7339.127 Mobile Safari/537.36 (compatible; Googlebot/2.1; +http://www.google.com/bot.html)"
216.73.216.136 - - [14/Sep/2025:15:05:08 +0300] "GET /shopbrand/119338565?path=%2Fpython HTTP/2" 200 2792 "-" "Mozilla/5.0 AppleWebKit/537.36 (KHTML, like Gecko; compatible; ClaudeBot/1.0; +claudebot@anthropic.com)"
66.249.66.13 - - [14/Sep/2025:15:05:08 +0300] "GET /shopbrand/174843333 HTTP/1.1" 200 18039 "-" "Mozilla/5.0 (Linux; Android 6.0.1; Nexus 5X Build/MMB29P) AppleWebKit/537.36 (KHTML, like Gecko) Chrome/140.0.7339.127 Mobile Safari/537.36 (compatible; Googlebot/2.1; +http://www.google.com/bot.html)"
66.249.66.13 - - [14/Sep/2025:15:05:10 +0300] "GET /shopbrand/202539649 HTTP/1.1" 200 19760 "-" "Mozilla/5.0 (Linux; Android 6.0.1; Nexus 5X Build/MMB29P) AppleWebKit/537.36 (KHTML, like Gecko) Chrome/140.0.7339.127 Mobile Safari/537.36 (compatible; Googlebot/2.1; +http://www.google.com/bot.html)"
31.57.87.119 - - [14/Sep/2025:15:05:11 +0300] "GET /2025/07/31/telegram-links-build-high-quality-backlinks-mass/ HTTP/2" 200 3972 "-" "Mozilla/5.0 (X11; Linux x86_64) AppleWebKit/537.36 (KHTML, like Gecko) Chrome/106.0.0.0 Safari/537.36"
216.73.216.136 - - [14/Sep/2025:15:05:11 +0300] "GET /?fileloc=%2F%2Flib64%2Flibxcb-xtest.so.0.0.0&path=%2F%2Flib64 HTTP/2" 200 5908 "-" "Mozilla/5.0 AppleWebKit/537.36 (KHTML, like Gecko; compatible; ClaudeBot/1.0; +claudebot@anthropic.com)"
66.249.66.13 - - [14/Sep/2025:15:05:11 +0300] "GET /shopbrand/174841244 HTTP/1.1" 200 18517 "-" "Mozilla/5.0 (Linux; Android 6.0.1; Nexus 5X Build/MMB29P) AppleWebKit/537.36 (KHTML, like Gecko) Chrome/140.0.7339.127 Mobile Safari/537.36 (compatible; Googlebot/2.1; +http://www.google.com/bot.html)"
66.249.66.13 - - [14/Sep/2025:15:05:11 +0300] "GET /shopbrand/174373984 HTTP/1.1" 200 19850 "-" "Mozilla/5.0 (Linux; Android 6.0.1; Nexus 5X Build/MMB29P) AppleWebKit/537.36 (KHTML, like Gecko) Chrome/140.0.7339.127 Mobile Safari/537.36 (compatible; Googlebot/2.1; +http://www.google.com/bot.html)"
66.249.66.12 - - [14/Sep/2025:15:05:13 +0300] "GET /shopbrand/53767578 HTTP/1.1" 200 3969 "-" "Mozilla/5.0 (Linux; Android 6.0.1; Nexus 5X Build/MMB29P) AppleWebKit/537.36 (KHTML, like Gecko) Chrome/140.0.7339.127 Mobile Safari/537.36 (compatible; GoogleOther)"
66.249.66.12 - - [14/Sep/2025:15:05:13 +0300] "GET /shopbrand/202533037 HTTP/1.1" 200 20252 "-" "Mozilla/5.0 (Linux; Android 6.0.1; Nexus 5X Build/MMB29P) AppleWebKit/537.36 (KHTML, like Gecko) Chrome/140.0.7339.127 Mobile Safari/537.36 (compatible; Googlebot/2.1; +http://www.google.com/bot.html)"
66.249.66.12 - - [14/Sep/2025:15:05:14 +0300] "GET /shopbrand/100969712?fileloc=/python/moda/public_html/tech/license.txt&path=/python/moda/public_html/tech HTTP/1.1" 200 9891 "-" "Mozilla/5.0 (Linux; Android 6.0.1; Nexus 5X Build/MMB29P) AppleWebKit/537.36 (KHTML, like Gecko) Chrome/140.0.7339.127 Mobile Safari/537.36 (compatible; GoogleOther)"
216.73.216.136 - - [14/Sep/2025:15:05:14 +0300] "GET /shopbrand/84038999?path=%2Fpython%2Fmoda HTTP/2" 200 3976 "-" "Mozilla/5.0 AppleWebKit/537.36 (KHTML, like Gecko; compatible; ClaudeBot/1.0; +claudebot@anthropic.com)"
52.1.106.130 - - [14/Sep/2025:15:04:59 +0300] "GET /tag/aviator-kto/?path=/python HTTP/1.1" 200 3266 "-" "Mozilla/5.0 AppleWebKit/537.36 (KHTML, like Gecko; compatible; Amazonbot/0.1; +https://developer.amazon.com/support/amazonbot) Chrome/119.0.6045.214 Safari/537.36"
20.171.207.118 - - [14/Sep/2025:15:05:00 +0300] "GET /theme/casino/free-slots-bonus-no-deposit-id-card-details-ireland.html?path=//proc/thread-self/root/proc/self/root/proc/thread-self/root/proc/self/root/proc/self/root/proc/thread-self/root/var/softaculous/uikit HTTP/2" 200 3441 "-" "Mozilla/5.0 AppleWebKit/537.36 (KHTML, like Gecko; compatible; GPTBot/1.2; +https://openai.com/gptbot)"
66.249.66.15 - - [14/Sep/2025:15:05:01 +0300] "GET /shopbrand/228704319?fileloc=/python/moda/public_html/tech/wp-settings.php&path=/python/moda/public_html/tech HTTP/1.1" 200 8779 "-" "Mozilla/5.0 (Linux; Android 6.0.1; Nexus 5X Build/MMB29P) AppleWebKit/537.36 (KHTML, like Gecko) Chrome/140.0.7339.127 Mobile Safari/537.36 (compatible; GoogleOther)"
20.171.207.118 - - [14/Sep/2025:15:05:04 +0300] "GET /theme/casino/free-slots-bonus-no-deposit-id-card-details-ireland.html?path=//proc/thread-self/root/proc/self/root/proc/thread-self/root/proc/self/root/proc/self/root/proc/thread-self/root/var/softaculous/fusio/images HTTP/2" 200 3047 "-" "Mozilla/5.0 AppleWebKit/537.36 (KHTML, like Gecko; compatible; GPTBot/1.2; +https://openai.com/gptbot)"
20.171.207.118 - - [14/Sep/2025:15:05:07 +0300] "GET /theme/casino/free-slots-bonus-no-deposit-id-card-details-ireland.html?path=//proc/thread-self/root/proc/self/root/proc/thread-self/root/proc/self/root/proc/self/root/proc/thread-self/root/var/softaculous/hablator/images HTTP/2" 200 3061 "-" "Mozilla/5.0 AppleWebKit/537.36 (KHTML, like Gecko; compatible; GPTBot/1.2; +https://openai.com/gptbot)"
20.171.207.118 - - [14/Sep/2025:15:05:10 +0300] "GET /theme/casino/free-slots-bonus-no-deposit-id-card-details-ireland.html?path=//proc/thread-self/root/proc/self/root/proc/thread-self/root/proc/self/root/proc/self/root/proc/thread-self/root/lib/node_modules/npm/node_modules/readable-stream/lib/internal/streams HTTP/2" 200 3415 "-" "Mozilla/5.0 AppleWebKit/537.36 (KHTML, like Gecko; compatible; GPTBot/1.2; +https://openai.com/gptbot)"
20.171.207.118 - - [14/Sep/2025:15:05:13 +0300] "GET /theme/casino/free-slots-bonus-no-deposit-id-card-details-ireland.html?path=//proc/thread-self/root/proc/self/root/proc/thread-self/root/proc/self/root/proc/self/root/proc/thread-self/root/var/softaculous/drupalcms HTTP/2" 200 3794 "-" "Mozilla/5.0 AppleWebKit/537.36 (KHTML, like Gecko; compatible; GPTBot/1.2; +https://openai.com/gptbot)"
217.113.194.7 - - [14/Sep/2025:15:05:14 +0300] "GET /2025/08/30/vavada-onlajn-kazino-2025-1661-3/feed/ HTTP/1.1" 200 4917 "-" "Mozilla/5.0 (compatible; Barkrowler/0.9; +https://babbar.tech/crawler)"
20.171.207.118 - - [14/Sep/2025:15:05:16 +0300] "GET /theme/casino/free-slots-bonus-no-deposit-id-card-details-ireland.html?path=//proc/thread-self/root/proc/self/root/proc/thread-self/root/proc/self/root/proc/self/root/proc/thread-self/root/var/softaculous/eventsch HTTP/2" 200 3659 "-" "Mozilla/5.0 AppleWebKit/537.36 (KHTML, like Gecko; compatible; GPTBot/1.2; +https://openai.com/gptbot)"
20.171.207.118 - - [14/Sep/2025:15:05:19 +0300] "GET /theme/casino/free-slots-bonus-no-deposit-id-card-details-ireland.html?path=//proc/thread-self/root/proc/self/root/proc/thread-self/root/proc/self/root/proc/self/root/proc/thread-self/root/var/softaculous/mybb HTTP/2" 200 3910 "-" "Mozilla/5.0 AppleWebKit/537.36 (KHTML, like Gecko; compatible; GPTBot/1.2; +https://openai.com/gptbot)"
20.171.207.118 - - [14/Sep/2025:15:05:22 +0300] "GET /theme/casino/free-slots-bonus-no-deposit-id-card-details-ireland.html?path=//proc/thread-self/root/proc/self/root/proc/thread-self/root/proc/self/root/proc/self/root/proc/thread-self/root/var/softaculous/cftp/images HTTP/2" 200 3044 "-" "Mozilla/5.0 AppleWebKit/537.36 (KHTML, like Gecko; compatible; GPTBot/1.2; +https://openai.com/gptbot)"
20.171.207.47 - - [14/Sep/2025:15:05:05 +0300] "GET /?fileloc=/python/moda/.gemrc&path=/python/moda HTTP/2" 200 2583 "-" "Mozilla/5.0 AppleWebKit/537.36 (KHTML, like Gecko; compatible; GPTBot/1.2; +https://openai.com/gptbot)"
66.249.66.13 - - [14/Sep/2025:15:05:07 +0300] "GET /zhHant/product/surugaya/T647022664?fileloc=/python/moda/public_html/tech/wp-content/plugins/easy-table-of-contents/README.txt&path=/python/moda/public_html/tech/wp-content/plugins/easy-table-of-contents HTTP/1.1" 200 10354 "-" "Mozilla/5.0 (Linux; Android 6.0.1; Nexus 5X Build/MMB29P) AppleWebKit/537.36 (KHTML, like Gecko) Chrome/140.0.7339.127 Mobile Safari/537.36 (compatible; GoogleOther)"
3.208.156.9 - - [14/Sep/2025:15:05:08 +0300] "GET /2025/09/11/bitcoin-%CE%B5%CF%80%CE%B9%CF%80%CE%BB%CE%AD%CE%BF%CE%BD-%CE%B1%CF%80%CF%8C%CF%83%CF%85%CF%81%CF%83%CE%B7-%CE%BC%CE%AF%CE%B1-%CE%B3%CE%B9%CE%B1-%CF%84%CE%B7-%CE%B8%CE%B5%CF%81%CE%B1%CF%80%CE%B5%CE%AF/?path=//usr HTTP/1.1" 200 3678 "-" "Mozilla/5.0 AppleWebKit/537.36 (KHTML, like Gecko; compatible; Amazonbot/0.1; +https://developer.amazon.com/support/amazonbot) Chrome/119.0.6045.214 Safari/537.36"
20.171.207.47 - - [14/Sep/2025:15:05:09 +0300] "GET /?path=//opt/alt/python311/lib64/python3.11 HTTP/2" 200 10144 "-" "Mozilla/5.0 AppleWebKit/537.36 (KHTML, like Gecko; compatible; GPTBot/1.2; +https://openai.com/gptbot)"
66.249.66.13 - - [14/Sep/2025:15:05:09 +0300] "GET /product/stron70160982.htm?path=/python/moda/public_html/tech/old/assets HTTP/1.1" 200 3258 "-" "Mozilla/5.0 (Linux; Android 6.0.1; Nexus 5X Build/MMB29P) AppleWebKit/537.36 (KHTML, like Gecko) Chrome/140.0.7339.127 Mobile Safari/537.36 (compatible; GoogleOther)"
20.171.207.47 - - [14/Sep/2025:15:05:12 +0300] "GET /?path=//opt/alt/dav1d/lib64 HTTP/2" 200 2891 "-" "Mozilla/5.0 AppleWebKit/537.36 (KHTML, like Gecko; compatible; GPTBot/1.2; +https://openai.com/gptbot)"
20.171.207.47 - - [14/Sep/2025:15:05:15 +0300] "GET /?fileloc=/python/moda/.bashrc&path=/python/moda HTTP/2" 200 2772 "-" "Mozilla/5.0 AppleWebKit/537.36 (KHTML, like Gecko; compatible; GPTBot/1.2; +https://openai.com/gptbot)"
20.171.207.47 - - [14/Sep/2025:15:05:18 +0300] "GET /?path=/python/moda/wordpress-backups HTTP/2" 200 2561 "-" "Mozilla/5.0 AppleWebKit/537.36 (KHTML, like Gecko; compatible; GPTBot/1.2; +https://openai.com/gptbot)"
3.81.253.213 - - [14/Sep/2025:15:05:19 +0300] "GET /2025/09/11/bitcoin-%CE%B5%CF%80%CE%B9%CF%80%CE%BB%CE%AD%CE%BF%CE%BD-%CE%B1%CF%80%CF%8C%CF%83%CF%85%CF%81%CF%83%CE%B7-%CE%BC%CE%AF%CE%B1-%CE%B3%CE%B9%CE%B1-%CF%84%CE%B7-%CE%B8%CE%B5%CF%81%CE%B1%CF%80%CE%B5%CE%AF/?fileloc=/python/moda/public_html/tech/wp-includes/category-template.php&path=/python/moda/public_html/tech/wp-includes HTTP/1.1" 200 19774 "-" "Mozilla/5.0 AppleWebKit/537.36 (KHTML, like Gecko; compatible; Amazonbot/0.1; +https://developer.amazon.com/support/amazonbot) Chrome/119.0.6045.214 Safari/537.36"
20.171.207.47 - - [14/Sep/2025:15:05:21 +0300] "GET /?path=//opt/alt/python310/lib64/python3.10/zoneinfo HTTP/2" 200 3090 "-" "Mozilla/5.0 AppleWebKit/537.36 (KHTML, like Gecko; compatible; GPTBot/1.2; +https://openai.com/gptbot)"
66.249.66.13 - - [14/Sep/2025:15:05:22 +0300] "GET /shopbrand/185419417 HTTP/1.1" 200 3969 "-" "Mozilla/5.0 (Linux; Android 6.0.1; Nexus 5X Build/MMB29P) AppleWebKit/537.36 (KHTML, like Gecko) Chrome/140.0.7339.127 Mobile Safari/537.36 (compatible; GoogleOther)"
20.171.207.47 - - [14/Sep/2025:15:05:24 +0300] "GET /?path=//opt/alt/python38/lib64/python3.8/config-3.8-x86_64-linux-gnu/__pycache__ HTTP/2" 200 2985 "-" "Mozilla/5.0 AppleWebKit/537.36 (KHTML, like Gecko; compatible; GPTBot/1.2; +https://openai.com/gptbot)"
66.249.66.13 - - [14/Sep/2025:15:05:25 +0300] "GET /shopbrand/174844469 HTTP/1.1" 200 19092 "-" "Mozilla/5.0 (Linux; Android 6.0.1; Nexus 5X Build/MMB29P) AppleWebKit/537.36 (KHTML, like Gecko) Chrome/140.0.7339.127 Mobile Safari/537.36 (compatible; Googlebot/2.1; +http://www.google.com/bot.html)"
66.249.66.12 - - [14/Sep/2025:15:05:14 +0300] "GET /shopbrand/202539568 HTTP/1.1" 200 18898 "-" "Mozilla/5.0 (Linux; Android 6.0.1; Nexus 5X Build/MMB29P) AppleWebKit/537.36 (KHTML, like Gecko) Chrome/140.0.7339.127 Mobile Safari/537.36 (compatible; Googlebot/2.1; +http://www.google.com/bot.html)"
66.249.66.12 - - [14/Sep/2025:15:05:16 +0300] "GET /shopbrand/174841453 HTTP/1.1" 200 17707 "-" "Mozilla/5.0 (Linux; Android 6.0.1; Nexus 5X Build/MMB29P) AppleWebKit/537.36 (KHTML, like Gecko) Chrome/140.0.7339.127 Mobile Safari/537.36 (compatible; Googlebot/2.1; +http://www.google.com/bot.html)"
216.73.216.136 - - [14/Sep/2025:15:05:17 +0300] "GET /2025/09/12/avis-sur-le-casino-en-ligne-golden-panda-en-france-153?fileloc=%2Fpython%2Fmoda%2Fpublic_html%2Ftech%2Fold%2Ftheme%2Fcasino%2Fslots-online-free-no-download.html&path=%2Fpython%2Fmoda%2Fpublic_html%2Ftech%2Fold%2Ftheme%2Fcasino HTTP/2" 200 4264 "-" "Mozilla/5.0 AppleWebKit/537.36 (KHTML, like Gecko; compatible; ClaudeBot/1.0; +claudebot@anthropic.com)"
66.249.66.12 - - [14/Sep/2025:15:05:17 +0300] "GET /shopbrand/174843495 HTTP/1.1" 200 23174 "-" "Mozilla/5.0 (Linux; Android 6.0.1; Nexus 5X Build/MMB29P) AppleWebKit/537.36 (KHTML, like Gecko) Chrome/140.0.7339.127 Mobile Safari/537.36 (compatible; Googlebot/2.1; +http://www.google.com/bot.html)"
66.249.66.12 - - [14/Sep/2025:15:05:20 +0300] "GET /shopbrand/6421491?fileloc=/python/moda/public_html/tech/wp-signup.php&path=/python/moda/public_html/tech HTTP/1.1" 200 11372 "-" "Mozilla/5.0 (Linux; Android 6.0.1; Nexus 5X Build/MMB29P) AppleWebKit/537.36 (KHTML, like Gecko) Chrome/140.0.7339.127 Mobile Safari/537.36 (compatible; GoogleOther)"
216.73.216.136 - - [14/Sep/2025:15:05:20 +0300] "GET /author/admin/page/1917?path=%2F%2Fvar%2Fsoftaculous%2Fwp61%2Fplugins HTTP/2" 200 2574 "-" "Mozilla/5.0 AppleWebKit/537.36 (KHTML, like Gecko; compatible; ClaudeBot/1.0; +claudebot@anthropic.com)"
66.249.66.12 - - [14/Sep/2025:15:05:20 +0300] "GET /shopbrand/34175497?fileloc=/python/moda/public_html/tech/wp-config.php&path=/python/moda/public_html/tech HTTP/1.1" 200 4332 "-" "Mozilla/5.0 (Linux; Android 6.0.1; Nexus 5X Build/MMB29P) AppleWebKit/537.36 (KHTML, like Gecko) Chrome/140.0.7339.127 Mobile Safari/537.36 (compatible; GoogleOther)"
66.249.66.12 - - [14/Sep/2025:15:05:20 +0300] "GET /shopbrand/174843934 HTTP/1.1" 200 18098 "-" "Mozilla/5.0 (Linux; Android 6.0.1; Nexus 5X Build/MMB29P) AppleWebKit/537.36 (KHTML, like Gecko) Chrome/140.0.7339.127 Mobile Safari/537.36 (compatible; Googlebot/2.1; +http://www.google.com/bot.html)"
66.249.66.12 - - [14/Sep/2025:15:05:22 +0300] "GET /shopbrand/174843691 HTTP/1.1" 200 18056 "-" "Mozilla/5.0 (Linux; Android 6.0.1; Nexus 5X Build/MMB29P) AppleWebKit/537.36 (KHTML, like Gecko) Chrome/140.0.7339.127 Mobile Safari/537.36 (compatible; Googlebot/2.1; +http://www.google.com/bot.html)"
216.73.216.136 - - [14/Sep/2025:15:05:23 +0300] "GET /shopbrand/119349860?path=%2Fpython HTTP/2" 200 2792 "-" "Mozilla/5.0 AppleWebKit/537.36 (KHTML, like Gecko; compatible; ClaudeBot/1.0; +claudebot@anthropic.com)"
52.73.142.41 - - [14/Sep/2025:15:05:25 +0300] "GET /tag/1win-korea/?path=//lib64 HTTP/1.1" 200 87851 "-" "Mozilla/5.0 AppleWebKit/537.36 (KHTML, like Gecko; compatible; Amazonbot/0.1; +https://developer.amazon.com/support/amazonbot) Chrome/119.0.6045.214 Safari/537.36"
216.73.216.136 - - [14/Sep/2025:15:05:26 +0300] "GET /shopbrand/77800869?path=%2Fpython HTTP/2" 200 2792 "-" "Mozilla/5.0 AppleWebKit/537.36 (KHTML, like Gecko; compatible; ClaudeBot/1.0; +claudebot@anthropic.com)"
66.249.66.12 - - [14/Sep/2025:15:05:27 +0300] "GET /shopbrand/196017245?fileloc=/python/moda/public_html/tech/wp-signup.php&path=/python/moda/public_html/tech HTTP/1.1" 200 11372 "-" "Mozilla/5.0 (Linux; Android 6.0.1; Nexus 5X Build/MMB29P) AppleWebKit/537.36 (KHTML, like Gecko) Chrome/140.0.7339.127 Mobile Safari/537.36 (compatible; GoogleOther)"
54.85.126.86 - - [14/Sep/2025:15:05:28 +0300] "GET /category/188bet-%E0%B8%97%E0%B8%B2%E0%B8%87%E0%B9%80%E0%B8%82%E0%B9%89%E0%B8%B2%E0%B8%AA%E0%B9%8D%E0%B8%B2%E0%B8%A3%E0%B8%AD%E0%B8%87-64/?fileloc=/python/moda/public_html/tech/old/init.php&path=/python/moda/public_html/tech/old HTTP/1.1" 200 118649 "-" "Mozilla/5.0 AppleWebKit/537.36 (KHTML, like Gecko; compatible; Amazonbot/0.1; +https://developer.amazon.com/support/amazonbot) Chrome/119.0.6045.214 Safari/537.36"
216.73.216.136 - - [14/Sep/2025:15:05:29 +0300] "GET /shopbrand/114768881?path=%2Fpython HTTP/2" 200 2792 "-" "Mozilla/5.0 AppleWebKit/537.36 (KHTML, like Gecko; compatible; ClaudeBot/1.0; +claudebot@anthropic.com)"
66.249.66.12 - - [14/Sep/2025:15:05:29 +0300] "POST /get-message-notify HTTP/1.1" 200 19706 "https://tech.modatechnologies.co.uk/shopbrand/174843934" "Mozilla/5.0 (Linux; Android 6.0.1; Nexus 5X Build/MMB29P) AppleWebKit/537.36 (KHTML, like Gecko) Chrome/139.0.7258.127 Mobile Safari/537.36 (compatible; Googlebot/2.1; +http://www.google.com/bot.html)"
66.249.66.13 - - [14/Sep/2025:15:05:29 +0300] "GET /zhHant/product/surugaya/T167663902?fileloc=/python/moda/public_html/tech/wp-includes/customize/class-wp-customize-date-time-control.php&path=/python/moda/public_html/tech/wp-includes/customize HTTP/1.1" 200 5468 "-" "Mozilla/5.0 (Linux; Android 6.0.1; Nexus 5X Build/MMB29P) AppleWebKit/537.36 (KHTML, like Gecko) Chrome/140.0.7339.127 Mobile Safari/537.36 (compatible; GoogleOther)"
3.213.106.226 - - [14/Sep/2025:15:05:30 +0300] "GET /tag/chicken-cross-the-road-gambling-game/?path=//var HTTP/1.1" 200 3745 "-" "Mozilla/5.0 AppleWebKit/537.36 (KHTML, like Gecko; compatible; Amazonbot/0.1; +https://developer.amazon.com/support/amazonbot) Chrome/119.0.6045.214 Safari/537.36"
66.249.66.12 - - [14/Sep/2025:15:05:30 +0300] "GET /shopbrand/174841406 HTTP/1.1" 200 19569 "-" "Mozilla/5.0 (Linux; Android 6.0.1; Nexus 5X Build/MMB29P) AppleWebKit/537.36 (KHTML, like Gecko) Chrome/140.0.7339.127 Mobile Safari/537.36 (compatible; Googlebot/2.1; +http://www.google.com/bot.html)"
66.249.66.13 - - [14/Sep/2025:15:05:31 +0300] "GET /shopbrand/220638087 HTTP/1.1" 200 3875 "-" "Mozilla/5.0 (Linux; Android 6.0.1; Nexus 5X Build/MMB29P) AppleWebKit/537.36 (KHTML, like Gecko) Chrome/140.0.7339.127 Mobile Safari/537.36 (compatible; GoogleOther)"
216.73.216.136 - - [14/Sep/2025:15:05:32 +0300] "GET /2025/09/12/nv-kasyno-pl-269/feed?fileloc=%2F%2Fusr%2Flib64%2Flibgvc.so.6&path=%2F%2Fusr%2Flib64 HTTP/2" 200 249518 "-" "Mozilla/5.0 AppleWebKit/537.36 (KHTML, like Gecko; compatible; ClaudeBot/1.0; +claudebot@anthropic.com)"
66.249.66.12 - - [14/Sep/2025:15:05:33 +0300] "GET /zhHant/product/surugaya/T4173221897?campaign_uid=f64d716db5e979ed2f947dbaf4296895b951ae7f HTTP/1.1" 200 3921 "-" "Mozilla/5.0 (Linux; Android 6.0.1; Nexus 5X Build/MMB29P) AppleWebKit/537.36 (KHTML, like Gecko) Chrome/140.0.7339.127 Mobile Safari/537.36 (compatible; GoogleOther)"
66.249.66.12 - - [14/Sep/2025:15:05:33 +0300] "GET /shopbrand/184187179?fileloc=/python/moda/public_html/tech/wp-settings.php&path=/python/moda/public_html/tech HTTP/1.1" 200 8807 "-" "Mozilla/5.0 (Linux; Android 6.0.1; Nexus 5X Build/MMB29P) AppleWebKit/537.36 (KHTML, like Gecko) Chrome/140.0.7339.127 Mobile Safari/537.36 (compatible; GoogleOther)"
66.249.66.13 - - [14/Sep/2025:15:05:33 +0300] "GET /shopbrand/202533246 HTTP/1.1" 200 18324 "-" "Mozilla/5.0 (Linux; Android 6.0.1; Nexus 5X Build/MMB29P) AppleWebKit/537.36 (KHTML, like Gecko) Chrome/140.0.7339.127 Mobile Safari/537.36 (compatible; Googlebot/2.1; +http://www.google.com/bot.html)"
216.73.216.136 - - [14/Sep/2025:15:05:35 +0300] "GET /2025/09/12/avis-sur-le-casino-en-ligne-golden-panda-en-france-153?fileloc=%2Fpython%2Fmoda%2Fpublic_html%2Ftech%2Fold%2Ftheme%2Fcasino%2Fplay-20p-roulette-demo.html&path=%2Fpython%2Fmoda%2Fpublic_html%2Ftech%2Fold%2Ftheme%2Fcasino HTTP/2" 200 4767 "-" "Mozilla/5.0 AppleWebKit/537.36 (KHTML, like Gecko; compatible; ClaudeBot/1.0; +claudebot@anthropic.com)"
20.171.207.118 - - [14/Sep/2025:15:05:25 +0300] "GET /theme/casino/free-slots-bonus-no-deposit-id-card-details-ireland.html?path=//proc/thread-self/root/proc/self/root/proc/thread-self/root/proc/self/root/proc/self/root/proc/thread-self/root/var/softaculous/uikit/images HTTP/2" 200 3044 "-" "Mozilla/5.0 AppleWebKit/537.36 (KHTML, like Gecko; compatible; GPTBot/1.2; +https://openai.com/gptbot)"
18.205.127.11 - - [14/Sep/2025:15:05:26 +0300] "GET /2025/09/11/zodiac-casino-sign-in-203/?path=//var HTTP/1.1" 200 3745 "-" "Mozilla/5.0 AppleWebKit/537.36 (KHTML, like Gecko; compatible; Amazonbot/0.1; +https://developer.amazon.com/support/amazonbot) Chrome/119.0.6045.214 Safari/537.36"
20.171.207.118 - - [14/Sep/2025:15:05:28 +0300] "GET /theme/casino/free-slots-bonus-no-deposit-id-card-details-ireland.html?path=//proc/thread-self/root/proc/self/root/proc/thread-self/root/proc/self/root/proc/self/root/proc/thread-self/root/var/softaculous/maiancart HTTP/2" 200 3698 "-" "Mozilla/5.0 AppleWebKit/537.36 (KHTML, like Gecko; compatible; GPTBot/1.2; +https://openai.com/gptbot)"
20.171.207.118 - - [14/Sep/2025:15:05:31 +0300] "GET /theme/casino/free-slots-bonus-no-deposit-id-card-details-ireland.html?path=//proc/thread-self/root/proc/self/root/proc/thread-self/root/proc/self/root/proc/self/root/proc/thread-self/root/var/softaculous/drupalcms/images HTTP/2" 200 3056 "-" "Mozilla/5.0 AppleWebKit/537.36 (KHTML, like Gecko; compatible; GPTBot/1.2; +https://openai.com/gptbot)"
111.119.197.85 - - [14/Sep/2025:15:05:33 +0300] "GET /2025/09/10/casino-cresus-151/ HTTP/2" 200 3919 "https://tech.modatechnologies.co.uk/2025/09/10/casino-cresus-151/" "Mozilla/5.0 (Macintosh; Intel Mac OS X 10_15_7) AppleWebKit/537.36 (KHTML, like Gecko) Chrome/123.0.0.0 Safari/537.36"
20.171.207.118 - - [14/Sep/2025:15:05:34 +0300] "GET /theme/casino/free-slots-bonus-no-deposit-id-card-details-ireland.html?path=//proc/thread-self/root/proc/self/root/proc/thread-self/root/proc/self/root/proc/self/root/proc/thread-self/root/var/softaculous/eventsch/images HTTP/2" 200 3065 "-" "Mozilla/5.0 AppleWebKit/537.36 (KHTML, like Gecko; compatible; GPTBot/1.2; +https://openai.com/gptbot)"
20.171.207.118 - - [14/Sep/2025:15:05:38 +0300] "GET /theme/casino/free-slots-bonus-no-deposit-id-card-details-ireland.html?path=//proc/thread-self/root/proc/self/root/proc/thread-self/root/proc/self/root/proc/self/root/proc/thread-self/root/var/softaculous/mybb/language HTTP/2" 200 2704 "-" "Mozilla/5.0 AppleWebKit/537.36 (KHTML, like Gecko; compatible; GPTBot/1.2; +https://openai.com/gptbot)"
20.171.207.118 - - [14/Sep/2025:15:05:41 +0300] "GET /theme/casino/free-slots-bonus-no-deposit-id-card-details-ireland.html?path=//proc/thread-self/root/proc/self/root/proc/thread-self/root/proc/self/root/proc/self/root/proc/thread-self/root/var/softaculous/cube HTTP/2" 200 3785 "-" "Mozilla/5.0 AppleWebKit/537.36 (KHTML, like Gecko; compatible; GPTBot/1.2; +https://openai.com/gptbot)"
66.249.66.12 - - [14/Sep/2025:15:05:42 +0300] "GET /shopbrand/174841487 HTTP/1.1" 200 19089 "-" "Mozilla/5.0 (Linux; Android 6.0.1; Nexus 5X Build/MMB29P) AppleWebKit/537.36 (KHTML, like Gecko) Chrome/140.0.7339.127 Mobile Safari/537.36 (compatible; Googlebot/2.1; +http://www.google.com/bot.html)"
35.169.119.108 - - [14/Sep/2025:15:05:43 +0300] "GET /tag/royal-win-apk-download/?path=//run HTTP/1.1" 200 3964 "-" "Mozilla/5.0 AppleWebKit/537.36 (KHTML, like Gecko; compatible; Amazonbot/0.1; +https://developer.amazon.com/support/amazonbot) Chrome/119.0.6045.214 Safari/537.36"
20.171.207.118 - - [14/Sep/2025:15:05:44 +0300] "GET /theme/casino/free-slots-bonus-no-deposit-id-card-details-ireland.html?path=//proc/thread-self/root/proc/self/root/proc/thread-self/root/proc/self/root/proc/self/root/proc/thread-self/root/var/softaculous/maiancart/php81 HTTP/2" 200 3126 "-" "Mozilla/5.0 AppleWebKit/537.36 (KHTML, like Gecko; compatible; GPTBot/1.2; +https://openai.com/gptbot)"
66.249.66.13 - - [14/Sep/2025:15:05:27 +0300] "GET /shopbrand/202536505 HTTP/1.1" 200 19354 "-" "Mozilla/5.0 (Linux; Android 6.0.1; Nexus 5X Build/MMB29P) AppleWebKit/537.36 (KHTML, like Gecko) Chrome/140.0.7339.127 Mobile Safari/537.36 (compatible; Googlebot/2.1; +http://www.google.com/bot.html)"
20.171.207.47 - - [14/Sep/2025:15:05:27 +0300] "GET /?path=//opt/alt/python311/lib64/python3.11/asyncio HTTP/2" 200 4190 "-" "Mozilla/5.0 AppleWebKit/537.36 (KHTML, like Gecko; compatible; GPTBot/1.2; +https://openai.com/gptbot)"
44.195.145.102 - - [14/Sep/2025:15:05:28 +0300] "GET /category/post/page/152/?path=//bin HTTP/1.1" 200 26504 "-" "Mozilla/5.0 AppleWebKit/537.36 (KHTML, like Gecko; compatible; Amazonbot/0.1; +https://developer.amazon.com/support/amazonbot) Chrome/119.0.6045.214 Safari/537.36"
20.171.207.47 - - [14/Sep/2025:15:05:31 +0300] "GET /?path=//opt/alt/python311/lib64/python3.11/multiprocessing HTTP/2" 200 3764 "-" "Mozilla/5.0 AppleWebKit/537.36 (KHTML, like Gecko; compatible; GPTBot/1.2; +https://openai.com/gptbot)"
20.171.207.47 - - [14/Sep/2025:15:05:34 +0300] "GET /?path=//opt/alt/python311/lib64/python3.11/re HTTP/2" 200 3133 "-" "Mozilla/5.0 AppleWebKit/537.36 (KHTML, like Gecko; compatible; GPTBot/1.2; +https://openai.com/gptbot)"
44.205.74.196 - - [14/Sep/2025:15:05:34 +0300] "GET /category/1win-login-72/?path=/python/moda/ssl HTTP/1.1" 200 3574 "-" "Mozilla/5.0 AppleWebKit/537.36 (KHTML, like Gecko; compatible; Amazonbot/0.1; +https://developer.amazon.com/support/amazonbot) Chrome/119.0.6045.214 Safari/537.36"
20.171.207.47 - - [14/Sep/2025:15:05:37 +0300] "GET /?path=//opt/alt/python311/lib64/python3.11/dbm HTTP/2" 200 3095 "-" "Mozilla/5.0 AppleWebKit/537.36 (KHTML, like Gecko; compatible; GPTBot/1.2; +https://openai.com/gptbot)"
3.229.95.193 - - [14/Sep/2025:15:05:39 +0300] "GET /category/vulkan-vegas-login-900/?path=/python/moda/public_html/images HTTP/1.1" 200 3522 "-" "Mozilla/5.0 AppleWebKit/537.36 (KHTML, like Gecko; compatible; Amazonbot/0.1; +https://developer.amazon.com/support/amazonbot) Chrome/119.0.6045.214 Safari/537.36"
66.249.66.12 - - [14/Sep/2025:15:05:39 +0300] "GET /shopbrand/49448132?fileloc=/python/moda/public_html/tech/wp-admin/contribute.php&path=/python/moda/public_html/tech/wp-admin HTTP/1.1" 200 4545 "-" "Mozilla/5.0 (Linux; Android 6.0.1; Nexus 5X Build/MMB29P) AppleWebKit/537.36 (KHTML, like Gecko) Chrome/140.0.7339.127 Mobile Safari/537.36 (compatible; GoogleOther)"
20.171.207.47 - - [14/Sep/2025:15:05:40 +0300] "GET /?path=//opt/alt/python311/lib64/python3.11/distutils HTTP/2" 200 4103 "-" "Mozilla/5.0 AppleWebKit/537.36 (KHTML, like Gecko; compatible; GPTBot/1.2; +https://openai.com/gptbot)"
66.249.66.12 - - [14/Sep/2025:15:05:40 +0300] "GET /shopbrand/102491973 HTTP/1.1" 200 3930 "-" "Mozilla/5.0 (Linux; Android 6.0.1; Nexus 5X Build/MMB29P) AppleWebKit/537.36 (KHTML, like Gecko) Chrome/140.0.7339.127 Mobile Safari/537.36 (compatible; GoogleOther)"
20.171.207.47 - - [14/Sep/2025:15:05:43 +0300] "GET /?path=//opt/alt/python311/lib64/python3.11/encodings HTTP/2" 200 6576 "-" "Mozilla/5.0 AppleWebKit/537.36 (KHTML, like Gecko; compatible; GPTBot/1.2; +https://openai.com/gptbot)"
66.249.66.32 - - [14/Sep/2025:15:05:44 +0300] "GET /shopbrand/202536795 HTTP/1.1" 200 18316 "-" "Mozilla/5.0 (Linux; Android 6.0.1; Nexus 5X Build/MMB29P) AppleWebKit/537.36 (KHTML, like Gecko) Chrome/140.0.7339.127 Mobile Safari/537.36 (compatible; Googlebot/2.1; +http://www.google.com/bot.html)"
20.171.207.47 - - [14/Sep/2025:15:05:46 +0300] "GET /?path=//opt/alt/python311/lib64/python3.11/site-packages HTTP/2" 200 2969 "-" "Mozilla/5.0 AppleWebKit/537.36 (KHTML, like Gecko; compatible; GPTBot/1.2; +https://openai.com/gptbot)"
66.249.66.13 - - [14/Sep/2025:15:05:35 +0300] "GET /shopbrand/202536390 HTTP/1.1" 200 21008 "-" "Mozilla/5.0 (Linux; Android 6.0.1; Nexus 5X Build/MMB29P) AppleWebKit/537.36 (KHTML, like Gecko) Chrome/140.0.7339.127 Mobile Safari/537.36 (compatible; Googlebot/2.1; +http://www.google.com/bot.html)"
66.249.66.13 - - [14/Sep/2025:15:05:36 +0300] "POST /get-message-notify HTTP/1.1" 200 19706 "https://tech.modatechnologies.co.uk/shopbrand/174844469" "Mozilla/5.0 (Linux; Android 6.0.1; Nexus 5X Build/MMB29P) AppleWebKit/537.36 (KHTML, like Gecko) Chrome/139.0.7258.127 Mobile Safari/537.36 (compatible; Googlebot/2.1; +http://www.google.com/bot.html)"
66.249.66.13 - - [14/Sep/2025:15:05:37 +0300] "GET /shopbrand/202535126 HTTP/1.1" 200 17961 "-" "Mozilla/5.0 (Linux; Android 6.0.1; Nexus 5X Build/MMB29P) AppleWebKit/537.36 (KHTML, like Gecko) Chrome/140.0.7339.127 Mobile Safari/537.36 (compatible; Googlebot/2.1; +http://www.google.com/bot.html)"
216.73.216.136 - - [14/Sep/2025:15:05:38 +0300] "GET /2025/09/12/obzor-utverzhdennogo-vebresursa-kazino-i-slotov?fileloc=%2Fpython%2Fmoda%2Fwww%2Felements.html&path=%2Fpython%2Fmoda%2Fwww HTTP/2" 200 6032 "-" "Mozilla/5.0 AppleWebKit/537.36 (KHTML, like Gecko; compatible; ClaudeBot/1.0; +claudebot@anthropic.com)"
217.113.194.6 - - [14/Sep/2025:15:05:38 +0300] "GET /2025/08/30/onlajn-gama-casino-online-obzor-1196/ HTTP/1.1" 200 4917 "-" "Mozilla/5.0 (compatible; Barkrowler/0.9; +https://babbar.tech/crawler)"
66.249.66.13 - - [14/Sep/2025:15:05:39 +0300] "GET /shopbrand/174840758 HTTP/1.1" 200 19333 "-" "Mozilla/5.0 (Linux; Android 6.0.1; Nexus 5X Build/MMB29P) AppleWebKit/537.36 (KHTML, like Gecko) Chrome/140.0.7339.127 Mobile Safari/537.36 (compatible; Googlebot/2.1; +http://www.google.com/bot.html)"
66.249.66.13 - - [14/Sep/2025:15:05:40 +0300] "GET /shopbrand/201300976?path=/python/moda/public_html/tech/wordpress HTTP/1.1" 200 3342 "-" "Mozilla/5.0 (Linux; Android 6.0.1; Nexus 5X Build/MMB29P) AppleWebKit/537.36 (KHTML, like Gecko) Chrome/140.0.7339.127 Mobile Safari/537.36 (compatible; GoogleOther)"
216.73.216.136 - - [14/Sep/2025:15:05:41 +0300] "GET /category/nv-kasyno-470/feed?path=%2F%2Flib%2Fsysimage HTTP/2" 200 2560 "-" "Mozilla/5.0 AppleWebKit/537.36 (KHTML, like Gecko; compatible; ClaudeBot/1.0; +claudebot@anthropic.com)"
216.73.216.136 - - [14/Sep/2025:15:05:44 +0300] "GET /shopbrand/188191821?path=%2Fpython HTTP/2" 200 2792 "-" "Mozilla/5.0 AppleWebKit/537.36 (KHTML, like Gecko; compatible; ClaudeBot/1.0; +claudebot@anthropic.com)"
66.249.66.14 - - [14/Sep/2025:15:05:46 +0300] "GET /shopbrand/174844955 HTTP/1.1" 200 20040 "-" "Mozilla/5.0 (Linux; Android 6.0.1; Nexus 5X Build/MMB29P) AppleWebKit/537.36 (KHTML, like Gecko) Chrome/140.0.7339.127 Mobile Safari/537.36 (compatible; Googlebot/2.1; +http://www.google.com/bot.html)"
216.73.216.136 - - [14/Sep/2025:15:05:47 +0300] "GET /blog-2/page/1881?fileloc=%2F%2Flib64%2Flibfstrm.so.0.1.0&path=%2F%2Flib64 HTTP/2" 200 19906 "-" "Mozilla/5.0 AppleWebKit/537.36 (KHTML, like Gecko; compatible; ClaudeBot/1.0; +claudebot@anthropic.com)"
66.249.66.14 - - [14/Sep/2025:15:05:47 +0300] "GET /shopbrand/202533862 HTTP/1.1" 200 18963 "-" "Mozilla/5.0 (Linux; Android 6.0.1; Nexus 5X Build/MMB29P) AppleWebKit/537.36 (KHTML, like Gecko) Chrome/140.0.7339.127 Mobile Safari/537.36 (compatible; Googlebot/2.1; +http://www.google.com/bot.html)"
216.73.216.136 - - [14/Sep/2025:15:05:50 +0300] "GET /category/clovermagic-us/feed?path=%2F%2Flib64%2Faspell-0.60 HTTP/2" 200 4970 "-" "Mozilla/5.0 AppleWebKit/537.36 (KHTML, like Gecko; compatible; ClaudeBot/1.0; +claudebot@anthropic.com)"
216.73.216.136 - - [14/Sep/2025:15:05:53 +0300] "GET /2025/09/12/avis-sur-le-casino-en-ligne-golden-panda-en-france-153?fileloc=%2Fpython%2Fmoda%2Fpublic_html%2Ftech%2Fold%2Ftheme%2Fcasino%2Fhow-to-hack-online-casino.html&path=%2Fpython%2Fmoda%2Fpublic_html%2Ftech%2Fold%2Ftheme%2Fcasino HTTP/2" 200 4235 "-" "Mozilla/5.0 AppleWebKit/537.36 (KHTML, like Gecko; compatible; ClaudeBot/1.0; +claudebot@anthropic.com)"
66.249.66.77 - - [14/Sep/2025:15:05:44 +0300] "POST /get-message-notify HTTP/1.1" 200 19706 "https://tech.modatechnologies.co.uk/shopbrand/202536505" "Mozilla/5.0 (Linux; Android 6.0.1; Nexus 5X Build/MMB29P) AppleWebKit/537.36 (KHTML, like Gecko) Chrome/139.0.7258.127 Mobile Safari/537.36 (compatible; Googlebot/2.1; +http://www.google.com/bot.html)"
20.171.207.118 - - [14/Sep/2025:15:05:47 +0300] "GET /theme/casino/free-slots-bonus-no-deposit-id-card-details-ireland.html?path=//proc/thread-self/root/proc/self/root/proc/thread-self/root/proc/self/root/proc/self/root/proc/thread-self/root/var/softaculous/maiancart/images HTTP/2" 200 3057 "-" "Mozilla/5.0 AppleWebKit/537.36 (KHTML, like Gecko; compatible; GPTBot/1.2; +https://openai.com/gptbot)"
66.249.66.14 - - [14/Sep/2025:15:05:49 +0300] "GET /shopbrand/62243638?fileloc=/python/moda/public_html/tech/wp-includes/class-walker-category-dropdown.php&path=/python/moda/public_html/tech/wp-includes HTTP/1.1" 200 3618 "-" "Mozilla/5.0 (Linux; Android 6.0.1; Nexus 5X Build/MMB29P) AppleWebKit/537.36 (KHTML, like Gecko) Chrome/140.0.7339.127 Mobile Safari/537.36 (compatible; GoogleOther)"
20.171.207.118 - - [14/Sep/2025:15:05:50 +0300] "GET /theme/casino/free-slots-bonus-no-deposit-id-card-details-ireland.html?path=//proc/thread-self/root/proc/self/root/proc/thread-self/root/proc/self/root/proc/self/root/proc/thread-self/root/var/softaculous/mybb/images HTTP/2" 200 3045 "-" "Mozilla/5.0 AppleWebKit/537.36 (KHTML, like Gecko; compatible; GPTBot/1.2; +https://openai.com/gptbot)"
66.249.66.13 - - [14/Sep/2025:15:05:51 +0300] "GET /shopbrand/174845490 HTTP/1.1" 200 19586 "-" "Mozilla/5.0 (Linux; Android 6.0.1; Nexus 5X Build/MMB29P) AppleWebKit/537.36 (KHTML, like Gecko) Chrome/140.0.7339.127 Mobile Safari/537.36 (compatible; Googlebot/2.1; +http://www.google.com/bot.html)"
54.235.191.179 - - [14/Sep/2025:15:05:52 +0300] "GET /2025/09/11/58/?path=//bin HTTP/1.1" 200 27195 "-" "Mozilla/5.0 AppleWebKit/537.36 (KHTML, like Gecko; compatible; Amazonbot/0.1; +https://developer.amazon.com/support/amazonbot) Chrome/119.0.6045.214 Safari/537.36"
66.249.66.12 - - [14/Sep/2025:15:05:53 +0300] "GET /shopbrand/102724016 HTTP/1.1" 200 20576 "-" "Mozilla/5.0 (Linux; Android 6.0.1; Nexus 5X Build/MMB29P) AppleWebKit/537.36 (KHTML, like Gecko) Chrome/140.0.7339.127 Mobile Safari/537.36 (compatible; Googlebot/2.1; +http://www.google.com/bot.html)"
66.249.66.13 - - [14/Sep/2025:15:05:53 +0300] "GET /shopbrand/234746774?fileloc=//lib64/libssl.so.3.2.2&path=//lib64 HTTP/1.1" 200 368312 "-" "Mozilla/5.0 (Linux; Android 6.0.1; Nexus 5X Build/MMB29P) AppleWebKit/537.36 (KHTML, like Gecko) Chrome/140.0.7339.127 Mobile Safari/537.36 (compatible; GoogleOther)"
20.171.207.118 - - [14/Sep/2025:15:05:53 +0300] "GET /theme/casino/free-slots-bonus-no-deposit-id-card-details-ireland.html?path=//proc/thread-self/root/proc/self/root/proc/thread-self/root/proc/self/root/proc/self/root/proc/thread-self/root/var/softaculous/paintbrushjs/images HTTP/2" 200 3102 "-" "Mozilla/5.0 AppleWebKit/537.36 (KHTML, like Gecko; compatible; GPTBot/1.2; +https://openai.com/gptbot)"
54.84.93.8 - - [14/Sep/2025:15:05:54 +0300] "GET /category/tokyo-casino-prihlaseni-832/?path=/python/moda/ssl HTTP/1.1" 200 3574 "-" "Mozilla/5.0 AppleWebKit/537.36 (KHTML, like Gecko; compatible; Amazonbot/0.1; +https://developer.amazon.com/support/amazonbot) Chrome/119.0.6045.214 Safari/537.36"
66.249.66.12 - - [14/Sep/2025:15:05:56 +0300] "GET /shopbrand/202535484 HTTP/1.1" 200 18085 "-" "Mozilla/5.0 (Linux; Android 6.0.1; Nexus 5X Build/MMB29P) AppleWebKit/537.36 (KHTML, like Gecko) Chrome/140.0.7339.127 Mobile Safari/537.36 (compatible; Googlebot/2.1; +http://www.google.com/bot.html)"
66.249.66.12 - - [14/Sep/2025:15:05:46 +0300] "GET /shopbrand/71393410?fileloc=/python/moda/public_html/tech/wp-includes/class-wp-post.php&path=/python/moda/public_html/tech/wp-includes HTTP/1.1" 200 4303 "-" "Mozilla/5.0 (Linux; Android 6.0.1; Nexus 5X Build/MMB29P) AppleWebKit/537.36 (KHTML, like Gecko) Chrome/140.0.7339.127 Mobile Safari/537.36 (compatible; GoogleOther)"
44.205.192.249 - - [14/Sep/2025:15:05:47 +0300] "GET /2025/07/07/step-into-a-world-of-thrilling-opportunities/?path=//var HTTP/1.1" 200 3745 "-" "Mozilla/5.0 AppleWebKit/537.36 (KHTML, like Gecko; compatible; Amazonbot/0.1; +https://developer.amazon.com/support/amazonbot) Chrome/119.0.6045.214 Safari/537.36"
20.171.207.47 - - [14/Sep/2025:15:05:49 +0300] "GET /?path=//opt/alt/python311/lib64/python3.11/unittest HTTP/2" 200 3413 "-" "Mozilla/5.0 AppleWebKit/537.36 (KHTML, like Gecko; compatible; GPTBot/1.2; +https://openai.com/gptbot)"
66.249.66.12 - - [14/Sep/2025:15:05:50 +0300] "GET /shopbrand/215783225 HTTP/1.1" 200 3940 "-" "Mozilla/5.0 (Linux; Android 6.0.1; Nexus 5X Build/MMB29P) AppleWebKit/537.36 (KHTML, like Gecko) Chrome/140.0.7339.127 Mobile Safari/537.36 (compatible; GoogleOther)"
66.249.66.12 - - [14/Sep/2025:15:05:49 +0300] "GET /shopbrand/174843900 HTTP/1.1" 200 18736 "-" "Mozilla/5.0 (Linux; Android 6.0.1; Nexus 5X Build/MMB29P) AppleWebKit/537.36 (KHTML, like Gecko) Chrome/140.0.7339.127 Mobile Safari/537.36 (compatible; Googlebot/2.1; +http://www.google.com/bot.html)"
66.249.66.12 - - [14/Sep/2025:15:05:51 +0300] "POST /get-message-notify HTTP/1.1" 200 19706 "https://tech.modatechnologies.co.uk/shopbrand/202533862" "Mozilla/5.0 (Linux; Android 6.0.1; Nexus 5X Build/MMB29P) AppleWebKit/537.36 (KHTML, like Gecko) Chrome/139.0.7258.127 Mobile Safari/537.36 (compatible; Googlebot/2.1; +http://www.google.com/bot.html)"
20.171.207.47 - - [14/Sep/2025:15:05:52 +0300] "GET /?path=//opt/alt/python311/lib64/python3.11/tomllib HTTP/2" 200 3094 "-" "Mozilla/5.0 AppleWebKit/537.36 (KHTML, like Gecko; compatible; GPTBot/1.2; +https://openai.com/gptbot)"
66.249.66.12 - - [14/Sep/2025:15:05:52 +0300] "GET /shopbrand/174845780 HTTP/1.1" 200 19473 "-" "Mozilla/5.0 (Linux; Android 6.0.1; Nexus 5X Build/MMB29P) AppleWebKit/537.36 (KHTML, like Gecko) Chrome/140.0.7339.127 Mobile Safari/537.36 (compatible; Googlebot/2.1; +http://www.google.com/bot.html)"
20.171.207.47 - - [14/Sep/2025:15:05:56 +0300] "GET /?fileloc=//opt/alt/python311/lib64/python3.11/distutils/core.py&path=//opt/alt/python311/lib64/python3.11/distutils HTTP/2" 200 5745 "-" "Mozilla/5.0 AppleWebKit/537.36 (KHTML, like Gecko; compatible; GPTBot/1.2; +https://openai.com/gptbot)"
20.171.207.47 - - [14/Sep/2025:15:05:59 +0300] "GET /?fileloc=//opt/alt/python311/lib64/python3.11/encodings/cp949.py&path=//opt/alt/python311/lib64/python3.11/encodings HTTP/2" 200 2891 "-" "Mozilla/5.0 AppleWebKit/537.36 (KHTML, like Gecko; compatible; GPTBot/1.2; +https://openai.com/gptbot)"
52.202.233.37 - - [14/Sep/2025:15:05:59 +0300] "GET /tag/lemon-casino-aplikacja/?path=//python HTTP/1.1" 200 3266 "-" "Mozilla/5.0 AppleWebKit/537.36 (KHTML, like Gecko; compatible; Amazonbot/0.1; +https://developer.amazon.com/support/amazonbot) Chrome/119.0.6045.214 Safari/537.36"
217.113.194.202 - - [14/Sep/2025:15:06:02 +0300] "GET /2025/05/19/die-besten-10-omegle-alternative-videochat-2/feed/ HTTP/1.1" 200 4917 "-" "Mozilla/5.0 (compatible; Barkrowler/0.9; +https://babbar.tech/crawler)"
20.171.207.47 - - [14/Sep/2025:15:06:02 +0300] "GET /?path=//opt/alt/python311/lib64/python3.11/dbm/__pycache__ HTTP/2" 200 3168 "-" "Mozilla/5.0 AppleWebKit/537.36 (KHTML, like Gecko; compatible; GPTBot/1.2; +https://openai.com/gptbot)"
20.171.207.47 - - [14/Sep/2025:15:06:05 +0300] "GET /?path=//opt/alt/python311/lib64/python3.11/distutils/command HTTP/2" 200 3771 "-" "Mozilla/5.0 AppleWebKit/537.36 (KHTML, like Gecko; compatible; GPTBot/1.2; +https://openai.com/gptbot)"
20.171.207.118 - - [14/Sep/2025:15:05:57 +0300] "GET /theme/casino/free-slots-bonus-no-deposit-id-card-details-ireland.html?path=//proc/thread-self/root/proc/self/root/proc/thread-self/root/proc/self/root/proc/self/root/proc/thread-self/root/var/softaculous/collab HTTP/2" 200 3756 "-" "Mozilla/5.0 AppleWebKit/537.36 (KHTML, like Gecko; compatible; GPTBot/1.2; +https://openai.com/gptbot)"
66.249.66.12 - - [14/Sep/2025:15:05:59 +0300] "GET /shopbrand/174840643 HTTP/1.1" 200 18571 "-" "Mozilla/5.0 (Linux; Android 6.0.1; Nexus 5X Build/MMB29P) AppleWebKit/537.36 (KHTML, like Gecko) Chrome/140.0.7339.127 Mobile Safari/537.36 (compatible; Googlebot/2.1; +http://www.google.com/bot.html)"
20.171.207.118 - - [14/Sep/2025:15:06:00 +0300] "GET /theme/casino/free-slots-bonus-no-deposit-id-card-details-ireland.html?path=//proc/thread-self/root/proc/self/root/proc/thread-self/root/proc/self/root/proc/self/root/proc/thread-self/root/var/softaculous/fcms/images HTTP/2" 200 3043 "-" "Mozilla/5.0 AppleWebKit/537.36 (KHTML, like Gecko; compatible; GPTBot/1.2; +https://openai.com/gptbot)"
66.249.66.13 - - [14/Sep/2025:15:06:02 +0300] "GET /shopbrand/174843529 HTTP/1.1" 200 19255 "-" "Mozilla/5.0 (Linux; Android 6.0.1; Nexus 5X Build/MMB29P) AppleWebKit/537.36 (KHTML, like Gecko) Chrome/140.0.7339.127 Mobile Safari/537.36 (compatible; Googlebot/2.1; +http://www.google.com/bot.html)"
20.171.207.118 - - [14/Sep/2025:15:06:03 +0300] "GET /theme/casino/free-slots-bonus-no-deposit-id-card-details-ireland.html?path=//proc/thread-self/root/proc/self/root/proc/thread-self/root/proc/self/root/proc/self/root/proc/thread-self/root/var/softaculous/prado/images HTTP/2" 200 3041 "-" "Mozilla/5.0 AppleWebKit/537.36 (KHTML, like Gecko; compatible; GPTBot/1.2; +https://openai.com/gptbot)"
66.249.66.75 - - [14/Sep/2025:15:06:05 +0300] "GET /shopbrand/202536586 HTTP/1.1" 200 19960 "-" "Mozilla/5.0 (Linux; Android 6.0.1; Nexus 5X Build/MMB29P) AppleWebKit/537.36 (KHTML, like Gecko) Chrome/140.0.7339.127 Mobile Safari/537.36 (compatible; Googlebot/2.1; +http://www.google.com/bot.html)"
20.171.207.118 - - [14/Sep/2025:15:06:06 +0300] "GET /theme/casino/free-slots-bonus-no-deposit-id-card-details-ireland.html?path=//proc/thread-self/root/proc/self/root/proc/thread-self/root/proc/self/root/proc/self/root/proc/thread-self/root/var/softaculous/cube/images HTTP/2" 200 3047 "-" "Mozilla/5.0 AppleWebKit/537.36 (KHTML, like Gecko; compatible; GPTBot/1.2; +https://openai.com/gptbot)"
66.249.66.13 - - [14/Sep/2025:15:06:09 +0300] "GET /shopbrand/174844921 HTTP/1.1" 200 19104 "-" "Mozilla/5.0 (Linux; Android 6.0.1; Nexus 5X Build/MMB29P) AppleWebKit/537.36 (KHTML, like Gecko) Chrome/140.0.7339.127 Mobile Safari/537.36 (compatible; Googlebot/2.1; +http://www.google.com/bot.html)"
66.249.66.77 - - [14/Sep/2025:15:06:09 +0300] "GET /product/devot10718400.htm?path=/python/moda/public_html HTTP/1.1" 200 3337 "-" "Mozilla/5.0 (Linux; Android 6.0.1; Nexus 5X Build/MMB29P) AppleWebKit/537.36 (KHTML, like Gecko) Chrome/140.0.7339.127 Mobile Safari/537.36 (compatible; GoogleOther)"
