216.73.216.136 - - [14/Sep/2025:15:38:35 +0300] "GET /2025/09/12/hell-spin-casino-731?fileloc=%2Fpython%2Fmoda%2Fpublic_html%2Ftech%2Fwp-admin%2Foptions-general.php&path=%2Fpython%2Fmoda%2Fpublic_html%2Ftech%2Fwp-admin HTTP/2" 200 9642 "-" "Mozilla/5.0 AppleWebKit/537.36 (KHTML, like Gecko; compatible; ClaudeBot/1.0; +claudebot@anthropic.com)"
66.249.66.14 - - [14/Sep/2025:15:38:35 +0300] "GET /shopbrand/84651877 HTTP/1.1" 200 19845 "-" "Mozilla/5.0 (Linux; Android 6.0.1; Nexus 5X Build/MMB29P) AppleWebKit/537.36 (KHTML, like Gecko) Chrome/140.0.7339.127 Mobile Safari/537.36 (compatible; Googlebot/2.1; +http://www.google.com/bot.html)"
20.171.207.47 - - [14/Sep/2025:15:38:38 +0300] "GET /?path=//lib/modules/5.14.0-570.37.1.el9_6.x86_64/kernel/net/ipv4 HTTP/2" 200 3462 "-" "Mozilla/5.0 AppleWebKit/537.36 (KHTML, like Gecko; compatible; GPTBot/1.2; +https://openai.com/gptbot)"
216.73.216.136 - - [14/Sep/2025:15:38:38 +0300] "GET /2025/09/12/chicken-cross-gambling-game-573?fileloc=%2Fpython%2Fmoda%2Fpublic_html%2Ftech%2Fwordpress%2Fcategory-template-1755360942.php&path=%2Fpython%2Fmoda%2Fpublic_html%2Ftech%2Fwordpress HTTP/2" 200 3099 "-" "Mozilla/5.0 AppleWebKit/537.36 (KHTML, like Gecko; compatible; ClaudeBot/1.0; +claudebot@anthropic.com)"
20.171.207.47 - - [14/Sep/2025:15:38:41 +0300] "GET /?path=//usr/lib64/lua/5.1 HTTP/2" 200 2564 "-" "Mozilla/5.0 AppleWebKit/537.36 (KHTML, like Gecko; compatible; GPTBot/1.2; +https://openai.com/gptbot)"
66.249.66.13 - - [14/Sep/2025:15:38:41 +0300] "GET /product/write31260514.htm HTTP/1.1" 200 19126 "-" "Mozilla/5.0 (Linux; Android 6.0.1; Nexus 5X Build/MMB29P) AppleWebKit/537.36 (KHTML, like Gecko) Chrome/140.0.7339.127 Mobile Safari/537.36 (compatible; Googlebot/2.1; +http://www.google.com/bot.html)"
216.73.216.136 - - [14/Sep/2025:15:38:41 +0300] "GET /2025/09/12/1win-bet-627-2/feed?fileloc=%2Fpython%2Fmoda%2Fpublic_html%2Ftech%2Fwordpress%2Fcustom_file_3_1753764530.php&path=%2Fpython%2Fmoda%2Fpublic_html%2Ftech%2Fwordpress HTTP/2" 200 3458 "-" "Mozilla/5.0 AppleWebKit/537.36 (KHTML, like Gecko; compatible; ClaudeBot/1.0; +claudebot@anthropic.com)"
66.249.66.14 - - [14/Sep/2025:15:38:11 +0300] "GET /shopbrand/23827792 HTTP/1.1" 200 3915 "-" "Mozilla/5.0 (Linux; Android 6.0.1; Nexus 5X Build/MMB29P) AppleWebKit/537.36 (KHTML, like Gecko) Chrome/140.0.7339.127 Mobile Safari/537.36 (compatible; GoogleOther)"
66.249.66.14 - - [14/Sep/2025:15:38:11 +0300] "GET /zhHant/product/surugaya/T243584981?fileloc=/python/moda/public_html/tech/wp-includes/vars.php&path=/python/moda/public_html/tech/wp-includes HTTP/1.1" 200 4597 "-" "Mozilla/5.0 (Linux; Android 6.0.1; Nexus 5X Build/MMB29P) AppleWebKit/537.36 (KHTML, like Gecko) Chrome/140.0.7339.127 Mobile Safari/537.36 (compatible; GoogleOther)"
66.249.66.14 - - [14/Sep/2025:15:38:11 +0300] "GET /product/preju71626046.htm HTTP/1.1" 200 18915 "-" "Mozilla/5.0 (Linux; Android 6.0.1; Nexus 5X Build/MMB29P) AppleWebKit/537.36 (KHTML, like Gecko) Chrome/140.0.7339.127 Mobile Safari/537.36 (compatible; Googlebot/2.1; +http://www.google.com/bot.html)"
217.113.194.9 - - [14/Sep/2025:15:38:18 +0300] "GET /2025/08/05/twenty-five-extra-de-charge-during-the-norskelodd-8/ HTTP/1.1" 200 4917 "-" "Mozilla/5.0 (compatible; Barkrowler/0.9; +https://babbar.tech/crawler)"
136.243.228.182 - - [14/Sep/2025:15:38:19 +0300] "GET /2025/09/06/oyyn-taraz-kluby?fileloc=/python/moda/public_html/tech/wp-admin/.htaccess&path=/python/moda/public_html/tech/wp-admin HTTP/1.1" 200 3344 "-" "Mozilla/5.0 (compatible; DataForSeoBot/1.0; +https://dataforseo.com/dataforseo-bot)"
66.249.66.12 - - [14/Sep/2025:15:38:21 +0300] "GET /shopbrand/84132454?fileloc=/python/moda/public_html/tech/wordpress/.htaccess&path=/python/moda/public_html/tech/wordpress HTTP/1.1" 200 2640 "-" "Mozilla/5.0 (Linux; Android 6.0.1; Nexus 5X Build/MMB29P) AppleWebKit/537.36 (KHTML, like Gecko) Chrome/140.0.7339.127 Mobile Safari/537.36 (compatible; GoogleOther)"
54.235.125.129 - - [14/Sep/2025:15:38:23 +0300] "GET /tag/yukon-gold-casino-login/?path=//run HTTP/1.1" 200 3964 "-" "Mozilla/5.0 AppleWebKit/537.36 (KHTML, like Gecko; compatible; Amazonbot/0.1; +https://developer.amazon.com/support/amazonbot) Chrome/119.0.6045.214 Safari/537.36"
136.243.228.182 - - [14/Sep/2025:15:38:26 +0300] "GET /2025/09/06/oyyn-taraz-kluby?fileloc=/python/moda/public_html/tech/wp-admin/setup-config.php&path=/python/moda/public_html/tech/wp-admin HTTP/1.1" 200 8659 "-" "Mozilla/5.0 (compatible; DataForSeoBot/1.0; +https://dataforseo.com/dataforseo-bot)"
66.249.66.14 - - [14/Sep/2025:15:38:34 +0300] "POST /get-message-notify HTTP/1.1" 200 19706 "https://tech.modatechnologies.co.uk/shopbrand/103158101" "Mozilla/5.0 (Linux; Android 6.0.1; Nexus 5X Build/MMB29P) AppleWebKit/537.36 (KHTML, like Gecko) Chrome/139.0.7258.127 Mobile Safari/537.36 (compatible; Googlebot/2.1; +http://www.google.com/bot.html)"
66.249.66.13 - - [14/Sep/2025:15:38:37 +0300] "GET /shopbrand/72655334?fileloc=/python/moda/public_html/tech/wp-config-sample.php&path=/python/moda/public_html/tech HTTP/1.1" 200 3818 "-" "Mozilla/5.0 (Linux; Android 6.0.1; Nexus 5X Build/MMB29P) AppleWebKit/537.36 (KHTML, like Gecko) Chrome/140.0.7339.127 Mobile Safari/537.36 (compatible; GoogleOther)"
66.249.66.13 - - [14/Sep/2025:15:38:38 +0300] "GET /shopbrand/193477012 HTTP/1.1" 200 3969 "-" "Mozilla/5.0 (Linux; Android 6.0.1; Nexus 5X Build/MMB29P) AppleWebKit/537.36 (KHTML, like Gecko) Chrome/140.0.7339.127 Mobile Safari/537.36 (compatible; GoogleOther)"
54.167.32.123 - - [14/Sep/2025:15:38:39 +0300] "GET /category/1xbet-india-online-in3/?path=//etc HTTP/1.1" 200 6804 "-" "Mozilla/5.0 AppleWebKit/537.36 (KHTML, like Gecko; compatible; Amazonbot/0.1; +https://developer.amazon.com/support/amazonbot) Chrome/119.0.6045.214 Safari/537.36"
66.249.66.13 - - [14/Sep/2025:15:38:41 +0300] "GET /shopbrand/75765714?path=/python/moda/public_html/tech/wp-includes HTTP/1.1" 200 12757 "-" "Mozilla/5.0 (Linux; Android 6.0.1; Nexus 5X Build/MMB29P) AppleWebKit/537.36 (KHTML, like Gecko) Chrome/140.0.7339.127 Mobile Safari/537.36 (compatible; GoogleOther)"
66.249.66.13 - - [14/Sep/2025:15:38:40 +0300] "GET /shopbrand/137773681 HTTP/1.1" 200 18377 "-" "Mozilla/5.0 (Linux; Android 6.0.1; Nexus 5X Build/MMB29P) AppleWebKit/537.36 (KHTML, like Gecko) Chrome/140.0.7339.127 Mobile Safari/537.36 (compatible; Googlebot/2.1; +http://www.google.com/bot.html)"
20.171.207.118 - - [14/Sep/2025:15:38:41 +0300] "GET /theme/casino/free-slots-bonus-no-deposit-id-card-details-ireland.html?path=//proc/thread-self/root/proc/self/root/proc/thread-self/root/proc/self/root/proc/self/root/proc/self/root/python/moda/public_html/tech/old/templates/hostx/images/flags HTTP/2" 200 8653 "-" "Mozilla/5.0 AppleWebKit/537.36 (KHTML, like Gecko; compatible; GPTBot/1.2; +https://openai.com/gptbot)"
217.113.194.11 - - [14/Sep/2025:15:38:42 +0300] "GET /2025/08/26/spielerinnen-und-spieler-aufgepasst-profitieren/feed/ HTTP/1.1" 200 4917 "-" "Mozilla/5.0 (compatible; Barkrowler/0.9; +https://babbar.tech/crawler)"
20.171.207.118 - - [14/Sep/2025:15:38:45 +0300] "GET /theme/casino/free-slots-bonus-no-deposit-id-card-details-ireland.html?path=//proc/thread-self/root/proc/self/root/proc/thread-self/root/proc/self/root/proc/self/root/proc/self/root/python/moda/public_html/tech/old/templates/hostx/images/layoutfive HTTP/2" 200 5054 "-" "Mozilla/5.0 AppleWebKit/537.36 (KHTML, like Gecko; compatible; GPTBot/1.2; +https://openai.com/gptbot)"
136.243.228.182 - - [14/Sep/2025:15:38:46 +0300] "GET /2025/09/06/oyyn-taraz-kluby?fileloc=/python/moda/public_html/tech/wp-admin/site-health.php&path=/python/moda/public_html/tech/wp-admin HTTP/1.1" 200 6321 "-" "Mozilla/5.0 (compatible; DataForSeoBot/1.0; +https://dataforseo.com/dataforseo-bot)"
20.171.207.118 - - [14/Sep/2025:15:38:48 +0300] "GET /theme/casino/free-slots-bonus-no-deposit-id-card-details-ireland.html?path=//proc/thread-self/root/proc/self/root/proc/thread-self/root/proc/self/root/proc/self/root/proc/self/root/python/moda/public_html/tech/old/templates/hostx/images/new HTTP/2" 200 3417 "-" "Mozilla/5.0 AppleWebKit/537.36 (KHTML, like Gecko; compatible; GPTBot/1.2; +https://openai.com/gptbot)"
66.249.66.14 - - [14/Sep/2025:15:38:49 +0300] "GET /zhHant/product/surugaya/T2672171551?fileloc=/python/moda/public_html/tech/wp-content/index.php&path=/python/moda/public_html/tech/wp-content HTTP/1.1" 200 2549 "-" "Mozilla/5.0 (Linux; Android 6.0.1; Nexus 5X Build/MMB29P) AppleWebKit/537.36 (KHTML, like Gecko) Chrome/140.0.7339.127 Mobile Safari/537.36 (compatible; GoogleOther)"
66.249.66.14 - - [14/Sep/2025:15:38:49 +0300] "POST /get-message-notify HTTP/1.1" 200 19706 "https://tech.modatechnologies.co.uk/shopbrand/84651877" "Mozilla/5.0 (Linux; Android 6.0.1; Nexus 5X Build/MMB29P) AppleWebKit/537.36 (KHTML, like Gecko) Chrome/139.0.7258.127 Mobile Safari/537.36 (compatible; Googlebot/2.1; +http://www.google.com/bot.html)"
66.249.66.15 - - [14/Sep/2025:15:38:49 +0300] "GET /shopbrand/84657210 HTTP/1.1" 200 21385 "-" "Mozilla/5.0 (Linux; Android 6.0.1; Nexus 5X Build/MMB29P) AppleWebKit/537.36 (KHTML, like Gecko) Chrome/140.0.7339.127 Mobile Safari/537.36 (compatible; Googlebot/2.1; +http://www.google.com/bot.html)"
20.171.207.118 - - [14/Sep/2025:15:38:51 +0300] "GET /theme/casino/free-slots-bonus-no-deposit-id-card-details-ireland.html?fileloc=//proc/thread-self/root/proc/self/root/proc/thread-self/root/proc/self/root/proc/self/root/proc/self/root/python/moda/public_html/tech/old/vendor/aws/aws-sdk-php/src/DoctrineCacheAdapter.php&path=//proc/thread-self/root/proc/self/root/proc/thread-self/root/proc/self/root/proc/self/root/proc/self/root/python/moda/public_html/tech/old/vendor/aws/aws-sdk-php/src HTTP/2" 200 2958 "-" "Mozilla/5.0 AppleWebKit/537.36 (KHTML, like Gecko; compatible; GPTBot/1.2; +https://openai.com/gptbot)"
66.249.66.13 - - [14/Sep/2025:15:38:53 +0300] "GET /shopbrand/51894377 HTTP/1.1" 200 19751 "-" "Mozilla/5.0 (Linux; Android 6.0.1; Nexus 5X Build/MMB29P) AppleWebKit/537.36 (KHTML, like Gecko) Chrome/140.0.7339.127 Mobile Safari/537.36 (compatible; Googlebot/2.1; +http://www.google.com/bot.html)"
66.249.66.12 - - [14/Sep/2025:15:38:42 +0300] "GET /shopbrand/227448031?fileloc=/python/moda/public_html/tech/wp-blog-header.php&path=/python/moda/public_html/tech HTTP/1.1" 200 2859 "-" "Mozilla/5.0 (Linux; Android 6.0.1; Nexus 5X Build/MMB29P) AppleWebKit/537.36 (KHTML, like Gecko) Chrome/140.0.7339.127 Mobile Safari/537.36 (compatible; GoogleOther)"
34.192.125.239 - - [14/Sep/2025:15:38:43 +0300] "GET /tag/playcroco-casino/?path=//dev HTTP/1.1" 200 3513 "-" "Mozilla/5.0 AppleWebKit/537.36 (KHTML, like Gecko; compatible; Amazonbot/0.1; +https://developer.amazon.com/support/amazonbot) Chrome/119.0.6045.214 Safari/537.36"
216.73.216.136 - - [14/Sep/2025:15:38:44 +0300] "GET /2025/09/12/mostbet-yukle-740?fileloc=%2Fpython%2Fmoda%2Fpublic_html%2Ftech%2Frobots.txt&path=%2Fpython%2Fmoda%2Fpublic_html%2Ftech HTTP/2" 200 2568 "-" "Mozilla/5.0 AppleWebKit/537.36 (KHTML, like Gecko; compatible; ClaudeBot/1.0; +claudebot@anthropic.com)"
20.171.207.47 - - [14/Sep/2025:15:38:44 +0300] "GET /?path=//usr/lib64/python3.9/html HTTP/2" 200 3045 "-" "Mozilla/5.0 AppleWebKit/537.36 (KHTML, like Gecko; compatible; GPTBot/1.2; +https://openai.com/gptbot)"
66.249.66.12 - - [14/Sep/2025:15:38:45 +0300] "GET /product/outco80910359.htm HTTP/1.1" 200 19904 "-" "Mozilla/5.0 (Linux; Android 6.0.1; Nexus 5X Build/MMB29P) AppleWebKit/537.36 (KHTML, like Gecko) Chrome/140.0.7339.127 Mobile Safari/537.36 (compatible; Googlebot/2.1; +http://www.google.com/bot.html)"
216.73.216.136 - - [14/Sep/2025:15:38:47 +0300] "GET /shopbrand/119384508?fileloc=%2Fpython%2Fmoda%2Fpublic_html%2Ftech%2Frobots.txt&path=%2Fpython%2Fmoda%2Fpublic_html%2Ftech HTTP/2" 200 2568 "-" "Mozilla/5.0 AppleWebKit/537.36 (KHTML, like Gecko; compatible; ClaudeBot/1.0; +claudebot@anthropic.com)"
20.171.207.47 - - [14/Sep/2025:15:38:47 +0300] "GET /?fileloc=//usr/include/punycode.h&path=//usr/include HTTP/2" 200 5766 "-" "Mozilla/5.0 AppleWebKit/537.36 (KHTML, like Gecko; compatible; GPTBot/1.2; +https://openai.com/gptbot)"
66.249.66.15 - - [14/Sep/2025:15:38:48 +0300] "GET /shopbrand/124576939 HTTP/1.1" 200 3969 "-" "Mozilla/5.0 (Linux; Android 6.0.1; Nexus 5X Build/MMB29P) AppleWebKit/537.36 (KHTML, like Gecko) Chrome/140.0.7339.127 Mobile Safari/537.36 (compatible; GoogleOther)"
216.73.216.136 - - [14/Sep/2025:15:38:50 +0300] "GET /2025/09/12/hell-spin-casino-731?fileloc=%2Fpython%2Fmoda%2Fpublic_html%2Ftech%2Fwp-includes%2Fgeneral-template.php&path=%2Fpython%2Fmoda%2Fpublic_html%2Ftech%2Fwp-includes HTTP/2" 200 43443 "-" "Mozilla/5.0 AppleWebKit/537.36 (KHTML, like Gecko; compatible; ClaudeBot/1.0; +claudebot@anthropic.com)"
66.249.66.15 - - [14/Sep/2025:15:38:51 +0300] "GET /2025/09/08/kasyno-internetowe-jak-dziaa-program-lojalnociowy-115/?path=//opt/alt/python37/lib64/python3.7/test/__pycache__ HTTP/1.1" 200 2952 "-" "Mozilla/5.0 (Linux; Android 6.0.1; Nexus 5X Build/MMB29P) AppleWebKit/537.36 (KHTML, like Gecko) Chrome/140.0.7339.127 Mobile Safari/537.36 (compatible; GoogleOther)"
20.171.207.47 - - [14/Sep/2025:15:38:51 +0300] "GET /?fileloc=//usr/include/execinfo.h&path=//usr/include HTTP/2" 200 3222 "-" "Mozilla/5.0 AppleWebKit/537.36 (KHTML, like Gecko; compatible; GPTBot/1.2; +https://openai.com/gptbot)"
34.234.200.207 - - [14/Sep/2025:15:38:51 +0300] "GET /tag/1-win/page/13/?path=//bin HTTP/1.1" 200 27064 "-" "Mozilla/5.0 AppleWebKit/537.36 (KHTML, like Gecko; compatible; Amazonbot/0.1; +https://developer.amazon.com/support/amazonbot) Chrome/119.0.6045.214 Safari/537.36"
216.73.216.136 - - [14/Sep/2025:15:38:53 +0300] "GET /2025/09/12/hell-spin-no-deposit-231?fileloc=%2Fpython%2Fmoda%2Fpublic_html%2Ftech%2Fimages%2Fcustom_functions_1753764594.php&path=%2Fpython%2Fmoda%2Fpublic_html%2Ftech%2Fimages HTTP/2" 200 3436 "-" "Mozilla/5.0 AppleWebKit/537.36 (KHTML, like Gecko; compatible; ClaudeBot/1.0; +claudebot@anthropic.com)"
20.171.207.47 - - [14/Sep/2025:15:38:54 +0300] "GET /?path=//lib/modules/5.14.0-570.12.1.el9_6.x86_64/kernel/net/l2tp HTTP/2" 200 2599 "-" "Mozilla/5.0 AppleWebKit/537.36 (KHTML, like Gecko; compatible; GPTBot/1.2; +https://openai.com/gptbot)"
66.249.66.12 - - [14/Sep/2025:15:38:53 +0300] "GET /shopbrand/137773308 HTTP/1.1" 200 19351 "-" "Mozilla/5.0 (Linux; Android 6.0.1; Nexus 5X Build/MMB29P) AppleWebKit/537.36 (KHTML, like Gecko) Chrome/140.0.7339.127 Mobile Safari/537.36 (compatible; Googlebot/2.1; +http://www.google.com/bot.html)"
136.243.228.182 - - [14/Sep/2025:15:38:54 +0300] "GET /2025/09/06/oyyn-taraz-kluby?fileloc=/python/moda/public_html/tech/wp-admin/edit-comments.php&path=/python/moda/public_html/tech/wp-admin HTTP/1.1" 200 6878 "-" "Mozilla/5.0 (compatible; DataForSeoBot/1.0; +https://dataforseo.com/dataforseo-bot)"
20.171.207.118 - - [14/Sep/2025:15:38:54 +0300] "GET /theme/casino/free-slots-bonus-no-deposit-id-card-details-ireland.html?path=//proc/thread-self/root/proc/self/root/proc/thread-self/root/proc/self/root/proc/self/root/proc/self/root/python/moda/public_html/tech/old/vendor/aws/aws-sdk-php/src/data HTTP/2" 200 10523 "-" "Mozilla/5.0 AppleWebKit/537.36 (KHTML, like Gecko; compatible; GPTBot/1.2; +https://openai.com/gptbot)"
52.70.209.13 - - [14/Sep/2025:15:38:55 +0300] "GET /tag/netwin-login/?path=/python/moda/.cpanel HTTP/1.1" 200 3831 "-" "Mozilla/5.0 AppleWebKit/537.36 (KHTML, like Gecko; compatible; Amazonbot/0.1; +https://developer.amazon.com/support/amazonbot) Chrome/119.0.6045.214 Safari/537.36"
66.249.66.14 - - [14/Sep/2025:15:38:55 +0300] "GET /shopbrand/162888826?fileloc=/python/moda/public_html/tech/wp-cron.php&path=/python/moda/public_html/tech HTTP/1.1" 200 4653 "-" "Mozilla/5.0 (Linux; Android 6.0.1; Nexus 5X Build/MMB29P) AppleWebKit/537.36 (KHTML, like Gecko) Chrome/140.0.7339.127 Mobile Safari/537.36 (compatible; GoogleOther)"
66.249.66.12 - - [14/Sep/2025:15:38:56 +0300] "POST /get-message-notify HTTP/1.1" 200 19706 "https://tech.modatechnologies.co.uk/shopbrand/137773308" "Mozilla/5.0 (Linux; Android 6.0.1; Nexus 5X Build/MMB29P) AppleWebKit/537.36 (KHTML, like Gecko) Chrome/139.0.7258.127 Mobile Safari/537.36 (compatible; Googlebot/2.1; +http://www.google.com/bot.html)"
20.171.207.118 - - [14/Sep/2025:15:38:57 +0300] "GET /theme/casino/free-slots-bonus-no-deposit-id-card-details-ireland.html?fileloc=//proc/thread-self/root/proc/self/root/proc/thread-self/root/proc/self/root/proc/self/root/proc/self/root/python/moda/public_html/tech/old/templates/hostx/images/flags/vu.png&path=//proc/thread-self/root/proc/self/root/proc/thread-self/root/proc/self/root/proc/self/root/proc/self/root/python/moda/public_html/tech/old/templates/hostx/images/flags HTTP/2" 200 3268 "-" "Mozilla/5.0 AppleWebKit/537.36 (KHTML, like Gecko; compatible; GPTBot/1.2; +https://openai.com/gptbot)"
20.171.207.118 - - [14/Sep/2025:15:39:00 +0300] "GET /theme/casino/free-slots-bonus-no-deposit-id-card-details-ireland.html?fileloc=//proc/thread-self/root/proc/self/root/proc/thread-self/root/proc/self/root/proc/self/root/proc/self/root/python/moda/public_html/tech/old/templates/hostx/images/layoutthree/hosting_icon.png&path=//proc/thread-self/root/proc/self/root/proc/thread-self/root/proc/self/root/proc/self/root/proc/self/root/python/moda/public_html/tech/old/templates/hostx/images/layoutthree HTTP/2" 200 4521 "-" "Mozilla/5.0 AppleWebKit/537.36 (KHTML, like Gecko; compatible; GPTBot/1.2; +https://openai.com/gptbot)"
66.249.66.1 - - [14/Sep/2025:15:39:01 +0300] "GET /zhHant/product/surugaya/T544603200?fileloc=/python/moda/public_html/tech/wp-admin/admin-footer.php&path=/python/moda/public_html/tech/wp-admin HTTP/1.1" 200 3620 "-" "Mozilla/5.0 (Linux; Android 6.0.1; Nexus 5X Build/MMB29P) AppleWebKit/537.36 (KHTML, like Gecko) Chrome/140.0.7339.127 Mobile Safari/537.36 (compatible; GoogleOther)"
66.249.66.15 - - [14/Sep/2025:15:39:01 +0300] "GET /shopbrand/200880631 HTTP/1.1" 200 18266 "-" "Mozilla/5.0 (Linux; Android 6.0.1; Nexus 5X Build/MMB29P) AppleWebKit/537.36 (KHTML, like Gecko) Chrome/140.0.7339.127 Mobile Safari/537.36 (compatible; Googlebot/2.1; +http://www.google.com/bot.html)"
216.73.216.136 - - [14/Sep/2025:15:38:56 +0300] "GET /shopbrand/84016733?fileloc=%2Fpython%2Fmoda%2Fpublic_html%2Ftech%2F.htaccess&path=%2Fpython%2Fmoda%2Fpublic_html%2Ftech HTTP/2" 200 3326 "-" "Mozilla/5.0 AppleWebKit/537.36 (KHTML, like Gecko; compatible; ClaudeBot/1.0; +claudebot@anthropic.com)"
20.171.207.47 - - [14/Sep/2025:15:38:57 +0300] "GET /?fileloc=//usr/include/ucontext.h&path=//usr/include HTTP/2" 200 3430 "-" "Mozilla/5.0 AppleWebKit/537.36 (KHTML, like Gecko; compatible; GPTBot/1.2; +https://openai.com/gptbot)"
66.249.66.13 - - [14/Sep/2025:15:38:58 +0300] "GET /shopbrand/205314453 HTTP/1.1" 200 19721 "-" "Mozilla/5.0 (Linux; Android 6.0.1; Nexus 5X Build/MMB29P) AppleWebKit/537.36 (KHTML, like Gecko) Chrome/140.0.7339.127 Mobile Safari/537.36 (compatible; Googlebot/2.1; +http://www.google.com/bot.html)"
66.249.66.14 - - [14/Sep/2025:15:38:58 +0300] "GET /product/honou22555049.htm HTTP/1.1" 200 19270 "-" "Mozilla/5.0 (Linux; Android 6.0.1; Nexus 5X Build/MMB29P) AppleWebKit/537.36 (KHTML, like Gecko) Chrome/140.0.7339.127 Mobile Safari/537.36 (compatible; Googlebot/2.1; +http://www.google.com/bot.html)"
20.171.207.47 - - [14/Sep/2025:15:39:00 +0300] "GET /?fileloc=//usr/include/idn-free.h&path=//usr/include HTTP/2" 200 3669 "-" "Mozilla/5.0 AppleWebKit/537.36 (KHTML, like Gecko; compatible; GPTBot/1.2; +https://openai.com/gptbot)"
216.73.216.136 - - [14/Sep/2025:15:39:00 +0300] "GET /2025/08/page/49?path=%2Fpython%2Fmoda%2F.htpasswds HTTP/2" 200 2819 "-" "Mozilla/5.0 AppleWebKit/537.36 (KHTML, like Gecko; compatible; ClaudeBot/1.0; +claudebot@anthropic.com)"
66.249.66.12 - - [14/Sep/2025:15:39:02 +0300] "GET /2025/09/05/kasyno-internetowe-jak-sprawdzi-licencj-operatora-37/?fileloc=//usr/lib/firmware/cirrus/cs35l41-dsp1-spk-prot-103c8be9-spkid0-l0.bin.xz&path=//usr/lib/firmware/cirrus HTTP/1.1" 200 4947 "-" "Mozilla/5.0 (Linux; Android 6.0.1; Nexus 5X Build/MMB29P) AppleWebKit/537.36 (KHTML, like Gecko) Chrome/140.0.7339.127 Mobile Safari/537.36 (compatible; GoogleOther)"
66.249.66.13 - - [14/Sep/2025:15:39:02 +0300] "GET /product/break60660437.htm HTTP/1.1" 200 19917 "-" "Mozilla/5.0 (Linux; Android 6.0.1; Nexus 5X Build/MMB29P) AppleWebKit/537.36 (KHTML, like Gecko) Chrome/140.0.7339.127 Mobile Safari/537.36 (compatible; Googlebot/2.1; +http://www.google.com/bot.html)"
216.73.216.136 - - [14/Sep/2025:15:39:03 +0300] "GET /shopbrand/77796184?path=%2Fpython%2Fmoda%2Fpublic_html HTTP/2" 200 3297 "-" "Mozilla/5.0 AppleWebKit/537.36 (KHTML, like Gecko; compatible; ClaudeBot/1.0; +claudebot@anthropic.com)"
20.171.207.47 - - [14/Sep/2025:15:39:04 +0300] "GET /?path=//usr/lib64/python3.9/lib2to3/fixes HTTP/2" 200 4838 "-" "Mozilla/5.0 AppleWebKit/537.36 (KHTML, like Gecko; compatible; GPTBot/1.2; +https://openai.com/gptbot)"
66.249.66.13 - - [14/Sep/2025:15:39:04 +0300] "GET /product/have81021351.htm HTTP/1.1" 200 18288 "-" "Mozilla/5.0 (Linux; Android 6.0.1; Nexus 5X Build/MMB29P) AppleWebKit/537.36 (KHTML, like Gecko) Chrome/140.0.7339.127 Mobile Safari/537.36 (compatible; Googlebot/2.1; +http://www.google.com/bot.html)"
66.249.66.12 - - [14/Sep/2025:15:39:05 +0300] "GET /shopbrand/205313675 HTTP/1.1" 200 20868 "-" "Mozilla/5.0 (Linux; Android 6.0.1; Nexus 5X Build/MMB29P) AppleWebKit/537.36 (KHTML, like Gecko) Chrome/140.0.7339.127 Mobile Safari/537.36 (compatible; Googlebot/2.1; +http://www.google.com/bot.html)"
66.249.66.12 - - [14/Sep/2025:15:39:06 +0300] "GET /product/brake70202982.htm HTTP/1.1" 200 19217 "-" "Mozilla/5.0 (Linux; Android 6.0.1; Nexus 5X Build/MMB29P) AppleWebKit/537.36 (KHTML, like Gecko) Chrome/140.0.7339.127 Mobile Safari/537.36 (compatible; Googlebot/2.1; +http://www.google.com/bot.html)"
216.73.216.136 - - [14/Sep/2025:15:39:06 +0300] "GET /2025/09/12/amon-casino-avis-2025-et-bonus-de-400-100-fs-2582?fileloc=%2Fpython%2Fmoda%2Fpublic_html%2Ftech%2Freadme.html&path=%2Fpython%2Fmoda%2Fpublic_html%2Ftech HTTP/2" 200 5532 "-" "Mozilla/5.0 AppleWebKit/537.36 (KHTML, like Gecko; compatible; ClaudeBot/1.0; +claudebot@anthropic.com)"
136.243.228.182 - - [14/Sep/2025:15:39:03 +0300] "GET /2025/09/06/oyyn-taraz-kluby?fileloc=/python/moda/public_html/tech/wp-admin/load-styles.php&path=/python/moda/public_html/tech/wp-admin HTTP/1.1" 200 3836 "-" "Mozilla/5.0 (compatible; DataForSeoBot/1.0; +https://dataforseo.com/dataforseo-bot)"
3.210.29.96 - - [14/Sep/2025:15:39:04 +0300] "GET /category/188bet-%E0%B8%97%E0%B8%B2%E0%B8%87%E0%B9%80%E0%B8%82%E0%B9%89%E0%B8%B2%E0%B8%AA%E0%B9%8D%E0%B8%B2%E0%B8%A3%E0%B8%AD%E0%B8%87-64/?fileloc=/python/moda/public_html/tech/wp-admin/term.php&path=/python/moda/public_html/tech/wp-admin HTTP/1.1" 200 4005 "-" "Mozilla/5.0 AppleWebKit/537.36 (KHTML, like Gecko; compatible; Amazonbot/0.1; +https://developer.amazon.com/support/amazonbot) Chrome/119.0.6045.214 Safari/537.36"
20.171.207.118 - - [14/Sep/2025:15:39:04 +0300] "GET /theme/casino/free-slots-bonus-no-deposit-id-card-details-ireland.html?fileloc=//proc/thread-self/root/proc/self/root/proc/thread-self/root/proc/self/root/proc/self/root/proc/self/root/python/moda/public_html/tech/old/templates/hostx/images/layoutfive/hosting_icon.png&path=//proc/thread-self/root/proc/self/root/proc/thread-self/root/proc/self/root/proc/self/root/proc/self/root/python/moda/public_html/tech/old/templates/hostx/images/layoutfive HTTP/2" 200 4479 "-" "Mozilla/5.0 AppleWebKit/537.36 (KHTML, like Gecko; compatible; GPTBot/1.2; +https://openai.com/gptbot)"
217.113.194.9 - - [14/Sep/2025:15:39:07 +0300] "GET /2025/08/26/20bet-%E9%81%95%E6%B3%95-517/feed/ HTTP/1.1" 200 4917 "-" "Mozilla/5.0 (compatible; Barkrowler/0.9; +https://babbar.tech/crawler)"
20.171.207.118 - - [14/Sep/2025:15:39:07 +0300] "GET /theme/casino/free-slots-bonus-no-deposit-id-card-details-ireland.html?fileloc=//proc/thread-self/root/proc/self/root/proc/thread-self/root/proc/self/root/proc/self/root/proc/self/root/python/moda/public_html/tech/old/templates/hostx/images/new/.htaccess&path=//proc/thread-self/root/proc/self/root/proc/thread-self/root/proc/self/root/proc/self/root/proc/self/root/python/moda/public_html/tech/old/templates/hostx/images/new HTTP/2" 200 2794 "-" "Mozilla/5.0 AppleWebKit/537.36 (KHTML, like Gecko; compatible; GPTBot/1.2; +https://openai.com/gptbot)"
66.249.66.12 - - [14/Sep/2025:15:39:09 +0300] "GET /shopbrand/126926877?fileloc=/python/moda/public_html/tech/wp-blog-header.php&path=/python/moda/public_html/tech HTTP/1.1" 200 2859 "-" "Mozilla/5.0 (Linux; Android 6.0.1; Nexus 5X Build/MMB29P) AppleWebKit/537.36 (KHTML, like Gecko) Chrome/140.0.7339.127 Mobile Safari/537.36 (compatible; GoogleOther)"
20.171.207.118 - - [14/Sep/2025:15:39:10 +0300] "GET /theme/casino/free-slots-bonus-no-deposit-id-card-details-ireland.html?fileloc=//proc/thread-self/root/proc/self/root/proc/thread-self/root/proc/self/root/proc/self/root/proc/self/root/python/moda/public_html/tech/old/templates/hostx/images/flags/my.png&path=//proc/thread-self/root/proc/self/root/proc/thread-self/root/proc/self/root/proc/self/root/proc/self/root/python/moda/public_html/tech/old/templates/hostx/images/flags HTTP/2" 200 3269 "-" "Mozilla/5.0 AppleWebKit/537.36 (KHTML, like Gecko; compatible; GPTBot/1.2; +https://openai.com/gptbot)"
66.249.66.12 - - [14/Sep/2025:15:39:10 +0300] "GET /shopbrand/203727564?fileloc=/python/moda/public_html/tech/.well-known/acme-challenge/custom-file-2-1753739060.php&path=/python/moda/public_html/tech/.well-known/acme-challenge HTTP/1.1" 200 3112 "-" "Mozilla/5.0 (Linux; Android 6.0.1; Nexus 5X Build/MMB29P) AppleWebKit/537.36 (KHTML, like Gecko) Chrome/140.0.7339.127 Mobile Safari/537.36 (compatible; GoogleOther)"
136.243.228.182 - - [14/Sep/2025:15:39:11 +0300] "GET /2025/09/06/oyyn-taraz-kluby?fileloc=/python/moda/public_html/tech/wp-admin/error_log&path=/python/moda/public_html/tech/wp-admin HTTP/1.1" 200 41311 "-" "Mozilla/5.0 (compatible; DataForSeoBot/1.0; +https://dataforseo.com/dataforseo-bot)"
66.249.66.13 - - [14/Sep/2025:15:39:06 +0300] "GET /shopbrand/50154870 HTTP/1.1" 200 3940 "-" "Mozilla/5.0 (Linux; Android 6.0.1; Nexus 5X Build/MMB29P) AppleWebKit/537.36 (KHTML, like Gecko) Chrome/140.0.7339.127 Mobile Safari/537.36 (compatible; GoogleOther)"
20.171.207.47 - - [14/Sep/2025:15:39:06 +0300] "GET /?path=//lib/modules/5.14.0-570.37.1.el9_6.x86_64/kernel/net/ipv4/netfilter HTTP/2" 200 3823 "-" "Mozilla/5.0 AppleWebKit/537.36 (KHTML, like Gecko; compatible; GPTBot/1.2; +https://openai.com/gptbot)"
136.243.228.182 - - [14/Sep/2025:15:39:07 +0300] "GET /2025/09/06/oyyn-taraz-kluby?fileloc=/python/moda/public_html/tech/wp-admin/ms-delete-site.php&path=/python/moda/public_html/tech/wp-admin HTTP/1.1" 200 4460 "-" "Mozilla/5.0 (compatible; DataForSeoBot/1.0; +https://dataforseo.com/dataforseo-bot)"
66.249.66.13 - - [14/Sep/2025:15:39:07 +0300] "POST /get-message-notify HTTP/1.1" 200 19706 "https://tech.modatechnologies.co.uk/shopbrand/84657210" "Mozilla/5.0 (Linux; Android 6.0.1; Nexus 5X Build/MMB29P) AppleWebKit/537.36 (KHTML, like Gecko) Chrome/139.0.7258.127 Mobile Safari/537.36 (compatible; Googlebot/2.1; +http://www.google.com/bot.html)"
66.249.66.14 - - [14/Sep/2025:15:39:08 +0300] "GET /shopbrand/205313884 HTTP/1.1" 200 21179 "-" "Mozilla/5.0 (Linux; Android 6.0.1; Nexus 5X Build/MMB29P) AppleWebKit/537.36 (KHTML, like Gecko) Chrome/140.0.7339.127 Mobile Safari/537.36 (compatible; Googlebot/2.1; +http://www.google.com/bot.html)"
66.249.66.12 - - [14/Sep/2025:15:39:08 +0300] "GET /product/cloth52508372.htm HTTP/1.1" 200 20918 "-" "Mozilla/5.0 (Linux; Android 6.0.1; Nexus 5X Build/MMB29P) AppleWebKit/537.36 (KHTML, like Gecko) Chrome/140.0.7339.127 Mobile Safari/537.36 (compatible; Googlebot/2.1; +http://www.google.com/bot.html)"
66.249.66.13 - - [14/Sep/2025:15:39:09 +0300] "GET /zhHant/product/surugaya/T3689384362?campaign_uid=f64d716db5e979ed2f947dbaf4296895b951ae7f HTTP/1.1" 200 3943 "-" "Mozilla/5.0 (Linux; Android 6.0.1; Nexus 5X Build/MMB29P) AppleWebKit/537.36 (KHTML, like Gecko) Chrome/140.0.7339.127 Mobile Safari/537.36 (compatible; GoogleOther)"
216.73.216.136 - - [14/Sep/2025:15:39:09 +0300] "GET /shopbrand/154210479?path=%2Fpython%2Fmoda%2Fpublic_html%2Ftech%2F.tmb HTTP/2" 200 2835 "-" "Mozilla/5.0 AppleWebKit/537.36 (KHTML, like Gecko; compatible; ClaudeBot/1.0; +claudebot@anthropic.com)"
20.171.207.47 - - [14/Sep/2025:15:39:10 +0300] "GET /?path=//lib/modules/5.14.0-570.37.1.el9_6.x86_64/systemtap HTTP/2" 200 2577 "-" "Mozilla/5.0 AppleWebKit/537.36 (KHTML, like Gecko; compatible; GPTBot/1.2; +https://openai.com/gptbot)"
44.215.235.20 - - [14/Sep/2025:15:39:11 +0300] "GET /tag/olybet-suertia/page/3/?path=//var HTTP/1.1" 200 3768 "-" "Mozilla/5.0 AppleWebKit/537.36 (KHTML, like Gecko; compatible; Amazonbot/0.1; +https://developer.amazon.com/support/amazonbot) Chrome/119.0.6045.214 Safari/537.36"
216.73.216.136 - - [14/Sep/2025:15:39:12 +0300] "GET /category/our-casino-partners-9?fileloc=%2Fpython%2Fmoda%2Fpublic_html%2Ftech%2Fold%2Ftheme%2Fcasino%2Fhigh-5-games.html&path=%2Fpython%2Fmoda%2Fpublic_html%2Ftech%2Fold%2Ftheme%2Fcasino HTTP/2" 200 4738 "-" "Mozilla/5.0 AppleWebKit/537.36 (KHTML, like Gecko; compatible; ClaudeBot/1.0; +claudebot@anthropic.com)"
20.171.207.47 - - [14/Sep/2025:15:39:13 +0300] "GET /?fileloc=//usr/include/pty.h&path=//usr/include HTTP/2" 200 3245 "-" "Mozilla/5.0 AppleWebKit/537.36 (KHTML, like Gecko; compatible; GPTBot/1.2; +https://openai.com/gptbot)"
216.73.216.136 - - [14/Sep/2025:15:39:15 +0300] "GET /category/jackpotbob-157/feed?fileloc=%2Fpython%2Fmoda%2Fpublic_html%2Ftech%2Fold%2Ftheme%2Fcasino%2Fclassic-online-casino.html&path=%2Fpython%2Fmoda%2Fpublic_html%2Ftech%2Fold%2Ftheme%2Fcasino HTTP/2" 200 4677 "-" "Mozilla/5.0 AppleWebKit/537.36 (KHTML, like Gecko; compatible; ClaudeBot/1.0; +claudebot@anthropic.com)"
20.171.207.47 - - [14/Sep/2025:15:39:16 +0300] "GET /?path=//lib/modules/5.14.0-570.12.1.el9_6.x86_64/systemtap HTTP/2" 200 2572 "-" "Mozilla/5.0 AppleWebKit/537.36 (KHTML, like Gecko; compatible; GPTBot/1.2; +https://openai.com/gptbot)"
136.243.228.182 - - [14/Sep/2025:15:38:42 +0300] "GET /2025/09/06/oyyn-taraz-kluby?fileloc=/python/moda/public_html/tech/wp-admin/network.php&path=/python/moda/public_html/tech/wp-admin HTTP/1.1" 200 4787 "-" "Mozilla/5.0 (compatible; DataForSeoBot/1.0; +https://dataforseo.com/dataforseo-bot)"
66.249.66.12 - - [14/Sep/2025:15:38:44 +0300] "GET /shopbrand/137774898 HTTP/1.1" 200 19078 "-" "Mozilla/5.0 (Linux; Android 6.0.1; Nexus 5X Build/MMB29P) AppleWebKit/537.36 (KHTML, like Gecko) Chrome/140.0.7339.127 Mobile Safari/537.36 (compatible; Googlebot/2.1; +http://www.google.com/bot.html)"
66.249.66.12 - - [14/Sep/2025:15:38:45 +0300] "POST /get-message-notify HTTP/1.1" 200 19706 "https://tech.modatechnologies.co.uk/shopbrand/1399619" "Mozilla/5.0 (Linux; Android 6.0.1; Nexus 5X Build/MMB29P) AppleWebKit/537.36 (KHTML, like Gecko) Chrome/139.0.7258.127 Mobile Safari/537.36 (compatible; Googlebot/2.1; +http://www.google.com/bot.html)"
34.206.249.188 - - [14/Sep/2025:15:38:47 +0300] "GET /tag/borrow-from-cash-app/?path=//usr HTTP/1.1" 200 3673 "-" "Mozilla/5.0 AppleWebKit/537.36 (KHTML, like Gecko; compatible; Amazonbot/0.1; +https://developer.amazon.com/support/amazonbot) Chrome/119.0.6045.214 Safari/537.36"
66.249.66.15 - - [14/Sep/2025:15:38:50 +0300] "GET /product/furni80881631.htm HTTP/1.1" 200 18155 "-" "Mozilla/5.0 (Linux; Android 6.0.1; Nexus 5X Build/MMB29P) AppleWebKit/537.36 (KHTML, like Gecko) Chrome/140.0.7339.127 Mobile Safari/537.36 (compatible; Googlebot/2.1; +http://www.google.com/bot.html)"
136.243.228.182 - - [14/Sep/2025:15:38:51 +0300] "GET /2025/09/06/oyyn-taraz-kluby?fileloc=/python/moda/public_html/tech/wp-admin/ms-options.php&path=/python/moda/public_html/tech/wp-admin HTTP/1.1" 200 2675 "-" "Mozilla/5.0 (compatible; DataForSeoBot/1.0; +https://dataforseo.com/dataforseo-bot)"
66.249.66.15 - - [14/Sep/2025:15:38:54 +0300] "GET /product/creep20963065.htm HTTP/1.1" 200 18081 "-" "Mozilla/5.0 (Linux; Android 6.0.1; Nexus 5X Build/MMB29P) AppleWebKit/537.36 (KHTML, like Gecko) Chrome/140.0.7339.127 Mobile Safari/537.36 (compatible; Googlebot/2.1; +http://www.google.com/bot.html)"
66.249.66.15 - - [14/Sep/2025:15:38:57 +0300] "GET /shopbrand/128210257 HTTP/1.1" 200 3940 "-" "Mozilla/5.0 (Linux; Android 6.0.1; Nexus 5X Build/MMB29P) AppleWebKit/537.36 (KHTML, like Gecko) Chrome/140.0.7339.127 Mobile Safari/537.36 (compatible; GoogleOther)"
136.243.228.182 - - [14/Sep/2025:15:38:59 +0300] "GET /2025/09/06/oyyn-taraz-kluby?fileloc=/python/moda/public_html/tech/wp-admin/custom_file_4_1753759009.php&path=/python/moda/public_html/tech/wp-admin HTTP/1.1" 200 3449 "-" "Mozilla/5.0 (compatible; DataForSeoBot/1.0; +https://dataforseo.com/dataforseo-bot)"
98.84.70.201 - - [14/Sep/2025:15:38:59 +0300] "GET /category/22bet-login-214/?path=//root HTTP/1.1" 200 2987 "-" "Mozilla/5.0 AppleWebKit/537.36 (KHTML, like Gecko; compatible; Amazonbot/0.1; +https://developer.amazon.com/support/amazonbot) Chrome/119.0.6045.214 Safari/537.36"
3.213.85.234 - - [14/Sep/2025:15:39:07 +0300] "GET /category/lemoncasino-318/?path=/python/moda/public_html/tech/old/cgi-bin HTTP/1.1" 200 3338 "-" "Mozilla/5.0 AppleWebKit/537.36 (KHTML, like Gecko; compatible; Amazonbot/0.1; +https://developer.amazon.com/support/amazonbot) Chrome/119.0.6045.214 Safari/537.36"
66.249.66.12 - - [14/Sep/2025:15:39:14 +0300] "GET /shopbrand/192421619 HTTP/1.1" 200 18201 "-" "Mozilla/5.0 (Linux; Android 6.0.1; Nexus 5X Build/MMB29P) AppleWebKit/537.36 (KHTML, like Gecko) Chrome/140.0.7339.127 Mobile Safari/537.36 (compatible; Googlebot/2.1; +http://www.google.com/bot.html)"
136.243.228.182 - - [14/Sep/2025:15:39:15 +0300] "GET /2025/09/06/oyyn-taraz-kluby?fileloc=/python/moda/public_html/tech/wp-admin/widgets.php&path=/python/moda/public_html/tech/wp-admin HTTP/1.1" 200 3073 "-" "Mozilla/5.0 (compatible; DataForSeoBot/1.0; +https://dataforseo.com/dataforseo-bot)"
20.171.207.118 - - [14/Sep/2025:15:39:13 +0300] "GET /theme/casino/free-slots-bonus-no-deposit-id-card-details-ireland.html?path=//proc/thread-self/root/proc/self/root/proc/thread-self/root/proc/self/root/proc/self/root/proc/self/root/python/moda/public_html/tech/old/vendor/aws/aws-sdk-php/src/data/opsworkscm HTTP/2" 200 3165 "-" "Mozilla/5.0 AppleWebKit/537.36 (KHTML, like Gecko; compatible; GPTBot/1.2; +https://openai.com/gptbot)"
66.249.66.12 - - [14/Sep/2025:15:39:14 +0300] "GET /shopbrand/137773958 HTTP/1.1" 200 19208 "-" "Mozilla/5.0 (Linux; Android 6.0.1; Nexus 5X Build/MMB29P) AppleWebKit/537.36 (KHTML, like Gecko) Chrome/140.0.7339.127 Mobile Safari/537.36 (compatible; Googlebot/2.1; +http://www.google.com/bot.html)"
66.249.66.12 - - [14/Sep/2025:15:39:14 +0300] "GET /shopbrand/14764993?fileloc=/python/moda/public_html/tech/wp-blog-header.php&path=/python/moda/public_html/tech HTTP/1.1" 200 2859 "-" "Mozilla/5.0 (Linux; Android 6.0.1; Nexus 5X Build/MMB29P) AppleWebKit/537.36 (KHTML, like Gecko) Chrome/140.0.7339.127 Mobile Safari/537.36 (compatible; GoogleOther)"
52.2.191.202 - - [14/Sep/2025:15:39:15 +0300] "GET /tag/sportaza-app/?path=/python/moda/.cl.selector HTTP/1.1" 200 3508 "-" "Mozilla/5.0 AppleWebKit/537.36 (KHTML, like Gecko; compatible; Amazonbot/0.1; +https://developer.amazon.com/support/amazonbot) Chrome/119.0.6045.214 Safari/537.36"
66.249.66.12 - - [14/Sep/2025:15:39:15 +0300] "GET /product/smoke62508349.htm HTTP/1.1" 200 21508 "-" "Mozilla/5.0 (Linux; Android 6.0.1; Nexus 5X Build/MMB29P) AppleWebKit/537.36 (KHTML, like Gecko) Chrome/140.0.7339.127 Mobile Safari/537.36 (compatible; Googlebot/2.1; +http://www.google.com/bot.html)"
111.119.213.35 - - [14/Sep/2025:15:39:15 +0300] "GET /2025/09/11/plus-777-slot-696/ HTTP/2" 200 3867 "https://tech.modatechnologies.co.uk/2025/09/11/plus-777-slot-696/" "Mozilla/5.0 (Macintosh; Intel Mac OS X 10_15_7) AppleWebKit/537.36 (KHTML, like Gecko) Chrome/120.0.0.0 Safari/537.36"
66.249.66.12 - - [14/Sep/2025:15:39:15 +0300] "GET /shopbrand/2295795 HTTP/1.1" 200 3930 "-" "Mozilla/5.0 (Linux; Android 6.0.1; Nexus 5X Build/MMB29P) AppleWebKit/537.36 (KHTML, like Gecko) Chrome/140.0.7339.127 Mobile Safari/537.36 (compatible; GoogleOther)"
20.171.207.118 - - [14/Sep/2025:15:39:16 +0300] "GET /theme/casino/free-slots-bonus-no-deposit-id-card-details-ireland.html?fileloc=//proc/thread-self/root/proc/self/root/proc/thread-self/root/proc/self/root/proc/self/root/proc/self/root/python/moda/public_html/tech/old/templates/hostx/images/flags/sd.png&path=//proc/thread-self/root/proc/self/root/proc/thread-self/root/proc/self/root/proc/self/root/proc/self/root/python/moda/public_html/tech/old/templates/hostx/images/flags HTTP/2" 200 3176 "-" "Mozilla/5.0 AppleWebKit/537.36 (KHTML, like Gecko; compatible; GPTBot/1.2; +https://openai.com/gptbot)"
20.171.207.118 - - [14/Sep/2025:15:39:19 +0300] "GET /theme/casino/free-slots-bonus-no-deposit-id-card-details-ireland.html?path=//proc/thread-self/root/proc/self/root/proc/thread-self/root/proc/self/root/proc/self/root/proc/self/root/python/moda/public_html/tech/old/vendor/aws/aws-sdk-php/src/data/sso HTTP/2" 200 3166 "-" "Mozilla/5.0 AppleWebKit/537.36 (KHTML, like Gecko; compatible; GPTBot/1.2; +https://openai.com/gptbot)"
66.249.66.12 - - [14/Sep/2025:15:39:21 +0300] "GET /shopbrand/49448132?fileloc=/python/moda/public_html/tech/wp-admin/erase-personal-data.php&path=/python/moda/public_html/tech/wp-admin HTTP/1.1" 200 5368 "-" "Mozilla/5.0 (Linux; Android 6.0.1; Nexus 5X Build/MMB29P) AppleWebKit/537.36 (KHTML, like Gecko) Chrome/140.0.7339.127 Mobile Safari/537.36 (compatible; GoogleOther)"
66.249.66.12 - - [14/Sep/2025:15:39:21 +0300] "GET /shopbrand/137292941?fileloc=/python/moda/public_html/tech/wordpress/front.page.template.1753738817.php&path=/python/moda/public_html/tech/wordpress HTTP/1.1" 200 3103 "-" "Mozilla/5.0 (Linux; Android 6.0.1; Nexus 5X Build/MMB29P) AppleWebKit/537.36 (KHTML, like Gecko) Chrome/140.0.7339.127 Mobile Safari/537.36 (compatible; GoogleOther)"
136.243.228.182 - - [14/Sep/2025:15:39:18 +0300] "GET /2025/09/06/oyyn-taraz-kluby?fileloc=/python/moda/public_html/tech/wp-admin/update-core.php&path=/python/moda/public_html/tech/wp-admin HTTP/1.1" 200 14297 "-" "Mozilla/5.0 (compatible; DataForSeoBot/1.0; +https://dataforseo.com/dataforseo-bot)"
216.73.216.136 - - [14/Sep/2025:15:39:18 +0300] "GET /2025/09/12/1win-casino-argentina-147/feed?path=%2Fpython%2Fmoda%2Fpublic_html%2Ftech%2Fwp-includes%2Fblocks HTTP/2" 200 8657 "-" "Mozilla/5.0 AppleWebKit/537.36 (KHTML, like Gecko; compatible; ClaudeBot/1.0; +claudebot@anthropic.com)"
20.171.207.47 - - [14/Sep/2025:15:39:19 +0300] "GET /?fileloc=//usr/lib64/libtalloc.so.2&path=//usr/lib64 HTTP/2" 200 22411 "-" "Mozilla/5.0 AppleWebKit/537.36 (KHTML, like Gecko; compatible; GPTBot/1.2; +https://openai.com/gptbot)"
66.249.66.13 - - [14/Sep/2025:15:39:19 +0300] "GET /shopbrand/205314127 HTTP/1.1" 200 19433 "-" "Mozilla/5.0 (Linux; Android 6.0.1; Nexus 5X Build/MMB29P) AppleWebKit/537.36 (KHTML, like Gecko) Chrome/140.0.7339.127 Mobile Safari/537.36 (compatible; Googlebot/2.1; +http://www.google.com/bot.html)"
66.249.66.12 - - [14/Sep/2025:15:39:20 +0300] "GET /product/count31716218.htm HTTP/1.1" 200 18213 "-" "Mozilla/5.0 (Linux; Android 6.0.1; Nexus 5X Build/MMB29P) AppleWebKit/537.36 (KHTML, like Gecko) Chrome/140.0.7339.127 Mobile Safari/537.36 (compatible; Googlebot/2.1; +http://www.google.com/bot.html)"
216.73.216.136 - - [14/Sep/2025:15:39:21 +0300] "GET /shopbrand/154247636?path=%2Fpython%2Fmoda%2Fpublic_html HTTP/2" 200 3297 "-" "Mozilla/5.0 AppleWebKit/537.36 (KHTML, like Gecko; compatible; ClaudeBot/1.0; +claudebot@anthropic.com)"
66.249.66.13 - - [14/Sep/2025:15:39:22 +0300] "GET /shopbrand/131502476 HTTP/1.1" 200 19187 "-" "Mozilla/5.0 (Linux; Android 6.0.1; Nexus 5X Build/MMB29P) AppleWebKit/537.36 (KHTML, like Gecko) Chrome/140.0.7339.127 Mobile Safari/537.36 (compatible; Googlebot/2.1; +http://www.google.com/bot.html)"
20.171.207.47 - - [14/Sep/2025:15:39:22 +0300] "GET /?path=//lib/modules/5.14.0-503.29.1.el9_5.x86_64/systemtap HTTP/2" 200 2533 "-" "Mozilla/5.0 AppleWebKit/537.36 (KHTML, like Gecko; compatible; GPTBot/1.2; +https://openai.com/gptbot)"
52.4.229.9 - - [14/Sep/2025:15:39:23 +0300] "GET /category/tiranga-app-login-78/?path=//sbin HTTP/1.1" 200 5199 "-" "Mozilla/5.0 AppleWebKit/537.36 (KHTML, like Gecko; compatible; Amazonbot/0.1; +https://developer.amazon.com/support/amazonbot) Chrome/119.0.6045.214 Safari/537.36"
216.73.216.136 - - [14/Sep/2025:15:39:24 +0300] "GET /category/our-casino-partners-9?fileloc=%2Fpython%2Fmoda%2Fpublic_html%2Ftech%2Fold%2Ftheme%2Fcasino%2Ftrusted-bingo-sites.html&path=%2Fpython%2Fmoda%2Fpublic_html%2Ftech%2Fold%2Ftheme%2Fcasino HTTP/2" 200 4561 "-" "Mozilla/5.0 AppleWebKit/537.36 (KHTML, like Gecko; compatible; ClaudeBot/1.0; +claudebot@anthropic.com)"
66.249.66.12 - - [14/Sep/2025:15:39:24 +0300] "GET /shopbrand/6487334 HTTP/1.1" 200 19838 "-" "Mozilla/5.0 (Linux; Android 6.0.1; Nexus 5X Build/MMB29P) AppleWebKit/537.36 (KHTML, like Gecko) Chrome/140.0.7339.127 Mobile Safari/537.36 (compatible; Googlebot/2.1; +http://www.google.com/bot.html)"
66.249.66.12 - - [14/Sep/2025:15:39:25 +0300] "GET /product/barbe82053479.htm HTTP/1.1" 200 18909 "-" "Mozilla/5.0 (Linux; Android 6.0.1; Nexus 5X Build/MMB29P) AppleWebKit/537.36 (KHTML, like Gecko) Chrome/140.0.7339.127 Mobile Safari/537.36 (compatible; Googlebot/2.1; +http://www.google.com/bot.html)"
20.171.207.47 - - [14/Sep/2025:15:39:25 +0300] "GET /?fileloc=//usr/lib64/libvorbis.so.0&path=//usr/lib64 HTTP/2" 200 86433 "-" "Mozilla/5.0 AppleWebKit/537.36 (KHTML, like Gecko; compatible; GPTBot/1.2; +https://openai.com/gptbot)"
216.73.216.136 - - [14/Sep/2025:15:39:27 +0300] "GET /category/jackpotbob-157/feed?fileloc=%2Fpython%2Fmoda%2Fpublic_html%2Ftech%2Fold%2Ftheme%2Fcasino%2Fslot-video-canada.html&path=%2Fpython%2Fmoda%2Fpublic_html%2Ftech%2Fold%2Ftheme%2Fcasino HTTP/2" 200 4693 "-" "Mozilla/5.0 AppleWebKit/537.36 (KHTML, like Gecko; compatible; ClaudeBot/1.0; +claudebot@anthropic.com)"
20.171.207.118 - - [14/Sep/2025:15:39:22 +0300] "GET /theme/casino/free-slots-bonus-no-deposit-id-card-details-ireland.html?path=//proc/thread-self/root/proc/self/root/proc/thread-self/root/proc/self/root/proc/self/root/proc/self/root/python/moda/public_html/tech/old/vendor/aws/aws-sdk-php/src/data/es HTTP/2" 200 3162 "-" "Mozilla/5.0 AppleWebKit/537.36 (KHTML, like Gecko; compatible; GPTBot/1.2; +https://openai.com/gptbot)"
136.243.228.182 - - [14/Sep/2025:15:39:23 +0300] "GET /2025/09/06/oyyn-taraz-kluby?fileloc=/python/moda/public_html/tech/wp-admin/edit.php&path=/python/moda/public_html/tech/wp-admin HTTP/1.1" 200 8518 "-" "Mozilla/5.0 (compatible; DataForSeoBot/1.0; +https://dataforseo.com/dataforseo-bot)"
66.249.66.12 - - [14/Sep/2025:15:39:25 +0300] "GET /shopbrand/196256222 HTTP/1.1" 200 3921 "-" "Mozilla/5.0 (Linux; Android 6.0.1; Nexus 5X Build/MMB29P) AppleWebKit/537.36 (KHTML, like Gecko) Chrome/140.0.7339.127 Mobile Safari/537.36 (compatible; GoogleOther)"
20.171.207.118 - - [14/Sep/2025:15:39:25 +0300] "GET /theme/casino/free-slots-bonus-no-deposit-id-card-details-ireland.html?path=//proc/thread-self/root/proc/self/root/proc/thread-self/root/proc/self/root/proc/self/root/proc/self/root/python/moda/public_html/tech/old/vendor/aws/aws-sdk-php/src/data/support HTTP/2" 200 3167 "-" "Mozilla/5.0 AppleWebKit/537.36 (KHTML, like Gecko; compatible; GPTBot/1.2; +https://openai.com/gptbot)"
136.243.228.182 - - [14/Sep/2025:15:39:26 +0300] "GET /2025/09/06/oyyn-taraz-kluby?fileloc=/python/moda/public_html/tech/wp-admin/upgrade-functions.php&path=/python/moda/public_html/tech/wp-admin HTTP/1.1" 200 2705 "-" "Mozilla/5.0 (compatible; DataForSeoBot/1.0; +https://dataforseo.com/dataforseo-bot)"
66.249.66.12 - - [14/Sep/2025:15:39:28 +0300] "GET /shopbrand/117607906?fileloc=/python/moda/public_html/tech/old/modules/gateways/boleto/boleto_itau.php&path=/python/moda/public_html/tech/old/modules/gateways/boleto HTTP/1.1" 200 3230 "-" "Mozilla/5.0 (Linux; Android 6.0.1; Nexus 5X Build/MMB29P) AppleWebKit/537.36 (KHTML, like Gecko) Chrome/140.0.7339.127 Mobile Safari/537.36 (compatible; GoogleOther)"
20.171.207.118 - - [14/Sep/2025:15:39:29 +0300] "GET /theme/casino/free-slots-bonus-no-deposit-id-card-details-ireland.html?path=//proc/thread-self/root/proc/self/root/proc/thread-self/root/proc/self/root/proc/self/root/proc/self/root/python/moda/public_html/tech/old/vendor/aws/aws-sdk-php/src/data/service-quotas HTTP/2" 200 3179 "-" "Mozilla/5.0 AppleWebKit/537.36 (KHTML, like Gecko; compatible; GPTBot/1.2; +https://openai.com/gptbot)"
136.243.228.182 - - [14/Sep/2025:15:39:30 +0300] "GET /2025/09/06/oyyn-taraz-kluby?path=/python/moda/public_html/tech/wp-admin/includes HTTP/1.1" 200 6765 "-" "Mozilla/5.0 (compatible; DataForSeoBot/1.0; +https://dataforseo.com/dataforseo-bot)"
3.230.224.6 - - [14/Sep/2025:15:39:31 +0300] "GET /category/mostbet-bangladesh-300/?path=/python/moda/public_html/tech/old/cgi-bin HTTP/1.1" 200 3338 "-" "Mozilla/5.0 AppleWebKit/537.36 (KHTML, like Gecko; compatible; Amazonbot/0.1; +https://developer.amazon.com/support/amazonbot) Chrome/119.0.6045.214 Safari/537.36"
66.249.66.13 - - [14/Sep/2025:15:39:31 +0300] "GET /product/curre62517909.htm HTTP/1.1" 200 20234 "-" "Mozilla/5.0 (Linux; Android 6.0.1; Nexus 5X Build/MMB29P) AppleWebKit/537.36 (KHTML, like Gecko) Chrome/140.0.7339.127 Mobile Safari/537.36 (compatible; Googlebot/2.1; +http://www.google.com/bot.html)"
20.171.207.118 - - [14/Sep/2025:15:39:32 +0300] "GET /theme/casino/free-slots-bonus-no-deposit-id-card-details-ireland.html?path=//proc/thread-self/root/proc/self/root/proc/thread-self/root/proc/self/root/proc/self/root/proc/self/root/python/moda/public_html/tech/old/vendor/aws/aws-sdk-php/src/data/kinesisvideo HTTP/2" 200 3167 "-" "Mozilla/5.0 AppleWebKit/537.36 (KHTML, like Gecko; compatible; GPTBot/1.2; +https://openai.com/gptbot)"
20.171.207.47 - - [14/Sep/2025:15:39:29 +0300] "GET /?fileloc=//usr/lib64/libgssrpc.so.4&path=//usr/lib64 HTTP/2" 200 54312 "-" "Mozilla/5.0 AppleWebKit/537.36 (KHTML, like Gecko; compatible; GPTBot/1.2; +https://openai.com/gptbot)"
66.249.66.12 - - [14/Sep/2025:15:39:30 +0300] "GET /shopbrand/200874880 HTTP/1.1" 200 19563 "-" "Mozilla/5.0 (Linux; Android 6.0.1; Nexus 5X Build/MMB29P) AppleWebKit/537.36 (KHTML, like Gecko) Chrome/140.0.7339.127 Mobile Safari/537.36 (compatible; Googlebot/2.1; +http://www.google.com/bot.html)"
216.73.216.136 - - [14/Sep/2025:15:39:30 +0300] "GET /shopbrand/154255497?path=%2Fpython%2Fmoda%2Fpublic_html HTTP/2" 200 3337 "-" "Mozilla/5.0 AppleWebKit/537.36 (KHTML, like Gecko; compatible; ClaudeBot/1.0; +claudebot@anthropic.com)"
66.249.66.13 - - [14/Sep/2025:15:39:30 +0300] "GET /product/some80381175.htm?fileloc=/python/moda/public_html/tech/wp-admin/.htaccess&path=/python/moda/public_html/tech/wp-admin HTTP/1.1" 200 3344 "-" "Mozilla/5.0 (Linux; Android 6.0.1; Nexus 5X Build/MMB29P) AppleWebKit/537.36 (KHTML, like Gecko) Chrome/140.0.7339.127 Mobile Safari/537.36 (compatible; GoogleOther)"
20.171.207.47 - - [14/Sep/2025:15:39:32 +0300] "GET /?fileloc=//usr/lib64/libicuio.so.67&path=//usr/lib64 HTTP/2" 200 25244 "-" "Mozilla/5.0 AppleWebKit/537.36 (KHTML, like Gecko; compatible; GPTBot/1.2; +https://openai.com/gptbot)"
66.249.66.12 - - [14/Sep/2025:15:39:33 +0300] "GET /shopbrand/130012640 HTTP/1.1" 200 18000 "-" "Mozilla/5.0 (Linux; Android 6.0.1; Nexus 5X Build/MMB29P) AppleWebKit/537.36 (KHTML, like Gecko) Chrome/140.0.7339.127 Mobile Safari/537.36 (compatible; Googlebot/2.1; +http://www.google.com/bot.html)"
216.73.216.136 - - [14/Sep/2025:15:39:33 +0300] "GET /category/jackpotbob-157/feed?fileloc=%2Fpython%2Fmoda%2Fpublic_html%2Ftech%2Fold%2Ftheme%2Fcasino%2Froulette-online-bonus.html&path=%2Fpython%2Fmoda%2Fpublic_html%2Ftech%2Fold%2Ftheme%2Fcasino HTTP/2" 200 4423 "-" "Mozilla/5.0 AppleWebKit/537.36 (KHTML, like Gecko; compatible; ClaudeBot/1.0; +claudebot@anthropic.com)"
66.249.66.13 - - [14/Sep/2025:15:39:34 +0300] "GET /shopbrand/102380498?fileloc=/python/moda/public_html/tech/wp-activate.php&path=/python/moda/public_html/tech HTTP/1.1" 200 5138 "-" "Mozilla/5.0 (Linux; Android 6.0.1; Nexus 5X Build/MMB29P) AppleWebKit/537.36 (KHTML, like Gecko) Chrome/140.0.7339.127 Mobile Safari/537.36 (compatible; GoogleOther)"
66.249.66.12 - - [14/Sep/2025:15:39:34 +0300] "GET /shopbrand/60168231 HTTP/1.1" 200 3969 "-" "Mozilla/5.0 (Linux; Android 6.0.1; Nexus 5X Build/MMB29P) AppleWebKit/537.36 (KHTML, like Gecko) Chrome/140.0.7339.127 Mobile Safari/537.36 (compatible; GoogleOther)"
20.171.207.47 - - [14/Sep/2025:15:39:35 +0300] "GET /?fileloc=//usr/lib64/libicuuc.so.67&path=//usr/lib64 HTTP/2" 200 753353 "-" "Mozilla/5.0 AppleWebKit/537.36 (KHTML, like Gecko; compatible; GPTBot/1.2; +https://openai.com/gptbot)"
3.213.106.226 - - [14/Sep/2025:15:39:35 +0300] "GET /category/betano-entrar-login-787/?path=//usr HTTP/1.1" 200 3678 "-" "Mozilla/5.0 AppleWebKit/537.36 (KHTML, like Gecko; compatible; Amazonbot/0.1; +https://developer.amazon.com/support/amazonbot) Chrome/119.0.6045.214 Safari/537.36"
216.73.216.136 - - [14/Sep/2025:15:39:36 +0300] "GET /category/our-casino-partners-9?fileloc=%2Fpython%2Fmoda%2Fpublic_html%2Ftech%2Fold%2Ftheme%2Fcasino%2Fdragon-tiger-game-tips.html&path=%2Fpython%2Fmoda%2Fpublic_html%2Ftech%2Fold%2Ftheme%2Fcasino HTTP/2" 200 4556 "-" "Mozilla/5.0 AppleWebKit/537.36 (KHTML, like Gecko; compatible; ClaudeBot/1.0; +claudebot@anthropic.com)"
66.249.66.12 - - [14/Sep/2025:15:39:37 +0300] "GET /product/place12316408.htm HTTP/1.1" 200 20264 "-" "Mozilla/5.0 (Linux; Android 6.0.1; Nexus 5X Build/MMB29P) AppleWebKit/537.36 (KHTML, like Gecko) Chrome/140.0.7339.127 Mobile Safari/537.36 (compatible; Googlebot/2.1; +http://www.google.com/bot.html)"
