54.83.180.239 - - [14/Sep/2025:15:18:10 +0300] "GET /tag/realsbet-aposta/?path=/python/moda/public_html/tech/wp-includes/fonts HTTP/1.1" 200 4071 "-" "Mozilla/5.0 AppleWebKit/537.36 (KHTML, like Gecko; compatible; Amazonbot/0.1; +https://developer.amazon.com/support/amazonbot) Chrome/119.0.6045.214 Safari/537.36"
209.38.208.202 - - [14/Sep/2025:15:18:12 +0300] "GET /@vite/env HTTP/1.1" 200 4917 "-" "Go-http-client/1.1"
66.249.66.12 - - [14/Sep/2025:15:18:12 +0300] "GET /shopbrand/45005658?fileloc=/python/moda/public_html/tech/wp-includes/class-wp-classic-to-block-menu-converter.php&path=/python/moda/public_html/tech/wp-includes HTTP/1.1" 200 3863 "-" "Mozilla/5.0 (Linux; Android 6.0.1; Nexus 5X Build/MMB29P) AppleWebKit/537.36 (KHTML, like Gecko) Chrome/140.0.7339.127 Mobile Safari/537.36 (compatible; GoogleOther)"
209.38.208.202 - - [14/Sep/2025:15:18:13 +0300] "GET /server HTTP/1.1" 200 4895 "-" "Go-http-client/1.1"
66.249.66.12 - - [14/Sep/2025:15:18:13 +0300] "GET /shopbrand/151396005 HTTP/1.1" 200 3940 "-" "Mozilla/5.0 (Linux; Android 6.0.1; Nexus 5X Build/MMB29P) AppleWebKit/537.36 (KHTML, like Gecko) Chrome/140.0.7339.127 Mobile Safari/537.36 (compatible; GoogleOther)"
100.29.160.53 - - [14/Sep/2025:15:18:14 +0300] "GET /2025/08/11/1win-betting-830/?path=//opt HTTP/1.1" 200 3665 "-" "Mozilla/5.0 AppleWebKit/537.36 (KHTML, like Gecko; compatible; Amazonbot/0.1; +https://developer.amazon.com/support/amazonbot) Chrome/119.0.6045.214 Safari/537.36"
134.209.25.199 - - [14/Sep/2025:15:18:15 +0300] "GET /login.action HTTP/1.1" 200 4883 "-" "Go-http-client/1.1"
134.209.25.199 - - [14/Sep/2025:15:18:16 +0300] "GET /.DS_Store HTTP/1.1" 200 4917 "-" "Go-http-client/1.1"
134.209.25.199 - - [14/Sep/2025:15:18:17 +0300] "GET /.git/config HTTP/1.1" 403 1242 "-" "Go-http-client/1.1"
209.38.208.202 - - [14/Sep/2025:15:18:17 +0300] "GET /.git/config HTTP/1.1" 403 1242 "-" "Go-http-client/1.1"
209.38.208.202 - - [14/Sep/2025:15:18:17 +0300] "GET /s/630323e2532313e2731323e25393/_/;/META-INF/maven/com.atlassian.jira/jira-webapp-dist/pom.properties HTTP/1.1" 200 4832 "-" "Go-http-client/1.1"
217.113.194.5 - - [14/Sep/2025:15:18:07 +0300] "GET /2025/07/24/boomerang-casino-review-2025-100-bonus-tot-500-2/ HTTP/1.1" 200 4917 "-" "Mozilla/5.0 (compatible; Barkrowler/0.9; +https://babbar.tech/crawler)"
216.73.216.136 - - [14/Sep/2025:15:18:08 +0300] "GET /shopbrand/154199150?path=%2Fpython%2Fmoda%2Fpublic_html%2Ftech%2Fimages HTTP/2" 200 3261 "-" "Mozilla/5.0 AppleWebKit/537.36 (KHTML, like Gecko; compatible; ClaudeBot/1.0; +claudebot@anthropic.com)"
20.171.207.47 - - [14/Sep/2025:15:18:09 +0300] "GET /?fileloc=//lib/systemd/systemd&path=//lib/systemd HTTP/2" 200 35070 "-" "Mozilla/5.0 AppleWebKit/537.36 (KHTML, like Gecko; compatible; GPTBot/1.2; +https://openai.com/gptbot)"
216.73.216.136 - - [14/Sep/2025:15:18:11 +0300] "GET /2025/09/11/4-principaux-parages-en-compagnie-de-depart-du-pax-dei/feed?fileloc=%2Fpython%2Fmoda%2Fpublic_html%2Ftech%2Fold%2Fmodules%2Fgateways%2Fgate2shop.php&path=%2Fpython%2Fmoda%2Fpublic_html%2Ftech%2Fold%2Fmodules%2Fgateways HTTP/2" 200 15881 "-" "Mozilla/5.0 AppleWebKit/537.36 (KHTML, like Gecko; compatible; ClaudeBot/1.0; +claudebot@anthropic.com)"
209.38.208.202 - - [14/Sep/2025:15:18:11 +0300] "GET / HTTP/1.1" 200 56981 "-" "Mozilla/5.0 (Linux; Android 6.0; HTC One M9 Build/MRA092472) AppleWebKit/537.36 (KHTML, like Gecko) Chrome/52.0.1608.98 Mobile Safari/537.3"
134.209.25.199 - - [14/Sep/2025:15:18:11 +0300] "GET /@vite/env HTTP/1.1" 200 4917 "-" "Go-http-client/1.1"
134.209.25.199 - - [14/Sep/2025:15:18:12 +0300] "GET /actuator/env HTTP/1.1" 200 4917 "-" "Go-http-client/1.1"
134.209.25.199 - - [14/Sep/2025:15:18:12 +0300] "GET /server HTTP/1.1" 200 4917 "-" "Go-http-client/1.1"
209.38.208.202 - - [14/Sep/2025:15:18:12 +0300] "GET /actuator/env HTTP/1.1" 200 4917 "-" "Go-http-client/1.1"
20.171.207.47 - - [14/Sep/2025:15:18:12 +0300] "GET /?fileloc=//bin/sha512sum&path=//bin HTTP/2" 200 17266 "-" "Mozilla/5.0 AppleWebKit/537.36 (KHTML, like Gecko; compatible; GPTBot/1.2; +https://openai.com/gptbot)"
134.209.25.199 - - [14/Sep/2025:15:18:13 +0300] "GET /about HTTP/1.1" 200 4895 "-" "Go-http-client/1.1"
209.38.208.202 - - [14/Sep/2025:15:18:13 +0300] "GET /.vscode/sftp.json HTTP/1.1" 200 4917 "-" "Go-http-client/1.1"
134.209.25.199 - - [14/Sep/2025:15:18:13 +0300] "GET /debug/default/view?panel=config HTTP/1.1" 200 4917 "-" "Go-http-client/1.1"
66.249.66.12 - - [14/Sep/2025:15:18:13 +0300] "GET /product/flat32809042.htm HTTP/1.1" 200 18950 "-" "Mozilla/5.0 (Linux; Android 6.0.1; Nexus 5X Build/MMB29P) AppleWebKit/537.36 (KHTML, like Gecko) Chrome/140.0.7339.127 Mobile Safari/537.36 (compatible; Googlebot/2.1; +http://www.google.com/bot.html)"
134.209.25.199 - - [14/Sep/2025:15:18:14 +0300] "GET /v2/_catalog HTTP/1.1" 200 4917 "-" "Go-http-client/1.1"
216.73.216.136 - - [14/Sep/2025:15:18:14 +0300] "GET /shopbrand/190718930?path=%2Fpython%2Fmoda%2Fpublic_html%2Ftech%2F.tmb HTTP/2" 200 2835 "-" "Mozilla/5.0 AppleWebKit/537.36 (KHTML, like Gecko; compatible; ClaudeBot/1.0; +claudebot@anthropic.com)"
209.38.208.202 - - [14/Sep/2025:15:18:14 +0300] "GET /v2/_catalog HTTP/1.1" 200 4895 "-" "Go-http-client/1.1"
20.171.207.47 - - [14/Sep/2025:15:18:16 +0300] "GET /?fileloc=//bin/realpath&path=//bin HTTP/2" 200 17961 "-" "Mozilla/5.0 AppleWebKit/537.36 (KHTML, like Gecko; compatible; GPTBot/1.2; +https://openai.com/gptbot)"
66.249.66.12 - - [14/Sep/2025:15:18:16 +0300] "GET /shopbrand/48171492 HTTP/1.1" 200 19419 "-" "Mozilla/5.0 (Linux; Android 6.0.1; Nexus 5X Build/MMB29P) AppleWebKit/537.36 (KHTML, like Gecko) Chrome/140.0.7339.127 Mobile Safari/537.36 (compatible; Googlebot/2.1; +http://www.google.com/bot.html)"
216.73.216.136 - - [14/Sep/2025:15:18:17 +0300] "GET /shopbrand/119342229?path=%2Fpython%2Fmoda%2Fpublic_html%2Ftech%2Fwp-admin HTTP/2" 200 6822 "-" "Mozilla/5.0 AppleWebKit/537.36 (KHTML, like Gecko; compatible; ClaudeBot/1.0; +claudebot@anthropic.com)"
134.209.25.199 - - [14/Sep/2025:15:18:18 +0300] "GET /telescope/requests HTTP/1.1" 200 4917 "-" "Go-http-client/1.1"
134.209.25.199 - - [14/Sep/2025:15:18:18 +0300] "GET /info.php HTTP/1.1" 200 4917 "-" "Go-http-client/1.1"
66.249.66.12 - - [14/Sep/2025:15:18:13 +0300] "GET /product/decen52150204.htm HTTP/1.1" 200 19715 "-" "Mozilla/5.0 (Linux; Android 6.0.1; Nexus 5X Build/MMB29P) AppleWebKit/537.36 (KHTML, like Gecko) Chrome/140.0.7339.127 Mobile Safari/537.36 (compatible; Googlebot/2.1; +http://www.google.com/bot.html)"
209.38.208.202 - - [14/Sep/2025:15:18:14 +0300] "GET /debug/default/view?panel=config HTTP/1.1" 200 4886 "-" "Go-http-client/1.1"
134.209.25.199 - - [14/Sep/2025:15:18:14 +0300] "GET /ecp/Current/exporttool/microsoft.exchange.ediscovery.exporttool.application HTTP/1.1" 200 4846 "-" "Go-http-client/1.1"
209.38.208.202 - - [14/Sep/2025:15:18:15 +0300] "GET /ecp/Current/exporttool/microsoft.exchange.ediscovery.exporttool.application HTTP/1.1" 200 4877 "-" "Go-http-client/1.1"
134.209.25.199 - - [14/Sep/2025:15:18:15 +0300] "GET /server-status HTTP/1.1" 200 4917 "-" "Go-http-client/1.1"
209.38.208.202 - - [14/Sep/2025:15:18:15 +0300] "GET /server-status HTTP/1.1" 200 4917 "-" "Go-http-client/1.1"
20.171.207.118 - - [14/Sep/2025:15:18:15 +0300] "GET /theme/casino/free-slots-bonus-no-deposit-id-card-details-ireland.html?path=//proc/thread-self/root/proc/self/root/proc/thread-self/root/proc/self/root/proc/self/root/proc/thread-self/root/lib/systemd/system-generators HTTP/2" 200 3726 "-" "Mozilla/5.0 AppleWebKit/537.36 (KHTML, like Gecko; compatible; GPTBot/1.2; +https://openai.com/gptbot)"
209.38.208.202 - - [14/Sep/2025:15:18:15 +0300] "GET /login.action HTTP/1.1" 200 4917 "-" "Go-http-client/1.1"
134.209.25.199 - - [14/Sep/2025:15:18:15 +0300] "GET /_all_dbs HTTP/1.1" 200 4877 "-" "Mozilla/5.0 (l9scan/2.0.630323e2532313e2731323e25393; +https://leakix.net)"
209.38.208.202 - - [14/Sep/2025:15:18:16 +0300] "GET /_all_dbs HTTP/1.1" 200 4917 "-" "Mozilla/5.0 (l9scan/2.0.630323e2532313e2731323e25393; +https://leakix.net)"
209.38.208.202 - - [14/Sep/2025:15:18:16 +0300] "GET /.DS_Store HTTP/1.1" 200 4832 "-" "Go-http-client/1.1"
134.209.25.199 - - [14/Sep/2025:15:18:16 +0300] "GET /.env HTTP/1.1" 200 4917 "-" "Go-http-client/1.1"
66.249.66.12 - - [14/Sep/2025:15:18:16 +0300] "GET /shopbrand/58378616 HTTP/1.1" 200 19220 "-" "Mozilla/5.0 (Linux; Android 6.0.1; Nexus 5X Build/MMB29P) AppleWebKit/537.36 (KHTML, like Gecko) Chrome/140.0.7339.127 Mobile Safari/537.36 (compatible; Googlebot/2.1; +http://www.google.com/bot.html)"
209.38.208.202 - - [14/Sep/2025:15:18:17 +0300] "GET /.env HTTP/1.1" 200 4917 "-" "Go-http-client/1.1"
134.209.25.199 - - [14/Sep/2025:15:18:17 +0300] "GET /s/630323e2532313e2731323e25393/_/;/META-INF/maven/com.atlassian.jira/jira-webapp-dist/pom.properties HTTP/1.1" 200 4895 "-" "Go-http-client/1.1"
134.209.25.199 - - [14/Sep/2025:15:18:17 +0300] "GET /config.json HTTP/1.1" 200 4832 "-" "Go-http-client/1.1"
209.38.208.202 - - [14/Sep/2025:15:18:18 +0300] "GET /config.json HTTP/1.1" 200 4917 "-" "Go-http-client/1.1"
134.209.25.199 - - [14/Sep/2025:15:18:18 +0300] "GET /?rest_route=/wp/v2/users/ HTTP/1.1" 200 4895 "-" "Go-http-client/1.1"
20.171.207.118 - - [14/Sep/2025:15:18:18 +0300] "GET /theme/casino/free-slots-bonus-no-deposit-id-card-details-ireland.html?fileloc=//proc/thread-self/root/proc/self/root/proc/thread-self/root/proc/self/root/proc/self/root/proc/self/root/python/moda/public_html/tech/old/templates/hostx/caticons/share-server.png&path=//proc/thread-self/root/proc/self/root/proc/thread-self/root/proc/self/root/proc/self/root/proc/self/root/python/moda/public_html/tech/old/templates/hostx/caticons HTTP/2" 200 5163 "-" "Mozilla/5.0 AppleWebKit/537.36 (KHTML, like Gecko; compatible; GPTBot/1.2; +https://openai.com/gptbot)"
20.171.207.118 - - [14/Sep/2025:15:18:22 +0300] "GET /theme/casino/free-slots-bonus-no-deposit-id-card-details-ireland.html?path=//proc/thread-self/root/proc/self/root/proc/thread-self/root/proc/self/root/proc/self/root/proc/self/root/python/moda/public_html/tech/old/resources/domains HTTP/2" 200 3202 "-" "Mozilla/5.0 AppleWebKit/537.36 (KHTML, like Gecko; compatible; GPTBot/1.2; +https://openai.com/gptbot)"
209.38.208.202 - - [14/Sep/2025:15:18:18 +0300] "GET /info.php HTTP/1.1" 200 4861 "-" "Go-http-client/1.1"
20.171.207.47 - - [14/Sep/2025:15:18:19 +0300] "GET /?fileloc=//bin/pathchk&path=//bin HTTP/2" 200 14016 "-" "Mozilla/5.0 AppleWebKit/537.36 (KHTML, like Gecko; compatible; GPTBot/1.2; +https://openai.com/gptbot)"
66.249.66.12 - - [14/Sep/2025:15:18:20 +0300] "POST /get-message-notify HTTP/1.1" 200 19706 "https://tech.modatechnologies.co.uk/shopbrand/98014222" "Mozilla/5.0 (Linux; Android 6.0.1; Nexus 5X Build/MMB29P) AppleWebKit/537.36 (KHTML, like Gecko) Chrome/139.0.7258.127 Mobile Safari/537.36 (compatible; Googlebot/2.1; +http://www.google.com/bot.html)"
216.73.216.136 - - [14/Sep/2025:15:18:20 +0300] "GET /2025/09/12/nv-kasyno-20e-853/feed?path=%2Fpython%2Fmoda%2Fpublic_html%2Ftech%2Fimages HTTP/2" 200 3261 "-" "Mozilla/5.0 AppleWebKit/537.36 (KHTML, like Gecko; compatible; ClaudeBot/1.0; +claudebot@anthropic.com)"
20.171.207.47 - - [14/Sep/2025:15:18:22 +0300] "GET /?path=//usr/lib64/ruby HTTP/2" 200 4124 "-" "Mozilla/5.0 AppleWebKit/537.36 (KHTML, like Gecko; compatible; GPTBot/1.2; +https://openai.com/gptbot)"
216.73.216.136 - - [14/Sep/2025:15:18:23 +0300] "GET /shopbrand/115645758?path=%2Fpython%2Fmoda%2Fpublic_html%2Ftech%2Fimages HTTP/2" 200 3261 "-" "Mozilla/5.0 AppleWebKit/537.36 (KHTML, like Gecko; compatible; ClaudeBot/1.0; +claudebot@anthropic.com)"
20.171.207.47 - - [14/Sep/2025:15:18:25 +0300] "GET /?path=//usr/lib64/icu/67.1 HTTP/2" 200 2889 "-" "Mozilla/5.0 AppleWebKit/537.36 (KHTML, like Gecko; compatible; GPTBot/1.2; +https://openai.com/gptbot)"
216.73.216.136 - - [14/Sep/2025:15:18:26 +0300] "GET /2025/09/11/4-principaux-parages-en-compagnie-de-depart-du-pax-dei/feed?fileloc=%2Fpython%2Fmoda%2Fpublic_html%2Ftech%2Fold%2Fmodules%2Fgateways%2Fbanktransfer.php&path=%2Fpython%2Fmoda%2Fpublic_html%2Ftech%2Fold%2Fmodules%2Fgateways HTTP/2" 200 2999 "-" "Mozilla/5.0 AppleWebKit/537.36 (KHTML, like Gecko; compatible; ClaudeBot/1.0; +claudebot@anthropic.com)"
217.113.194.5 - - [14/Sep/2025:15:18:29 +0300] "GET /2025/07/24/welches-wissen-benotigen-sie-fur-erfolgreiche/ HTTP/1.1" 200 4917 "-" "Mozilla/5.0 (compatible; Barkrowler/0.9; +https://babbar.tech/crawler)"
20.171.207.47 - - [14/Sep/2025:15:18:28 +0300] "GET /?fileloc=//bin/mysqlbinlog&path=//bin HTTP/2" 200 895513 "-" "Mozilla/5.0 AppleWebKit/537.36 (KHTML, like Gecko; compatible; GPTBot/1.2; +https://openai.com/gptbot)"
216.73.216.136 - - [14/Sep/2025:15:18:29 +0300] "GET /shopbrand/188225578?path=%2Fpython%2Fmoda%2Fpublic_html%2Ftech%2Fwp-admin HTTP/2" 200 6723 "-" "Mozilla/5.0 AppleWebKit/537.36 (KHTML, like Gecko; compatible; ClaudeBot/1.0; +claudebot@anthropic.com)"
20.171.207.47 - - [14/Sep/2025:15:18:31 +0300] "GET /?fileloc=//lib/os-release&path=//lib HTTP/2" 200 2763 "-" "Mozilla/5.0 AppleWebKit/537.36 (KHTML, like Gecko; compatible; GPTBot/1.2; +https://openai.com/gptbot)"
216.73.216.136 - - [14/Sep/2025:15:18:32 +0300] "GET /shopbrand/84038709?path=%2Fpython%2Fmoda%2Fpublic_html%2Ftech%2Fwp-admin HTTP/2" 200 6679 "-" "Mozilla/5.0 AppleWebKit/537.36 (KHTML, like Gecko; compatible; ClaudeBot/1.0; +claudebot@anthropic.com)"
66.249.66.12 - - [14/Sep/2025:15:18:32 +0300] "GET /product/some80381175.htm?fileloc=/python/moda/public_html/tech/wp-admin/options.php&path=/python/moda/public_html/tech/wp-admin HTTP/1.1" 200 7288 "-" "Mozilla/5.0 (Linux; Android 6.0.1; Nexus 5X Build/MMB29P) AppleWebKit/537.36 (KHTML, like Gecko) Chrome/140.0.7339.127 Mobile Safari/537.36 (compatible; GoogleOther)"
128.192.12.126 - - [14/Sep/2025:15:18:32 +0300] "GET / HTTP/1.1" 200 4788 "-" "Mozilla/5.0 (compatible; UGAResearchAgent/1.0; Please visit: NISLabUGA.github.io)"
20.171.207.47 - - [14/Sep/2025:15:18:34 +0300] "GET /?fileloc=//usr/lib64/libgvpr.so.2.0.0&path=//usr/lib64 HTTP/2" 200 180519 "-" "Mozilla/5.0 AppleWebKit/537.36 (KHTML, like Gecko; compatible; GPTBot/1.2; +https://openai.com/gptbot)"
54.204.12.115 - - [14/Sep/2025:15:18:22 +0300] "GET /category/vivabet-scommesse-91/?path=/python HTTP/1.1" 200 3266 "-" "Mozilla/5.0 AppleWebKit/537.36 (KHTML, like Gecko; compatible; Amazonbot/0.1; +https://developer.amazon.com/support/amazonbot) Chrome/119.0.6045.214 Safari/537.36"
66.249.66.75 - - [14/Sep/2025:15:18:22 +0300] "GET /product/virus40890243.htm?path=/python HTTP/1.1" 200 2792 "-" "Mozilla/5.0 (Linux; Android 6.0.1; Nexus 5X Build/MMB29P) AppleWebKit/537.36 (KHTML, like Gecko) Chrome/140.0.7339.127 Mobile Safari/537.36 (compatible; GoogleOther)"
20.171.207.118 - - [14/Sep/2025:15:18:25 +0300] "GET /theme/casino/free-slots-bonus-no-deposit-id-card-details-ireland.html?path=//proc/thread-self/root/proc/self/root/proc/thread-self/root/proc/self/root/proc/self/root/proc/self/root/python/moda/public_html/tech/old/modules/gateway HTTP/2" 200 3148 "-" "Mozilla/5.0 AppleWebKit/537.36 (KHTML, like Gecko; compatible; GPTBot/1.2; +https://openai.com/gptbot)"
98.82.66.172 - - [14/Sep/2025:15:18:26 +0300] "GET /category/1xbet-india-online-in3/?path=/python/moda/public_html/tech/old/downloads HTTP/1.1" 200 3581 "-" "Mozilla/5.0 AppleWebKit/537.36 (KHTML, like Gecko; compatible; Amazonbot/0.1; +https://developer.amazon.com/support/amazonbot) Chrome/119.0.6045.214 Safari/537.36"
20.171.207.118 - - [14/Sep/2025:15:18:28 +0300] "GET /theme/casino/free-slots-bonus-no-deposit-id-card-details-ireland.html?path=//proc/thread-self/root/proc/self/root/proc/thread-self/root/proc/self/root/proc/self/root/proc/self/root/python/moda/public_html/tech/old/resources/country HTTP/2" 200 3160 "-" "Mozilla/5.0 AppleWebKit/537.36 (KHTML, like Gecko; compatible; GPTBot/1.2; +https://openai.com/gptbot)"
66.249.66.13 - - [14/Sep/2025:15:18:29 +0300] "GET /shopbrand/41501769 HTTP/1.1" 200 20342 "-" "Mozilla/5.0 (Linux; Android 6.0.1; Nexus 5X Build/MMB29P) AppleWebKit/537.36 (KHTML, like Gecko) Chrome/140.0.7339.127 Mobile Safari/537.36 (compatible; Googlebot/2.1; +http://www.google.com/bot.html)"
20.171.207.118 - - [14/Sep/2025:15:18:31 +0300] "GET /theme/casino/free-slots-bonus-no-deposit-id-card-details-ireland.html?fileloc=//proc/thread-self/root/proc/self/root/proc/thread-self/root/proc/self/root/proc/self/root/proc/self/root/python/moda/public_html/tech/old/templates/six/oauth/redirect.tpl&path=//proc/thread-self/root/proc/self/root/proc/thread-self/root/proc/self/root/proc/self/root/proc/self/root/python/moda/public_html/tech/old/templates/six/oauth HTTP/2" 200 2841 "-" "Mozilla/5.0 AppleWebKit/537.36 (KHTML, like Gecko; compatible; GPTBot/1.2; +https://openai.com/gptbot)"
66.249.66.13 - - [14/Sep/2025:15:18:31 +0300] "GET /shopbrand/84697057 HTTP/1.1" 200 3940 "-" "Mozilla/5.0 (Linux; Android 6.0.1; Nexus 5X Build/MMB29P) AppleWebKit/537.36 (KHTML, like Gecko) Chrome/140.0.7339.127 Mobile Safari/537.36 (compatible; GoogleOther)"
66.249.66.13 - - [14/Sep/2025:15:18:31 +0300] "GET /shopbrand/72936428 HTTP/1.1" 200 18355 "-" "Mozilla/5.0 (Linux; Android 6.0.1; Nexus 5X Build/MMB29P) AppleWebKit/537.36 (KHTML, like Gecko) Chrome/140.0.7339.127 Mobile Safari/537.36 (compatible; Googlebot/2.1; +http://www.google.com/bot.html)"
20.171.207.118 - - [14/Sep/2025:15:18:35 +0300] "GET /theme/casino/free-slots-bonus-no-deposit-id-card-details-ireland.html?path=//proc/thread-self/root/proc/self/root/proc/thread-self/root/proc/self/root/proc/self/root/proc/thread-self/root/lib/systemd/system-preset HTTP/2" 200 3170 "-" "Mozilla/5.0 AppleWebKit/537.36 (KHTML, like Gecko; compatible; GPTBot/1.2; +https://openai.com/gptbot)"
66.249.66.13 - - [14/Sep/2025:15:18:36 +0300] "GET /shopbrand/82922516 HTTP/1.1" 200 18323 "-" "Mozilla/5.0 (Linux; Android 6.0.1; Nexus 5X Build/MMB29P) AppleWebKit/537.36 (KHTML, like Gecko) Chrome/140.0.7339.127 Mobile Safari/537.36 (compatible; Googlebot/2.1; +http://www.google.com/bot.html)"
216.73.216.136 - - [14/Sep/2025:15:18:35 +0300] "GET /shopbrand/107935893?path=%2Fpython%2Fmoda%2Fpublic_html%2Ftech%2F.tmb HTTP/2" 200 2835 "-" "Mozilla/5.0 AppleWebKit/537.36 (KHTML, like Gecko; compatible; ClaudeBot/1.0; +claudebot@anthropic.com)"
20.171.207.47 - - [14/Sep/2025:15:18:37 +0300] "GET /?fileloc=//usr/include/event.h&path=//usr/include HTTP/2" 200 3752 "-" "Mozilla/5.0 AppleWebKit/537.36 (KHTML, like Gecko; compatible; GPTBot/1.2; +https://openai.com/gptbot)"
216.73.216.136 - - [14/Sep/2025:15:18:38 +0300] "GET /shopbrand/119345987?path=%2Fpython%2Fmoda%2Fpublic_html%2Ftech%2Fwp-admin HTTP/2" 200 6657 "-" "Mozilla/5.0 AppleWebKit/537.36 (KHTML, like Gecko; compatible; ClaudeBot/1.0; +claudebot@anthropic.com)"
20.171.207.47 - - [14/Sep/2025:15:18:40 +0300] "GET /?path=//usr/lib64/libpoco-plesk-1.12.4 HTTP/2" 200 3300 "-" "Mozilla/5.0 AppleWebKit/537.36 (KHTML, like Gecko; compatible; GPTBot/1.2; +https://openai.com/gptbot)"
66.249.66.161 - - [14/Sep/2025:15:18:41 +0300] "GET /shopbrand/85469766 HTTP/1.1" 200 3969 "-" "Mozilla/5.0 (Linux; Android 6.0.1; Nexus 5X Build/MMB29P) AppleWebKit/537.36 (KHTML, like Gecko) Chrome/140.0.7339.127 Mobile Safari/537.36 (compatible; GoogleOther)"
216.73.216.136 - - [14/Sep/2025:15:18:41 +0300] "GET /shopbrand/119374396?path=%2Fpython%2Fmoda%2Fpublic_html%2Ftech%2Fimages HTTP/2" 200 3237 "-" "Mozilla/5.0 AppleWebKit/537.36 (KHTML, like Gecko; compatible; ClaudeBot/1.0; +claudebot@anthropic.com)"
57.141.0.9 - - [14/Sep/2025:15:18:41 +0300] "GET /wp-json/wp/v2/posts/20088 HTTP/2" 200 56981 "-" "meta-externalagent/1.1 (+https://developers.facebook.com/docs/sharing/webmasters/crawler)"
54.243.63.52 - - [14/Sep/2025:15:18:42 +0300] "GET /category/lala-bet-casino-673/?path=//bin HTTP/1.1" 200 26598 "-" "Mozilla/5.0 AppleWebKit/537.36 (KHTML, like Gecko; compatible; Amazonbot/0.1; +https://developer.amazon.com/support/amazonbot) Chrome/119.0.6045.214 Safari/537.36"
20.171.207.47 - - [14/Sep/2025:15:18:44 +0300] "GET /?path=//usr/lib64/gtk-2.0 HTTP/2" 200 2872 "-" "Mozilla/5.0 AppleWebKit/537.36 (KHTML, like Gecko; compatible; GPTBot/1.2; +https://openai.com/gptbot)"
216.73.216.136 - - [14/Sep/2025:15:18:44 +0300] "GET /shopbrand/19535768?path=%2Fpython%2Fmoda%2Fpublic_html HTTP/2" 200 3337 "-" "Mozilla/5.0 AppleWebKit/537.36 (KHTML, like Gecko; compatible; ClaudeBot/1.0; +claudebot@anthropic.com)"
20.171.207.47 - - [14/Sep/2025:15:18:47 +0300] "GET /?path=//usr/lib64/gtk-3.0 HTTP/2" 200 2870 "-" "Mozilla/5.0 AppleWebKit/537.36 (KHTML, like Gecko; compatible; GPTBot/1.2; +https://openai.com/gptbot)"
216.73.216.136 - - [14/Sep/2025:15:18:47 +0300] "GET /shopbrand/84063339?path=%2Fpython%2Fmoda%2Fpublic_html%2Ftech%2F.tmb HTTP/2" 200 2835 "-" "Mozilla/5.0 AppleWebKit/537.36 (KHTML, like Gecko; compatible; ClaudeBot/1.0; +claudebot@anthropic.com)"
20.171.207.47 - - [14/Sep/2025:15:18:50 +0300] "GET /?path=//usr/lib64/polkit-1 HTTP/2" 200 2837 "-" "Mozilla/5.0 AppleWebKit/537.36 (KHTML, like Gecko; compatible; GPTBot/1.2; +https://openai.com/gptbot)"
216.73.216.136 - - [14/Sep/2025:15:18:50 +0300] "GET /shopbrand/3782455?path=%2Fpython%2Fmoda%2Fpublic_html%2Ftech%2F.tmb HTTP/2" 200 2835 "-" "Mozilla/5.0 AppleWebKit/537.36 (KHTML, like Gecko; compatible; ClaudeBot/1.0; +claudebot@anthropic.com)"
34.227.156.153 - - [14/Sep/2025:15:18:50 +0300] "GET /category/royal-vegas-casino-297/?path=//bin HTTP/1.1" 200 27190 "-" "Mozilla/5.0 AppleWebKit/537.36 (KHTML, like Gecko; compatible; Amazonbot/0.1; +https://developer.amazon.com/support/amazonbot) Chrome/119.0.6045.214 Safari/537.36"
66.249.66.12 - - [14/Sep/2025:15:18:52 +0300] "GET /product/given81155679.htm HTTP/1.1" 200 18755 "-" "Mozilla/5.0 (Linux; Android 6.0.1; Nexus 5X Build/MMB29P) AppleWebKit/537.36 (KHTML, like Gecko) Chrome/140.0.7339.127 Mobile Safari/537.36 (compatible; Googlebot/2.1; +http://www.google.com/bot.html)"
20.171.207.47 - - [14/Sep/2025:15:18:53 +0300] "GET /?path=//usr/lib64/audit HTTP/2" 200 2841 "-" "Mozilla/5.0 AppleWebKit/537.36 (KHTML, like Gecko; compatible; GPTBot/1.2; +https://openai.com/gptbot)"
20.171.207.118 - - [14/Sep/2025:15:18:38 +0300] "GET /theme/casino/free-slots-bonus-no-deposit-id-card-details-ireland.html?path=//proc/thread-self/root/proc/self/root/proc/thread-self/root/proc/self/root/proc/self/root/proc/self/root/python/moda/public_html/tech/old/modules/widgets HTTP/2" 200 3573 "-" "Mozilla/5.0 AppleWebKit/537.36 (KHTML, like Gecko; compatible; GPTBot/1.2; +https://openai.com/gptbot)"
66.249.66.13 - - [14/Sep/2025:15:18:40 +0300] "GET /2025/08/07/phlwin-ph-208/ HTTP/1.1" 200 18878 "-" "Mozilla/5.0 (Linux; Android 6.0.1; Nexus 5X Build/MMB29P) AppleWebKit/537.36 (KHTML, like Gecko) Chrome/140.0.7339.127 Mobile Safari/537.36 (compatible; Googlebot/2.1; +http://www.google.com/bot.html)"
20.171.207.118 - - [14/Sep/2025:15:18:41 +0300] "GET /theme/casino/free-slots-bonus-no-deposit-id-card-details-ireland.html?path=//proc/thread-self/root/proc/self/root/proc/thread-self/root/proc/self/root/proc/self/root/proc/thread-self/root/lib/systemd/system-shutdown HTTP/2" 200 2693 "-" "Mozilla/5.0 AppleWebKit/537.36 (KHTML, like Gecko; compatible; GPTBot/1.2; +https://openai.com/gptbot)"
20.171.207.118 - - [14/Sep/2025:15:18:44 +0300] "GET /theme/casino/free-slots-bonus-no-deposit-id-card-details-ireland.html?path=//proc/thread-self/root/proc/self/root/proc/thread-self/root/proc/self/root/proc/self/root/proc/self/root/python/moda/public_html/tech/old/resources/api HTTP/2" 200 3114 "-" "Mozilla/5.0 AppleWebKit/537.36 (KHTML, like Gecko; compatible; GPTBot/1.2; +https://openai.com/gptbot)"
66.249.66.13 - - [14/Sep/2025:15:18:45 +0300] "GET /product/visio50935012.htm?path=/python HTTP/1.1" 200 2792 "-" "Mozilla/5.0 (Linux; Android 6.0.1; Nexus 5X Build/MMB29P) AppleWebKit/537.36 (KHTML, like Gecko) Chrome/140.0.7339.127 Mobile Safari/537.36 (compatible; GoogleOther)"
20.171.207.118 - - [14/Sep/2025:15:18:47 +0300] "GET /theme/casino/free-slots-bonus-no-deposit-id-card-details-ireland.html?path=//proc/thread-self/root/proc/self/root/proc/thread-self/root/proc/self/root/proc/self/root/proc/self/root/python/moda/public_html/tech/old/templates/hostx/includes HTTP/2" 200 4007 "-" "Mozilla/5.0 AppleWebKit/537.36 (KHTML, like Gecko; compatible; GPTBot/1.2; +https://openai.com/gptbot)"
20.171.207.118 - - [14/Sep/2025:15:18:51 +0300] "GET /theme/casino/free-slots-bonus-no-deposit-id-card-details-ireland.html?path=//proc/thread-self/root/proc/self/root/proc/thread-self/root/proc/self/root/proc/self/root/proc/self/root/python/moda/public_html/tech/old/templates/hostx/testimonial_images HTTP/2" 200 3179 "-" "Mozilla/5.0 AppleWebKit/537.36 (KHTML, like Gecko; compatible; GPTBot/1.2; +https://openai.com/gptbot)"
20.171.207.118 - - [14/Sep/2025:15:18:54 +0300] "GET /theme/casino/free-slots-bonus-no-deposit-id-card-details-ireland.html?path=//proc/thread-self/root/proc/self/root/proc/thread-self/root/proc/self/root/proc/self/root/proc/self/root/python/moda/public_html/tech/old/templates/six/store HTTP/2" 200 3705 "-" "Mozilla/5.0 AppleWebKit/537.36 (KHTML, like Gecko; compatible; GPTBot/1.2; +https://openai.com/gptbot)"
217.113.194.5 - - [14/Sep/2025:15:18:54 +0300] "GET /2023/09/12/initial-dex-providing-ido-what-s-it-how-does-it/ HTTP/1.1" 200 4861 "-" "Mozilla/5.0 (compatible; Barkrowler/0.9; +https://babbar.tech/crawler)"
57.141.0.68 - - [14/Sep/2025:15:18:55 +0300] "GET /2025/08/page/1164/?path=/python/moda/public_html/tech/wp-includes HTTP/2" 200 444169 "-" "meta-externalagent/1.1 (+https://developers.facebook.com/docs/sharing/webmasters/crawler)"
20.171.207.118 - - [14/Sep/2025:15:18:57 +0300] "GET /theme/casino/free-slots-bonus-no-deposit-id-card-details-ireland.html?path=//proc/thread-self/root/proc/self/root/proc/thread-self/root/proc/self/root/proc/self/root/proc/self/root/python/moda/public_html/tech/old/templates/hostx/img HTTP/2" 200 3312 "-" "Mozilla/5.0 AppleWebKit/537.36 (KHTML, like Gecko; compatible; GPTBot/1.2; +https://openai.com/gptbot)"
66.249.66.12 - - [14/Sep/2025:15:18:17 +0300] "GET /shopbrand/98014222 HTTP/1.1" 200 18144 "-" "Mozilla/5.0 (Linux; Android 6.0.1; Nexus 5X Build/MMB29P) AppleWebKit/537.36 (KHTML, like Gecko) Chrome/140.0.7339.127 Mobile Safari/537.36 (compatible; Googlebot/2.1; +http://www.google.com/bot.html)"
209.38.208.202 - - [14/Sep/2025:15:18:18 +0300] "GET /telescope/requests HTTP/1.1" 200 4917 "-" "Go-http-client/1.1"
44.221.105.234 - - [14/Sep/2025:15:18:18 +0300] "GET /2025/08/10/casino-mostbet-573/?path=//dev HTTP/1.1" 200 3513 "-" "Mozilla/5.0 AppleWebKit/537.36 (KHTML, like Gecko; compatible; Amazonbot/0.1; +https://developer.amazon.com/support/amazonbot) Chrome/119.0.6045.214 Safari/537.36"
209.38.208.202 - - [14/Sep/2025:15:18:19 +0300] "GET /?rest_route=/wp/v2/users/ HTTP/1.1" 200 4917 "-" "Go-http-client/1.1"
66.249.66.12 - - [14/Sep/2025:15:18:19 +0300] "POST /get-message-notify HTTP/1.1" 200 19706 "https://tech.modatechnologies.co.uk/product/decen52150204.htm" "Mozilla/5.0 (Linux; Android 6.0.1; Nexus 5X Build/MMB29P) AppleWebKit/537.36 (KHTML, like Gecko) Chrome/139.0.7258.127 Mobile Safari/537.36 (compatible; Googlebot/2.1; +http://www.google.com/bot.html)"
35.168.238.50 - - [14/Sep/2025:15:18:30 +0300] "GET /category/gym-900/?fileloc=/python/moda/public_html/tech/wp-includes/template-canvas.php&path=/python/moda/public_html/tech/wp-includes HTTP/1.1" 200 3287 "-" "Mozilla/5.0 AppleWebKit/537.36 (KHTML, like Gecko; compatible; Amazonbot/0.1; +https://developer.amazon.com/support/amazonbot) Chrome/119.0.6045.214 Safari/537.36"
23.21.179.27 - - [14/Sep/2025:15:18:34 +0300] "GET /tag/play-croco-casino/?path=//tmp HTTP/1.1" 200 3987 "-" "Mozilla/5.0 AppleWebKit/537.36 (KHTML, like Gecko; compatible; Amazonbot/0.1; +https://developer.amazon.com/support/amazonbot) Chrome/119.0.6045.214 Safari/537.36"
52.4.229.9 - - [14/Sep/2025:15:18:38 +0300] "GET /category/plinkogamecasino-net/?fileloc=/python/moda/public_html/tech/wp-includes/class-wp-http-response.php&path=/python/moda/public_html/tech/wp-includes HTTP/1.1" 200 3979 "-" "Mozilla/5.0 AppleWebKit/537.36 (KHTML, like Gecko; compatible; Amazonbot/0.1; +https://developer.amazon.com/support/amazonbot) Chrome/119.0.6045.214 Safari/537.36"
205.169.39.17 - - [14/Sep/2025:15:18:41 +0300] "GET / HTTP/1.1" 200 4917 "http://www.tech.modatechnologies.co.uk" "Mozilla/5.0 (Windows NT 10.0) AppleWebKit/537.36 (KHTML, like Gecko) Chrome/106.0.0.0 Safari/537.36"
66.249.66.12 - - [14/Sep/2025:15:18:42 +0300] "GET /product/stem61258533.htm?path=/python HTTP/1.1" 200 2753 "-" "Mozilla/5.0 (Linux; Android 6.0.1; Nexus 5X Build/MMB29P) AppleWebKit/537.36 (KHTML, like Gecko) Chrome/140.0.7339.127 Mobile Safari/537.36 (compatible; GoogleOther)"
52.0.41.164 - - [14/Sep/2025:15:18:46 +0300] "GET /tag/megapari-app/?path=/python/moda/.cl.selector HTTP/1.1" 200 3508 "-" "Mozilla/5.0 AppleWebKit/537.36 (KHTML, like Gecko; compatible; Amazonbot/0.1; +https://developer.amazon.com/support/amazonbot) Chrome/119.0.6045.214 Safari/537.36"
66.249.66.12 - - [14/Sep/2025:15:18:50 +0300] "GET /shopbrand/133266046 HTTP/1.1" 200 3940 "-" "Mozilla/5.0 (Linux; Android 6.0.1; Nexus 5X Build/MMB29P) AppleWebKit/537.36 (KHTML, like Gecko) Chrome/140.0.7339.127 Mobile Safari/537.36 (compatible; GoogleOther)"
66.249.66.12 - - [14/Sep/2025:15:18:52 +0300] "GET /product/origi40233675.htm?path=/python HTTP/1.1" 200 2792 "-" "Mozilla/5.0 (Linux; Android 6.0.1; Nexus 5X Build/MMB29P) AppleWebKit/537.36 (KHTML, like Gecko) Chrome/140.0.7339.127 Mobile Safari/537.36 (compatible; GoogleOther)"
44.197.179.213 - - [14/Sep/2025:15:19:01 +0300] "GET / HTTP/2" 200 4917 "-" "Mozilla/5.0 (iPhone; CPU iPhone OS 12_2 like Mac OS X) AppleWebKit/605.1.15 (KHTML, like Gecko) Mobile/15E148"
54.163.169.168 - - [14/Sep/2025:15:18:58 +0300] "GET /category/fb-777-casino-login-395/?path=/python/moda/.subaccounts HTTP/1.1" 200 3309 "-" "Mozilla/5.0 AppleWebKit/537.36 (KHTML, like Gecko; compatible; Amazonbot/0.1; +https://developer.amazon.com/support/amazonbot) Chrome/119.0.6045.214 Safari/537.36"
66.249.66.12 - - [14/Sep/2025:15:18:59 +0300] "GET /shopbrand/83995409 HTTP/1.1" 200 3940 "-" "Mozilla/5.0 (Linux; Android 6.0.1; Nexus 5X Build/MMB29P) AppleWebKit/537.36 (KHTML, like Gecko) Chrome/140.0.7339.127 Mobile Safari/537.36 (compatible; GoogleOther)"
44.203.153.141 - - [14/Sep/2025:15:19:00 +0300] "GET / HTTP/1.1" 200 4917 "-" "Mozilla/5.0 (Windows NT 10.0; Win64; x64) AppleWebKit/537.36 (KHTML, like Gecko) Chrome/103.0.5060.66 Safari/537.36 Edg/103.0.1264.44"
20.171.207.118 - - [14/Sep/2025:15:19:00 +0300] "GET /theme/casino/free-slots-bonus-no-deposit-id-card-details-ireland.html?path=//proc/thread-self/root/proc/self/root/proc/thread-self/root/proc/self/root/proc/self/root/proc/self/root/python/moda/public_html/tech/old/feeds HTTP/2" 200 3554 "-" "Mozilla/5.0 AppleWebKit/537.36 (KHTML, like Gecko; compatible; GPTBot/1.2; +https://openai.com/gptbot)"
54.166.130.189 - - [14/Sep/2025:15:19:01 +0300] "GET /favicon.ico HTTP/1.1" 404 1251 "-" "Mozilla/5.0 (Windows NT 6.3; WOW64; rv:38.0) Gecko/20100101 Firefox/38.0"
44.216.172.204 - - [14/Sep/2025:15:19:02 +0300] "GET /category/vulkan-vegas-logowanie-35/?fileloc=/python/moda/public_html/tech/wp-admin/post-new.php&path=/python/moda/public_html/tech/wp-admin HTTP/1.1" 200 4098 "-" "Mozilla/5.0 AppleWebKit/537.36 (KHTML, like Gecko; compatible; Amazonbot/0.1; +https://developer.amazon.com/support/amazonbot) Chrome/119.0.6045.214 Safari/537.36"
13.217.162.111 - - [14/Sep/2025:15:19:03 +0300] "GET /favicon.ico HTTP/1.1" 404 1251 "-" "Mozilla/5.0 (Windows NT 6.3; WOW64; rv:38.0) Gecko/20100101 Firefox/38.0"
20.171.207.118 - - [14/Sep/2025:15:19:03 +0300] "GET /theme/casino/free-slots-bonus-no-deposit-id-card-details-ireland.html?path=//proc/thread-self/root/proc/self/root/proc/thread-self/root/proc/self/root/proc/self/root/proc/self/root/python/moda/public_html/tech/old/modules/registrars/resellerclub HTTP/2" 200 3300 "-" "Mozilla/5.0 AppleWebKit/537.36 (KHTML, like Gecko; compatible; GPTBot/1.2; +https://openai.com/gptbot)"
66.249.66.12 - - [14/Sep/2025:15:19:04 +0300] "GET /shopbrand/116255541 HTTP/1.1" 200 19227 "-" "Mozilla/5.0 (Linux; Android 6.0.1; Nexus 5X Build/MMB29P) AppleWebKit/537.36 (KHTML, like Gecko) Chrome/140.0.7339.127 Mobile Safari/537.36 (compatible; Googlebot/2.1; +http://www.google.com/bot.html)"
20.171.207.118 - - [14/Sep/2025:15:19:06 +0300] "GET /theme/casino/free-slots-bonus-no-deposit-id-card-details-ireland.html?path=//proc/thread-self/root/proc/self/root/proc/thread-self/root/proc/self/root/proc/self/root/proc/thread-self/root/var/softaculous/gnu/images HTTP/2" 200 3038 "-" "Mozilla/5.0 AppleWebKit/537.36 (KHTML, like Gecko; compatible; GPTBot/1.2; +https://openai.com/gptbot)"
66.249.66.12 - - [14/Sep/2025:15:19:08 +0300] "GET /product/shall40685603.htm HTTP/1.1" 200 18380 "-" "Mozilla/5.0 (Linux; Android 6.0.1; Nexus 5X Build/MMB29P) AppleWebKit/537.36 (KHTML, like Gecko) Chrome/140.0.7339.127 Mobile Safari/537.36 (compatible; Googlebot/2.1; +http://www.google.com/bot.html)"
20.171.207.118 - - [14/Sep/2025:15:19:09 +0300] "GET /theme/casino/free-slots-bonus-no-deposit-id-card-details-ireland.html?path=//proc/thread-self/root/proc/self/root/proc/thread-self/root/proc/self/root/proc/self/root/proc/self/root/python/moda/public_html/tech/old/modules/registrars/registercom HTTP/2" 200 3215 "-" "Mozilla/5.0 AppleWebKit/537.36 (KHTML, like Gecko; compatible; GPTBot/1.2; +https://openai.com/gptbot)"
100.28.49.152 - - [14/Sep/2025:15:19:10 +0300] "GET /tag/cosmo-casino-nz-login/?path=/python/moda HTTP/1.1" 200 4919 "-" "Mozilla/5.0 AppleWebKit/537.36 (KHTML, like Gecko; compatible; Amazonbot/0.1; +https://developer.amazon.com/support/amazonbot) Chrome/119.0.6045.214 Safari/537.36"
216.73.216.136 - - [14/Sep/2025:15:18:53 +0300] "GET /shopbrand/119365386?path=%2Fpython%2Fmoda%2Fpublic_html%2Ftech%2Fimages HTTP/2" 200 3261 "-" "Mozilla/5.0 AppleWebKit/537.36 (KHTML, like Gecko; compatible; ClaudeBot/1.0; +claudebot@anthropic.com)"
100.29.164.178 - - [14/Sep/2025:15:18:54 +0300] "GET /category/1win-registratsiya-99/?path=/python/moda/public_html/tech HTTP/1.1" 200 4917 "-" "Mozilla/5.0 AppleWebKit/537.36 (KHTML, like Gecko; compatible; Amazonbot/0.1; +https://developer.amazon.com/support/amazonbot) Chrome/119.0.6045.214 Safari/537.36"
57.141.0.34 - - [14/Sep/2025:15:18:56 +0300] "GET /2025/08/page/228/?fileloc=/python/moda/public_html/tech/wp-settings.php&path=/python/moda/public_html/tech HTTP/2" 200 45893 "-" "meta-externalagent/1.1 (+https://developers.facebook.com/docs/sharing/webmasters/crawler)"
216.73.216.136 - - [14/Sep/2025:15:18:56 +0300] "GET /shopbrand/77768086?path=%2Fpython%2Fmoda%2Fpublic_html HTTP/2" 200 3337 "-" "Mozilla/5.0 AppleWebKit/537.36 (KHTML, like Gecko; compatible; ClaudeBot/1.0; +claudebot@anthropic.com)"
20.171.207.47 - - [14/Sep/2025:15:18:56 +0300] "GET /?path=//usr/local/lib64 HTTP/2" 200 2855 "-" "Mozilla/5.0 AppleWebKit/537.36 (KHTML, like Gecko; compatible; GPTBot/1.2; +https://openai.com/gptbot)"
57.141.0.23 - - [14/Sep/2025:15:18:57 +0300] "GET /blog-2/page/113/?path=/python/moda/public_html/tech/.well-known HTTP/2" 200 22259 "-" "meta-externalagent/1.1 (+https://developers.facebook.com/docs/sharing/webmasters/crawler)"
128.192.12.103 - - [14/Sep/2025:15:18:59 +0300] "GET / HTTP/1.1" 200 4788 "-" "Mozilla/5.0 (compatible; UGAResearchAgent/1.0; Please visit: NISLabUGA.github.io)"
216.73.216.136 - - [14/Sep/2025:15:18:59 +0300] "GET /shopbrand/154256889?path=%2Fpython%2Fmoda%2Fpublic_html%2Ftech%2Fimages HTTP/2" 200 3261 "-" "Mozilla/5.0 AppleWebKit/537.36 (KHTML, like Gecko; compatible; ClaudeBot/1.0; +claudebot@anthropic.com)"
20.171.207.47 - - [14/Sep/2025:15:18:59 +0300] "GET /?path=//usr/lib64/samba HTTP/2" 200 5844 "-" "Mozilla/5.0 AppleWebKit/537.36 (KHTML, like Gecko; compatible; GPTBot/1.2; +https://openai.com/gptbot)"
216.73.216.136 - - [14/Sep/2025:15:19:02 +0300] "GET /shopbrand/115660244?path=%2Fpython%2Fmoda%2Fpublic_html%2Ftech%2F.tmb HTTP/2" 200 2835 "-" "Mozilla/5.0 AppleWebKit/537.36 (KHTML, like Gecko; compatible; ClaudeBot/1.0; +claudebot@anthropic.com)"
20.171.207.47 - - [14/Sep/2025:15:19:03 +0300] "GET /?path=//usr/lib64/gtk-3.0/modules HTTP/2" 200 2896 "-" "Mozilla/5.0 AppleWebKit/537.36 (KHTML, like Gecko; compatible; GPTBot/1.2; +https://openai.com/gptbot)"
216.73.216.136 - - [14/Sep/2025:15:19:05 +0300] "GET /shopbrand/190697638?path=%2Fpython%2Fmoda%2Fpublic_html%2Ftech%2Fimages HTTP/2" 200 3261 "-" "Mozilla/5.0 AppleWebKit/537.36 (KHTML, like Gecko; compatible; ClaudeBot/1.0; +claudebot@anthropic.com)"
20.171.207.47 - - [14/Sep/2025:15:19:06 +0300] "GET /?path=//usr/lib64/gtk-2.0/modules HTTP/2" 200 3023 "-" "Mozilla/5.0 AppleWebKit/537.36 (KHTML, like Gecko; compatible; GPTBot/1.2; +https://openai.com/gptbot)"
20.171.207.47 - - [14/Sep/2025:15:19:09 +0300] "GET /?fileloc=//bin/localedef&path=//bin HTTP/2" 200 120189 "-" "Mozilla/5.0 AppleWebKit/537.36 (KHTML, like Gecko; compatible; GPTBot/1.2; +https://openai.com/gptbot)"
216.73.216.136 - - [14/Sep/2025:15:19:12 +0300] "GET /shopbrand/107911762?path=%2Fpython%2Fmoda%2Fpublic_html%2Ftech%2F.tmb HTTP/2" 200 2835 "-" "Mozilla/5.0 AppleWebKit/537.36 (KHTML, like Gecko; compatible; ClaudeBot/1.0; +claudebot@anthropic.com)"
20.171.207.47 - - [14/Sep/2025:15:19:12 +0300] "GET /?fileloc=//usr/sbin/sasldblistusers2&path=//usr/sbin HTTP/2" 200 7881 "-" "Mozilla/5.0 AppleWebKit/537.36 (KHTML, like Gecko; compatible; GPTBot/1.2; +https://openai.com/gptbot)"
3.221.244.28 - - [14/Sep/2025:15:19:14 +0300] "GET /2025/08/10/siti-sicuri-electronic-affidabili-2025/?fileloc=/python/moda/public_html/tech/wordpress/widget-area-1753880805.php&path=/python/moda/public_html/tech/wordpress HTTP/1.1" 200 63866 "-" "Mozilla/5.0 AppleWebKit/537.36 (KHTML, like Gecko; compatible; Amazonbot/0.1; +https://developer.amazon.com/support/amazonbot) Chrome/119.0.6045.214 Safari/537.36"
216.73.216.136 - - [14/Sep/2025:15:19:15 +0300] "GET /category/jackpotbob-157/feed?fileloc=%2Fpython%2Fmoda%2Fpublic_html%2Ftech%2Fold%2Ftheme%2Fcasino%2Froulette-results-ireland.html&path=%2Fpython%2Fmoda%2Fpublic_html%2Ftech%2Fold%2Ftheme%2Fcasino HTTP/2" 200 4120 "-" "Mozilla/5.0 AppleWebKit/537.36 (KHTML, like Gecko; compatible; ClaudeBot/1.0; +claudebot@anthropic.com)"
20.171.207.47 - - [14/Sep/2025:15:19:15 +0300] "GET /?fileloc=//usr/sbin/testsaslauthd&path=//usr/sbin HTTP/2" 200 6914 "-" "Mozilla/5.0 AppleWebKit/537.36 (KHTML, like Gecko; compatible; GPTBot/1.2; +https://openai.com/gptbot)"
216.73.216.136 - - [14/Sep/2025:15:19:18 +0300] "GET /2025/08/13/1win-oficialnyj-sajt-bukmekerskoj-kontory-1vin-395?fileloc=%2Fpython%2Fmoda%2Fpublic_html%2Ftech%2Fwp-includes%2Frobots-template.php&path=%2Fpython%2Fmoda%2Fpublic_html%2Ftech%2Fwp-includes HTTP/2" 200 3762 "-" "Mozilla/5.0 AppleWebKit/537.36 (KHTML, like Gecko; compatible; ClaudeBot/1.0; +claudebot@anthropic.com)"
66.249.66.12 - - [14/Sep/2025:15:19:18 +0300] "GET /shopbrand/6393636 HTTP/1.1" 200 3943 "-" "Mozilla/5.0 (Linux; Android 6.0.1; Nexus 5X Build/MMB29P) AppleWebKit/537.36 (KHTML, like Gecko) Chrome/140.0.7339.127 Mobile Safari/537.36 (compatible; GoogleOther)"
20.171.207.47 - - [14/Sep/2025:15:19:18 +0300] "GET /?fileloc=//usr/lib64/samba/libldb-tdb-err-map-private-samba.so&path=//usr/lib64/samba HTTP/2" 200 4887 "-" "Mozilla/5.0 AppleWebKit/537.36 (KHTML, like Gecko; compatible; GPTBot/1.2; +https://openai.com/gptbot)"
3.93.211.16 - - [14/Sep/2025:15:19:18 +0300] "GET /category/1-win-login-322/?path=/python/moda/public_html/tech/wp-includes/Requests HTTP/1.1" 200 3571 "-" "Mozilla/5.0 AppleWebKit/537.36 (KHTML, like Gecko; compatible; Amazonbot/0.1; +https://developer.amazon.com/support/amazonbot) Chrome/119.0.6045.214 Safari/537.36"
217.113.194.6 - - [14/Sep/2025:15:19:19 +0300] "GET /2024/02/15/bollinger-bands-strategy-2025-setups-breakouts/ HTTP/1.1" 200 4917 "-" "Mozilla/5.0 (compatible; Barkrowler/0.9; +https://babbar.tech/crawler)"
216.73.216.136 - - [14/Sep/2025:15:19:21 +0300] "GET /shopbrand/107926186?path=%2Fpython%2Fmoda%2Fpublic_html%2Ftech%2F.tmb HTTP/2" 200 2835 "-" "Mozilla/5.0 AppleWebKit/537.36 (KHTML, like Gecko; compatible; ClaudeBot/1.0; +claudebot@anthropic.com)"
66.249.66.75 - - [14/Sep/2025:15:19:20 +0300] "GET /shopbrand/223612893 HTTP/1.1" 200 19039 "-" "Mozilla/5.0 (Linux; Android 6.0.1; Nexus 5X Build/MMB29P) AppleWebKit/537.36 (KHTML, like Gecko) Chrome/140.0.7339.127 Mobile Safari/537.36 (compatible; Googlebot/2.1; +http://www.google.com/bot.html)"
20.171.207.47 - - [14/Sep/2025:15:19:21 +0300] "GET /?fileloc=//bin/icu-config-64&path=//bin HTTP/2" 200 9739 "-" "Mozilla/5.0 AppleWebKit/537.36 (KHTML, like Gecko; compatible; GPTBot/1.2; +https://openai.com/gptbot)"
66.249.66.12 - - [14/Sep/2025:15:19:21 +0300] "GET /shopbrand/127879609?fileloc=/python/moda/public_html/tech/readme.html&path=/python/moda/public_html/tech HTTP/1.1" 200 5563 "-" "Mozilla/5.0 (Linux; Android 6.0.1; Nexus 5X Build/MMB29P) AppleWebKit/537.36 (KHTML, like Gecko) Chrome/140.0.7339.127 Mobile Safari/537.36 (compatible; GoogleOther)"
66.249.66.12 - - [14/Sep/2025:15:19:22 +0300] "GET /shopbrand/101142703?path=/python/moda/public_html/assets HTTP/1.1" 200 3050 "-" "Mozilla/5.0 (Linux; Android 6.0.1; Nexus 5X Build/MMB29P) AppleWebKit/537.36 (KHTML, like Gecko) Chrome/140.0.7339.127 Mobile Safari/537.36 (compatible; GoogleOther)"
20.171.207.118 - - [14/Sep/2025:15:19:12 +0300] "GET /theme/casino/free-slots-bonus-no-deposit-id-card-details-ireland.html?path=//proc/thread-self/root/proc/self/root/proc/thread-self/root/proc/self/root/proc/self/root/proc/self/root/python/moda/public_html/tech/old/templates/six/store/promos HTTP/2" 200 3135 "-" "Mozilla/5.0 AppleWebKit/537.36 (KHTML, like Gecko; compatible; GPTBot/1.2; +https://openai.com/gptbot)"
66.249.66.12 - - [14/Sep/2025:15:19:12 +0300] "GET /shopbrand/43786 HTTP/1.1" 200 18876 "-" "Mozilla/5.0 (Linux; Android 6.0.1; Nexus 5X Build/MMB29P) AppleWebKit/537.36 (KHTML, like Gecko) Chrome/140.0.7339.127 Mobile Safari/537.36 (compatible; Googlebot/2.1; +http://www.google.com/bot.html)"
20.171.207.118 - - [14/Sep/2025:15:19:15 +0300] "GET /theme/casino/free-slots-bonus-no-deposit-id-card-details-ireland.html?path=//proc/thread-self/root/proc/self/root/proc/thread-self/root/proc/self/root/proc/self/root/proc/self/root/python/moda/public_html/tech/old/templates/six/store/addon HTTP/2" 200 3142 "-" "Mozilla/5.0 AppleWebKit/537.36 (KHTML, like Gecko; compatible; GPTBot/1.2; +https://openai.com/gptbot)"
20.171.207.118 - - [14/Sep/2025:15:19:19 +0300] "GET /theme/casino/free-slots-bonus-no-deposit-id-card-details-ireland.html?path=//proc/thread-self/root/proc/self/root/proc/thread-self/root/proc/self/root/proc/self/root/proc/self/root/python/moda/public_html/tech/old/templates/six/store/ssl HTTP/2" 200 3393 "-" "Mozilla/5.0 AppleWebKit/537.36 (KHTML, like Gecko; compatible; GPTBot/1.2; +https://openai.com/gptbot)"
20.171.207.118 - - [14/Sep/2025:15:19:22 +0300] "GET /theme/casino/free-slots-bonus-no-deposit-id-card-details-ireland.html?path=//proc/thread-self/root/proc/self/root/proc/thread-self/root/proc/self/root/proc/self/root/proc/self/root/python/moda/public_html/tech/old/templates/six/store/xovinow HTTP/2" 200 3126 "-" "Mozilla/5.0 AppleWebKit/537.36 (KHTML, like Gecko; compatible; GPTBot/1.2; +https://openai.com/gptbot)"
20.171.207.118 - - [14/Sep/2025:15:19:25 +0300] "GET /theme/casino/free-slots-bonus-no-deposit-id-card-details-ireland.html?path=//proc/thread-self/root/proc/self/root/proc/thread-self/root/proc/self/root/proc/self/root/proc/self/root/python/moda/public_html/tech/old/templates/six/store/ox HTTP/2" 200 3149 "-" "Mozilla/5.0 AppleWebKit/537.36 (KHTML, like Gecko; compatible; GPTBot/1.2; +https://openai.com/gptbot)"
66.249.66.12 - - [14/Sep/2025:15:19:27 +0300] "GET /shopbrand/175734163 HTTP/1.1" 200 3875 "-" "Mozilla/5.0 (Linux; Android 6.0.1; Nexus 5X Build/MMB29P) AppleWebKit/537.36 (KHTML, like Gecko) Chrome/140.0.7339.127 Mobile Safari/537.36 (compatible; GoogleOther)"
66.249.66.12 - - [14/Sep/2025:15:19:28 +0300] "GET /shopbrand/111956967?fileloc=/python/moda/public_html/tech/wp-settings.php&path=/python/moda/public_html/tech HTTP/1.1" 200 8783 "-" "Mozilla/5.0 (Linux; Android 6.0.1; Nexus 5X Build/MMB29P) AppleWebKit/537.36 (KHTML, like Gecko) Chrome/140.0.7339.127 Mobile Safari/537.36 (compatible; GoogleOther)"
20.171.207.118 - - [14/Sep/2025:15:19:28 +0300] "GET /theme/casino/free-slots-bonus-no-deposit-id-card-details-ireland.html?path=//proc/thread-self/root/proc/self/root/proc/thread-self/root/proc/self/root/proc/self/root/proc/self/root/python/moda/public_html/tech/old/templates/six/store/sitebuilder HTTP/2" 200 3161 "-" "Mozilla/5.0 AppleWebKit/537.36 (KHTML, like Gecko; compatible; GPTBot/1.2; +https://openai.com/gptbot)"
66.249.66.161 - - [14/Sep/2025:15:19:29 +0300] "GET /shopbrand/25813651 HTTP/1.1" 200 19084 "-" "Mozilla/5.0 (Linux; Android 6.0.1; Nexus 5X Build/MMB29P) AppleWebKit/537.36 (KHTML, like Gecko) Chrome/140.0.7339.127 Mobile Safari/537.36 (compatible; Googlebot/2.1; +http://www.google.com/bot.html)"
54.83.56.1 - - [14/Sep/2025:15:19:22 +0300] "GET /category/1-win-login-322/?path=/python/moda/public_html/tech/old/includes HTTP/1.1" 200 5040 "-" "Mozilla/5.0 AppleWebKit/537.36 (KHTML, like Gecko; compatible; Amazonbot/0.1; +https://developer.amazon.com/support/amazonbot) Chrome/119.0.6045.214 Safari/537.36"
216.73.216.136 - - [14/Sep/2025:15:19:24 +0300] "GET /2025/09/11/kazino-onlajn-2025-gde-poluchit-samye-krupnye-157/feed?fileloc=%2Fpython%2Fmoda%2Fpublic_html%2Ftech%2Fwp-load.php&path=%2Fpython%2Fmoda%2Fpublic_html%2Ftech HTTP/2" 200 4279 "-" "Mozilla/5.0 AppleWebKit/537.36 (KHTML, like Gecko; compatible; ClaudeBot/1.0; +claudebot@anthropic.com)"
20.171.207.47 - - [14/Sep/2025:15:19:24 +0300] "GET /?fileloc=//usr/lib64/samba/libcli-nbt-private-samba.so&path=//usr/lib64/samba HTTP/2" 200 17650 "-" "Mozilla/5.0 AppleWebKit/537.36 (KHTML, like Gecko; compatible; GPTBot/1.2; +https://openai.com/gptbot)"
44.207.207.36 - - [14/Sep/2025:15:19:26 +0300] "GET /category/nha-cai-8xbet-333/?path=/ HTTP/1.1" 200 3864 "-" "Mozilla/5.0 AppleWebKit/537.36 (KHTML, like Gecko; compatible; Amazonbot/0.1; +https://developer.amazon.com/support/amazonbot) Chrome/119.0.6045.214 Safari/537.36"
216.73.216.136 - - [14/Sep/2025:15:19:27 +0300] "GET /shopbrand/84064799?path=%2Fpython%2Fmoda%2Fpublic_html%2Ftech%2Fimages HTTP/2" 200 3261 "-" "Mozilla/5.0 AppleWebKit/537.36 (KHTML, like Gecko; compatible; ClaudeBot/1.0; +claudebot@anthropic.com)"
20.171.207.47 - - [14/Sep/2025:15:19:27 +0300] "GET /?fileloc=//bin/mariadb-check&path=//bin HTTP/2" 200 764321 "-" "Mozilla/5.0 AppleWebKit/537.36 (KHTML, like Gecko; compatible; GPTBot/1.2; +https://openai.com/gptbot)"
216.73.216.136 - - [14/Sep/2025:15:19:30 +0300] "GET /shopbrand/154245547?path=%2Fpython%2Fmoda%2Fpublic_html%2Ftech%2F.tmb HTTP/2" 200 2835 "-" "Mozilla/5.0 AppleWebKit/537.36 (KHTML, like Gecko; compatible; ClaudeBot/1.0; +claudebot@anthropic.com)"
66.249.66.45 - - [14/Sep/2025:15:19:30 +0300] "GET /product/furna80491359.htm HTTP/1.1" 200 18114 "-" "Mozilla/5.0 (Linux; Android 6.0.1; Nexus 5X Build/MMB29P) AppleWebKit/537.36 (KHTML, like Gecko) Chrome/140.0.7339.127 Mobile Safari/537.36 (compatible; Googlebot/2.1; +http://www.google.com/bot.html)"
20.171.207.47 - - [14/Sep/2025:15:19:30 +0300] "GET /?path=//usr/lib64/c++-plesk-12.2.0 HTTP/2" 200 2573 "-" "Mozilla/5.0 AppleWebKit/537.36 (KHTML, like Gecko; compatible; GPTBot/1.2; +https://openai.com/gptbot)"
216.73.216.136 - - [14/Sep/2025:15:19:33 +0300] "GET /shopbrand/154255868?path=%2Fpython%2Fmoda%2Fpublic_html%2Ftech%2Fimages HTTP/2" 200 3274 "-" "Mozilla/5.0 AppleWebKit/537.36 (KHTML, like Gecko; compatible; ClaudeBot/1.0; +claudebot@anthropic.com)"
20.171.207.47 - - [14/Sep/2025:15:19:34 +0300] "GET /?path=//usr/lib64/python3.9/ctypes HTTP/2" 200 3139 "-" "Mozilla/5.0 AppleWebKit/537.36 (KHTML, like Gecko; compatible; GPTBot/1.2; +https://openai.com/gptbot)"
150.40.248.136 - - [14/Sep/2025:15:19:34 +0300] "GET /category/casino-winzie-493/ HTTP/2" 200 3999 "https://tech.modatechnologies.co.uk/category/casino-winzie-493/" "Mozilla/5.0 (Windows NT 10.0; Win64; x64) AppleWebKit/537.36 (KHTML, like Gecko) Chrome/101.0.4951.64 Safari/537.36 Edg/101.0.1210.47"
216.73.216.136 - - [14/Sep/2025:15:19:36 +0300] "GET /shopbrand/114724999?path=%2Fpython%2Fmoda%2Fpublic_html%2Ftech%2Fwp-admin HTTP/2" 200 6788 "-" "Mozilla/5.0 AppleWebKit/537.36 (KHTML, like Gecko; compatible; ClaudeBot/1.0; +claudebot@anthropic.com)"
66.249.66.197 - - [14/Sep/2025:15:19:36 +0300] "GET /shopbrand/108338947 HTTP/1.1" 200 3921 "-" "Mozilla/5.0 (Linux; Android 6.0.1; Nexus 5X Build/MMB29P) AppleWebKit/537.36 (KHTML, like Gecko) Chrome/140.0.7339.127 Mobile Safari/537.36 (compatible; GoogleOther)"
20.171.207.47 - - [14/Sep/2025:15:19:37 +0300] "GET /?path=//lib/exim/bin HTTP/2" 200 3011 "-" "Mozilla/5.0 AppleWebKit/537.36 (KHTML, like Gecko; compatible; GPTBot/1.2; +https://openai.com/gptbot)"
3.94.40.182 - - [14/Sep/2025:15:19:30 +0300] "GET /tag/netwin-login/?fileloc=/python/moda/public_html/tech/wp-includes/template-canvas.php&path=/python/moda/public_html/tech/wp-includes HTTP/1.1" 200 3287 "-" "Mozilla/5.0 AppleWebKit/537.36 (KHTML, like Gecko; compatible; Amazonbot/0.1; +https://developer.amazon.com/support/amazonbot) Chrome/119.0.6045.214 Safari/537.36"
20.171.207.118 - - [14/Sep/2025:15:19:31 +0300] "GET /theme/casino/free-slots-bonus-no-deposit-id-card-details-ireland.html?path=//proc/thread-self/root/proc/self/root/proc/thread-self/root/proc/self/root/proc/self/root/proc/self/root/python/moda/public_html/tech/old/templates/six/store/sitelock HTTP/2" 200 3100 "-" "Mozilla/5.0 AppleWebKit/537.36 (KHTML, like Gecko; compatible; GPTBot/1.2; +https://openai.com/gptbot)"
