185.252.223.55 - - [15/Sep/2025:20:06:04 +0300] "POST /xmlrpc.php HTTP/1.1" 301 795 "-" "Mozilla/5.0 (X11; Linux x86_64) AppleWebKit/537.36 (KHTML, like Gecko) Chrome/114.0.0.0 Safari/537.36 Vivaldi/5.3.2679.68"
185.252.223.55 - - [15/Sep/2025:20:06:05 +0300] "POST /xmlrpc.php HTTP/1.1" 301 795 "-" "Mozilla/5.0 (X11; Linux x86_64) AppleWebKit/537.36 (KHTML, like Gecko) Chrome/114.0.0.0 Safari/537.36 Vivaldi/5.3.2679.68"
85.208.98.23 - - [15/Sep/2025:20:08:39 +0300] "GET /robots.txt HTTP/1.1" 301 795 "-" "Mozilla/5.0 (compatible; SemrushBot-BA; +http://www.semrush.com/bot.html)"
65.109.63.161 - - [15/Sep/2025:20:12:22 +0300] "GET /theme HTTP/1.1" 301 795 "-" "-"
85.208.98.23 - - [15/Sep/2025:20:14:06 +0300] "GET /robots.txt HTTP/1.1" 301 795 "-" "Mozilla/5.0 (compatible; SemrushBot-BA; +http://www.semrush.com/bot.html)"
211.63.76.2 - - [15/Sep/2025:20:11:00 +0300] "HEAD / HTTP/1.1" 301 0 "-" "Mozilla/5.0 (X11; Linux x86_64) AppleWebKit/537.36 (KHTML, like Gecko) Chrome/96.0.4664.45 Safari/537.36"
211.63.76.2 - - [15/Sep/2025:20:23:18 +0300] "HEAD /wordpress HTTP/1.1" 301 0 "-" "Mozilla/5.0 (X11; Linux x86_64) AppleWebKit/537.36 (KHTML, like Gecko) Chrome/96.0.4664.45 Safari/537.36"
85.208.98.23 - - [15/Sep/2025:20:24:53 +0300] "GET /robots.txt HTTP/1.1" 301 795 "-" "Mozilla/5.0 (compatible; SemrushBot-BA; +http://www.semrush.com/bot.html)"
85.208.98.23 - - [15/Sep/2025:20:18:33 +0300] "GET /robots.txt HTTP/1.1" 301 795 "-" "Mozilla/5.0 (compatible; SemrushBot-BA; +http://www.semrush.com/bot.html)"
85.208.98.23 - - [15/Sep/2025:20:21:12 +0300] "GET /robots.txt HTTP/1.1" 301 795 "-" "Mozilla/5.0 (compatible; SemrushBot-BA; +http://www.semrush.com/bot.html)"
85.208.98.23 - - [15/Sep/2025:20:21:50 +0300] "GET /robots.txt HTTP/1.1" 301 795 "-" "Mozilla/5.0 (compatible; SemrushBot-BA; +http://www.semrush.com/bot.html)"
85.208.98.23 - - [15/Sep/2025:20:25:04 +0300] "GET /robots.txt HTTP/1.1" 301 795 "-" "Mozilla/5.0 (compatible; SemrushBot-BA; +http://www.semrush.com/bot.html)"
211.63.76.2 - - [15/Sep/2025:20:26:42 +0300] "HEAD /Wordpress HTTP/1.1" 301 0 "-" "Mozilla/5.0 (X11; Linux x86_64) AppleWebKit/537.36 (KHTML, like Gecko) Chrome/96.0.4664.45 Safari/537.36"
84.17.52.145 - - [15/Sep/2025:20:27:30 +0300] "POST /xmlrpc.php HTTP/1.1" 301 795 "-" "Mozilla/5.0 (Windows NT 10.0; Win64; x64) AppleWebKit/537.36 (KHTML, like Gecko) Chrome/78.0.3904.108 Safari/537.36"
216.244.66.243 - - [15/Sep/2025:20:40:58 +0300] "GET /robots.txt HTTP/1.1" 301 795 "-" "Mozilla/5.0 (compatible; DotBot/1.2; +https://opensiteexplorer.org/dotbot; help@moz.com)"
211.63.76.2 - - [15/Sep/2025:20:41:13 +0300] "HEAD /wp HTTP/1.1" 301 0 "-" "Mozilla/5.0 (X11; Linux x86_64) AppleWebKit/537.36 (KHTML, like Gecko) Chrome/96.0.4664.45 Safari/537.36"
85.208.98.23 - - [15/Sep/2025:20:31:06 +0300] "GET /robots.txt HTTP/1.1" 301 795 "-" "Mozilla/5.0 (compatible; SemrushBot-BA; +http://www.semrush.com/bot.html)"
85.208.98.23 - - [15/Sep/2025:20:32:21 +0300] "GET /robots.txt HTTP/1.1" 301 795 "-" "Mozilla/5.0 (compatible; SemrushBot-BA; +http://www.semrush.com/bot.html)"
211.63.76.2 - - [15/Sep/2025:20:35:29 +0300] "HEAD /WordPress HTTP/1.1" 301 0 "-" "Mozilla/5.0 (X11; Linux x86_64) AppleWebKit/537.36 (KHTML, like Gecko) Chrome/96.0.4664.45 Safari/537.36"
84.17.52.145 - - [15/Sep/2025:20:27:22 +0300] "POST /xmlrpc.php HTTP/1.1" 301 795 "-" "Mozilla/5.0 (Windows NT 10.0; Win64; x64) AppleWebKit/537.36 (KHTML, like Gecko) Chrome/78.0.3904.108 Safari/537.36"
84.17.52.145 - - [15/Sep/2025:20:27:23 +0300] "POST /xmlrpc.php HTTP/1.1" 301 795 "-" "Mozilla/5.0 (Windows NT 10.0; Win64; x64) AppleWebKit/537.36 (KHTML, like Gecko) Chrome/78.0.3904.108 Safari/537.36"
84.17.52.145 - - [15/Sep/2025:20:27:23 +0300] "POST /xmlrpc.php HTTP/1.1" 301 795 "-" "Mozilla/5.0 (Windows NT 10.0; Win64; x64) AppleWebKit/537.36 (KHTML, like Gecko) Chrome/78.0.3904.108 Safari/537.36"
84.17.52.145 - - [15/Sep/2025:20:27:24 +0300] "POST /xmlrpc.php HTTP/1.1" 301 795 "-" "Mozilla/5.0 (Windows NT 10.0; Win64; x64) AppleWebKit/537.36 (KHTML, like Gecko) Chrome/78.0.3904.108 Safari/537.36"
84.17.52.145 - - [15/Sep/2025:20:27:25 +0300] "POST /xmlrpc.php HTTP/1.1" 301 795 "-" "Mozilla/5.0 (Windows NT 10.0; Win64; x64) AppleWebKit/537.36 (KHTML, like Gecko) Chrome/78.0.3904.108 Safari/537.36"
84.17.52.145 - - [15/Sep/2025:20:27:26 +0300] "POST /xmlrpc.php HTTP/1.1" 301 795 "-" "Mozilla/5.0 (Windows NT 10.0; Win64; x64) AppleWebKit/537.36 (KHTML, like Gecko) Chrome/78.0.3904.108 Safari/537.36"
84.17.52.145 - - [15/Sep/2025:20:27:27 +0300] "POST /xmlrpc.php HTTP/1.1" 301 795 "-" "Mozilla/5.0 (Windows NT 10.0; Win64; x64) AppleWebKit/537.36 (KHTML, like Gecko) Chrome/78.0.3904.108 Safari/537.36"
84.17.52.145 - - [15/Sep/2025:20:27:30 +0300] "POST /xmlrpc.php HTTP/1.1" 301 795 "-" "Mozilla/5.0 (Windows NT 10.0; Win64; x64) AppleWebKit/537.36 (KHTML, like Gecko) Chrome/78.0.3904.108 Safari/537.36"
211.63.76.2 - - [15/Sep/2025:20:33:27 +0300] "HEAD /WORDPRESS HTTP/1.1" 301 0 "-" "Mozilla/5.0 (X11; Linux x86_64) AppleWebKit/537.36 (KHTML, like Gecko) Chrome/96.0.4664.45 Safari/537.36"
85.208.98.23 - - [15/Sep/2025:20:36:02 +0300] "GET /robots.txt HTTP/1.1" 301 795 "-" "Mozilla/5.0 (compatible; SemrushBot-BA; +http://www.semrush.com/bot.html)"
85.208.98.23 - - [15/Sep/2025:20:44:52 +0300] "GET /robots.txt HTTP/1.1" 301 795 "-" "Mozilla/5.0 (compatible; SemrushBot-BA; +http://www.semrush.com/bot.html)"
211.63.76.2 - - [15/Sep/2025:20:48:53 +0300] "HEAD /Wp HTTP/1.1" 301 0 "-" "Mozilla/5.0 (X11; Linux x86_64) AppleWebKit/537.36 (KHTML, like Gecko) Chrome/96.0.4664.45 Safari/537.36"
211.63.76.2 - - [15/Sep/2025:20:57:37 +0300] "HEAD /old HTTP/1.1" 301 0 "-" "Mozilla/5.0 (X11; Linux x86_64) AppleWebKit/537.36 (KHTML, like Gecko) Chrome/96.0.4664.45 Safari/537.36"
85.208.98.23 - - [15/Sep/2025:20:48:05 +0300] "GET /robots.txt HTTP/1.1" 301 795 "-" "Mozilla/5.0 (compatible; SemrushBot-BA; +http://www.semrush.com/bot.html)"
85.208.98.23 - - [15/Sep/2025:20:48:30 +0300] "GET /robots.txt HTTP/1.1" 301 795 "-" "Mozilla/5.0 (compatible; SemrushBot-BA; +http://www.semrush.com/bot.html)"
211.63.76.2 - - [15/Sep/2025:20:53:01 +0300] "HEAD /WP HTTP/1.1" 301 0 "-" "Mozilla/5.0 (X11; Linux x86_64) AppleWebKit/537.36 (KHTML, like Gecko) Chrome/96.0.4664.45 Safari/537.36"
85.208.98.23 - - [15/Sep/2025:21:06:45 +0300] "GET /robots.txt HTTP/1.1" 301 795 "-" "Mozilla/5.0 (compatible; SemrushBot-BA; +http://www.semrush.com/bot.html)"
211.63.76.2 - - [15/Sep/2025:21:10:19 +0300] "HEAD /oldsite HTTP/1.1" 301 0 "-" "Mozilla/5.0 (X11; Linux x86_64) AppleWebKit/537.36 (KHTML, like Gecko) Chrome/96.0.4664.45 Safari/537.36"
85.208.98.23 - - [15/Sep/2025:21:00:57 +0300] "GET /robots.txt HTTP/1.1" 301 795 "-" "Mozilla/5.0 (compatible; SemrushBot-BA; +http://www.semrush.com/bot.html)"
211.63.76.2 - - [15/Sep/2025:21:01:34 +0300] "HEAD /Old HTTP/1.1" 301 0 "-" "Mozilla/5.0 (X11; Linux x86_64) AppleWebKit/537.36 (KHTML, like Gecko) Chrome/96.0.4664.45 Safari/537.36"
211.63.76.2 - - [15/Sep/2025:21:08:16 +0300] "HEAD /OLD HTTP/1.1" 301 0 "-" "Mozilla/5.0 (X11; Linux x86_64) AppleWebKit/537.36 (KHTML, like Gecko) Chrome/96.0.4664.45 Safari/537.36"
85.208.98.23 - - [15/Sep/2025:21:19:06 +0300] "GET /robots.txt HTTP/1.1" 301 795 "-" "Mozilla/5.0 (compatible; SemrushBot-BA; +http://www.semrush.com/bot.html)"
211.63.76.2 - - [15/Sep/2025:21:21:29 +0300] "HEAD /New HTTP/1.1" 301 0 "-" "Mozilla/5.0 (X11; Linux x86_64) AppleWebKit/537.36 (KHTML, like Gecko) Chrome/96.0.4664.45 Safari/537.36"
159.89.112.243 - - [15/Sep/2025:21:16:16 +0300] "GET / HTTP/1.1" 301 795 "-" "Mozilla/5.0 (X11; Linux x86_64; rv:139.0) Gecko/20100101 Firefox/139.0"
159.138.138.22 - - [15/Sep/2025:21:17:48 +0300] "GET /tld/ro?path=/python/moda/public_html/tech/old HTTP/1.1" 301 795 "http://tech.modatechnologies.co.uk/tld/ro?path=/python/moda/public_html/tech/old" "Mozilla/5.0 (Macintosh; Intel Mac OS X 10_15_7) AppleWebKit/537.36 (KHTML, like Gecko) Chrome/123.0.0.0 Safari/537.36"
195.47.194.30 - - [15/Sep/2025:21:18:01 +0300] "POST /theme/xmlrpc.php HTTP/1.1" 301 795 "-" "Mozilla/5.0 (Windows NT 10.0; Win64; x64) AppleWebKit/537.36 (KHTML, like Gecko) Chrome/76.0.3809.100 Safari/537.36"
85.208.98.23 - - [15/Sep/2025:21:21:27 +0300] "GET /robots.txt HTTP/1.1" 301 795 "-" "Mozilla/5.0 (compatible; SemrushBot-BA; +http://www.semrush.com/bot.html)"
85.208.98.23 - - [15/Sep/2025:21:23:22 +0300] "GET /robots.txt HTTP/1.1" 301 795 "-" "Mozilla/5.0 (compatible; SemrushBot-BA; +http://www.semrush.com/bot.html)"
211.63.76.2 - - [15/Sep/2025:21:25:44 +0300] "HEAD /NEW HTTP/1.1" 301 0 "-" "Mozilla/5.0 (X11; Linux x86_64) AppleWebKit/537.36 (KHTML, like Gecko) Chrome/96.0.4664.45 Safari/537.36"
85.208.98.23 - - [15/Sep/2025:21:27:13 +0300] "GET /robots.txt HTTP/1.1" 301 795 "-" "Mozilla/5.0 (compatible; SemrushBot-BA; +http://www.semrush.com/bot.html)"
211.63.76.2 - - [15/Sep/2025:21:15:55 +0300] "HEAD /new HTTP/1.1" 301 0 "-" "Mozilla/5.0 (X11; Linux x86_64) AppleWebKit/537.36 (KHTML, like Gecko) Chrome/96.0.4664.45 Safari/537.36"
159.89.112.243 - - [15/Sep/2025:21:16:16 +0300] "GET /favicon.ico HTTP/1.1" 301 795 "http://tech.modatechnologies.co.uk/" "Mozilla/5.0 (X11; Linux x86_64; rv:139.0) Gecko/20100101 Firefox/139.0"
211.63.76.2 - - [15/Sep/2025:21:31:18 +0300] "HEAD /wp-old HTTP/1.1" 301 0 "-" "Mozilla/5.0 (X11; Linux x86_64) AppleWebKit/537.36 (KHTML, like Gecko) Chrome/96.0.4664.45 Safari/537.36"
85.208.98.23 - - [15/Sep/2025:21:37:20 +0300] "GET /robots.txt HTTP/1.1" 301 795 "-" "Mozilla/5.0 (compatible; SemrushBot-BA; +http://www.semrush.com/bot.html)"
85.208.98.23 - - [15/Sep/2025:21:34:14 +0300] "GET /robots.txt HTTP/1.1" 301 795 "-" "Mozilla/5.0 (compatible; SemrushBot-BA; +http://www.semrush.com/bot.html)"
211.63.76.2 - - [15/Sep/2025:21:39:44 +0300] "HEAD /2023 HTTP/1.1" 301 0 "-" "Mozilla/5.0 (X11; Linux x86_64) AppleWebKit/537.36 (KHTML, like Gecko) Chrome/96.0.4664.45 Safari/537.36"
211.63.76.2 - - [15/Sep/2025:21:42:09 +0300] "HEAD /2024 HTTP/1.1" 301 0 "-" "Mozilla/5.0 (X11; Linux x86_64) AppleWebKit/537.36 (KHTML, like Gecko) Chrome/96.0.4664.45 Safari/537.36"
211.63.76.2 - - [15/Sep/2025:21:47:00 +0300] "HEAD /2017 HTTP/1.1" 301 0 "-" "Mozilla/5.0 (X11; Linux x86_64) AppleWebKit/537.36 (KHTML, like Gecko) Chrome/96.0.4664.45 Safari/537.36"
85.208.98.23 - - [15/Sep/2025:21:47:08 +0300] "GET /robots.txt HTTP/1.1" 301 795 "-" "Mozilla/5.0 (compatible; SemrushBot-BA; +http://www.semrush.com/bot.html)"
211.63.76.2 - - [15/Sep/2025:21:33:19 +0300] "HEAD /2022 HTTP/1.1" 301 0 "-" "Mozilla/5.0 (X11; Linux x86_64) AppleWebKit/537.36 (KHTML, like Gecko) Chrome/96.0.4664.45 Safari/537.36"
216.244.66.243 - - [15/Sep/2025:21:39:01 +0300] "GET /robots.txt HTTP/1.1" 301 795 "-" "Mozilla/5.0 (compatible; DotBot/1.2; +https://opensiteexplorer.org/dotbot; help@moz.com)"
85.208.98.23 - - [15/Sep/2025:21:39:05 +0300] "GET /robots.txt HTTP/1.1" 301 795 "-" "Mozilla/5.0 (compatible; SemrushBot-BA; +http://www.semrush.com/bot.html)"
85.208.98.23 - - [15/Sep/2025:21:56:35 +0300] "GET /robots.txt HTTP/1.1" 301 795 "-" "Mozilla/5.0 (compatible; SemrushBot-BA; +http://www.semrush.com/bot.html)"
85.208.98.23 - - [15/Sep/2025:22:01:19 +0300] "GET /robots.txt HTTP/1.1" 301 795 "-" "Mozilla/5.0 (compatible; SemrushBot-BA; +http://www.semrush.com/bot.html)"
211.63.76.2 - - [15/Sep/2025:22:04:51 +0300] "HEAD /backup HTTP/1.1" 301 0 "-" "Mozilla/5.0 (X11; Linux x86_64) AppleWebKit/537.36 (KHTML, like Gecko) Chrome/96.0.4664.45 Safari/537.36"
85.208.98.23 - - [15/Sep/2025:21:49:00 +0300] "GET /robots.txt HTTP/1.1" 301 795 "-" "Mozilla/5.0 (compatible; SemrushBot-BA; +http://www.semrush.com/bot.html)"
85.208.98.23 - - [15/Sep/2025:21:55:46 +0300] "GET /robots.txt HTTP/1.1" 301 795 "-" "Mozilla/5.0 (compatible; SemrushBot-BA; +http://www.semrush.com/bot.html)"
211.63.76.2 - - [15/Sep/2025:21:57:24 +0300] "HEAD /2018 HTTP/1.1" 301 0 "-" "Mozilla/5.0 (X11; Linux x86_64) AppleWebKit/537.36 (KHTML, like Gecko) Chrome/96.0.4664.45 Safari/537.36"
65.109.63.161 - - [15/Sep/2025:21:58:30 +0300] "GET /theme HTTP/1.1" 301 795 "-" "-"
85.208.98.23 - - [15/Sep/2025:22:02:18 +0300] "GET /robots.txt HTTP/1.1" 301 795 "-" "Mozilla/5.0 (compatible; SemrushBot-BA; +http://www.semrush.com/bot.html)"
85.208.98.23 - - [15/Sep/2025:22:05:01 +0300] "GET /robots.txt HTTP/1.1" 301 795 "-" "Mozilla/5.0 (compatible; SemrushBot-BA; +http://www.semrush.com/bot.html)"
211.63.76.2 - - [15/Sep/2025:21:52:16 +0300] "HEAD /2020 HTTP/1.1" 301 0 "-" "Mozilla/5.0 (X11; Linux x86_64) AppleWebKit/537.36 (KHTML, like Gecko) Chrome/96.0.4664.45 Safari/537.36"
85.208.98.23 - - [15/Sep/2025:21:53:51 +0300] "GET /robots.txt HTTP/1.1" 301 795 "-" "Mozilla/5.0 (compatible; SemrushBot-BA; +http://www.semrush.com/bot.html)"
211.63.76.2 - - [15/Sep/2025:21:55:16 +0300] "HEAD /2019 HTTP/1.1" 301 0 "-" "Mozilla/5.0 (X11; Linux x86_64) AppleWebKit/537.36 (KHTML, like Gecko) Chrome/96.0.4664.45 Safari/537.36"
85.208.98.23 - - [15/Sep/2025:21:55:39 +0300] "GET /robots.txt HTTP/1.1" 301 795 "-" "Mozilla/5.0 (compatible; SemrushBot-BA; +http://www.semrush.com/bot.html)"
85.208.98.23 - - [15/Sep/2025:21:56:30 +0300] "GET /robots.txt HTTP/1.1" 301 795 "-" "Mozilla/5.0 (compatible; SemrushBot-BA; +http://www.semrush.com/bot.html)"
85.208.98.23 - - [15/Sep/2025:22:02:19 +0300] "GET /robots.txt HTTP/1.1" 301 795 "-" "Mozilla/5.0 (compatible; SemrushBot-BA; +http://www.semrush.com/bot.html)"
85.208.98.23 - - [15/Sep/2025:22:09:39 +0300] "GET /robots.txt HTTP/1.1" 301 795 "-" "Mozilla/5.0 (compatible; SemrushBot-BA; +http://www.semrush.com/bot.html)"
211.63.76.2 - - [15/Sep/2025:22:06:26 +0300] "HEAD /test HTTP/1.1" 301 0 "-" "Mozilla/5.0 (X11; Linux x86_64) AppleWebKit/537.36 (KHTML, like Gecko) Chrome/96.0.4664.45 Safari/537.36"
211.63.76.2 - - [15/Sep/2025:22:09:38 +0300] "HEAD /Test HTTP/1.1" 301 0 "-" "Mozilla/5.0 (X11; Linux x86_64) AppleWebKit/537.36 (KHTML, like Gecko) Chrome/96.0.4664.45 Safari/537.36"
85.208.98.23 - - [15/Sep/2025:22:13:34 +0300] "GET /robots.txt HTTP/1.1" 301 795 "-" "Mozilla/5.0 (compatible; SemrushBot-BA; +http://www.semrush.com/bot.html)"
211.63.76.2 - - [15/Sep/2025:22:15:22 +0300] "HEAD /TEST HTTP/1.1" 301 0 "-" "Mozilla/5.0 (X11; Linux x86_64) AppleWebKit/537.36 (KHTML, like Gecko) Chrome/96.0.4664.45 Safari/537.36"
85.208.98.23 - - [15/Sep/2025:22:17:39 +0300] "GET /robots.txt HTTP/1.1" 301 795 "-" "Mozilla/5.0 (compatible; SemrushBot-BA; +http://www.semrush.com/bot.html)"
85.208.98.23 - - [15/Sep/2025:22:19:23 +0300] "GET /robots.txt HTTP/1.1" 301 795 "-" "Mozilla/5.0 (compatible; SemrushBot-BA; +http://www.semrush.com/bot.html)"
211.63.76.2 - - [15/Sep/2025:22:20:13 +0300] "HEAD /demo HTTP/1.1" 301 0 "-" "Mozilla/5.0 (X11; Linux x86_64) AppleWebKit/537.36 (KHTML, like Gecko) Chrome/96.0.4664.45 Safari/537.36"
85.208.98.23 - - [15/Sep/2025:22:16:20 +0300] "GET /robots.txt HTTP/1.1" 301 795 "-" "Mozilla/5.0 (compatible; SemrushBot-BA; +http://www.semrush.com/bot.html)"
211.63.76.2 - - [15/Sep/2025:22:25:42 +0300] "HEAD /www HTTP/1.1" 301 0 "-" "Mozilla/5.0 (X11; Linux x86_64) AppleWebKit/537.36 (KHTML, like Gecko) Chrome/96.0.4664.45 Safari/537.36"
110.172.98.2 - - [15/Sep/2025:22:30:14 +0300] "GET / HTTP/1.1" 301 795 "-" "Mozilla/5.0 (Windows NT 10.0; Win64; x64) AppleWebKit/537.36 (KHTML, like Gecko) Chrome/79.0.3945.130 Safari/537.36"
85.208.98.23 - - [15/Sep/2025:22:31:33 +0300] "GET /robots.txt HTTP/1.1" 301 795 "-" "Mozilla/5.0 (compatible; SemrushBot-BA; +http://www.semrush.com/bot.html)"
85.208.98.23 - - [15/Sep/2025:22:34:42 +0300] "GET /robots.txt HTTP/1.1" 301 795 "-" "Mozilla/5.0 (compatible; SemrushBot-BA; +http://www.semrush.com/bot.html)"
211.63.76.2 - - [15/Sep/2025:22:30:47 +0300] "HEAD /WWW HTTP/1.1" 301 0 "-" "Mozilla/5.0 (X11; Linux x86_64) AppleWebKit/537.36 (KHTML, like Gecko) Chrome/96.0.4664.45 Safari/537.36"
211.63.76.2 - - [15/Sep/2025:22:37:50 +0300] "HEAD /2021 HTTP/1.1" 301 0 "-" "Mozilla/5.0 (X11; Linux x86_64) AppleWebKit/537.36 (KHTML, like Gecko) Chrome/96.0.4664.45 Safari/537.36"
85.208.98.23 - - [15/Sep/2025:22:38:16 +0300] "GET /robots.txt HTTP/1.1" 301 795 "-" "Mozilla/5.0 (compatible; SemrushBot-BA; +http://www.semrush.com/bot.html)"
211.63.76.2 - - [15/Sep/2025:22:24:06 +0300] "HEAD /bc HTTP/1.1" 301 0 "-" "Mozilla/5.0 (X11; Linux x86_64) AppleWebKit/537.36 (KHTML, like Gecko) Chrome/96.0.4664.45 Safari/537.36"
216.244.66.243 - - [15/Sep/2025:22:25:31 +0300] "GET /robots.txt HTTP/1.1" 301 795 "-" "Mozilla/5.0 (compatible; DotBot/1.2; +https://opensiteexplorer.org/dotbot; help@moz.com)"
85.208.98.23 - - [15/Sep/2025:22:28:06 +0300] "GET /robots.txt HTTP/1.1" 301 795 "-" "Mozilla/5.0 (compatible; SemrushBot-BA; +http://www.semrush.com/bot.html)"
85.208.98.23 - - [15/Sep/2025:22:29:06 +0300] "GET /robots.txt HTTP/1.1" 301 795 "-" "Mozilla/5.0 (compatible; SemrushBot-BA; +http://www.semrush.com/bot.html)"
211.63.76.2 - - [15/Sep/2025:22:33:34 +0300] "HEAD /Www HTTP/1.1" 301 0 "-" "Mozilla/5.0 (X11; Linux x86_64) AppleWebKit/537.36 (KHTML, like Gecko) Chrome/96.0.4664.45 Safari/537.36"
85.208.98.23 - - [15/Sep/2025:22:37:25 +0300] "GET /robots.txt HTTP/1.1" 301 795 "-" "Mozilla/5.0 (compatible; SemrushBot-BA; +http://www.semrush.com/bot.html)"
211.63.76.2 - - [15/Sep/2025:22:40:04 +0300] "HEAD /main HTTP/1.1" 301 0 "-" "Mozilla/5.0 (X11; Linux x86_64) AppleWebKit/537.36 (KHTML, like Gecko) Chrome/96.0.4664.45 Safari/537.36"
211.63.76.2 - - [15/Sep/2025:22:50:47 +0300] "HEAD /Backup HTTP/1.1" 301 0 "-" "Mozilla/5.0 (X11; Linux x86_64) AppleWebKit/537.36 (KHTML, like Gecko) Chrome/96.0.4664.45 Safari/537.36"
211.63.76.2 - - [15/Sep/2025:22:54:44 +0300] "HEAD /BACKUP HTTP/1.1" 301 0 "-" "Mozilla/5.0 (X11; Linux x86_64) AppleWebKit/537.36 (KHTML, like Gecko) Chrome/96.0.4664.45 Safari/537.36"
85.208.98.23 - - [15/Sep/2025:22:55:00 +0300] "GET /robots.txt HTTP/1.1" 301 795 "-" "Mozilla/5.0 (compatible; SemrushBot-BA; +http://www.semrush.com/bot.html)"
85.208.98.23 - - [15/Sep/2025:22:39:37 +0300] "GET /robots.txt HTTP/1.1" 301 795 "-" "Mozilla/5.0 (compatible; SemrushBot-BA; +http://www.semrush.com/bot.html)"
185.177.72.21 - - [15/Sep/2025:22:41:51 +0300] "GET / HTTP/1.1" 301 795 "-" "python-httpx/0.28.1"
85.208.98.23 - - [15/Sep/2025:22:40:58 +0300] "GET /robots.txt HTTP/1.1" 301 795 "-" "Mozilla/5.0 (compatible; SemrushBot-BA; +http://www.semrush.com/bot.html)"
211.63.76.2 - - [15/Sep/2025:22:43:04 +0300] "HEAD /old-site HTTP/1.1" 301 0 "-" "Mozilla/5.0 (X11; Linux x86_64) AppleWebKit/537.36 (KHTML, like Gecko) Chrome/96.0.4664.45 Safari/537.36"
211.63.76.2 - - [15/Sep/2025:22:46:25 +0300] "HEAD /bk HTTP/1.1" 301 0 "-" "Mozilla/5.0 (X11; Linux x86_64) AppleWebKit/537.36 (KHTML, like Gecko) Chrome/96.0.4664.45 Safari/537.36"
85.208.98.23 - - [15/Sep/2025:22:55:31 +0300] "GET /robots.txt HTTP/1.1" 301 795 "-" "Mozilla/5.0 (compatible; SemrushBot-BA; +http://www.semrush.com/bot.html)"
211.63.76.2 - - [15/Sep/2025:22:57:09 +0300] "HEAD /SHOP HTTP/1.1" 301 0 "-" "Mozilla/5.0 (X11; Linux x86_64) AppleWebKit/537.36 (KHTML, like Gecko) Chrome/96.0.4664.45 Safari/537.36"
211.63.76.2 - - [15/Sep/2025:23:08:28 +0300] "HEAD /bak HTTP/1.1" 301 0 "-" "Mozilla/5.0 (X11; Linux x86_64) AppleWebKit/537.36 (KHTML, like Gecko) Chrome/96.0.4664.45 Safari/537.36"
85.208.98.23 - - [15/Sep/2025:23:00:19 +0300] "GET /robots.txt HTTP/1.1" 301 795 "-" "Mozilla/5.0 (compatible; SemrushBot-BA; +http://www.semrush.com/bot.html)"
85.208.98.23 - - [15/Sep/2025:22:58:58 +0300] "GET /robots.txt HTTP/1.1" 301 795 "-" "Mozilla/5.0 (compatible; SemrushBot-BA; +http://www.semrush.com/bot.html)"
211.63.76.2 - - [15/Sep/2025:23:02:10 +0300] "HEAD /Shop HTTP/1.1" 301 0 "-" "Mozilla/5.0 (X11; Linux x86_64) AppleWebKit/537.36 (KHTML, like Gecko) Chrome/96.0.4664.45 Safari/537.36"
85.208.98.23 - - [15/Sep/2025:23:02:47 +0300] "GET /robots.txt HTTP/1.1" 301 795 "-" "Mozilla/5.0 (compatible; SemrushBot-BA; +http://www.semrush.com/bot.html)"
85.208.98.23 - - [15/Sep/2025:23:06:06 +0300] "GET /robots.txt HTTP/1.1" 301 795 "-" "Mozilla/5.0 (compatible; SemrushBot-BA; +http://www.semrush.com/bot.html)"
211.63.76.2 - - [15/Sep/2025:23:06:54 +0300] "HEAD /shop HTTP/1.1" 301 0 "-" "Mozilla/5.0 (X11; Linux x86_64) AppleWebKit/537.36 (KHTML, like Gecko) Chrome/96.0.4664.45 Safari/537.36"
85.208.98.23 - - [15/Sep/2025:23:08:14 +0300] "GET /robots.txt HTTP/1.1" 301 795 "-" "Mozilla/5.0 (compatible; SemrushBot-BA; +http://www.semrush.com/bot.html)"
38.54.71.67 - - [15/Sep/2025:23:13:50 +0300] "GET /2025/08/29/wahrscheinlichkeiten-als-vorteil-im-tipico-casino/ HTTP/1.1" 301 795 "https://tech.modatechnologies.co.uk/" "Mozilla/5.0 (Windows NT 10.0; WOW64; x64) AppleWebKit/537.36 (KHTML, like Gecko) Chrome/114.0.0.0 Safari/537.36 OPR/89.0.4447.51"
211.63.76.2 - - [15/Sep/2025:23:15:49 +0300] "HEAD /bac HTTP/1.1" 301 0 "-" "Mozilla/5.0 (X11; Linux x86_64) AppleWebKit/537.36 (KHTML, like Gecko) Chrome/96.0.4664.45 Safari/537.36"
211.63.76.2 - - [15/Sep/2025:23:18:38 +0300] "HEAD /sito HTTP/1.1" 301 0 "-" "Mozilla/5.0 (X11; Linux x86_64) AppleWebKit/537.36 (KHTML, like Gecko) Chrome/96.0.4664.45 Safari/537.36"
85.208.98.23 - - [15/Sep/2025:23:26:56 +0300] "GET /robots.txt HTTP/1.1" 301 795 "-" "Mozilla/5.0 (compatible; SemrushBot-BA; +http://www.semrush.com/bot.html)"
211.63.76.2 - - [15/Sep/2025:23:14:28 +0300] "HEAD /sitio HTTP/1.1" 301 0 "-" "Mozilla/5.0 (X11; Linux x86_64) AppleWebKit/537.36 (KHTML, like Gecko) Chrome/96.0.4664.45 Safari/537.36"
211.63.76.2 - - [15/Sep/2025:23:22:30 +0300] "HEAD /site HTTP/1.1" 301 0 "-" "Mozilla/5.0 (X11; Linux x86_64) AppleWebKit/537.36 (KHTML, like Gecko) Chrome/96.0.4664.45 Safari/537.36"
211.63.76.2 - - [15/Sep/2025:23:25:52 +0300] "HEAD /Site HTTP/1.1" 301 0 "-" "Mozilla/5.0 (X11; Linux x86_64) AppleWebKit/537.36 (KHTML, like Gecko) Chrome/96.0.4664.45 Safari/537.36"
85.208.98.23 - - [15/Sep/2025:23:25:53 +0300] "GET /robots.txt HTTP/1.1" 301 795 "-" "Mozilla/5.0 (compatible; SemrushBot-BA; +http://www.semrush.com/bot.html)"
85.208.98.23 - - [15/Sep/2025:23:29:11 +0300] "GET /robots.txt HTTP/1.1" 301 795 "-" "Mozilla/5.0 (compatible; SemrushBot-BA; +http://www.semrush.com/bot.html)"
211.63.76.2 - - [15/Sep/2025:23:35:20 +0300] "HEAD /BLOG HTTP/1.1" 301 0 "-" "Mozilla/5.0 (X11; Linux x86_64) AppleWebKit/537.36 (KHTML, like Gecko) Chrome/96.0.4664.45 Safari/537.36"
211.63.76.2 - - [15/Sep/2025:23:41:13 +0300] "HEAD /Blog HTTP/1.1" 301 0 "-" "Mozilla/5.0 (X11; Linux x86_64) AppleWebKit/537.36 (KHTML, like Gecko) Chrome/96.0.4664.45 Safari/537.36"
85.208.98.23 - - [15/Sep/2025:23:30:21 +0300] "GET /robots.txt HTTP/1.1" 301 795 "-" "Mozilla/5.0 (compatible; SemrushBot-BA; +http://www.semrush.com/bot.html)"
211.63.76.2 - - [15/Sep/2025:23:30:57 +0300] "HEAD /SITE HTTP/1.1" 301 0 "-" "Mozilla/5.0 (X11; Linux x86_64) AppleWebKit/537.36 (KHTML, like Gecko) Chrome/96.0.4664.45 Safari/537.36"
85.208.98.23 - - [15/Sep/2025:23:35:44 +0300] "GET /robots.txt HTTP/1.1" 301 795 "-" "Mozilla/5.0 (compatible; SemrushBot-BA; +http://www.semrush.com/bot.html)"
85.208.98.23 - - [15/Sep/2025:23:36:20 +0300] "GET /robots.txt HTTP/1.1" 301 795 "-" "Mozilla/5.0 (compatible; SemrushBot-BA; +http://www.semrush.com/bot.html)"
211.63.76.2 - - [15/Sep/2025:23:33:35 +0300] "HEAD /blog HTTP/1.1" 301 0 "-" "Mozilla/5.0 (X11; Linux x86_64) AppleWebKit/537.36 (KHTML, like Gecko) Chrome/96.0.4664.45 Safari/537.36"
85.208.98.23 - - [15/Sep/2025:23:51:00 +0300] "GET /robots.txt HTTP/1.1" 301 795 "-" "Mozilla/5.0 (compatible; SemrushBot-BA; +http://www.semrush.com/bot.html)"
216.244.66.243 - - [15/Sep/2025:23:59:41 +0300] "GET /robots.txt HTTP/1.1" 301 795 "-" "Mozilla/5.0 (compatible; DotBot/1.2; +https://opensiteexplorer.org/dotbot; help@moz.com)"
85.208.98.23 - - [16/Sep/2025:00:02:23 +0300] "GET /robots.txt HTTP/1.1" 301 795 "-" "Mozilla/5.0 (compatible; SemrushBot-BA; +http://www.semrush.com/bot.html)"
85.208.98.23 - - [15/Sep/2025:23:47:23 +0300] "GET /robots.txt HTTP/1.1" 301 795 "-" "Mozilla/5.0 (compatible; SemrushBot-BA; +http://www.semrush.com/bot.html)"
65.109.63.161 - - [16/Sep/2025:00:07:14 +0300] "GET /theme HTTP/1.1" 301 795 "-" "-"
85.208.98.23 - - [16/Sep/2025:00:16:00 +0300] "GET /robots.txt HTTP/1.1" 301 795 "-" "Mozilla/5.0 (compatible; SemrushBot-BA; +http://www.semrush.com/bot.html)"
85.208.98.23 - - [16/Sep/2025:00:30:15 +0300] "GET /robots.txt HTTP/1.1" 301 795 "-" "Mozilla/5.0 (compatible; SemrushBot-BA; +http://www.semrush.com/bot.html)"
85.208.98.23 - - [16/Sep/2025:00:35:11 +0300] "GET /robots.txt HTTP/1.1" 301 795 "-" "Mozilla/5.0 (compatible; SemrushBot-BA; +http://www.semrush.com/bot.html)"
85.208.98.23 - - [16/Sep/2025:00:41:58 +0300] "GET /robots.txt HTTP/1.1" 301 795 "-" "Mozilla/5.0 (compatible; SemrushBot-BA; +http://www.semrush.com/bot.html)"
85.208.98.23 - - [16/Sep/2025:00:47:08 +0300] "GET /robots.txt HTTP/1.1" 301 795 "-" "Mozilla/5.0 (compatible; SemrushBot-BA; +http://www.semrush.com/bot.html)"
85.208.98.23 - - [16/Sep/2025:00:47:24 +0300] "GET /robots.txt HTTP/1.1" 301 795 "-" "Mozilla/5.0 (compatible; SemrushBot-BA; +http://www.semrush.com/bot.html)"
85.208.98.23 - - [16/Sep/2025:00:49:46 +0300] "GET /robots.txt HTTP/1.1" 301 795 "-" "Mozilla/5.0 (compatible; SemrushBot-BA; +http://www.semrush.com/bot.html)"
85.208.98.23 - - [16/Sep/2025:00:51:06 +0300] "GET /robots.txt HTTP/1.1" 301 795 "-" "Mozilla/5.0 (compatible; SemrushBot-BA; +http://www.semrush.com/bot.html)"
85.208.98.23 - - [16/Sep/2025:00:36:36 +0300] "GET /robots.txt HTTP/1.1" 301 795 "-" "Mozilla/5.0 (compatible; SemrushBot-BA; +http://www.semrush.com/bot.html)"
85.208.98.23 - - [16/Sep/2025:00:48:29 +0300] "GET /robots.txt HTTP/1.1" 301 795 "-" "Mozilla/5.0 (compatible; SemrushBot-BA; +http://www.semrush.com/bot.html)"
205.210.31.78 - - [16/Sep/2025:00:51:28 +0300] "GET / HTTP/1.1" 301 795 "-" "Hello from Palo Alto Networks, find out more about our scans in https://docs-cortex.paloaltonetworks.com/r/1/Cortex-Xpanse/Scanning-activity"
185.77.217.36 - - [16/Sep/2025:00:58:42 +0300] "POST /xmlrpc.php HTTP/1.1" 301 795 "-" "Mozilla/5.0 (Windows NT 6.1) AppleWebKit/537.36 (KHTML, like Gecko) Chrome/49.0.2623.112 Safari/537.36"
185.77.217.36 - - [16/Sep/2025:00:58:42 +0300] "POST /xmlrpc.php HTTP/1.1" 301 795 "-" "Mozilla/5.0 (Windows NT 6.1) AppleWebKit/537.36 (KHTML, like Gecko) Chrome/49.0.2623.112 Safari/537.36"
185.77.217.36 - - [16/Sep/2025:00:58:42 +0300] "POST /xmlrpc.php HTTP/1.1" 301 795 "-" "Mozilla/5.0 (Windows NT 6.1) AppleWebKit/537.36 (KHTML, like Gecko) Chrome/49.0.2623.112 Safari/537.36"
85.208.98.23 - - [16/Sep/2025:01:04:39 +0300] "GET /robots.txt HTTP/1.1" 301 795 "-" "Mozilla/5.0 (compatible; SemrushBot-BA; +http://www.semrush.com/bot.html)"
85.208.98.23 - - [16/Sep/2025:01:05:46 +0300] "GET /robots.txt HTTP/1.1" 301 795 "-" "Mozilla/5.0 (compatible; SemrushBot-BA; +http://www.semrush.com/bot.html)"
85.208.98.23 - - [16/Sep/2025:00:53:16 +0300] "GET /robots.txt HTTP/1.1" 301 795 "-" "Mozilla/5.0 (compatible; SemrushBot-BA; +http://www.semrush.com/bot.html)"
185.77.217.36 - - [16/Sep/2025:00:58:42 +0300] "POST /xmlrpc.php HTTP/1.1" 301 795 "-" "Mozilla/5.0 (Windows NT 6.1) AppleWebKit/537.36 (KHTML, like Gecko) Chrome/49.0.2623.112 Safari/537.36"
85.208.98.23 - - [16/Sep/2025:01:04:20 +0300] "GET /robots.txt HTTP/1.1" 301 795 "-" "Mozilla/5.0 (compatible; SemrushBot-BA; +http://www.semrush.com/bot.html)"
216.244.66.243 - - [16/Sep/2025:00:56:59 +0300] "GET /robots.txt HTTP/1.1" 301 795 "-" "Mozilla/5.0 (compatible; DotBot/1.2; +https://opensiteexplorer.org/dotbot; help@moz.com)"
85.208.98.23 - - [16/Sep/2025:01:03:03 +0300] "GET /robots.txt HTTP/1.1" 301 795 "-" "Mozilla/5.0 (compatible; SemrushBot-BA; +http://www.semrush.com/bot.html)"
84.17.46.167 - - [16/Sep/2025:01:12:41 +0300] "POST /xmlrpc.php HTTP/1.1" 301 795 "-" "Mozilla/5.0 (Windows NT 10.0; Win64; x64) AppleWebKit/537.36 (KHTML, like Gecko) Chrome/79.0.3945.130 Safari/537.36 OPR/66.0.3515.115"
85.208.98.23 - - [16/Sep/2025:01:20:28 +0300] "GET /robots.txt HTTP/1.1" 301 795 "-" "Mozilla/5.0 (compatible; SemrushBot-BA; +http://www.semrush.com/bot.html)"
85.208.98.23 - - [16/Sep/2025:01:23:06 +0300] "GET /robots.txt HTTP/1.1" 301 795 "-" "Mozilla/5.0 (compatible; SemrushBot-BA; +http://www.semrush.com/bot.html)"
85.208.98.23 - - [16/Sep/2025:01:24:29 +0300] "GET /robots.txt HTTP/1.1" 301 795 "-" "Mozilla/5.0 (compatible; SemrushBot-BA; +http://www.semrush.com/bot.html)"
84.17.46.167 - - [16/Sep/2025:01:12:39 +0300] "POST /xmlrpc.php HTTP/1.1" 301 795 "-" "Mozilla/5.0 (Windows NT 10.0; Win64; x64) AppleWebKit/537.36 (KHTML, like Gecko) Chrome/79.0.3945.130 Safari/537.36 OPR/66.0.3515.115"
84.17.46.167 - - [16/Sep/2025:01:12:40 +0300] "POST /xmlrpc.php HTTP/1.1" 301 795 "-" "Mozilla/5.0 (Windows NT 10.0; Win64; x64) AppleWebKit/537.36 (KHTML, like Gecko) Chrome/79.0.3945.130 Safari/537.36 OPR/66.0.3515.115"
84.17.46.167 - - [16/Sep/2025:01:12:40 +0300] "POST /xmlrpc.php HTTP/1.1" 301 795 "-" "Mozilla/5.0 (Windows NT 10.0; Win64; x64) AppleWebKit/537.36 (KHTML, like Gecko) Chrome/79.0.3945.130 Safari/537.36 OPR/66.0.3515.115"
85.208.98.23 - - [16/Sep/2025:01:16:23 +0300] "GET /robots.txt HTTP/1.1" 301 795 "-" "Mozilla/5.0 (compatible; SemrushBot-BA; +http://www.semrush.com/bot.html)"
85.208.98.23 - - [16/Sep/2025:01:17:49 +0300] "GET /robots.txt HTTP/1.1" 301 795 "-" "Mozilla/5.0 (compatible; SemrushBot-BA; +http://www.semrush.com/bot.html)"
85.208.98.23 - - [16/Sep/2025:01:17:00 +0300] "GET /robots.txt HTTP/1.1" 301 795 "-" "Mozilla/5.0 (compatible; SemrushBot-BA; +http://www.semrush.com/bot.html)"
85.208.98.23 - - [16/Sep/2025:01:26:19 +0300] "GET /robots.txt HTTP/1.1" 301 795 "-" "Mozilla/5.0 (compatible; SemrushBot-BA; +http://www.semrush.com/bot.html)"
185.177.72.38 - - [16/Sep/2025:01:27:40 +0300] "GET / HTTP/1.1" 301 795 "-" "Mozilla/5.0 (iPhone; CPU iPhone OS 14_6 like Mac OS X) AppleWebKit/605.1.15 (KHTML, like Gecko) Version/14.0 Mobile/15E148 Safari/604.1"
85.208.98.23 - - [16/Sep/2025:01:32:27 +0300] "GET /robots.txt HTTP/1.1" 301 795 "-" "Mozilla/5.0 (compatible; SemrushBot-BA; +http://www.semrush.com/bot.html)"
85.208.98.23 - - [16/Sep/2025:01:34:00 +0300] "GET /robots.txt HTTP/1.1" 301 795 "-" "Mozilla/5.0 (compatible; SemrushBot-BA; +http://www.semrush.com/bot.html)"
84.17.52.243 - - [16/Sep/2025:01:34:58 +0300] "POST /xmlrpc.php HTTP/1.1" 301 795 "-" "Mozilla/5.0 (X11; Linux x86_64) AppleWebKit/537.36 (KHTML, like Gecko) Chrome/114.0.0.0 Safari/537.36 OPR/89.0.4447.51"
84.17.52.243 - - [16/Sep/2025:01:34:59 +0300] "POST /xmlrpc.php HTTP/1.1" 301 795 "-" "Mozilla/5.0 (X11; Linux x86_64) AppleWebKit/537.36 (KHTML, like Gecko) Chrome/114.0.0.0 Safari/537.36 OPR/89.0.4447.51"
84.17.52.243 - - [16/Sep/2025:01:35:00 +0300] "POST /xmlrpc.php HTTP/1.1" 301 795 "-" "Mozilla/5.0 (X11; Linux x86_64) AppleWebKit/537.36 (KHTML, like Gecko) Chrome/114.0.0.0 Safari/537.36 OPR/89.0.4447.51"
84.17.52.243 - - [16/Sep/2025:01:35:01 +0300] "POST /xmlrpc.php HTTP/1.1" 301 795 "-" "Mozilla/5.0 (X11; Linux x86_64) AppleWebKit/537.36 (KHTML, like Gecko) Chrome/114.0.0.0 Safari/537.36 OPR/89.0.4447.51"
85.208.98.23 - - [16/Sep/2025:01:41:28 +0300] "GET /robots.txt HTTP/1.1" 301 795 "-" "Mozilla/5.0 (compatible; SemrushBot-BA; +http://www.semrush.com/bot.html)"
85.208.98.23 - - [16/Sep/2025:01:31:03 +0300] "GET /robots.txt HTTP/1.1" 301 795 "-" "Mozilla/5.0 (compatible; SemrushBot-BA; +http://www.semrush.com/bot.html)"
85.208.98.23 - - [16/Sep/2025:01:41:04 +0300] "GET /robots.txt HTTP/1.1" 301 795 "-" "Mozilla/5.0 (compatible; SemrushBot-BA; +http://www.semrush.com/bot.html)"
85.208.98.23 - - [16/Sep/2025:01:33:25 +0300] "GET /robots.txt HTTP/1.1" 301 795 "-" "Mozilla/5.0 (compatible; SemrushBot-BA; +http://www.semrush.com/bot.html)"
5.62.60.213 - - [16/Sep/2025:01:33:26 +0300] "POST /xmlrpc.php HTTP/1.1" 301 795 "-" "Mozilla/5.0 (Macintosh; Intel Mac OS X 10_15_3) AppleWebKit/537.36 (KHTML, like Gecko) Chrome/80.0.3987.87 Safari/537.36"
5.62.60.213 - - [16/Sep/2025:01:33:27 +0300] "POST /xmlrpc.php HTTP/1.1" 301 795 "-" "Mozilla/5.0 (Macintosh; Intel Mac OS X 10_15_3) AppleWebKit/537.36 (KHTML, like Gecko) Chrome/80.0.3987.87 Safari/537.36"
5.62.60.213 - - [16/Sep/2025:01:33:28 +0300] "POST /xmlrpc.php HTTP/1.1" 301 795 "-" "Mozilla/5.0 (Macintosh; Intel Mac OS X 10_15_3) AppleWebKit/537.36 (KHTML, like Gecko) Chrome/80.0.3987.87 Safari/537.36"
5.62.60.213 - - [16/Sep/2025:01:33:28 +0300] "POST /xmlrpc.php HTTP/1.1" 301 795 "-" "Mozilla/5.0 (Macintosh; Intel Mac OS X 10_15_3) AppleWebKit/537.36 (KHTML, like Gecko) Chrome/80.0.3987.87 Safari/537.36"
85.208.98.23 - - [16/Sep/2025:01:35:05 +0300] "GET /robots.txt HTTP/1.1" 301 795 "-" "Mozilla/5.0 (compatible; SemrushBot-BA; +http://www.semrush.com/bot.html)"
85.208.98.23 - - [16/Sep/2025:01:37:29 +0300] "GET /robots.txt HTTP/1.1" 301 795 "-" "Mozilla/5.0 (compatible; SemrushBot-BA; +http://www.semrush.com/bot.html)"
85.208.98.23 - - [16/Sep/2025:01:40:44 +0300] "GET /robots.txt HTTP/1.1" 301 795 "-" "Mozilla/5.0 (compatible; SemrushBot-BA; +http://www.semrush.com/bot.html)"
85.208.98.23 - - [16/Sep/2025:01:48:44 +0300] "GET /robots.txt HTTP/1.1" 301 795 "-" "Mozilla/5.0 (compatible; SemrushBot-BA; +http://www.semrush.com/bot.html)"
85.208.98.23 - - [16/Sep/2025:01:54:10 +0300] "GET /robots.txt HTTP/1.1" 301 795 "-" "Mozilla/5.0 (compatible; SemrushBot-BA; +http://www.semrush.com/bot.html)"
216.244.66.243 - - [16/Sep/2025:01:44:36 +0300] "GET /robots.txt HTTP/1.1" 301 795 "-" "Mozilla/5.0 (compatible; DotBot/1.2; +https://opensiteexplorer.org/dotbot; help@moz.com)"
85.208.98.23 - - [16/Sep/2025:01:55:13 +0300] "GET /robots.txt HTTP/1.1" 301 795 "-" "Mozilla/5.0 (compatible; SemrushBot-BA; +http://www.semrush.com/bot.html)"
193.148.19.38 - - [16/Sep/2025:01:56:23 +0300] "POST /xmlrpc.php HTTP/1.1" 301 795 "-" "Mozilla/5.0 (Windows NT 10.0; WOW64; x64) AppleWebKit/537.36 (KHTML, like Gecko) Chrome/114.0.0.0 Safari/537.36 OPR/89.0.4447.51"
193.148.19.38 - - [16/Sep/2025:01:56:25 +0300] "POST /xmlrpc.php HTTP/1.1" 301 795 "-" "Mozilla/5.0 (Windows NT 10.0; WOW64; x64) AppleWebKit/537.36 (KHTML, like Gecko) Chrome/114.0.0.0 Safari/537.36 OPR/89.0.4447.51"
193.148.19.38 - - [16/Sep/2025:01:56:26 +0300] "POST /xmlrpc.php HTTP/1.1" 301 795 "-" "Mozilla/5.0 (Windows NT 10.0; WOW64; x64) AppleWebKit/537.36 (KHTML, like Gecko) Chrome/114.0.0.0 Safari/537.36 OPR/89.0.4447.51"
85.208.98.23 - - [16/Sep/2025:01:56:44 +0300] "GET /robots.txt HTTP/1.1" 301 795 "-" "Mozilla/5.0 (compatible; SemrushBot-BA; +http://www.semrush.com/bot.html)"
85.208.98.23 - - [16/Sep/2025:01:47:18 +0300] "GET /robots.txt HTTP/1.1" 301 795 "-" "Mozilla/5.0 (compatible; SemrushBot-BA; +http://www.semrush.com/bot.html)"
85.208.98.23 - - [16/Sep/2025:01:53:54 +0300] "GET /robots.txt HTTP/1.1" 301 795 "-" "Mozilla/5.0 (compatible; SemrushBot-BA; +http://www.semrush.com/bot.html)"
193.148.19.38 - - [16/Sep/2025:01:56:28 +0300] "POST /xmlrpc.php HTTP/1.1" 301 795 "-" "Mozilla/5.0 (Windows NT 10.0; WOW64; x64) AppleWebKit/537.36 (KHTML, like Gecko) Chrome/114.0.0.0 Safari/537.36 OPR/89.0.4447.51"
193.148.19.9 - - [16/Sep/2025:02:00:08 +0300] "POST /xmlrpc.php HTTP/1.1" 301 795 "-" "Mozilla/5.0 (Windows NT 10.0; Win64; x64) AppleWebKit/537.36 (KHTML, like Gecko) Chrome/79.0.3945.130 Safari/537.36"
65.109.63.161 - - [16/Sep/2025:02:03:50 +0300] "GET /theme HTTP/1.1" 301 795 "-" "-"
193.148.19.9 - - [16/Sep/2025:02:00:04 +0300] "POST /xmlrpc.php HTTP/1.1" 301 795 "-" "Mozilla/5.0 (Windows NT 10.0; Win64; x64) AppleWebKit/537.36 (KHTML, like Gecko) Chrome/79.0.3945.130 Safari/537.36"
85.208.98.23 - - [16/Sep/2025:02:00:04 +0300] "GET /robots.txt HTTP/1.1" 301 795 "-" "Mozilla/5.0 (compatible; SemrushBot-BA; +http://www.semrush.com/bot.html)"
193.148.19.9 - - [16/Sep/2025:02:00:06 +0300] "POST /xmlrpc.php HTTP/1.1" 301 795 "-" "Mozilla/5.0 (Windows NT 10.0; Win64; x64) AppleWebKit/537.36 (KHTML, like Gecko) Chrome/79.0.3945.130 Safari/537.36"
193.148.19.9 - - [16/Sep/2025:02:00:07 +0300] "POST /xmlrpc.php HTTP/1.1" 301 795 "-" "Mozilla/5.0 (Windows NT 10.0; Win64; x64) AppleWebKit/537.36 (KHTML, like Gecko) Chrome/79.0.3945.130 Safari/537.36"
85.208.98.23 - - [16/Sep/2025:02:02:46 +0300] "GET /robots.txt HTTP/1.1" 301 795 "-" "Mozilla/5.0 (compatible; SemrushBot-BA; +http://www.semrush.com/bot.html)"
85.208.98.23 - - [16/Sep/2025:02:05:41 +0300] "GET /robots.txt HTTP/1.1" 301 795 "-" "Mozilla/5.0 (compatible; SemrushBot-BA; +http://www.semrush.com/bot.html)"
84.17.52.157 - - [16/Sep/2025:02:10:17 +0300] "POST /xmlrpc.php HTTP/1.1" 301 795 "-" "Mozilla/5.0 (Windows NT 10.0; Win64; x64) AppleWebKit/537.36 (KHTML, like Gecko) Chrome/79.0.3945.130 Safari/537.36 OPR/66.0.3515.103"
84.17.52.143 - - [16/Sep/2025:02:10:27 +0300] "POST /xmlrpc.php HTTP/1.1" 301 795 "-" "Mozilla/5.0 (Windows NT 10.0; Win64; x64) AppleWebKit/537.36 (KHTML, like Gecko) Chrome/79.0.3945.130 Safari/537.36 OPR/66.0.3515.103"
84.17.52.143 - - [16/Sep/2025:02:10:35 +0300] "POST /xmlrpc.php HTTP/1.1" 301 795 "-" "Mozilla/5.0 (Windows NT 10.0; Win64; x64) AppleWebKit/537.36 (KHTML, like Gecko) Chrome/79.0.3945.130 Safari/537.36 OPR/66.0.3515.103"
84.17.46.145 - - [16/Sep/2025:02:15:00 +0300] "POST /xmlrpc.php HTTP/1.1" 301 795 "-" "Mozilla/5.0 (Windows NT 10.0; Win64; x64; Xbox; Xbox One) AppleWebKit/537.36 (KHTML, like Gecko) Chrome/114.0.0.0 Safari/537.36 Edge/44.18363.8131"
85.208.98.23 - - [16/Sep/2025:02:15:35 +0300] "GET /robots.txt HTTP/1.1" 301 795 "-" "Mozilla/5.0 (compatible; SemrushBot-BA; +http://www.semrush.com/bot.html)"
84.17.52.143 - - [16/Sep/2025:02:10:38 +0300] "POST /xmlrpc.php HTTP/1.1" 301 795 "-" "Mozilla/5.0 (Windows NT 10.0; Win64; x64) AppleWebKit/537.36 (KHTML, like Gecko) Chrome/79.0.3945.130 Safari/537.36 OPR/66.0.3515.103"
85.208.98.23 - - [16/Sep/2025:02:13:55 +0300] "GET /robots.txt HTTP/1.1" 301 795 "-" "Mozilla/5.0 (compatible; SemrushBot-BA; +http://www.semrush.com/bot.html)"
85.208.98.23 - - [16/Sep/2025:02:15:02 +0300] "GET /robots.txt HTTP/1.1" 301 795 "-" "Mozilla/5.0 (compatible; SemrushBot-BA; +http://www.semrush.com/bot.html)"
85.208.98.23 - - [16/Sep/2025:02:09:04 +0300] "GET /robots.txt HTTP/1.1" 301 795 "-" "Mozilla/5.0 (compatible; SemrushBot-BA; +http://www.semrush.com/bot.html)"
84.17.46.145 - - [16/Sep/2025:02:14:59 +0300] "POST /xmlrpc.php HTTP/1.1" 301 795 "-" "Mozilla/5.0 (Windows NT 10.0; Win64; x64; Xbox; Xbox One) AppleWebKit/537.36 (KHTML, like Gecko) Chrome/114.0.0.0 Safari/537.36 Edge/44.18363.8131"
84.17.46.145 - - [16/Sep/2025:02:14:59 +0300] "POST /xmlrpc.php HTTP/1.1" 301 795 "-" "Mozilla/5.0 (Windows NT 10.0; Win64; x64; Xbox; Xbox One) AppleWebKit/537.36 (KHTML, like Gecko) Chrome/114.0.0.0 Safari/537.36 Edge/44.18363.8131"
84.17.46.145 - - [16/Sep/2025:02:15:00 +0300] "POST /xmlrpc.php HTTP/1.1" 301 795 "-" "Mozilla/5.0 (Windows NT 10.0; Win64; x64; Xbox; Xbox One) AppleWebKit/537.36 (KHTML, like Gecko) Chrome/114.0.0.0 Safari/537.36 Edge/44.18363.8131"
216.244.66.243 - - [16/Sep/2025:02:31:38 +0300] "GET /robots.txt HTTP/1.1" 301 795 "-" "Mozilla/5.0 (compatible; DotBot/1.2; +https://opensiteexplorer.org/dotbot; help@moz.com)"
85.208.98.23 - - [16/Sep/2025:02:32:04 +0300] "GET /robots.txt HTTP/1.1" 301 795 "-" "Mozilla/5.0 (compatible; SemrushBot-BA; +http://www.semrush.com/bot.html)"
85.208.98.23 - - [16/Sep/2025:02:17:18 +0300] "GET /robots.txt HTTP/1.1" 301 795 "-" "Mozilla/5.0 (compatible; SemrushBot-BA; +http://www.semrush.com/bot.html)"
85.208.98.23 - - [16/Sep/2025:02:27:09 +0300] "GET /robots.txt HTTP/1.1" 301 795 "-" "Mozilla/5.0 (compatible; SemrushBot-BA; +http://www.semrush.com/bot.html)"
85.208.98.23 - - [16/Sep/2025:02:17:14 +0300] "GET /robots.txt HTTP/1.1" 301 795 "-" "Mozilla/5.0 (compatible; SemrushBot-BA; +http://www.semrush.com/bot.html)"
85.208.98.23 - - [16/Sep/2025:02:28:18 +0300] "GET /robots.txt HTTP/1.1" 301 795 "-" "Mozilla/5.0 (compatible; SemrushBot-BA; +http://www.semrush.com/bot.html)"
85.208.98.23 - - [16/Sep/2025:02:30:12 +0300] "GET /robots.txt HTTP/1.1" 301 795 "-" "Mozilla/5.0 (compatible; SemrushBot-BA; +http://www.semrush.com/bot.html)"
85.208.98.23 - - [16/Sep/2025:02:37:17 +0300] "GET /robots.txt HTTP/1.1" 301 795 "-" "Mozilla/5.0 (compatible; SemrushBot-BA; +http://www.semrush.com/bot.html)"
85.208.98.23 - - [16/Sep/2025:02:39:30 +0300] "GET /robots.txt HTTP/1.1" 301 795 "-" "Mozilla/5.0 (compatible; SemrushBot-BA; +http://www.semrush.com/bot.html)"
85.208.98.23 - - [16/Sep/2025:02:35:26 +0300] "GET /robots.txt HTTP/1.1" 301 795 "-" "Mozilla/5.0 (compatible; SemrushBot-BA; +http://www.semrush.com/bot.html)"
85.208.98.23 - - [16/Sep/2025:02:41:12 +0300] "GET /robots.txt HTTP/1.1" 301 795 "-" "Mozilla/5.0 (compatible; SemrushBot-BA; +http://www.semrush.com/bot.html)"
4.227.36.0 - - [16/Sep/2025:02:48:01 +0300] "GET /robots.txt HTTP/1.1" 301 795 "-" "Mozilla/5.0 AppleWebKit/537.36 (KHTML, like Gecko; compatible; GPTBot/1.2; +https://openai.com/gptbot)"
20.171.207.161 - - [16/Sep/2025:02:48:10 +0300] "GET /theme/casino/top-casino-slots-uk.html HTTP/1.1" 301 795 "-" "Mozilla/5.0 AppleWebKit/537.36 (KHTML, like Gecko; compatible; GPTBot/1.2; +https://openai.com/gptbot)"
84.17.46.164 - - [16/Sep/2025:02:55:54 +0300] "POST /xmlrpc.php HTTP/1.1" 301 795 "-" "Mozilla/5.0 (Windows NT 6.1; Win64; x64) AppleWebKit/537.36 (KHTML, like Gecko) Chrome/79.0.3945.130 Safari/537.36"
84.17.46.164 - - [16/Sep/2025:02:56:00 +0300] "POST /xmlrpc.php HTTP/1.1" 301 795 "-" "Mozilla/5.0 (Windows NT 6.1; Win64; x64) AppleWebKit/537.36 (KHTML, like Gecko) Chrome/79.0.3945.130 Safari/537.36"
84.17.46.164 - - [16/Sep/2025:02:56:03 +0300] "POST /xmlrpc.php HTTP/1.1" 301 795 "-" "Mozilla/5.0 (Windows NT 6.1; Win64; x64) AppleWebKit/537.36 (KHTML, like Gecko) Chrome/79.0.3945.130 Safari/537.36"
85.208.98.23 - - [16/Sep/2025:02:56:29 +0300] "GET /robots.txt HTTP/1.1" 301 795 "-" "Mozilla/5.0 (compatible; SemrushBot-BA; +http://www.semrush.com/bot.html)"
85.208.98.23 - - [16/Sep/2025:02:51:35 +0300] "GET /robots.txt HTTP/1.1" 301 795 "-" "Mozilla/5.0 (compatible; SemrushBot-BA; +http://www.semrush.com/bot.html)"
20.171.207.156 - - [16/Sep/2025:02:53:27 +0300] "GET /theme/casino/live-roulette-casino-canada.html HTTP/1.1" 301 795 "-" "Mozilla/5.0 AppleWebKit/537.36 (KHTML, like Gecko; compatible; GPTBot/1.2; +https://openai.com/gptbot)"
20.171.207.156 - - [16/Sep/2025:02:53:33 +0300] "GET /theme/casino/best-wire-transfer-casinos.html HTTP/1.1" 301 795 "-" "Mozilla/5.0 AppleWebKit/537.36 (KHTML, like Gecko; compatible; GPTBot/1.2; +https://openai.com/gptbot)"
85.208.98.23 - - [16/Sep/2025:02:55:35 +0300] "GET /robots.txt HTTP/1.1" 301 795 "-" "Mozilla/5.0 (compatible; SemrushBot-BA; +http://www.semrush.com/bot.html)"
84.17.46.164 - - [16/Sep/2025:02:56:04 +0300] "POST /xmlrpc.php HTTP/1.1" 301 795 "-" "Mozilla/5.0 (Windows NT 6.1; Win64; x64) AppleWebKit/537.36 (KHTML, like Gecko) Chrome/79.0.3945.130 Safari/537.36"
85.208.98.23 - - [16/Sep/2025:03:05:20 +0300] "GET /robots.txt HTTP/1.1" 301 795 "-" "Mozilla/5.0 (compatible; SemrushBot-BA; +http://www.semrush.com/bot.html)"
85.208.98.23 - - [16/Sep/2025:02:51:11 +0300] "GET /robots.txt HTTP/1.1" 301 795 "-" "Mozilla/5.0 (compatible; SemrushBot-BA; +http://www.semrush.com/bot.html)"
188.239.12.183 - - [16/Sep/2025:02:54:56 +0300] "GET /tld/ro?path=/python/moda/public_html/tech/images HTTP/1.1" 301 795 "http://tech.modatechnologies.co.uk/tld/ro?path=/python/moda/public_html/tech/images" "Mozilla/5.0 (Macintosh; Intel Mac OS X 10_15_7) AppleWebKit/537.36 (KHTML, like Gecko) Chrome/131.0.0.0 Safari/537.36"
85.208.98.23 - - [16/Sep/2025:02:56:45 +0300] "GET /robots.txt HTTP/1.1" 301 795 "-" "Mozilla/5.0 (compatible; SemrushBot-BA; +http://www.semrush.com/bot.html)"
85.208.98.23 - - [16/Sep/2025:03:05:45 +0300] "GET /robots.txt HTTP/1.1" 301 795 "-" "Mozilla/5.0 (compatible; SemrushBot-BA; +http://www.semrush.com/bot.html)"
85.208.98.23 - - [16/Sep/2025:03:12:50 +0300] "GET /robots.txt HTTP/1.1" 301 795 "-" "Mozilla/5.0 (compatible; SemrushBot-BA; +http://www.semrush.com/bot.html)"
20.171.207.156 - - [16/Sep/2025:03:16:00 +0300] "GET /theme/casino/newport-slots-entertainment.html HTTP/1.1" 301 795 "-" "Mozilla/5.0 AppleWebKit/537.36 (KHTML, like Gecko; compatible; GPTBot/1.2; +https://openai.com/gptbot)"
85.208.98.23 - - [16/Sep/2025:03:23:07 +0300] "GET /robots.txt HTTP/1.1" 301 795 "-" "Mozilla/5.0 (compatible; SemrushBot-BA; +http://www.semrush.com/bot.html)"
85.208.98.23 - - [16/Sep/2025:03:07:28 +0300] "GET /robots.txt HTTP/1.1" 301 795 "-" "Mozilla/5.0 (compatible; SemrushBot-BA; +http://www.semrush.com/bot.html)"
85.208.98.23 - - [16/Sep/2025:03:11:12 +0300] "GET /robots.txt HTTP/1.1" 301 795 "-" "Mozilla/5.0 (compatible; SemrushBot-BA; +http://www.semrush.com/bot.html)"
20.171.207.156 - - [16/Sep/2025:03:12:44 +0300] "GET /theme/casino/real-money-slots-online-uk.html HTTP/1.1" 301 795 "-" "Mozilla/5.0 AppleWebKit/537.36 (KHTML, like Gecko; compatible; GPTBot/1.2; +https://openai.com/gptbot)"
20.171.207.156 - - [16/Sep/2025:03:12:47 +0300] "GET /theme/casino/easy-ways-to-gamble-online.html HTTP/1.1" 301 795 "-" "Mozilla/5.0 AppleWebKit/537.36 (KHTML, like Gecko; compatible; GPTBot/1.2; +https://openai.com/gptbot)"
85.208.98.23 - - [16/Sep/2025:03:15:40 +0300] "GET /robots.txt HTTP/1.1" 301 795 "-" "Mozilla/5.0 (compatible; SemrushBot-BA; +http://www.semrush.com/bot.html)"
20.171.207.156 - - [16/Sep/2025:03:23:19 +0300] "GET /theme/casino/18-united-kingdom-casino-in-over.html HTTP/1.1" 301 795 "-" "Mozilla/5.0 AppleWebKit/537.36 (KHTML, like Gecko; compatible; GPTBot/1.2; +https://openai.com/gptbot)"
119.3.113.152 - - [16/Sep/2025:03:23:45 +0300] "GET /2025/08/26/revue-experte-du-casino-betclic/ HTTP/1.0" 301 795 "https://tech.modatechnologies.co.uk/" "Mozilla/5.0 (Windows NT 10.0; Win64; x64) AppleWebKit/537.36 (KHTML, like Gecko) Chrome/114.0.0.0 YaBrowser/22.7.0 Yowser/2.5 Safari/537.36"
85.208.98.23 - - [16/Sep/2025:03:18:27 +0300] "GET /robots.txt HTTP/1.1" 301 795 "-" "Mozilla/5.0 (compatible; SemrushBot-BA; +http://www.semrush.com/bot.html)"
85.208.98.23 - - [16/Sep/2025:03:25:06 +0300] "GET /robots.txt HTTP/1.1" 301 795 "-" "Mozilla/5.0 (compatible; SemrushBot-BA; +http://www.semrush.com/bot.html)"
85.208.98.23 - - [16/Sep/2025:03:30:10 +0300] "GET /robots.txt HTTP/1.1" 301 795 "-" "Mozilla/5.0 (compatible; SemrushBot-BA; +http://www.semrush.com/bot.html)"
85.208.98.23 - - [16/Sep/2025:03:37:11 +0300] "GET /robots.txt HTTP/1.1" 301 795 "-" "Mozilla/5.0 (compatible; SemrushBot-BA; +http://www.semrush.com/bot.html)"
185.177.72.22 - - [16/Sep/2025:03:27:50 +0300] "GET / HTTP/1.1" 301 795 "-" "python-httpx/0.28.1"
65.109.63.161 - - [16/Sep/2025:03:28:26 +0300] "GET /theme HTTP/1.1" 301 795 "-" "-"
85.208.98.23 - - [16/Sep/2025:03:34:05 +0300] "GET /robots.txt HTTP/1.1" 301 795 "-" "Mozilla/5.0 (compatible; SemrushBot-BA; +http://www.semrush.com/bot.html)"
85.208.98.23 - - [16/Sep/2025:03:25:47 +0300] "GET /robots.txt HTTP/1.1" 301 795 "-" "Mozilla/5.0 (compatible; SemrushBot-BA; +http://www.semrush.com/bot.html)"
85.208.98.23 - - [16/Sep/2025:03:26:33 +0300] "GET /robots.txt HTTP/1.1" 301 795 "-" "Mozilla/5.0 (compatible; SemrushBot-BA; +http://www.semrush.com/bot.html)"
85.208.98.23 - - [16/Sep/2025:03:34:48 +0300] "GET /robots.txt HTTP/1.1" 301 795 "-" "Mozilla/5.0 (compatible; SemrushBot-BA; +http://www.semrush.com/bot.html)"
85.208.98.23 - - [16/Sep/2025:03:42:49 +0300] "GET /robots.txt HTTP/1.1" 301 795 "-" "Mozilla/5.0 (compatible; SemrushBot-BA; +http://www.semrush.com/bot.html)"
85.208.98.23 - - [16/Sep/2025:03:47:45 +0300] "GET /robots.txt HTTP/1.1" 301 795 "-" "Mozilla/5.0 (compatible; SemrushBot-BA; +http://www.semrush.com/bot.html)"
85.208.98.23 - - [16/Sep/2025:03:52:16 +0300] "GET /robots.txt HTTP/1.1" 301 795 "-" "Mozilla/5.0 (compatible; SemrushBot-BA; +http://www.semrush.com/bot.html)"
85.208.98.23 - - [16/Sep/2025:03:51:08 +0300] "GET /robots.txt HTTP/1.1" 301 795 "-" "Mozilla/5.0 (compatible; SemrushBot-BA; +http://www.semrush.com/bot.html)"
85.208.98.23 - - [16/Sep/2025:03:51:24 +0300] "GET /robots.txt HTTP/1.1" 301 795 "-" "Mozilla/5.0 (compatible; SemrushBot-BA; +http://www.semrush.com/bot.html)"
85.208.98.23 - - [16/Sep/2025:03:55:07 +0300] "GET /robots.txt HTTP/1.1" 301 795 "-" "Mozilla/5.0 (compatible; SemrushBot-BA; +http://www.semrush.com/bot.html)"
85.208.98.23 - - [16/Sep/2025:03:55:35 +0300] "GET /robots.txt HTTP/1.1" 301 795 "-" "Mozilla/5.0 (compatible; SemrushBot-BA; +http://www.semrush.com/bot.html)"
85.208.98.23 - - [16/Sep/2025:03:56:14 +0300] "GET /robots.txt HTTP/1.1" 301 795 "-" "Mozilla/5.0 (compatible; SemrushBot-BA; +http://www.semrush.com/bot.html)"
85.208.98.23 - - [16/Sep/2025:04:12:56 +0300] "GET /robots.txt HTTP/1.1" 301 795 "-" "Mozilla/5.0 (compatible; SemrushBot-BA; +http://www.semrush.com/bot.html)"
85.208.98.23 - - [16/Sep/2025:04:07:36 +0300] "GET /robots.txt HTTP/1.1" 301 795 "-" "Mozilla/5.0 (compatible; SemrushBot-BA; +http://www.semrush.com/bot.html)"
85.208.98.23 - - [16/Sep/2025:04:11:17 +0300] "GET /robots.txt HTTP/1.1" 301 795 "-" "Mozilla/5.0 (compatible; SemrushBot-BA; +http://www.semrush.com/bot.html)"
85.208.98.23 - - [16/Sep/2025:04:27:45 +0300] "GET /robots.txt HTTP/1.1" 301 795 "-" "Mozilla/5.0 (compatible; SemrushBot-BA; +http://www.semrush.com/bot.html)"
216.244.66.243 - - [16/Sep/2025:04:17:06 +0300] "GET /robots.txt HTTP/1.1" 301 795 "-" "Mozilla/5.0 (compatible; DotBot/1.2; +https://opensiteexplorer.org/dotbot; help@moz.com)"
85.208.98.23 - - [16/Sep/2025:04:26:23 +0300] "GET /robots.txt HTTP/1.1" 301 795 "-" "Mozilla/5.0 (compatible; SemrushBot-BA; +http://www.semrush.com/bot.html)"
85.208.98.23 - - [16/Sep/2025:04:28:14 +0300] "GET /robots.txt HTTP/1.1" 301 795 "-" "Mozilla/5.0 (compatible; SemrushBot-BA; +http://www.semrush.com/bot.html)"
85.208.98.23 - - [16/Sep/2025:04:15:52 +0300] "GET /robots.txt HTTP/1.1" 301 795 "-" "Mozilla/5.0 (compatible; SemrushBot-BA; +http://www.semrush.com/bot.html)"
